Build Information
Failed to build swift-bookmarks, reference 0.2.1 (1396ee), with Swift 6.3 for Linux on 8 Oct 2026 22:53:39 UTC.
Build Command
bash -c docker run --pull=always --rm -v "checkouts-54344843-1":/host -w "$PWD" -e JAVA_HOME="/root/.sdkman/candidates/java/current" -e SPI_BUILD="1" -e SPI_PROCESSING="1" registry.gitlab.com/saguaro1/spi-images:basic-6.3-latest swift build --triple x86_64-unknown-linux-gnu 2>&1Build Log
========================================
RunAll
========================================
Builder version: 5.1.1
Interrupt handler set up.
========================================
Checkout
========================================
Clone URL: https://github.com/Kosikowski/swift-bookmarks.git
Reference: 0.2.1
Initialized empty Git repository in /host/spi-builder-workspace/.git/
hint: Using 'master' as the name for the initial branch. This default branch name
hint: is subject to change. To configure the initial branch name to use in all
hint: of your new repositories, which will suppress this warning, call:
hint:
hint: git config --global init.defaultBranch <name>
hint:
hint: Names commonly chosen instead of 'master' are 'main', 'trunk' and
hint: 'development'. The just-created branch can be renamed via this command:
hint:
hint: git branch -m <name>
From https://github.com/Kosikowski/swift-bookmarks
* tag 0.2.1 -> FETCH_HEAD
HEAD is now at 1396eed Read the filesystem ID with getattrlist, not statfs (0.2.1) (#2)
Cloned https://github.com/Kosikowski/swift-bookmarks.git
Revision (git rev-parse @):
1396eedbe472792cdc2fbc2c2ec498bd3c9dd35f
SUCCESS checkout https://github.com/Kosikowski/swift-bookmarks.git at 0.2.1
========================================
Build
========================================
Selected platform: linux
Swift version: 6.3
Building package at path: $PWD
https://github.com/Kosikowski/swift-bookmarks.git
Running build ...
bash -c docker run --pull=always --rm -v "checkouts-54344843-1":/host -w "$PWD" -e JAVA_HOME="/root/.sdkman/candidates/java/current" -e SPI_BUILD="1" -e SPI_PROCESSING="1" registry.gitlab.com/saguaro1/spi-images:basic-6.3-latest swift build --triple x86_64-unknown-linux-gnu 2>&1
basic-6.3-latest: Pulling from saguaro1/spi-images
Digest: sha256:3ca70b9b8664d81efdd98fa96053b1e7cad14580e7715018d5ab4380e807ba72
Status: Image is up to date for registry.gitlab.com/saguaro1/spi-images:basic-6.3-latest
Building for debugging...
[0/4] Write sources
[3/4] Write swift-version-24593BA9C3E375BF.txt
[5/47] Compiling Bookmarks ResolvedBookmark.swift
/host/spi-builder-workspace/Sources/Bookmarks/Access/ScopeLedger.swift:2:8: error: no such module 'os'
1 | public import Foundation
2 | import os
| `- error: no such module 'os'
3 | import Synchronization
4 |
[6/47] Compiling Bookmarks AliasFiles.swift
/host/spi-builder-workspace/Sources/Bookmarks/Access/ScopeLedger.swift:2:8: error: no such module 'os'
1 | public import Foundation
2 | import os
| `- error: no such module 'os'
3 | import Synchronization
4 |
[7/47] Compiling Bookmarks DocumentBookmarks.swift
/host/spi-builder-workspace/Sources/Bookmarks/Access/ScopeLedger.swift:2:8: error: no such module 'os'
1 | public import Foundation
2 | import os
| `- error: no such module 'os'
3 | import Synchronization
4 |
[8/47] Compiling Bookmarks Handoff.swift
/host/spi-builder-workspace/Sources/Bookmarks/Access/ScopeLedger.swift:2:8: error: no such module 'os'
1 | public import Foundation
2 | import os
| `- error: no such module 'os'
3 | import Synchronization
4 |
[9/47] Compiling Bookmarks VolumeEvents.swift
/host/spi-builder-workspace/Sources/Bookmarks/Access/ScopeLedger.swift:2:8: error: no such module 'os'
1 | public import Foundation
2 | import os
| `- error: no such module 'os'
3 | import Synchronization
4 |
[10/47] Compiling Bookmarks BookmarkRecord.swift
/host/spi-builder-workspace/Sources/Bookmarks/Access/ScopeLedger.swift:2:8: error: no such module 'os'
1 | public import Foundation
2 | import os
| `- error: no such module 'os'
3 | import Synchronization
4 |
[11/52] Compiling Bookmarks StoreUpdate.swift
/host/spi-builder-workspace/Sources/Bookmarks/Access/ScopeLedger.swift:2:8: error: no such module 'os'
1 | public import Foundation
2 | import os
| `- error: no such module 'os'
3 | import Synchronization
4 |
[12/52] Compiling Bookmarks JSONValue.swift
/host/spi-builder-workspace/Sources/Bookmarks/Access/ScopeLedger.swift:2:8: error: no such module 'os'
1 | public import Foundation
2 | import os
| `- error: no such module 'os'
3 | import Synchronization
4 |
[13/52] Compiling Bookmarks Log.swift
/host/spi-builder-workspace/Sources/Bookmarks/Access/ScopeLedger.swift:2:8: error: no such module 'os'
1 | public import Foundation
2 | import os
| `- error: no such module 'os'
3 | import Synchronization
4 |
[14/52] Compiling Bookmarks NormalizedPath.swift
/host/spi-builder-workspace/Sources/Bookmarks/Access/ScopeLedger.swift:2:8: error: no such module 'os'
1 | public import Foundation
2 | import os
| `- error: no such module 'os'
3 | import Synchronization
4 |
[15/52] Compiling Bookmarks GrantValidator.swift
/host/spi-builder-workspace/Sources/Bookmarks/Access/ScopeLedger.swift:2:8: error: no such module 'os'
1 | public import Foundation
2 | import os
| `- error: no such module 'os'
3 | import Synchronization
4 |
[16/52] Compiling Bookmarks BookmarkPersistence.swift
/host/spi-builder-workspace/Sources/Bookmarks/Access/ScopeLedger.swift:2:8: error: no such module 'os'
1 | public import Foundation
2 | import os
| `- error: no such module 'os'
3 | import Synchronization
4 |
[17/52] Compiling Bookmarks InMemoryPersistence.swift
/host/spi-builder-workspace/Sources/Bookmarks/Access/ScopeLedger.swift:2:8: error: no such module 'os'
1 | public import Foundation
2 | import os
| `- error: no such module 'os'
3 | import Synchronization
4 |
[18/52] Compiling Bookmarks JSONFilePersistence.swift
/host/spi-builder-workspace/Sources/Bookmarks/Access/ScopeLedger.swift:2:8: error: no such module 'os'
1 | public import Foundation
2 | import os
| `- error: no such module 'os'
3 | import Synchronization
4 |
[19/52] Compiling Bookmarks MigratingPersistence.swift
/host/spi-builder-workspace/Sources/Bookmarks/Access/ScopeLedger.swift:2:8: error: no such module 'os'
1 | public import Foundation
2 | import os
| `- error: no such module 'os'
3 | import Synchronization
4 |
[20/52] Compiling Bookmarks UserDefaultsPersistence.swift
/host/spi-builder-workspace/Sources/Bookmarks/Access/ScopeLedger.swift:2:8: error: no such module 'os'
1 | public import Foundation
2 | import os
| `- error: no such module 'os'
3 | import Synchronization
4 |
[21/52] Compiling Bookmarks BookmarkService.swift
/host/spi-builder-workspace/Sources/Bookmarks/Access/ScopeLedger.swift:2:8: error: no such module 'os'
1 | public import Foundation
2 | import os
| `- error: no such module 'os'
3 | import Synchronization
4 |
[22/52] Compiling Bookmarks AccessLease.swift
/host/spi-builder-workspace/Sources/Bookmarks/Access/ScopeLedger.swift:2:8: error: no such module 'os'
1 | public import Foundation
2 | import os
| `- error: no such module 'os'
3 | import Synchronization
4 |
[23/52] Compiling Bookmarks AccessRegistry.swift
/host/spi-builder-workspace/Sources/Bookmarks/Access/ScopeLedger.swift:2:8: error: no such module 'os'
1 | public import Foundation
2 | import os
| `- error: no such module 'os'
3 | import Synchronization
4 |
[24/52] Compiling Bookmarks FileCoordination.swift
/host/spi-builder-workspace/Sources/Bookmarks/Access/ScopeLedger.swift:2:8: error: no such module 'os'
1 | public import Foundation
2 | import os
| `- error: no such module 'os'
3 | import Synchronization
4 |
[25/52] Compiling Bookmarks ScopeHandle.swift
/host/spi-builder-workspace/Sources/Bookmarks/Access/ScopeLedger.swift:2:8: error: no such module 'os'
1 | public import Foundation
2 | import os
| `- error: no such module 'os'
3 | import Synchronization
4 |
[26/52] Compiling Bookmarks ScopeLedger.swift
/host/spi-builder-workspace/Sources/Bookmarks/Access/ScopeLedger.swift:2:8: error: no such module 'os'
1 | public import Foundation
2 | import os
| `- error: no such module 'os'
3 | import Synchronization
4 |
[27/52] Compiling Bookmarks BookmarkEngine.swift
/host/spi-builder-workspace/Sources/Bookmarks/Access/ScopeLedger.swift:2:8: error: no such module 'os'
1 | public import Foundation
2 | import os
| `- error: no such module 'os'
3 | import Synchronization
4 |
error: emit-module command failed with exit code 1 (use -v to see invocation)
[28/52] Emitting module Bookmarks
/host/spi-builder-workspace/Sources/Bookmarks/Access/ScopeLedger.swift:2:8: error: no such module 'os'
1 | public import Foundation
2 | import os
| `- error: no such module 'os'
3 | import Synchronization
4 |
[29/52] Compiling Bookmarks BookmarkStore.swift
/host/spi-builder-workspace/Sources/Bookmarks/Access/ScopeLedger.swift:2:8: error: no such module 'os'
1 | public import Foundation
2 | import os
| `- error: no such module 'os'
3 | import Synchronization
4 |
[30/52] Compiling Bookmarks BookmarkStoreError.swift
/host/spi-builder-workspace/Sources/Bookmarks/Access/ScopeLedger.swift:2:8: error: no such module 'os'
1 | public import Foundation
2 | import os
| `- error: no such module 'os'
3 | import Synchronization
4 |
[31/52] Compiling Bookmarks EvictionPolicy.swift
/host/spi-builder-workspace/Sources/Bookmarks/Access/ScopeLedger.swift:2:8: error: no such module 'os'
1 | public import Foundation
2 | import os
| `- error: no such module 'os'
3 | import Synchronization
4 |
[32/52] Compiling Bookmarks RecordTable.swift
/host/spi-builder-workspace/Sources/Bookmarks/Access/ScopeLedger.swift:2:8: error: no such module 'os'
1 | public import Foundation
2 | import os
| `- error: no such module 'os'
3 | import Synchronization
4 |
[33/52] Compiling Bookmarks StorePolicy.swift
/host/spi-builder-workspace/Sources/Bookmarks/Access/ScopeLedger.swift:2:8: error: no such module 'os'
1 | public import Foundation
2 | import os
| `- error: no such module 'os'
3 | import Synchronization
4 |
[34/52] Compiling Bookmarks StoreSnapshot.swift
/host/spi-builder-workspace/Sources/Bookmarks/Access/ScopeLedger.swift:2:8: error: no such module 'os'
1 | public import Foundation
2 | import os
| `- error: no such module 'os'
3 | import Synchronization
4 |
[35/52] Compiling Bookmarks BookmarkKind.swift
/host/spi-builder-workspace/Sources/Bookmarks/Access/ScopeLedger.swift:2:8: error: no such module 'os'
1 | public import Foundation
2 | import os
| `- error: no such module 'os'
3 | import Synchronization
4 |
[36/52] Compiling Bookmarks FileIdentity.swift
/host/spi-builder-workspace/Sources/Bookmarks/Access/ScopeLedger.swift:2:8: error: no such module 'os'
1 | public import Foundation
2 | import os
| `- error: no such module 'os'
3 | import Synchronization
4 |
[37/52] Compiling Bookmarks ItemInfo.swift
/host/spi-builder-workspace/Sources/Bookmarks/Access/ScopeLedger.swift:2:8: error: no such module 'os'
1 | public import Foundation
2 | import os
| `- error: no such module 'os'
3 | import Synchronization
4 |
[38/52] Compiling Bookmarks RecordedValues.swift
/host/spi-builder-workspace/Sources/Bookmarks/Access/ScopeLedger.swift:2:8: error: no such module 'os'
1 | public import Foundation
2 | import os
| `- error: no such module 'os'
3 | import Synchronization
4 |
[39/52] Compiling Bookmarks ResolutionPolicy.swift
/host/spi-builder-workspace/Sources/Bookmarks/Access/ScopeLedger.swift:2:8: error: no such module 'os'
1 | public import Foundation
2 | import os
| `- error: no such module 'os'
3 | import Synchronization
4 |
[40/52] Compiling Bookmarks SandboxEnvironment.swift
/host/spi-builder-workspace/Sources/Bookmarks/Access/ScopeLedger.swift:2:8: error: no such module 'os'
1 | public import Foundation
2 | import os
| `- error: no such module 'os'
3 | import Synchronization
4 |
[41/52] Compiling Bookmarks FailureClassifier.swift
/host/spi-builder-workspace/Sources/Bookmarks/Access/ScopeLedger.swift:2:8: error: no such module 'os'
1 | public import Foundation
2 | import os
| `- error: no such module 'os'
3 | import Synchronization
4 |
[42/52] Compiling Bookmarks Grant.swift
/host/spi-builder-workspace/Sources/Bookmarks/Access/ScopeLedger.swift:2:8: error: no such module 'os'
1 | public import Foundation
2 | import os
| `- error: no such module 'os'
3 | import Synchronization
4 |
[43/52] Compiling Bookmarks GrantAccess.swift
/host/spi-builder-workspace/Sources/Bookmarks/Access/ScopeLedger.swift:2:8: error: no such module 'os'
1 | public import Foundation
2 | import os
| `- error: no such module 'os'
3 | import Synchronization
4 |
[44/52] Compiling Bookmarks Availability.swift
/host/spi-builder-workspace/Sources/Bookmarks/Access/ScopeLedger.swift:2:8: error: no such module 'os'
1 | public import Foundation
2 | import os
| `- error: no such module 'os'
3 | import Synchronization
4 |
[45/52] Compiling Bookmarks BookmarkData.swift
/host/spi-builder-workspace/Sources/Bookmarks/Access/ScopeLedger.swift:2:8: error: no such module 'os'
1 | public import Foundation
2 | import os
| `- error: no such module 'os'
3 | import Synchronization
4 |
[46/52] Compiling Bookmarks BookmarkID.swift
/host/spi-builder-workspace/Sources/Bookmarks/Access/ScopeLedger.swift:2:8: error: no such module 'os'
1 | public import Foundation
2 | import os
| `- error: no such module 'os'
3 | import Synchronization
4 |
[47/52] Compiling Bookmarks SystemBookmarkEngine.swift
/host/spi-builder-workspace/Sources/Bookmarks/Access/ScopeLedger.swift:2:8: error: no such module 'os'
1 | public import Foundation
2 | import os
| `- error: no such module 'os'
3 | import Synchronization
4 |
[48/52] Compiling Bookmarks AsyncLock.swift
/host/spi-builder-workspace/Sources/Bookmarks/Access/ScopeLedger.swift:2:8: error: no such module 'os'
1 | public import Foundation
2 | import os
| `- error: no such module 'os'
3 | import Synchronization
4 |
[49/52] Compiling Bookmarks BlockingExecutor.swift
/host/spi-builder-workspace/Sources/Bookmarks/Access/ScopeLedger.swift:2:8: error: no such module 'os'
1 | public import Foundation
2 | import os
| `- error: no such module 'os'
3 | import Synchronization
4 |
[50/52] Compiling Bookmarks CancellableWait.swift
/host/spi-builder-workspace/Sources/Bookmarks/Access/ScopeLedger.swift:2:8: error: no such module 'os'
1 | public import Foundation
2 | import os
| `- error: no such module 'os'
3 | import Synchronization
4 |
[51/52] Compiling Bookmarks BookmarkError.swift
/host/spi-builder-workspace/Sources/Bookmarks/Access/ScopeLedger.swift:2:8: error: no such module 'os'
1 | public import Foundation
2 | import os
| `- error: no such module 'os'
3 | import Synchronization
4 |
[52/52] Compiling Bookmarks BookmarkFailure.swift
/host/spi-builder-workspace/Sources/Bookmarks/Access/ScopeLedger.swift:2:8: error: no such module 'os'
1 | public import Foundation
2 | import os
| `- error: no such module 'os'
3 | import Synchronization
4 |
BUILD FAILURE 6.3 linux