The Swift Package Index logo.Swift Package Index

Build Information

Failed to build SwiftLocaleKit, reference main (349692), with Swift 6.4 for Wasm on 25 Sep 2026 20:44:48 UTC.

Build Command

bash -c docker run --pull=always --rm -v "checkouts-54344847-3":/host -w "$PWD" -e JAVA_HOME="/root/.sdkman/candidates/java/current" -e SPI_BUILD="1" -e SPI_PROCESSING="1" registry.gitlab.com/saguaro1/spi-images:wasm-6.4-latest swift build --swift-sdk swift-6.4.x-DEVELOPMENT-SNAPSHOT-2026-09-04-a_wasm 2>&1

Build Log

========================================
RunAll
========================================
Builder version: 5.1.0
Interrupt handler set up.
========================================
Checkout
========================================
Clone URL: https://github.com/FuturraGroup/SwiftLocaleKit.git
Reference: main
Initialized empty Git repository in /host/spi-builder-workspace/.git/
hint: Using 'master' as the name for the initial branch. This default branch name
hint: is subject to change. To configure the initial branch name to use in all
hint: of your new repositories, which will suppress this warning, call:
hint:
hint: 	git config --global init.defaultBranch <name>
hint:
hint: Names commonly chosen instead of 'master' are 'main', 'trunk' and
hint: 'development'. The just-created branch can be renamed via this command:
hint:
hint: 	git branch -m <name>
From https://github.com/FuturraGroup/SwiftLocaleKit
 * branch            main       -> FETCH_HEAD
 * [new branch]      main       -> origin/main
HEAD is now at 349692b Made language equality strict full-code identity and added isSameLanguageFamily(as:) for short-code (family) matching. A region-decorated preferred language (e.g. en-GB) no longer compares equal to a different region of the same language (en-UA), which fixes duplicate "selected" highlighting when several preferred entries share a short code. Made selectedAppLocale deterministic — it resolves to exactly one language (exact full code, otherwise the first same-family match with preferred entries first, otherwise English) and is always an element of sortedLanguages. Reworked sortedLanguages and the system/default seed checks to use explicit family matching, preserving the existing list output. Added Hashable conformance consistent with the strict equality, and unit tests for the resolution. Bumped version to 1.6.3.
Cloned https://github.com/FuturraGroup/SwiftLocaleKit.git
Revision (git rev-parse @):
349692b394bab5529fb4c094b3efb42cfff9bce1
SUCCESS checkout https://github.com/FuturraGroup/SwiftLocaleKit.git at main
========================================
Build
========================================
Selected platform:         wasm
Swift version:             6.4
Building package at path:  $PWD
https://github.com/FuturraGroup/SwiftLocaleKit.git
Running build ...
bash -c docker run --pull=always --rm -v "checkouts-54344847-3":/host -w "$PWD" -e JAVA_HOME="/root/.sdkman/candidates/java/current" -e SPI_BUILD="1" -e SPI_PROCESSING="1" registry.gitlab.com/saguaro1/spi-images:wasm-6.4-latest swift build --swift-sdk swift-6.4.x-DEVELOPMENT-SNAPSHOT-2026-09-04-a_wasm 2>&1
wasm-6.4-latest: Pulling from saguaro1/spi-images
Digest: sha256:4328fdb43c680d205c1d6761b1e3267aa38277eefdda9ddfb17b6a0f1a77857a
Status: Image is up to date for registry.gitlab.com/saguaro1/spi-images:wasm-6.4-latest
Building for debugging...
[Planning deferred tasks]
[24 / 32] SwiftLocaleKit
error: SwiftCompile normal wasm32 /host/spi-builder-workspace/Sources/SwiftLocaleKit/Extensions/Foundation/UserDefaults.swift failed with a nonzero exit code. Command line:     cd /host
    builtin-SwiftPerFileCompile UserDefaults.swift
[29 / 32] SwiftLocaleKit
/host/spi-builder-workspace/Sources/SwiftLocaleKit/Extensions/Foundation/UserDefaults.swift:29:14: error: value of type 'UserDefaults' has no member 'value'
27 | public extension UserDefaults {
28 | 	private(set) var systemLocaleUpdateDate: Date? {
29 | 		get { self.value(forKey: lastUpdateSystemLocaleKey) as? Date }
   |              `- error: value of type 'UserDefaults' has no member 'value'
30 | 		set { self.set(newValue, forKey: lastUpdateSystemLocaleKey) }
31 | 	}
/host/spi-builder-workspace/Sources/SwiftLocaleKit/Extensions/Foundation/UserDefaults.swift:42:14: error: value of type 'UserDefaults' has no member 'value'
40 |
41 | 	private(set) var appLocaleUpdateDate: Date? {
42 | 		get { self.value(forKey: lastUpdateAppLocaleKey) as? Date }
   |              `- error: value of type 'UserDefaults' has no member 'value'
43 | 		set { self.set(newValue, forKey: lastUpdateAppLocaleKey) }
44 | 	}
Failed frontend command:
/usr/bin/swift-frontend -frontend -c /host/spi-builder-workspace/Sources/SwiftLocaleKit/Extensions/Foundation/Bundle.swift /host/spi-builder-workspace/Sources/SwiftLocaleKit/Extensions/Foundation/String.swift -primary-file /host/spi-builder-workspace/Sources/SwiftLocaleKit/Extensions/Foundation/UserDefaults.swift /host/spi-builder-workspace/Sources/SwiftLocaleKit/Models/LocaleKitLanguage.swift /host/spi-builder-workspace/Sources/SwiftLocaleKit/SwiftLocaleKit.swift -emit-dependencies-path /host/spi-builder-workspace/.build/out/Intermediates.noindex/SwiftLocaleKit.build/Debug-webassembly-wasm32/SwiftLocaleKit-t.build/Objects-normal/wasm32/UserDefaults.d -emit-const-values-path /host/spi-builder-workspace/.build/out/Intermediates.noindex/SwiftLocaleKit.build/Debug-webassembly-wasm32/SwiftLocaleKit-t.build/Objects-normal/wasm32/UserDefaults.swiftconstvalues -emit-reference-dependencies-path /host/spi-builder-workspace/.build/out/Intermediates.noindex/SwiftLocaleKit.build/Debug-webassembly-wasm32/SwiftLocaleKit-t.build/Objects-normal/wasm32/UserDefaults.swiftdeps -serialize-diagnostics-path /host/spi-builder-workspace/.build/out/Intermediates.noindex/SwiftLocaleKit.build/Debug-webassembly-wasm32/SwiftLocaleKit-t.build/Objects-normal/wasm32/UserDefaults.dia -target wasm32-unknown-wasip1 -disable-objc-interop -sdk /root/.swiftpm/swift-sdks/swift-6.4.x-DEVELOPMENT-SNAPSHOT-2026-09-04-a_wasm.artifactbundle/swift-6.4.x-DEVELOPMENT-SNAPSHOT-2026-09-04-a_wasm/wasm32-unknown-wasip1/WASI.sdk -sysroot /root/.swiftpm/swift-sdks/swift-6.4.x-DEVELOPMENT-SNAPSHOT-2026-09-04-a_wasm.artifactbundle/swift-6.4.x-DEVELOPMENT-SNAPSHOT-2026-09-04-a_wasm/wasm32-unknown-wasip1/WASI.sdk -I /host/spi-builder-workspace/.build/out/Products/Debug-webassembly-wasm32 -module-cache-path /host/spi-builder-workspace/.build/out/ModuleCache.noindex -color-diagnostics -Xcc -fcolor-diagnostics -enable-testing -g -debug-info-format\=dwarf -dwarf-version\=4 -swift-version 5 -Onone -D SWIFT_PACKAGE -D DEBUG -D SWIFT_MODULE_RESOURCE_BUNDLE_UNAVAILABLE -D Xcode -serialize-debugging-options -enable-experimental-feature DebugDescriptionMacro -empty-abi-descriptor -external-plugin-path /usr/lib/swift/host/plugins/testing\#/usr/bin/swift-plugin-server -validate-clang-modules-once -clang-build-session-file /host/spi-builder-workspace/.build/out/ModuleCache.noindex/Session.modulevalidation -Xcc -working-directory -Xcc /host -resource-dir /root/.swiftpm/swift-sdks/swift-6.4.x-DEVELOPMENT-SNAPSHOT-2026-09-04-a_wasm.artifactbundle/swift-6.4.x-DEVELOPMENT-SNAPSHOT-2026-09-04-a_wasm/wasm32-unknown-wasip1/swift.xctoolchain/usr/lib/swift_static -use-static-resource-dir -enable-anonymous-context-mangled-names -file-compilation-dir /host -Xcc -resource-dir -Xcc /root/.swiftpm/swift-sdks/swift-6.4.x-DEVELOPMENT-SNAPSHOT-2026-09-04-a_wasm.artifactbundle/swift-6.4.x-DEVELOPMENT-SNAPSHOT-2026-09-04-a_wasm/wasm32-unknown-wasip1/swift.xctoolchain/usr/lib/swift_static/clang -Xcc -D_LIBCPP_HARDENING_MODE\=_LIBCPP_HARDENING_MODE_DEBUG -Xcc -fmodules-prune-interval\=86400 -Xcc -fmodules-prune-after\=345600 -Xcc -I/host/spi-builder-workspace/.build/out/Products/Debug-webassembly-wasm32/include -Xcc -I/host/spi-builder-workspace/.build/out/Intermediates.noindex/SwiftLocaleKit.build/Debug-webassembly-wasm32/SwiftLocaleKit-t.build/DerivedSources-normal/wasm32 -Xcc -I/host/spi-builder-workspace/.build/out/Intermediates.noindex/SwiftLocaleKit.build/Debug-webassembly-wasm32/SwiftLocaleKit-t.build/DerivedSources/wasm32 -Xcc -I/host/spi-builder-workspace/.build/out/Intermediates.noindex/SwiftLocaleKit.build/Debug-webassembly-wasm32/SwiftLocaleKit-t.build/DerivedSources -Xcc -DSWIFT_PACKAGE -Xcc -DDEBUG\=1 -no-auto-bridging-header-chaining -module-name SwiftLocaleKit -const-gather-protocols-file /host/spi-builder-workspace/.build/out/Intermediates.noindex/SwiftLocaleKit.build/Debug-webassembly-wasm32/SwiftLocaleKit-t.build/Objects-normal/wasm32/SwiftLocaleKit_const_extract_protocols.json -in-process-plugin-server-path /usr/lib/swift/host/libSwiftInProcPluginServer.so -plugin-path /usr/lib/swift/host/plugins -plugin-path /usr/local/lib/swift/host/plugins -parse-as-library -o /host/spi-builder-workspace/.build/out/Intermediates.noindex/SwiftLocaleKit.build/Debug-webassembly-wasm32/SwiftLocaleKit-t.build/Objects-normal/wasm32/UserDefaults.o -index-unit-output-path /SwiftLocaleKit.build/Debug-webassembly-wasm32/SwiftLocaleKit-t.build/Objects-normal/wasm32/UserDefaults.o -index-store-path /host/spi-builder-workspace/.build/out -index-system-modules
error: Build failed
BUILD FAILURE 6.4 wasm