The Swift Package Index logo.Swift Package Index

Build Information

Failed to build Hitch, reference v0.4.160 (9f1851), with Swift 6.2 for watchOS using Xcode 26.3 on 15 Sep 2026 12:10:33 UTC.

Build Command

env DEVELOPER_DIR=/Applications/Xcode-26.3.0.app xcrun xcodebuild -IDEClonedSourcePackagesDirPathOverride=$PWD/.dependencies -skipMacroValidation -skipPackagePluginValidation -derivedDataPath $PWD/.derivedData build -scheme Hitch -destination generic/platform=watchOS

Build Log

SwiftExplicitDependencyGeneratePcm arm64 /Users/admin/builder/spi-builder-workspace/.derivedData/ModuleCache.noindex/_AvailabilityInternal-AHCR9CD21F4JF161R0D7SVS8U.pcm
SwiftExplicitDependencyGeneratePcm arm64 /Users/admin/builder/spi-builder-workspace/.derivedData/ModuleCache.noindex/_Builtin_stddef-BFZNESQOB31O3W68M3ZQ64Q5W.pcm
SwiftExplicitDependencyGeneratePcm arm64 /Users/admin/builder/spi-builder-workspace/.derivedData/ModuleCache.noindex/SwiftShims-CM405XN1ZNHPKWICE5AN3FQBL.pcm
SwiftExplicitDependencyGeneratePcm arm64 /Users/admin/builder/spi-builder-workspace/.derivedData/ModuleCache.noindex/_Builtin_stdbool-3NJZE36R00VOGM327EIZI9T3M.pcm
SwiftExplicitDependencyGeneratePcm arm64 /Users/admin/builder/spi-builder-workspace/.derivedData/ModuleCache.noindex/ptrcheck-BZQSFWKT9QTVPI5QDZ5NVKV9.pcm
SwiftExplicitDependencyGeneratePcm arm64 /Users/admin/builder/spi-builder-workspace/.derivedData/ModuleCache.noindex/_SwiftConcurrencyShims-3E06EU7FYQAWFLTZRBVU2RIGD.pcm
SwiftExplicitDependencyGeneratePcm arm64 /Users/admin/builder/spi-builder-workspace/.derivedData/ModuleCache.noindex/_Builtin_stdarg-41VMB7R3H5MIU0RJWRTVECF73.pcm
SwiftExplicitDependencyGeneratePcm arm64 /Users/admin/builder/spi-builder-workspace/.derivedData/ModuleCache.noindex/ptrauth-2QN0W8EE9P0TVYCIGO0RALCET.pcm
SwiftExplicitDependencyGeneratePcm arm64 /Users/admin/builder/spi-builder-workspace/.derivedData/ModuleCache.noindex/_Builtin_float-BH8TSRPG6J1WAF94R6BGWMCH7.pcm
SwiftExplicitDependencyGeneratePcm armv7k /Users/admin/builder/spi-builder-workspace/.derivedData/ModuleCache.noindex/_SwiftConcurrencyShims-9EJPFOS18RDMGC4RE1FY7YAHP.pcm
SwiftExplicitDependencyGeneratePcm arm64_32 /Users/admin/builder/spi-builder-workspace/.derivedData/ModuleCache.noindex/_AvailabilityInternal-AT45JBTV7ZIGO40P4HOV38OTX.pcm
SwiftExplicitDependencyGeneratePcm arm64_32 /Users/admin/builder/spi-builder-workspace/.derivedData/ModuleCache.noindex/SwiftShims-2AV76KREET4U6COZAGI565HPC.pcm
SwiftExplicitDependencyGeneratePcm armv7k /Users/admin/builder/spi-builder-workspace/.derivedData/ModuleCache.noindex/_Builtin_stdarg-1BUNRX2QJIKYWJ1962CPXCMS2.pcm
SwiftExplicitDependencyGeneratePcm armv7k /Users/admin/builder/spi-builder-workspace/.derivedData/ModuleCache.noindex/ptrcheck-7LSYX6ETTNTOSEGXFGUGJ6PK3.pcm
SwiftExplicitDependencyGeneratePcm arm64_32 /Users/admin/builder/spi-builder-workspace/.derivedData/ModuleCache.noindex/ptrcheck-AA5GJME3GXGO73H210XMPC07G.pcm
SwiftExplicitDependencyGeneratePcm armv7k /Users/admin/builder/spi-builder-workspace/.derivedData/ModuleCache.noindex/_Builtin_float-3ADR5SOKJ0KGO3UK7SNQTCDOV.pcm
SwiftExplicitDependencyGeneratePcm armv7k /Users/admin/builder/spi-builder-workspace/.derivedData/ModuleCache.noindex/ptrauth-9IB0Q37XD4KBICFV9JN0WA751.pcm
SwiftExplicitDependencyGeneratePcm arm64_32 /Users/admin/builder/spi-builder-workspace/.derivedData/ModuleCache.noindex/_Builtin_stddef-3Z25006GJEEIO9SU5HVXBBBAT.pcm
SwiftExplicitDependencyGeneratePcm arm64_32 /Users/admin/builder/spi-builder-workspace/.derivedData/ModuleCache.noindex/_SwiftConcurrencyShims-EKNAGQ6VDRD7YC1GBALZ7FXI3.pcm
SwiftExplicitDependencyGeneratePcm arm64 /Users/admin/builder/spi-builder-workspace/.derivedData/ModuleCache.noindex/_DarwinFoundation1-62SI4S8RO7TETG2MCQSI4A3XV.pcm
SwiftExplicitDependencyGeneratePcm arm64_32 /Users/admin/builder/spi-builder-workspace/.derivedData/ModuleCache.noindex/ptrauth-F18G3AZ9IODJJKSCG3V4PZ9QF.pcm
SwiftExplicitDependencyGeneratePcm arm64_32 /Users/admin/builder/spi-builder-workspace/.derivedData/ModuleCache.noindex/_Builtin_stdarg-3DKNO61VH3IRYCOYDXNL008WT.pcm
SwiftExplicitDependencyGeneratePcm armv7k /Users/admin/builder/spi-builder-workspace/.derivedData/ModuleCache.noindex/_Builtin_stddef-BOED5FAOPQQQ8EQJ4TOKIV54N.pcm
SwiftExplicitDependencyGeneratePcm armv7k /Users/admin/builder/spi-builder-workspace/.derivedData/ModuleCache.noindex/SwiftShims-DF1S41MRK5T9Q78COJM8USFTK.pcm
SwiftExplicitDependencyGeneratePcm armv7k /Users/admin/builder/spi-builder-workspace/.derivedData/ModuleCache.noindex/_Builtin_stdbool-3SSVOWQSYKMDF9LAAICA6FU9H.pcm
SwiftExplicitDependencyGeneratePcm armv7k /Users/admin/builder/spi-builder-workspace/.derivedData/ModuleCache.noindex/_AvailabilityInternal-EY3BO3AT1IVA0A77O3J98LWL9.pcm
SwiftExplicitDependencyGeneratePcm arm64_32 /Users/admin/builder/spi-builder-workspace/.derivedData/ModuleCache.noindex/_Builtin_float-84HIG4SRMTELEAL8REICO3HZ8.pcm
SwiftExplicitDependencyGeneratePcm arm64_32 /Users/admin/builder/spi-builder-workspace/.derivedData/ModuleCache.noindex/_DarwinFoundation1-CO2PQHYUB6SXX1609DCI88KWW.pcm
SwiftExplicitDependencyGeneratePcm arm64_32 /Users/admin/builder/spi-builder-workspace/.derivedData/ModuleCache.noindex/_Builtin_stdbool-BKC6HA5TVF8P9O7Q30CRXJ02T.pcm
SwiftExplicitDependencyGeneratePcm arm64 /Users/admin/builder/spi-builder-workspace/.derivedData/ModuleCache.noindex/_Builtin_limits-9VZV7C5F1EZGAP8H0JA8WSO4Q.pcm
SwiftExplicitDependencyGeneratePcm arm64 /Users/admin/builder/spi-builder-workspace/.derivedData/ModuleCache.noindex/_DarwinFoundation2-3OGFNC97XNG95QAEKS0YO8UBN.pcm
SwiftExplicitDependencyGeneratePcm armv7k /Users/admin/builder/spi-builder-workspace/.derivedData/ModuleCache.noindex/_DarwinFoundation1-40Y0GY8OI3OSKKP8R25QSVVE3.pcm
SwiftExplicitDependencyGeneratePcm arm64_32 /Users/admin/builder/spi-builder-workspace/.derivedData/ModuleCache.noindex/_Builtin_limits-16SFP6KSMIWQ8B99YQSPO00CA.pcm
SwiftExplicitDependencyGeneratePcm arm64_32 /Users/admin/builder/spi-builder-workspace/.derivedData/ModuleCache.noindex/_DarwinFoundation2-6JM2KNJ9H81ZXHOMC1GP42DUU.pcm
SwiftExplicitDependencyGeneratePcm armv7k /Users/admin/builder/spi-builder-workspace/.derivedData/ModuleCache.noindex/_DarwinFoundation2-BT0IZXKWGRC26OHMXRQP4KCL7.pcm
SwiftExplicitDependencyGeneratePcm armv7k /Users/admin/builder/spi-builder-workspace/.derivedData/ModuleCache.noindex/_Builtin_limits-6NBGT2WJSUPAB4EVSOZY77RUO.pcm
SwiftExplicitDependencyGeneratePcm arm64 /Users/admin/builder/spi-builder-workspace/.derivedData/ModuleCache.noindex/sys_types-PSIKW7TKZEXDG48ELPF5NJDG.pcm
SwiftExplicitDependencyGeneratePcm arm64 /Users/admin/builder/spi-builder-workspace/.derivedData/ModuleCache.noindex/_Builtin_stdint-8ZJTN8FQ97QD3ZI7LN5FDVJTO.pcm
SwiftExplicitDependencyGeneratePcm arm64_32 /Users/admin/builder/spi-builder-workspace/.derivedData/ModuleCache.noindex/sys_types-6IGHFPLJZ2RML3741F56ZZ5ZT.pcm
SwiftExplicitDependencyGeneratePcm arm64_32 /Users/admin/builder/spi-builder-workspace/.derivedData/ModuleCache.noindex/_Builtin_stdint-3BQE5BZTYE88T0M371GAOOGVD.pcm
SwiftExplicitDependencyGeneratePcm arm64 /Users/admin/builder/spi-builder-workspace/.derivedData/ModuleCache.noindex/_DarwinFoundation3-ILL00H0NKGBSR66IVDH0VQYU.pcm
SwiftExplicitDependencyGeneratePcm armv7k /Users/admin/builder/spi-builder-workspace/.derivedData/ModuleCache.noindex/_Builtin_stdint-2A9H3A0UDJUS1JZ3QYPEVPIQY.pcm
SwiftExplicitDependencyGeneratePcm armv7k /Users/admin/builder/spi-builder-workspace/.derivedData/ModuleCache.noindex/sys_types-4V3MXF0AZ6FFESLHZ4XDAQWO.pcm
SwiftExplicitDependencyGeneratePcm arm64_32 /Users/admin/builder/spi-builder-workspace/.derivedData/ModuleCache.noindex/_DarwinFoundation3-63S8DE4XS2Z7PX40IJT7E3C7Z.pcm
SwiftExplicitDependencyGeneratePcm armv7k /Users/admin/builder/spi-builder-workspace/.derivedData/ModuleCache.noindex/_DarwinFoundation3-5HWJ90APJV29HBJZ1GCG2496G.pcm
SwiftExplicitDependencyGeneratePcm arm64 /Users/admin/builder/spi-builder-workspace/.derivedData/ModuleCache.noindex/_Builtin_inttypes-897GQ8ARCL7XJYWFZ8GL6MRYP.pcm
SwiftExplicitDependencyGeneratePcm arm64_32 /Users/admin/builder/spi-builder-workspace/.derivedData/ModuleCache.noindex/_Builtin_inttypes-5P80S42MS2VPUGI7EDKPUDHF8.pcm
SwiftExplicitDependencyGeneratePcm arm64 /Users/admin/builder/spi-builder-workspace/.derivedData/ModuleCache.noindex/Darwin-1Q936C34TTHGDXQO7XAUROOJA.pcm
SwiftExplicitDependencyGeneratePcm armv7k /Users/admin/builder/spi-builder-workspace/.derivedData/ModuleCache.noindex/_Builtin_inttypes-4MDQH1XLLJELBM7URYV2B5YSC.pcm
SwiftExplicitDependencyGeneratePcm arm64_32 /Users/admin/builder/spi-builder-workspace/.derivedData/ModuleCache.noindex/Darwin-BG4OSZX6KQ5RMFPXQBYF68CTW.pcm
SwiftExplicitDependencyGeneratePcm armv7k /Users/admin/builder/spi-builder-workspace/.derivedData/ModuleCache.noindex/Darwin-807D2OYS88E3OZYDM6JOFU63R.pcm
SwiftExplicitDependencyGeneratePcm arm64 /Users/admin/builder/spi-builder-workspace/.derivedData/ModuleCache.noindex/ObjectiveC-37W1UNZNZ4YH6ABUCK6IEO2J9.pcm
SwiftExplicitDependencyGeneratePcm arm64_32 /Users/admin/builder/spi-builder-workspace/.derivedData/ModuleCache.noindex/ObjectiveC-9KTD33TZNGA5QTXFI4KAPE371.pcm
SwiftExplicitDependencyGeneratePcm armv7k /Users/admin/builder/spi-builder-workspace/.derivedData/ModuleCache.noindex/ObjectiveC-4CQ5LI5YKFEYJ8H8HPCH9G099.pcm
SwiftExplicitDependencyGeneratePcm arm64 /Users/admin/builder/spi-builder-workspace/.derivedData/ModuleCache.noindex/os_object-DRZ7BVJZ2VFERICRWLPK5364U.pcm
SwiftExplicitDependencyGeneratePcm arm64_32 /Users/admin/builder/spi-builder-workspace/.derivedData/ModuleCache.noindex/os_object-ALRYPD0OHC28AP9369CHARNVP.pcm
SwiftExplicitDependencyGeneratePcm arm64 /Users/admin/builder/spi-builder-workspace/.derivedData/ModuleCache.noindex/os_workgroup-6BREPCR4VCHTN4PMBYLH980XX.pcm
SwiftExplicitDependencyGeneratePcm armv7k /Users/admin/builder/spi-builder-workspace/.derivedData/ModuleCache.noindex/os_object-E84PXTBAMJI81QC5FZTYLFR98.pcm
SwiftExplicitDependencyGeneratePcm arm64_32 /Users/admin/builder/spi-builder-workspace/.derivedData/ModuleCache.noindex/os_workgroup-64SV4PY2RENI38K8AWXSNZGP4.pcm
SwiftExplicitDependencyGeneratePcm arm64 /Users/admin/builder/spi-builder-workspace/.derivedData/ModuleCache.noindex/Dispatch-66SS49U6CUEWDJTBRTD18XSDA.pcm
SwiftExplicitDependencyGeneratePcm armv7k /Users/admin/builder/spi-builder-workspace/.derivedData/ModuleCache.noindex/os_workgroup-B9HJ4ISAXW2FK4B2SQIP0Z57R.pcm
SwiftExplicitDependencyGeneratePcm arm64_32 /Users/admin/builder/spi-builder-workspace/.derivedData/ModuleCache.noindex/Dispatch-7NPQOE4OBRBM1BEMDFSP6YJGX.pcm
SwiftExplicitDependencyGeneratePcm armv7k /Users/admin/builder/spi-builder-workspace/.derivedData/ModuleCache.noindex/Dispatch-2J7BPNW30WH7PKCVV5A9BSWM1.pcm
SwiftExplicitDependencyGeneratePcm arm64 /Users/admin/builder/spi-builder-workspace/.derivedData/ModuleCache.noindex/CoreFoundation-2EP3F4MDNDOADDMLCKHDXDGO7.pcm
SwiftExplicitDependencyGeneratePcm arm64_32 /Users/admin/builder/spi-builder-workspace/.derivedData/ModuleCache.noindex/CoreFoundation-49QYZP0L3TRUW2BGG8XU46RE3.pcm
SwiftExplicitDependencyGeneratePcm armv7k /Users/admin/builder/spi-builder-workspace/.derivedData/ModuleCache.noindex/CoreFoundation-A8XUN758TDJ329VZ8QU37XPWR.pcm
SwiftExplicitDependencyGeneratePcm arm64 /Users/admin/builder/spi-builder-workspace/.derivedData/ModuleCache.noindex/Security-B42SJFBK2DJZOYUQWKB0QYS6H.pcm
SwiftExplicitDependencyGeneratePcm arm64_32 /Users/admin/builder/spi-builder-workspace/.derivedData/ModuleCache.noindex/Security-ABA704VPND58UNN0MT65M6DVY.pcm
SwiftExplicitDependencyGeneratePcm armv7k /Users/admin/builder/spi-builder-workspace/.derivedData/ModuleCache.noindex/Security-BYRCL0DGQRC9Y0HHKP7Z9NCKB.pcm
SwiftExplicitDependencyGeneratePcm arm64 /Users/admin/builder/spi-builder-workspace/.derivedData/ModuleCache.noindex/Foundation-BYKXZRWSAU4LR8PP2AQSPDYD3.pcm
SwiftExplicitDependencyGeneratePcm arm64_32 /Users/admin/builder/spi-builder-workspace/.derivedData/ModuleCache.noindex/Foundation-B8L3FYSTPFSJBY5DQS91H0KA4.pcm
SwiftExplicitDependencyGeneratePcm armv7k /Users/admin/builder/spi-builder-workspace/.derivedData/ModuleCache.noindex/Foundation-E8B7YLXHTXYPGURYR02VP1WBB.pcm
SwiftCompile normal arm64 Compiling\ Hitch+FormatOperator.swift /Users/admin/builder/spi-builder-workspace/Sources/Hitch/Hitch+FormatOperator.swift (in target 'Hitch' from project 'Hitch')
SwiftCompile normal arm64 /Users/admin/builder/spi-builder-workspace/Sources/Hitch/Hitch+FormatOperator.swift (in target 'Hitch' from project 'Hitch')
    cd /Users/admin/builder/spi-builder-workspace/.swiftpm/xcode

SwiftEmitModule normal arm64 Emitting\ module\ for\ Hitch (in target 'Hitch' from project 'Hitch')
EmitSwiftModule normal arm64 (in target 'Hitch' from project 'Hitch')
    cd /Users/admin/builder/spi-builder-workspace/.swiftpm/xcode

SwiftCompile normal arm64 Compiling\ Hitch+Base32.swift,\ Hitch+Base64.swift /Users/admin/builder/spi-builder-workspace/Sources/Hitch/Hitch+Base32.swift /Users/admin/builder/spi-builder-workspace/Sources/Hitch/Hitch+Base64.swift (in target 'Hitch' from project 'Hitch')
SwiftCompile normal arm64 /Users/admin/builder/spi-builder-workspace/Sources/Hitch/Hitch+Base32.swift (in target 'Hitch' from project 'Hitch')
    cd /Users/admin/builder/spi-builder-workspace/.swiftpm/xcode

SwiftCompile normal arm64 /Users/admin/builder/spi-builder-workspace/Sources/Hitch/Hitch+Base64.swift (in target 'Hitch' from project 'Hitch')
    cd /Users/admin/builder/spi-builder-workspace/.swiftpm/xcode

SwiftCompile normal arm64 Compiling\ Hitch+MD5.swift /Users/admin/builder/spi-builder-workspace/Sources/Hitch/Hitch+MD5.swift (in target 'Hitch' from project 'Hitch')
SwiftCompile normal arm64 /Users/admin/builder/spi-builder-workspace/Sources/Hitch/Hitch+MD5.swift (in target 'Hitch' from project 'Hitch')
    cd /Users/admin/builder/spi-builder-workspace/.swiftpm/xcode

SwiftCompile normal arm64 Compiling\ UInt8+Ascii.swift /Users/admin/builder/spi-builder-workspace/Sources/Hitch/Utility/UInt8+Ascii.swift (in target 'Hitch' from project 'Hitch')
SwiftCompile normal arm64 /Users/admin/builder/spi-builder-workspace/Sources/Hitch/Utility/UInt8+Ascii.swift (in target 'Hitch' from project 'Hitch')
    cd /Users/admin/builder/spi-builder-workspace/.swiftpm/xcode

SwiftCompile normal arm64 Compiling\ Hitch.swift /Users/admin/builder/spi-builder-workspace/Sources/Hitch/Hitch.swift (in target 'Hitch' from project 'Hitch')
SwiftCompile normal arm64 /Users/admin/builder/spi-builder-workspace/Sources/Hitch/Hitch.swift (in target 'Hitch' from project 'Hitch')
    cd /Users/admin/builder/spi-builder-workspace/.swiftpm/xcode

SwiftCompile normal arm64 Compiling\ Hitch+CodeBlock.swift /Users/admin/builder/spi-builder-workspace/Sources/Hitch/Hitch+CodeBlock.swift (in target 'Hitch' from project 'Hitch')
SwiftCompile normal arm64 /Users/admin/builder/spi-builder-workspace/Sources/Hitch/Hitch+CodeBlock.swift (in target 'Hitch' from project 'Hitch')
    cd /Users/admin/builder/spi-builder-workspace/.swiftpm/xcode

SwiftCompile normal arm64 Compiling\ Int8+Ascii.swift /Users/admin/builder/spi-builder-workspace/Sources/Hitch/Utility/Int8+Ascii.swift (in target 'Hitch' from project 'Hitch')
SwiftCompile normal arm64 /Users/admin/builder/spi-builder-workspace/Sources/Hitch/Utility/Int8+Ascii.swift (in target 'Hitch' from project 'Hitch')
    cd /Users/admin/builder/spi-builder-workspace/.swiftpm/xcode

SwiftCompile normal arm64 Compiling\ Hitch+Shared.swift /Users/admin/builder/spi-builder-workspace/Sources/Hitch/Hitch+Shared.swift (in target 'Hitch' from project 'Hitch')
SwiftCompile normal arm64 /Users/admin/builder/spi-builder-workspace/Sources/Hitch/Hitch+Shared.swift (in target 'Hitch' from project 'Hitch')
    cd /Users/admin/builder/spi-builder-workspace/.swiftpm/xcode

SwiftEmitModule normal armv7k Emitting\ module\ for\ Hitch (in target 'Hitch' from project 'Hitch')
EmitSwiftModule normal armv7k (in target 'Hitch' from project 'Hitch')
    cd /Users/admin/builder/spi-builder-workspace/.swiftpm/xcode

SwiftEmitModule normal arm64_32 Emitting\ module\ for\ Hitch (in target 'Hitch' from project 'Hitch')
EmitSwiftModule normal arm64_32 (in target 'Hitch' from project 'Hitch')
    cd /Users/admin/builder/spi-builder-workspace/.swiftpm/xcode

SwiftDriverJobDiscovery normal arm64 Emitting module for Hitch (in target 'Hitch' from project 'Hitch')
SwiftDriver\ Compilation\ Requirements Hitch normal arm64 com.apple.xcode.tools.swift.compiler (in target 'Hitch' from project 'Hitch')
    cd /Users/admin/builder/spi-builder-workspace/.swiftpm/xcode
    builtin-Swift-Compilation-Requirements -- /Applications/Xcode-26.3.0.app/Contents/Developer/Toolchains/XcodeDefault.xctoolchain/usr/bin/swiftc -module-name Hitch -Onone -enforce-exclusivity\=checked @/Users/admin/builder/spi-builder-workspace/.derivedData/Build/Intermediates.noindex/Hitch.build/Debug-watchos/Hitch.build/Objects-normal/arm64/Hitch.SwiftFileList -DSWIFT_PACKAGE -DDEBUG -DSWIFT_MODULE_RESOURCE_BUNDLE_UNAVAILABLE -DXcode -plugin-path /Applications/Xcode-26.3.0.app/Contents/Developer/Toolchains/XcodeDefault.xctoolchain/usr/lib/swift/host/plugins/testing -enable-experimental-feature DebugDescriptionMacro -sdk /Applications/Xcode-26.3.0.app/Contents/Developer/Platforms/WatchOS.platform/Developer/SDKs/WatchOS26.2.sdk -target arm64-apple-watchos5.0 -g -module-cache-path /Users/admin/builder/spi-builder-workspace/.derivedData/ModuleCache.noindex -Xfrontend -serialize-debugging-options -sanitize\=address -enable-testing -index-store-path /Users/admin/builder/spi-builder-workspace/.derivedData/Index.noindex/DataStore -Xcc -D_LIBCPP_HARDENING_MODE\=_LIBCPP_HARDENING_MODE_DEBUG -swift-version 5 -I /Users/admin/builder/spi-builder-workspace/.derivedData/Build/Products/Debug-watchos -Isystem /Applications/Xcode-26.3.0.app/Contents/Developer/Platforms/WatchOS.platform/Developer/usr/lib -F /Users/admin/builder/spi-builder-workspace/.derivedData/Build/Products/Debug-watchos -F /Applications/Xcode-26.3.0.app/Contents/Developer/Platforms/WatchOS.platform/Developer/Library/Frameworks -F /Applications/Xcode-26.3.0.app/Contents/Developer/Platforms/WatchOS.platform/Developer/SDKs/WatchOS26.2.sdk/Developer/Library/Frameworks -c -j10 -enable-batch-mode -incremental -Xcc -ivfsstatcache -Xcc /Users/admin/builder/spi-builder-workspace/.derivedData/SDKStatCaches.noindex/watchos26.2-23S303-dc75598d0054f22ec865fa860f139d721753b489057de6bda919edfa1c59a62b.sdkstatcache -output-file-map /Users/admin/builder/spi-builder-workspace/.derivedData/Build/Intermediates.noindex/Hitch.build/Debug-watchos/Hitch.build/Objects-normal-asan/arm64/Hitch-OutputFileMap.json -use-frontend-parseable-output -save-temps -no-color-diagnostics -explicit-module-build -module-cache-path /Users/admin/builder/spi-builder-workspace/.derivedData/Build/Intermediates.noindex/SwiftExplicitPrecompiledModules -clang-scanner-module-cache-path /Users/admin/builder/spi-builder-workspace/.derivedData/ModuleCache.noindex -sdk-module-cache-path /Users/admin/builder/spi-builder-workspace/.derivedData/ModuleCache.noindex -serialize-diagnostics -emit-dependencies -emit-module -emit-module-path /Users/admin/builder/spi-builder-workspace/.derivedData/Build/Intermediates.noindex/Hitch.build/Debug-watchos/Hitch.build/Objects-normal-asan/arm64/Hitch.swiftmodule -validate-clang-modules-once -clang-build-session-file /Users/admin/builder/spi-builder-workspace/.derivedData/ModuleCache.noindex/Session.modulevalidation -Xcc -I/Users/admin/builder/spi-builder-workspace/.derivedData/Build/Intermediates.noindex/Hitch.build/Debug-watchos/Hitch.build/swift-overrides.hmap -emit-const-values -Xfrontend -const-gather-protocols-file -Xfrontend /Users/admin/builder/spi-builder-workspace/.derivedData/Build/Intermediates.noindex/Hitch.build/Debug-watchos/Hitch.build/Objects-normal-asan/arm64/Hitch_const_extract_protocols.json -Xcc -I/Users/admin/builder/spi-builder-workspace/.derivedData/Build/Products/Debug-watchos/include -Xcc -I/Users/admin/builder/spi-builder-workspace/.derivedData/Build/Intermediates.noindex/Hitch.build/Debug-watchos/Hitch.build/DerivedSources-normal/arm64 -Xcc -I/Users/admin/builder/spi-builder-workspace/.derivedData/Build/Intermediates.noindex/Hitch.build/Debug-watchos/Hitch.build/DerivedSources/arm64 -Xcc -I/Users/admin/builder/spi-builder-workspace/.derivedData/Build/Intermediates.noindex/Hitch.build/Debug-watchos/Hitch.build/DerivedSources -Xcc -DSWIFT_PACKAGE -Xcc -DDEBUG\=1 -emit-objc-header -emit-objc-header-path /Users/admin/builder/spi-builder-workspace/.derivedData/Build/Intermediates.noindex/Hitch.build/Debug-watchos/Hitch.build/Objects-normal-asan/arm64/Hitch-Swift.h -working-directory /Users/admin/builder/spi-builder-workspace/.swiftpm/xcode -experimental-emit-module-separately -disable-cmo
SwiftDriverJobDiscovery normal armv7k Emitting module for Hitch (in target 'Hitch' from project 'Hitch')
SwiftDriver\ Compilation\ Requirements Hitch normal armv7k com.apple.xcode.tools.swift.compiler (in target 'Hitch' from project 'Hitch')
    cd /Users/admin/builder/spi-builder-workspace/.swiftpm/xcode
    builtin-Swift-Compilation-Requirements -- /Applications/Xcode-26.3.0.app/Contents/Developer/Toolchains/XcodeDefault.xctoolchain/usr/bin/swiftc -module-name Hitch -Onone -enforce-exclusivity\=checked @/Users/admin/builder/spi-builder-workspace/.derivedData/Build/Intermediates.noindex/Hitch.build/Debug-watchos/Hitch.build/Objects-normal/armv7k/Hitch.SwiftFileList -DSWIFT_PACKAGE -DDEBUG -DSWIFT_MODULE_RESOURCE_BUNDLE_UNAVAILABLE -DXcode -plugin-path /Applications/Xcode-26.3.0.app/Contents/Developer/Toolchains/XcodeDefault.xctoolchain/usr/lib/swift/host/plugins/testing -enable-experimental-feature DebugDescriptionMacro -sdk /Applications/Xcode-26.3.0.app/Contents/Developer/Platforms/WatchOS.platform/Developer/SDKs/WatchOS26.2.sdk -target armv7k-apple-watchos5.0 -g -module-cache-path /Users/admin/builder/spi-builder-workspace/.derivedData/ModuleCache.noindex -Xfrontend -serialize-debugging-options -sanitize\=address -enable-testing -index-store-path /Users/admin/builder/spi-builder-workspace/.derivedData/Index.noindex/DataStore -Xcc -D_LIBCPP_HARDENING_MODE\=_LIBCPP_HARDENING_MODE_DEBUG -swift-version 5 -I /Users/admin/builder/spi-builder-workspace/.derivedData/Build/Products/Debug-watchos -Isystem /Applications/Xcode-26.3.0.app/Contents/Developer/Platforms/WatchOS.platform/Developer/usr/lib -F /Users/admin/builder/spi-builder-workspace/.derivedData/Build/Products/Debug-watchos -F /Applications/Xcode-26.3.0.app/Contents/Developer/Platforms/WatchOS.platform/Developer/Library/Frameworks -F /Applications/Xcode-26.3.0.app/Contents/Developer/Platforms/WatchOS.platform/Developer/SDKs/WatchOS26.2.sdk/Developer/Library/Frameworks -c -j10 -enable-batch-mode -incremental -Xcc -ivfsstatcache -Xcc /Users/admin/builder/spi-builder-workspace/.derivedData/SDKStatCaches.noindex/watchos26.2-23S303-dc75598d0054f22ec865fa860f139d721753b489057de6bda919edfa1c59a62b.sdkstatcache -output-file-map /Users/admin/builder/spi-builder-workspace/.derivedData/Build/Intermediates.noindex/Hitch.build/Debug-watchos/Hitch.build/Objects-normal-asan/armv7k/Hitch-OutputFileMap.json -use-frontend-parseable-output -save-temps -no-color-diagnostics -explicit-module-build -module-cache-path /Users/admin/builder/spi-builder-workspace/.derivedData/Build/Intermediates.noindex/SwiftExplicitPrecompiledModules -clang-scanner-module-cache-path /Users/admin/builder/spi-builder-workspace/.derivedData/ModuleCache.noindex -sdk-module-cache-path /Users/admin/builder/spi-builder-workspace/.derivedData/ModuleCache.noindex -serialize-diagnostics -emit-dependencies -emit-module -emit-module-path /Users/admin/builder/spi-builder-workspace/.derivedData/Build/Intermediates.noindex/Hitch.build/Debug-watchos/Hitch.build/Objects-normal-asan/armv7k/Hitch.swiftmodule -validate-clang-modules-once -clang-build-session-file /Users/admin/builder/spi-builder-workspace/.derivedData/ModuleCache.noindex/Session.modulevalidation -Xcc -I/Users/admin/builder/spi-builder-workspace/.derivedData/Build/Intermediates.noindex/Hitch.build/Debug-watchos/Hitch.build/swift-overrides.hmap -emit-const-values -Xfrontend -const-gather-protocols-file -Xfrontend /Users/admin/builder/spi-builder-workspace/.derivedData/Build/Intermediates.noindex/Hitch.build/Debug-watchos/Hitch.build/Objects-normal-asan/armv7k/Hitch_const_extract_protocols.json -Xcc -I/Users/admin/builder/spi-builder-workspace/.derivedData/Build/Products/Debug-watchos/include -Xcc -I/Users/admin/builder/spi-builder-workspace/.derivedData/Build/Intermediates.noindex/Hitch.build/Debug-watchos/Hitch.build/DerivedSources-normal/armv7k -Xcc -I/Users/admin/builder/spi-builder-workspace/.derivedData/Build/Intermediates.noindex/Hitch.build/Debug-watchos/Hitch.build/DerivedSources/armv7k -Xcc -I/Users/admin/builder/spi-builder-workspace/.derivedData/Build/Intermediates.noindex/Hitch.build/Debug-watchos/Hitch.build/DerivedSources -Xcc -DSWIFT_PACKAGE -Xcc -DDEBUG\=1 -emit-objc-header -emit-objc-header-path /Users/admin/builder/spi-builder-workspace/.derivedData/Build/Intermediates.noindex/Hitch.build/Debug-watchos/Hitch.build/Objects-normal-asan/armv7k/Hitch-Swift.h -working-directory /Users/admin/builder/spi-builder-workspace/.swiftpm/xcode -experimental-emit-module-separately -disable-cmo
Copy /Users/admin/builder/spi-builder-workspace/.derivedData/Build/Products/Debug-watchos/Hitch.swiftmodule/arm64-apple-watchos.swiftmodule /Users/admin/builder/spi-builder-workspace/.derivedData/Build/Intermediates.noindex/Hitch.build/Debug-watchos/Hitch.build/Objects-normal-asan/arm64/Hitch.swiftmodule (in target 'Hitch' from project 'Hitch')
    cd /Users/admin/builder/spi-builder-workspace
    builtin-copy -exclude .DS_Store -exclude CVS -exclude .svn -exclude .git -exclude .hg -resolve-src-symlinks -rename /Users/admin/builder/spi-builder-workspace/.derivedData/Build/Intermediates.noindex/Hitch.build/Debug-watchos/Hitch.build/Objects-normal-asan/arm64/Hitch.swiftmodule /Users/admin/builder/spi-builder-workspace/.derivedData/Build/Products/Debug-watchos/Hitch.swiftmodule/arm64-apple-watchos.swiftmodule
Copy /Users/admin/builder/spi-builder-workspace/.derivedData/Build/Products/Debug-watchos/Hitch.swiftmodule/armv7k-apple-watchos.swiftmodule /Users/admin/builder/spi-builder-workspace/.derivedData/Build/Intermediates.noindex/Hitch.build/Debug-watchos/Hitch.build/Objects-normal-asan/armv7k/Hitch.swiftmodule (in target 'Hitch' from project 'Hitch')
    cd /Users/admin/builder/spi-builder-workspace
    builtin-copy -exclude .DS_Store -exclude CVS -exclude .svn -exclude .git -exclude .hg -resolve-src-symlinks -rename /Users/admin/builder/spi-builder-workspace/.derivedData/Build/Intermediates.noindex/Hitch.build/Debug-watchos/Hitch.build/Objects-normal-asan/armv7k/Hitch.swiftmodule /Users/admin/builder/spi-builder-workspace/.derivedData/Build/Products/Debug-watchos/Hitch.swiftmodule/armv7k-apple-watchos.swiftmodule
Copy /Users/admin/builder/spi-builder-workspace/.derivedData/Build/Products/Debug-watchos/Hitch.swiftmodule/armv7k-apple-watchos.swiftdoc /Users/admin/builder/spi-builder-workspace/.derivedData/Build/Intermediates.noindex/Hitch.build/Debug-watchos/Hitch.build/Objects-normal-asan/armv7k/Hitch.swiftdoc (in target 'Hitch' from project 'Hitch')
    cd /Users/admin/builder/spi-builder-workspace
    builtin-copy -exclude .DS_Store -exclude CVS -exclude .svn -exclude .git -exclude .hg -resolve-src-symlinks -rename /Users/admin/builder/spi-builder-workspace/.derivedData/Build/Intermediates.noindex/Hitch.build/Debug-watchos/Hitch.build/Objects-normal-asan/armv7k/Hitch.swiftdoc /Users/admin/builder/spi-builder-workspace/.derivedData/Build/Products/Debug-watchos/Hitch.swiftmodule/armv7k-apple-watchos.swiftdoc
Copy /Users/admin/builder/spi-builder-workspace/.derivedData/Build/Products/Debug-watchos/Hitch.swiftmodule/armv7k-apple-watchos.abi.json /Users/admin/builder/spi-builder-workspace/.derivedData/Build/Intermediates.noindex/Hitch.build/Debug-watchos/Hitch.build/Objects-normal-asan/armv7k/Hitch.abi.json (in target 'Hitch' from project 'Hitch')
    cd /Users/admin/builder/spi-builder-workspace
    builtin-copy -exclude .DS_Store -exclude CVS -exclude .svn -exclude .git -exclude .hg -resolve-src-symlinks -rename /Users/admin/builder/spi-builder-workspace/.derivedData/Build/Intermediates.noindex/Hitch.build/Debug-watchos/Hitch.build/Objects-normal-asan/armv7k/Hitch.abi.json /Users/admin/builder/spi-builder-workspace/.derivedData/Build/Products/Debug-watchos/Hitch.swiftmodule/armv7k-apple-watchos.abi.json
Copy /Users/admin/builder/spi-builder-workspace/.derivedData/Build/Products/Debug-watchos/Hitch.swiftmodule/arm64-apple-watchos.swiftdoc /Users/admin/builder/spi-builder-workspace/.derivedData/Build/Intermediates.noindex/Hitch.build/Debug-watchos/Hitch.build/Objects-normal-asan/arm64/Hitch.swiftdoc (in target 'Hitch' from project 'Hitch')
    cd /Users/admin/builder/spi-builder-workspace
    builtin-copy -exclude .DS_Store -exclude CVS -exclude .svn -exclude .git -exclude .hg -resolve-src-symlinks -rename /Users/admin/builder/spi-builder-workspace/.derivedData/Build/Intermediates.noindex/Hitch.build/Debug-watchos/Hitch.build/Objects-normal-asan/arm64/Hitch.swiftdoc /Users/admin/builder/spi-builder-workspace/.derivedData/Build/Products/Debug-watchos/Hitch.swiftmodule/arm64-apple-watchos.swiftdoc
Copy /Users/admin/builder/spi-builder-workspace/.derivedData/Build/Products/Debug-watchos/Hitch.swiftmodule/arm64-apple-watchos.abi.json /Users/admin/builder/spi-builder-workspace/.derivedData/Build/Intermediates.noindex/Hitch.build/Debug-watchos/Hitch.build/Objects-normal-asan/arm64/Hitch.abi.json (in target 'Hitch' from project 'Hitch')
    cd /Users/admin/builder/spi-builder-workspace
    builtin-copy -exclude .DS_Store -exclude CVS -exclude .svn -exclude .git -exclude .hg -resolve-src-symlinks -rename /Users/admin/builder/spi-builder-workspace/.derivedData/Build/Intermediates.noindex/Hitch.build/Debug-watchos/Hitch.build/Objects-normal-asan/arm64/Hitch.abi.json /Users/admin/builder/spi-builder-workspace/.derivedData/Build/Products/Debug-watchos/Hitch.swiftmodule/arm64-apple-watchos.abi.json
Copy /Users/admin/builder/spi-builder-workspace/.derivedData/Build/Products/Debug-watchos/Hitch.swiftmodule/Project/armv7k-apple-watchos.swiftsourceinfo /Users/admin/builder/spi-builder-workspace/.derivedData/Build/Intermediates.noindex/Hitch.build/Debug-watchos/Hitch.build/Objects-normal-asan/armv7k/Hitch.swiftsourceinfo (in target 'Hitch' from project 'Hitch')
    cd /Users/admin/builder/spi-builder-workspace
    builtin-copy -exclude .DS_Store -exclude CVS -exclude .svn -exclude .git -exclude .hg -resolve-src-symlinks -rename /Users/admin/builder/spi-builder-workspace/.derivedData/Build/Intermediates.noindex/Hitch.build/Debug-watchos/Hitch.build/Objects-normal-asan/armv7k/Hitch.swiftsourceinfo /Users/admin/builder/spi-builder-workspace/.derivedData/Build/Products/Debug-watchos/Hitch.swiftmodule/Project/armv7k-apple-watchos.swiftsourceinfo
Copy /Users/admin/builder/spi-builder-workspace/.derivedData/Build/Products/Debug-watchos/Hitch.swiftmodule/Project/arm64-apple-watchos.swiftsourceinfo /Users/admin/builder/spi-builder-workspace/.derivedData/Build/Intermediates.noindex/Hitch.build/Debug-watchos/Hitch.build/Objects-normal-asan/arm64/Hitch.swiftsourceinfo (in target 'Hitch' from project 'Hitch')
    cd /Users/admin/builder/spi-builder-workspace
    builtin-copy -exclude .DS_Store -exclude CVS -exclude .svn -exclude .git -exclude .hg -resolve-src-symlinks -rename /Users/admin/builder/spi-builder-workspace/.derivedData/Build/Intermediates.noindex/Hitch.build/Debug-watchos/Hitch.build/Objects-normal-asan/arm64/Hitch.swiftsourceinfo /Users/admin/builder/spi-builder-workspace/.derivedData/Build/Products/Debug-watchos/Hitch.swiftmodule/Project/arm64-apple-watchos.swiftsourceinfo
SwiftCompile normal armv7k Compiling\ Hitch+Format.swift /Users/admin/builder/spi-builder-workspace/Sources/Hitch/Hitch+Format.swift (in target 'Hitch' from project 'Hitch')
SwiftCompile normal armv7k /Users/admin/builder/spi-builder-workspace/Sources/Hitch/Hitch+Format.swift (in target 'Hitch' from project 'Hitch')
    cd /Users/admin/builder/spi-builder-workspace/.swiftpm/xcode

SwiftCompile normal armv7k Compiling\ Hitch.swift /Users/admin/builder/spi-builder-workspace/Sources/Hitch/Hitch.swift (in target 'Hitch' from project 'Hitch')
SwiftCompile normal armv7k /Users/admin/builder/spi-builder-workspace/Sources/Hitch/Hitch.swift (in target 'Hitch' from project 'Hitch')
    cd /Users/admin/builder/spi-builder-workspace/.swiftpm/xcode

SwiftDriverJobDiscovery normal arm64_32 Emitting module for Hitch (in target 'Hitch' from project 'Hitch')
SwiftDriver\ Compilation\ Requirements Hitch normal arm64_32 com.apple.xcode.tools.swift.compiler (in target 'Hitch' from project 'Hitch')
    cd /Users/admin/builder/spi-builder-workspace/.swiftpm/xcode
    builtin-Swift-Compilation-Requirements -- /Applications/Xcode-26.3.0.app/Contents/Developer/Toolchains/XcodeDefault.xctoolchain/usr/bin/swiftc -module-name Hitch -Onone -enforce-exclusivity\=checked @/Users/admin/builder/spi-builder-workspace/.derivedData/Build/Intermediates.noindex/Hitch.build/Debug-watchos/Hitch.build/Objects-normal/arm64_32/Hitch.SwiftFileList -DSWIFT_PACKAGE -DDEBUG -DSWIFT_MODULE_RESOURCE_BUNDLE_UNAVAILABLE -DXcode -plugin-path /Applications/Xcode-26.3.0.app/Contents/Developer/Toolchains/XcodeDefault.xctoolchain/usr/lib/swift/host/plugins/testing -enable-experimental-feature DebugDescriptionMacro -sdk /Applications/Xcode-26.3.0.app/Contents/Developer/Platforms/WatchOS.platform/Developer/SDKs/WatchOS26.2.sdk -target arm64_32-apple-watchos5.0 -g -module-cache-path /Users/admin/builder/spi-builder-workspace/.derivedData/ModuleCache.noindex -Xfrontend -serialize-debugging-options -sanitize\=address -enable-testing -index-store-path /Users/admin/builder/spi-builder-workspace/.derivedData/Index.noindex/DataStore -Xcc -D_LIBCPP_HARDENING_MODE\=_LIBCPP_HARDENING_MODE_DEBUG -swift-version 5 -I /Users/admin/builder/spi-builder-workspace/.derivedData/Build/Products/Debug-watchos -Isystem /Applications/Xcode-26.3.0.app/Contents/Developer/Platforms/WatchOS.platform/Developer/usr/lib -F /Users/admin/builder/spi-builder-workspace/.derivedData/Build/Products/Debug-watchos -F /Applications/Xcode-26.3.0.app/Contents/Developer/Platforms/WatchOS.platform/Developer/Library/Frameworks -F /Applications/Xcode-26.3.0.app/Contents/Developer/Platforms/WatchOS.platform/Developer/SDKs/WatchOS26.2.sdk/Developer/Library/Frameworks -c -j10 -enable-batch-mode -incremental -Xcc -ivfsstatcache -Xcc /Users/admin/builder/spi-builder-workspace/.derivedData/SDKStatCaches.noindex/watchos26.2-23S303-dc75598d0054f22ec865fa860f139d721753b489057de6bda919edfa1c59a62b.sdkstatcache -output-file-map /Users/admin/builder/spi-builder-workspace/.derivedData/Build/Intermediates.noindex/Hitch.build/Debug-watchos/Hitch.build/Objects-normal-asan/arm64_32/Hitch-OutputFileMap.json -use-frontend-parseable-output -save-temps -no-color-diagnostics -explicit-module-build -module-cache-path /Users/admin/builder/spi-builder-workspace/.derivedData/Build/Intermediates.noindex/SwiftExplicitPrecompiledModules -clang-scanner-module-cache-path /Users/admin/builder/spi-builder-workspace/.derivedData/ModuleCache.noindex -sdk-module-cache-path /Users/admin/builder/spi-builder-workspace/.derivedData/ModuleCache.noindex -serialize-diagnostics -emit-dependencies -emit-module -emit-module-path /Users/admin/builder/spi-builder-workspace/.derivedData/Build/Intermediates.noindex/Hitch.build/Debug-watchos/Hitch.build/Objects-normal-asan/arm64_32/Hitch.swiftmodule -validate-clang-modules-once -clang-build-session-file /Users/admin/builder/spi-builder-workspace/.derivedData/ModuleCache.noindex/Session.modulevalidation -Xcc -I/Users/admin/builder/spi-builder-workspace/.derivedData/Build/Intermediates.noindex/Hitch.build/Debug-watchos/Hitch.build/swift-overrides.hmap -emit-const-values -Xfrontend -const-gather-protocols-file -Xfrontend /Users/admin/builder/spi-builder-workspace/.derivedData/Build/Intermediates.noindex/Hitch.build/Debug-watchos/Hitch.build/Objects-normal-asan/arm64_32/Hitch_const_extract_protocols.json -Xcc -I/Users/admin/builder/spi-builder-workspace/.derivedData/Build/Products/Debug-watchos/include -Xcc -I/Users/admin/builder/spi-builder-workspace/.derivedData/Build/Intermediates.noindex/Hitch.build/Debug-watchos/Hitch.build/DerivedSources-normal/arm64_32 -Xcc -I/Users/admin/builder/spi-builder-workspace/.derivedData/Build/Intermediates.noindex/Hitch.build/Debug-watchos/Hitch.build/DerivedSources/arm64_32 -Xcc -I/Users/admin/builder/spi-builder-workspace/.derivedData/Build/Intermediates.noindex/Hitch.build/Debug-watchos/Hitch.build/DerivedSources -Xcc -DSWIFT_PACKAGE -Xcc -DDEBUG\=1 -emit-objc-header -emit-objc-header-path /Users/admin/builder/spi-builder-workspace/.derivedData/Build/Intermediates.noindex/Hitch.build/Debug-watchos/Hitch.build/Objects-normal-asan/arm64_32/Hitch-Swift.h -working-directory /Users/admin/builder/spi-builder-workspace/.swiftpm/xcode -experimental-emit-module-separately -disable-cmo
SwiftDriverJobDiscovery normal arm64 Compiling Hitch+CodeBlock.swift (in target 'Hitch' from project 'Hitch')
SwiftCompile normal armv7k Compiling\ UInt8+Ascii.swift /Users/admin/builder/spi-builder-workspace/Sources/Hitch/Utility/UInt8+Ascii.swift (in target 'Hitch' from project 'Hitch')
SwiftCompile normal armv7k /Users/admin/builder/spi-builder-workspace/Sources/Hitch/Utility/UInt8+Ascii.swift (in target 'Hitch' from project 'Hitch')
    cd /Users/admin/builder/spi-builder-workspace/.swiftpm/xcode

SwiftCompile normal armv7k Compiling\ Hitch+FormatOperator.swift /Users/admin/builder/spi-builder-workspace/Sources/Hitch/Hitch+FormatOperator.swift (in target 'Hitch' from project 'Hitch')
SwiftCompile normal armv7k /Users/admin/builder/spi-builder-workspace/Sources/Hitch/Hitch+FormatOperator.swift (in target 'Hitch' from project 'Hitch')
    cd /Users/admin/builder/spi-builder-workspace/.swiftpm/xcode

SwiftDriverJobDiscovery normal arm64 Compiling Hitch+Base32.swift, Hitch+Base64.swift (in target 'Hitch' from project 'Hitch')
SwiftMergeGeneratedHeaders /Users/admin/builder/spi-builder-workspace/.derivedData/Build/Intermediates.noindex/GeneratedModuleMaps-watchos/Hitch-Swift.h /Users/admin/builder/spi-builder-workspace/.derivedData/Build/Intermediates.noindex/Hitch.build/Debug-watchos/Hitch.build/Objects-normal-asan/arm64/Hitch-Swift.h /Users/admin/builder/spi-builder-workspace/.derivedData/Build/Intermediates.noindex/Hitch.build/Debug-watchos/Hitch.build/Objects-normal-asan/arm64_32/Hitch-Swift.h /Users/admin/builder/spi-builder-workspace/.derivedData/Build/Intermediates.noindex/Hitch.build/Debug-watchos/Hitch.build/Objects-normal-asan/armv7k/Hitch-Swift.h (in target 'Hitch' from project 'Hitch')
    cd /Users/admin/builder/spi-builder-workspace
    builtin-swiftHeaderTool -arch arm64 /Users/admin/builder/spi-builder-workspace/.derivedData/Build/Intermediates.noindex/Hitch.build/Debug-watchos/Hitch.build/Objects-normal-asan/arm64/Hitch-Swift.h -arch arm64_32 /Users/admin/builder/spi-builder-workspace/.derivedData/Build/Intermediates.noindex/Hitch.build/Debug-watchos/Hitch.build/Objects-normal-asan/arm64_32/Hitch-Swift.h -arch armv7k /Users/admin/builder/spi-builder-workspace/.derivedData/Build/Intermediates.noindex/Hitch.build/Debug-watchos/Hitch.build/Objects-normal-asan/armv7k/Hitch-Swift.h -o /Users/admin/builder/spi-builder-workspace/.derivedData/Build/Intermediates.noindex/GeneratedModuleMaps-watchos/Hitch-Swift.h
SwiftDriverJobDiscovery normal arm64 Compiling Hitch+FormatOperator.swift (in target 'Hitch' from project 'Hitch')
Copy /Users/admin/builder/spi-builder-workspace/.derivedData/Build/Products/Debug-watchos/Hitch.swiftmodule/arm64_32-apple-watchos.swiftmodule /Users/admin/builder/spi-builder-workspace/.derivedData/Build/Intermediates.noindex/Hitch.build/Debug-watchos/Hitch.build/Objects-normal-asan/arm64_32/Hitch.swiftmodule (in target 'Hitch' from project 'Hitch')
    cd /Users/admin/builder/spi-builder-workspace
    builtin-copy -exclude .DS_Store -exclude CVS -exclude .svn -exclude .git -exclude .hg -resolve-src-symlinks -rename /Users/admin/builder/spi-builder-workspace/.derivedData/Build/Intermediates.noindex/Hitch.build/Debug-watchos/Hitch.build/Objects-normal-asan/arm64_32/Hitch.swiftmodule /Users/admin/builder/spi-builder-workspace/.derivedData/Build/Products/Debug-watchos/Hitch.swiftmodule/arm64_32-apple-watchos.swiftmodule
Copy /Users/admin/builder/spi-builder-workspace/.derivedData/Build/Products/Debug-watchos/Hitch.swiftmodule/arm64_32-apple-watchos.swiftdoc /Users/admin/builder/spi-builder-workspace/.derivedData/Build/Intermediates.noindex/Hitch.build/Debug-watchos/Hitch.build/Objects-normal-asan/arm64_32/Hitch.swiftdoc (in target 'Hitch' from project 'Hitch')
    cd /Users/admin/builder/spi-builder-workspace
    builtin-copy -exclude .DS_Store -exclude CVS -exclude .svn -exclude .git -exclude .hg -resolve-src-symlinks -rename /Users/admin/builder/spi-builder-workspace/.derivedData/Build/Intermediates.noindex/Hitch.build/Debug-watchos/Hitch.build/Objects-normal-asan/arm64_32/Hitch.swiftdoc /Users/admin/builder/spi-builder-workspace/.derivedData/Build/Products/Debug-watchos/Hitch.swiftmodule/arm64_32-apple-watchos.swiftdoc
Copy /Users/admin/builder/spi-builder-workspace/.derivedData/Build/Products/Debug-watchos/Hitch.swiftmodule/arm64_32-apple-watchos.abi.json /Users/admin/builder/spi-builder-workspace/.derivedData/Build/Intermediates.noindex/Hitch.build/Debug-watchos/Hitch.build/Objects-normal-asan/arm64_32/Hitch.abi.json (in target 'Hitch' from project 'Hitch')
    cd /Users/admin/builder/spi-builder-workspace
    builtin-copy -exclude .DS_Store -exclude CVS -exclude .svn -exclude .git -exclude .hg -resolve-src-symlinks -rename /Users/admin/builder/spi-builder-workspace/.derivedData/Build/Intermediates.noindex/Hitch.build/Debug-watchos/Hitch.build/Objects-normal-asan/arm64_32/Hitch.abi.json /Users/admin/builder/spi-builder-workspace/.derivedData/Build/Products/Debug-watchos/Hitch.swiftmodule/arm64_32-apple-watchos.abi.json
Copy /Users/admin/builder/spi-builder-workspace/.derivedData/Build/Products/Debug-watchos/Hitch.swiftmodule/Project/arm64_32-apple-watchos.swiftsourceinfo /Users/admin/builder/spi-builder-workspace/.derivedData/Build/Intermediates.noindex/Hitch.build/Debug-watchos/Hitch.build/Objects-normal-asan/arm64_32/Hitch.swiftsourceinfo (in target 'Hitch' from project 'Hitch')
    cd /Users/admin/builder/spi-builder-workspace
    builtin-copy -exclude .DS_Store -exclude CVS -exclude .svn -exclude .git -exclude .hg -resolve-src-symlinks -rename /Users/admin/builder/spi-builder-workspace/.derivedData/Build/Intermediates.noindex/Hitch.build/Debug-watchos/Hitch.build/Objects-normal-asan/arm64_32/Hitch.swiftsourceinfo /Users/admin/builder/spi-builder-workspace/.derivedData/Build/Products/Debug-watchos/Hitch.swiftmodule/Project/arm64_32-apple-watchos.swiftsourceinfo
SwiftCompile normal armv7k Compiling\ Hitch+MD5.swift /Users/admin/builder/spi-builder-workspace/Sources/Hitch/Hitch+MD5.swift (in target 'Hitch' from project 'Hitch')
SwiftCompile normal armv7k /Users/admin/builder/spi-builder-workspace/Sources/Hitch/Hitch+MD5.swift (in target 'Hitch' from project 'Hitch')
    cd /Users/admin/builder/spi-builder-workspace/.swiftpm/xcode

SwiftCompile normal arm64_32 Compiling\ Hitch+Shared.swift /Users/admin/builder/spi-builder-workspace/Sources/Hitch/Hitch+Shared.swift (in target 'Hitch' from project 'Hitch')
SwiftCompile normal arm64_32 /Users/admin/builder/spi-builder-workspace/Sources/Hitch/Hitch+Shared.swift (in target 'Hitch' from project 'Hitch')
    cd /Users/admin/builder/spi-builder-workspace/.swiftpm/xcode

SwiftDriverJobDiscovery normal arm64 Compiling Int8+Ascii.swift (in target 'Hitch' from project 'Hitch')
SwiftCompile normal arm64_32 Compiling\ UInt8+Ascii.swift /Users/admin/builder/spi-builder-workspace/Sources/Hitch/Utility/UInt8+Ascii.swift (in target 'Hitch' from project 'Hitch')
SwiftCompile normal arm64_32 /Users/admin/builder/spi-builder-workspace/Sources/Hitch/Utility/UInt8+Ascii.swift (in target 'Hitch' from project 'Hitch')
    cd /Users/admin/builder/spi-builder-workspace/.swiftpm/xcode

SwiftDriverJobDiscovery normal arm64 Compiling UInt8+Ascii.swift (in target 'Hitch' from project 'Hitch')
SwiftCompile normal arm64_32 Compiling\ CHitch.swift,\ HalfHitch.swift /Users/admin/builder/spi-builder-workspace/Sources/Hitch/CHitch.swift /Users/admin/builder/spi-builder-workspace/Sources/Hitch/HalfHitch.swift (in target 'Hitch' from project 'Hitch')
SwiftCompile normal arm64_32 /Users/admin/builder/spi-builder-workspace/Sources/Hitch/CHitch.swift (in target 'Hitch' from project 'Hitch')
    cd /Users/admin/builder/spi-builder-workspace/.swiftpm/xcode

/Users/admin/builder/spi-builder-workspace/Sources/Hitch/CHitch.swift:165:20: warning: 'assign(from:count:)' is deprecated: renamed to 'update(from:count:)'
    c.mutableData?.assign(from: raw, count: count)
                   ^
/Users/admin/builder/spi-builder-workspace/Sources/Hitch/CHitch.swift:165:20: note: use 'update(from:count:)' instead
    c.mutableData?.assign(from: raw, count: count)
                   ^~~~~~
                   update
/Users/admin/builder/spi-builder-workspace/Sources/Hitch/CHitch.swift:178:20: warning: 'assign(from:count:)' is deprecated: renamed to 'update(from:count:)'
    c.mutableData?.assign(from: raw, count: count)
                   ^
/Users/admin/builder/spi-builder-workspace/Sources/Hitch/CHitch.swift:178:20: note: use 'update(from:count:)' instead
    c.mutableData?.assign(from: raw, count: count)
                   ^~~~~~
                   update
/Users/admin/builder/spi-builder-workspace/Sources/Hitch/CHitch.swift:191:19: warning: 'assign(from:count:)' is deprecated: renamed to 'update(from:count:)'
   c.mutableData?.assign(from: raw, count: count)
                  ^
/Users/admin/builder/spi-builder-workspace/Sources/Hitch/CHitch.swift:191:19: note: use 'update(from:count:)' instead
   c.mutableData?.assign(from: raw, count: count)
                  ^~~~~~
                  update
/Users/admin/builder/spi-builder-workspace/Sources/Hitch/CHitch.swift:583:26: warning: 'assign(from:count:)' is deprecated: renamed to 'update(from:count:)'
    (c0_data + c0.count).assign(from: rhs, count: rhs_count)
                         ^
/Users/admin/builder/spi-builder-workspace/Sources/Hitch/CHitch.swift:583:26: note: use 'update(from:count:)' instead
    (c0_data + c0.count).assign(from: rhs, count: rhs_count)
                         ^~~~~~
                         update
SwiftCompile normal arm64_32 /Users/admin/builder/spi-builder-workspace/Sources/Hitch/HalfHitch.swift (in target 'Hitch' from project 'Hitch')
    cd /Users/admin/builder/spi-builder-workspace/.swiftpm/xcode

SwiftDriverJobDiscovery normal armv7k Compiling Hitch+Format.swift (in target 'Hitch' from project 'Hitch')
SwiftDriverJobDiscovery normal arm64 Compiling Hitch+MD5.swift (in target 'Hitch' from project 'Hitch')
SwiftCompile normal arm64_32 Compiling\ Hitch+Format.swift /Users/admin/builder/spi-builder-workspace/Sources/Hitch/Hitch+Format.swift (in target 'Hitch' from project 'Hitch')
SwiftCompile normal arm64_32 /Users/admin/builder/spi-builder-workspace/Sources/Hitch/Hitch+Format.swift (in target 'Hitch' from project 'Hitch')
    cd /Users/admin/builder/spi-builder-workspace/.swiftpm/xcode

SwiftDriverJobDiscovery normal armv7k Compiling Hitch+FormatOperator.swift (in target 'Hitch' from project 'Hitch')
SwiftCompile normal armv7k Compiling\ Hitch+Shared.swift /Users/admin/builder/spi-builder-workspace/Sources/Hitch/Hitch+Shared.swift (in target 'Hitch' from project 'Hitch')
SwiftCompile normal armv7k /Users/admin/builder/spi-builder-workspace/Sources/Hitch/Hitch+Shared.swift (in target 'Hitch' from project 'Hitch')
    cd /Users/admin/builder/spi-builder-workspace/.swiftpm/xcode

SwiftDriverJobDiscovery normal arm64 Compiling Hitch.swift (in target 'Hitch' from project 'Hitch')
SwiftCompile normal arm64_32 Compiling\ Hitch+Base32.swift,\ Hitch+Base64.swift /Users/admin/builder/spi-builder-workspace/Sources/Hitch/Hitch+Base32.swift /Users/admin/builder/spi-builder-workspace/Sources/Hitch/Hitch+Base64.swift (in target 'Hitch' from project 'Hitch')
SwiftCompile normal arm64_32 /Users/admin/builder/spi-builder-workspace/Sources/Hitch/Hitch+Base32.swift (in target 'Hitch' from project 'Hitch')
    cd /Users/admin/builder/spi-builder-workspace/.swiftpm/xcode

SwiftCompile normal arm64_32 /Users/admin/builder/spi-builder-workspace/Sources/Hitch/Hitch+Base64.swift (in target 'Hitch' from project 'Hitch')
    cd /Users/admin/builder/spi-builder-workspace/.swiftpm/xcode

SwiftCompile normal arm64_32 Compiling\ Int8+Ascii.swift /Users/admin/builder/spi-builder-workspace/Sources/Hitch/Utility/Int8+Ascii.swift (in target 'Hitch' from project 'Hitch')
SwiftCompile normal arm64_32 /Users/admin/builder/spi-builder-workspace/Sources/Hitch/Utility/Int8+Ascii.swift (in target 'Hitch' from project 'Hitch')
    cd /Users/admin/builder/spi-builder-workspace/.swiftpm/xcode

SwiftDriverJobDiscovery normal arm64 Compiling Hitch+Shared.swift (in target 'Hitch' from project 'Hitch')
SwiftCompile normal arm64_32 Compiling\ Hitch+FormatOperator.swift /Users/admin/builder/spi-builder-workspace/Sources/Hitch/Hitch+FormatOperator.swift (in target 'Hitch' from project 'Hitch')
SwiftCompile normal arm64_32 /Users/admin/builder/spi-builder-workspace/Sources/Hitch/Hitch+FormatOperator.swift (in target 'Hitch' from project 'Hitch')
    cd /Users/admin/builder/spi-builder-workspace/.swiftpm/xcode

SwiftCompile normal arm64_32 Compiling\ Hitch+MD5.swift /Users/admin/builder/spi-builder-workspace/Sources/Hitch/Hitch+MD5.swift (in target 'Hitch' from project 'Hitch')
SwiftCompile normal arm64_32 /Users/admin/builder/spi-builder-workspace/Sources/Hitch/Hitch+MD5.swift (in target 'Hitch' from project 'Hitch')
    cd /Users/admin/builder/spi-builder-workspace/.swiftpm/xcode

SwiftDriverJobDiscovery normal armv7k Compiling Hitch.swift (in target 'Hitch' from project 'Hitch')
SwiftDriverJobDiscovery normal armv7k Compiling UInt8+Ascii.swift (in target 'Hitch' from project 'Hitch')
SwiftCompile normal arm64_32 Compiling\ Hitch+CodeBlock.swift /Users/admin/builder/spi-builder-workspace/Sources/Hitch/Hitch+CodeBlock.swift (in target 'Hitch' from project 'Hitch')
SwiftCompile normal arm64_32 /Users/admin/builder/spi-builder-workspace/Sources/Hitch/Hitch+CodeBlock.swift (in target 'Hitch' from project 'Hitch')
    cd /Users/admin/builder/spi-builder-workspace/.swiftpm/xcode

SwiftDriverJobDiscovery normal armv7k Compiling Hitch+MD5.swift (in target 'Hitch' from project 'Hitch')
SwiftCompile normal arm64_32 Compiling\ Hitch.swift /Users/admin/builder/spi-builder-workspace/Sources/Hitch/Hitch.swift (in target 'Hitch' from project 'Hitch')
SwiftCompile normal arm64_32 /Users/admin/builder/spi-builder-workspace/Sources/Hitch/Hitch.swift (in target 'Hitch' from project 'Hitch')
    cd /Users/admin/builder/spi-builder-workspace/.swiftpm/xcode

SwiftDriverJobDiscovery normal arm64_32 Compiling Hitch+CodeBlock.swift (in target 'Hitch' from project 'Hitch')
SwiftCompile normal armv7k Compiling\ Hitch+Base32.swift,\ Hitch+Base64.swift /Users/admin/builder/spi-builder-workspace/Sources/Hitch/Hitch+Base32.swift /Users/admin/builder/spi-builder-workspace/Sources/Hitch/Hitch+Base64.swift (in target 'Hitch' from project 'Hitch')
SwiftCompile normal armv7k /Users/admin/builder/spi-builder-workspace/Sources/Hitch/Hitch+Base32.swift (in target 'Hitch' from project 'Hitch')
    cd /Users/admin/builder/spi-builder-workspace/.swiftpm/xcode

SwiftCompile normal armv7k /Users/admin/builder/spi-builder-workspace/Sources/Hitch/Hitch+Base64.swift (in target 'Hitch' from project 'Hitch')
    cd /Users/admin/builder/spi-builder-workspace/.swiftpm/xcode

SwiftDriverJobDiscovery normal arm64_32 Compiling Hitch+Base32.swift, Hitch+Base64.swift (in target 'Hitch' from project 'Hitch')
SwiftCompile normal armv7k Compiling\ Int8+Ascii.swift /Users/admin/builder/spi-builder-workspace/Sources/Hitch/Utility/Int8+Ascii.swift (in target 'Hitch' from project 'Hitch')
SwiftCompile normal armv7k /Users/admin/builder/spi-builder-workspace/Sources/Hitch/Utility/Int8+Ascii.swift (in target 'Hitch' from project 'Hitch')
    cd /Users/admin/builder/spi-builder-workspace/.swiftpm/xcode

SwiftDriverJobDiscovery normal arm64_32 Compiling Hitch+FormatOperator.swift (in target 'Hitch' from project 'Hitch')
SwiftCompile normal arm64 Compiling\ CHitch.swift,\ HalfHitch.swift /Users/admin/builder/spi-builder-workspace/Sources/Hitch/CHitch.swift /Users/admin/builder/spi-builder-workspace/Sources/Hitch/HalfHitch.swift (in target 'Hitch' from project 'Hitch')
SwiftCompile normal arm64 /Users/admin/builder/spi-builder-workspace/Sources/Hitch/CHitch.swift (in target 'Hitch' from project 'Hitch')
    cd /Users/admin/builder/spi-builder-workspace/.swiftpm/xcode

/Users/admin/builder/spi-builder-workspace/Sources/Hitch/CHitch.swift:165:20: warning: 'assign(from:count:)' is deprecated: renamed to 'update(from:count:)'
    c.mutableData?.assign(from: raw, count: count)
                   ^
/Users/admin/builder/spi-builder-workspace/Sources/Hitch/CHitch.swift:165:20: note: use 'update(from:count:)' instead
    c.mutableData?.assign(from: raw, count: count)
                   ^~~~~~
                   update
/Users/admin/builder/spi-builder-workspace/Sources/Hitch/CHitch.swift:178:20: warning: 'assign(from:count:)' is deprecated: renamed to 'update(from:count:)'
    c.mutableData?.assign(from: raw, count: count)
                   ^
/Users/admin/builder/spi-builder-workspace/Sources/Hitch/CHitch.swift:178:20: note: use 'update(from:count:)' instead
    c.mutableData?.assign(from: raw, count: count)
                   ^~~~~~
                   update
/Users/admin/builder/spi-builder-workspace/Sources/Hitch/CHitch.swift:191:19: warning: 'assign(from:count:)' is deprecated: renamed to 'update(from:count:)'
   c.mutableData?.assign(from: raw, count: count)
                  ^
/Users/admin/builder/spi-builder-workspace/Sources/Hitch/CHitch.swift:191:19: note: use 'update(from:count:)' instead
   c.mutableData?.assign(from: raw, count: count)
                  ^~~~~~
                  update
/Users/admin/builder/spi-builder-workspace/Sources/Hitch/CHitch.swift:583:26: warning: 'assign(from:count:)' is deprecated: renamed to 'update(from:count:)'
    (c0_data + c0.count).assign(from: rhs, count: rhs_count)
                         ^
/Users/admin/builder/spi-builder-workspace/Sources/Hitch/CHitch.swift:583:26: note: use 'update(from:count:)' instead
    (c0_data + c0.count).assign(from: rhs, count: rhs_count)
                         ^~~~~~
                         update
SwiftCompile normal arm64 /Users/admin/builder/spi-builder-workspace/Sources/Hitch/HalfHitch.swift (in target 'Hitch' from project 'Hitch')
    cd /Users/admin/builder/spi-builder-workspace/.swiftpm/xcode

SwiftDriverJobDiscovery normal arm64_32 Compiling UInt8+Ascii.swift (in target 'Hitch' from project 'Hitch')
SwiftCompile normal armv7k Compiling\ CHitch.swift,\ HalfHitch.swift /Users/admin/builder/spi-builder-workspace/Sources/Hitch/CHitch.swift /Users/admin/builder/spi-builder-workspace/Sources/Hitch/HalfHitch.swift (in target 'Hitch' from project 'Hitch')
SwiftCompile normal armv7k /Users/admin/builder/spi-builder-workspace/Sources/Hitch/CHitch.swift (in target 'Hitch' from project 'Hitch')
    cd /Users/admin/builder/spi-builder-workspace/.swiftpm/xcode

/Users/admin/builder/spi-builder-workspace/Sources/Hitch/CHitch.swift:165:20: warning: 'assign(from:count:)' is deprecated: renamed to 'update(from:count:)'
    c.mutableData?.assign(from: raw, count: count)
                   ^
/Users/admin/builder/spi-builder-workspace/Sources/Hitch/CHitch.swift:165:20: note: use 'update(from:count:)' instead
    c.mutableData?.assign(from: raw, count: count)
                   ^~~~~~
                   update
/Users/admin/builder/spi-builder-workspace/Sources/Hitch/CHitch.swift:178:20: warning: 'assign(from:count:)' is deprecated: renamed to 'update(from:count:)'
    c.mutableData?.assign(from: raw, count: count)
                   ^
/Users/admin/builder/spi-builder-workspace/Sources/Hitch/CHitch.swift:178:20: note: use 'update(from:count:)' instead
    c.mutableData?.assign(from: raw, count: count)
                   ^~~~~~
                   update
/Users/admin/builder/spi-builder-workspace/Sources/Hitch/CHitch.swift:191:19: warning: 'assign(from:count:)' is deprecated: renamed to 'update(from:count:)'
   c.mutableData?.assign(from: raw, count: count)
                  ^
/Users/admin/builder/spi-builder-workspace/Sources/Hitch/CHitch.swift:191:19: note: use 'update(from:count:)' instead
   c.mutableData?.assign(from: raw, count: count)
                  ^~~~~~
                  update
/Users/admin/builder/spi-builder-workspace/Sources/Hitch/CHitch.swift:583:26: warning: 'assign(from:count:)' is deprecated: renamed to 'update(from:count:)'
    (c0_data + c0.count).assign(from: rhs, count: rhs_count)
                         ^
/Users/admin/builder/spi-builder-workspace/Sources/Hitch/CHitch.swift:583:26: note: use 'update(from:count:)' instead
    (c0_data + c0.count).assign(from: rhs, count: rhs_count)
                         ^~~~~~
                         update
SwiftCompile normal armv7k /Users/admin/builder/spi-builder-workspace/Sources/Hitch/HalfHitch.swift (in target 'Hitch' from project 'Hitch')
    cd /Users/admin/builder/spi-builder-workspace/.swiftpm/xcode

SwiftDriverJobDiscovery normal arm64_32 Compiling Int8+Ascii.swift (in target 'Hitch' from project 'Hitch')
SwiftCompile normal arm64 Compiling\ Hitch+Format.swift /Users/admin/builder/spi-builder-workspace/Sources/Hitch/Hitch+Format.swift (in target 'Hitch' from project 'Hitch')
SwiftCompile normal arm64 /Users/admin/builder/spi-builder-workspace/Sources/Hitch/Hitch+Format.swift (in target 'Hitch' from project 'Hitch')
    cd /Users/admin/builder/spi-builder-workspace/.swiftpm/xcode

SwiftDriverJobDiscovery normal arm64_32 Compiling Hitch+MD5.swift (in target 'Hitch' from project 'Hitch')
SwiftCompile normal armv7k Compiling\ Hitch+CodeBlock.swift /Users/admin/builder/spi-builder-workspace/Sources/Hitch/Hitch+CodeBlock.swift (in target 'Hitch' from project 'Hitch')
SwiftCompile normal armv7k /Users/admin/builder/spi-builder-workspace/Sources/Hitch/Hitch+CodeBlock.swift (in target 'Hitch' from project 'Hitch')
    cd /Users/admin/builder/spi-builder-workspace/.swiftpm/xcode

SwiftDriverJobDiscovery normal arm64_32 Compiling Hitch+Format.swift (in target 'Hitch' from project 'Hitch')
SwiftDriverJobDiscovery normal armv7k Compiling Hitch+CodeBlock.swift (in target 'Hitch' from project 'Hitch')
Copy /Users/admin/builder/spi-builder-workspace/.derivedData/Build/Products/Debug-watchos/HitchTests.xctest/Frameworks/libclang_rt.asan_watchos_dynamic.dylib /Applications/Xcode-26.3.0.app/Contents/Developer/Toolchains/XcodeDefault.xctoolchain/usr/lib/clang/17/lib/darwin/libclang_rt.asan_watchos_dynamic.dylib (in target 'HitchTests' from project 'Hitch')
    cd /Users/admin/builder/spi-builder-workspace
    builtin-copy -exclude .DS_Store -exclude CVS -exclude .svn -exclude .git -exclude .hg -resolve-src-symlinks /Applications/Xcode-26.3.0.app/Contents/Developer/Toolchains/XcodeDefault.xctoolchain/usr/lib/clang/17/lib/darwin/libclang_rt.asan_watchos_dynamic.dylib /Users/admin/builder/spi-builder-workspace/.derivedData/Build/Products/Debug-watchos/HitchTests.xctest/Frameworks
SwiftDriver HitchTests normal armv7k com.apple.xcode.tools.swift.compiler (in target 'HitchTests' from project 'Hitch')
    cd /Users/admin/builder/spi-builder-workspace/.swiftpm/xcode
    builtin-SwiftDriver -- /Applications/Xcode-26.3.0.app/Contents/Developer/Toolchains/XcodeDefault.xctoolchain/usr/bin/swiftc -module-name HitchTests -Onone -enforce-exclusivity\=checked @/Users/admin/builder/spi-builder-workspace/.derivedData/Build/Intermediates.noindex/Hitch.build/Debug-watchos/HitchTests.build/Objects-normal/armv7k/HitchTests.SwiftFileList -DSWIFT_PACKAGE -DDEBUG -DXcode -plugin-path /Applications/Xcode-26.3.0.app/Contents/Developer/Toolchains/XcodeDefault.xctoolchain/usr/lib/swift/host/plugins/testing -enable-experimental-feature DebugDescriptionMacro -sdk /Applications/Xcode-26.3.0.app/Contents/Developer/Platforms/WatchOS.platform/Developer/SDKs/WatchOS26.2.sdk -target armv7k-apple-watchos6.0 -g -module-cache-path /Users/admin/builder/spi-builder-workspace/.derivedData/ModuleCache.noindex -Xfrontend -serialize-debugging-options -sanitize\=address -enable-testing -index-store-path /Users/admin/builder/spi-builder-workspace/.derivedData/Index.noindex/DataStore -Xcc -D_LIBCPP_HARDENING_MODE\=_LIBCPP_HARDENING_MODE_DEBUG -swift-version 5 -I /Users/admin/builder/spi-builder-workspace/.derivedData/Build/Products/Debug-watchos -Isystem /Applications/Xcode-26.3.0.app/Contents/Developer/Platforms/WatchOS.platform/Developer/usr/lib -F /Users/admin/builder/spi-builder-workspace/.derivedData/Build/Products/Debug-watchos/PackageFrameworks -F /Users/admin/builder/spi-builder-workspace/.derivedData/Build/Products/Debug-watchos -F /Applications/Xcode-26.3.0.app/Contents/Developer/Platforms/WatchOS.platform/Developer/Library/Frameworks -F /Applications/Xcode-26.3.0.app/Contents/Developer/Platforms/WatchOS.platform/Developer/SDKs/WatchOS26.2.sdk/Developer/Library/Frameworks -c -j10 -enable-batch-mode -incremental -Xcc -ivfsstatcache -Xcc /Users/admin/builder/spi-builder-workspace/.derivedData/SDKStatCaches.noindex/watchos26.2-23S303-dc75598d0054f22ec865fa860f139d721753b489057de6bda919edfa1c59a62b.sdkstatcache -output-file-map /Users/admin/builder/spi-builder-workspace/.derivedData/Build/Intermediates.noindex/Hitch.build/Debug-watchos/HitchTests.build/Objects-normal-asan/armv7k/HitchTests-OutputFileMap.json -use-frontend-parseable-output -save-temps -no-color-diagnostics -explicit-module-build -module-cache-path /Users/admin/builder/spi-builder-workspace/.derivedData/Build/Intermediates.noindex/SwiftExplicitPrecompiledModules -clang-scanner-module-cache-path /Users/admin/builder/spi-builder-workspace/.derivedData/ModuleCache.noindex -sdk-module-cache-path /Users/admin/builder/spi-builder-workspace/.derivedData/ModuleCache.noindex -serialize-diagnostics -emit-dependencies -emit-module -emit-module-path /Users/admin/builder/spi-builder-workspace/.derivedData/Build/Intermediates.noindex/Hitch.build/Debug-watchos/HitchTests.build/Objects-normal-asan/armv7k/HitchTests.swiftmodule -validate-clang-modules-once -clang-build-session-file /Users/admin/builder/spi-builder-workspace/.derivedData/ModuleCache.noindex/Session.modulevalidation -emit-const-values -Xfrontend -const-gather-protocols-file -Xfrontend /Users/admin/builder/spi-builder-workspace/.derivedData/Build/Intermediates.noindex/Hitch.build/Debug-watchos/HitchTests.build/Objects-normal-asan/armv7k/HitchTests_const_extract_protocols.json -Xcc -I/Users/admin/builder/spi-builder-workspace/.derivedData/Build/Products/Debug-watchos/include -Xcc -I/Users/admin/builder/spi-builder-workspace/.derivedData/Build/Intermediates.noindex/Hitch.build/Debug-watchos/HitchTests.build/DerivedSources-normal/armv7k -Xcc -I/Users/admin/builder/spi-builder-workspace/.derivedData/Build/Intermediates.noindex/Hitch.build/Debug-watchos/HitchTests.build/DerivedSources/armv7k -Xcc -I/Users/admin/builder/spi-builder-workspace/.derivedData/Build/Intermediates.noindex/Hitch.build/Debug-watchos/HitchTests.build/DerivedSources -Xcc -DSWIFT_PACKAGE -Xcc -DDEBUG\=1 -working-directory /Users/admin/builder/spi-builder-workspace/.swiftpm/xcode -experimental-emit-module-separately -disable-cmo
SwiftDriver HitchTests normal arm64_32 com.apple.xcode.tools.swift.compiler (in target 'HitchTests' from project 'Hitch')
    cd /Users/admin/builder/spi-builder-workspace/.swiftpm/xcode
    builtin-SwiftDriver -- /Applications/Xcode-26.3.0.app/Contents/Developer/Toolchains/XcodeDefault.xctoolchain/usr/bin/swiftc -module-name HitchTests -Onone -enforce-exclusivity\=checked @/Users/admin/builder/spi-builder-workspace/.derivedData/Build/Intermediates.noindex/Hitch.build/Debug-watchos/HitchTests.build/Objects-normal/arm64_32/HitchTests.SwiftFileList -DSWIFT_PACKAGE -DDEBUG -DXcode -plugin-path /Applications/Xcode-26.3.0.app/Contents/Developer/Toolchains/XcodeDefault.xctoolchain/usr/lib/swift/host/plugins/testing -enable-experimental-feature DebugDescriptionMacro -sdk /Applications/Xcode-26.3.0.app/Contents/Developer/Platforms/WatchOS.platform/Developer/SDKs/WatchOS26.2.sdk -target arm64_32-apple-watchos6.0 -g -module-cache-path /Users/admin/builder/spi-builder-workspace/.derivedData/ModuleCache.noindex -Xfrontend -serialize-debugging-options -sanitize\=address -enable-testing -index-store-path /Users/admin/builder/spi-builder-workspace/.derivedData/Index.noindex/DataStore -Xcc -D_LIBCPP_HARDENING_MODE\=_LIBCPP_HARDENING_MODE_DEBUG -swift-version 5 -I /Users/admin/builder/spi-builder-workspace/.derivedData/Build/Products/Debug-watchos -Isystem /Applications/Xcode-26.3.0.app/Contents/Developer/Platforms/WatchOS.platform/Developer/usr/lib -F /Users/admin/builder/spi-builder-workspace/.derivedData/Build/Products/Debug-watchos/PackageFrameworks -F /Users/admin/builder/spi-builder-workspace/.derivedData/Build/Products/Debug-watchos -F /Applications/Xcode-26.3.0.app/Contents/Developer/Platforms/WatchOS.platform/Developer/Library/Frameworks -F /Applications/Xcode-26.3.0.app/Contents/Developer/Platforms/WatchOS.platform/Developer/SDKs/WatchOS26.2.sdk/Developer/Library/Frameworks -c -j10 -enable-batch-mode -incremental -Xcc -ivfsstatcache -Xcc /Users/admin/builder/spi-builder-workspace/.derivedData/SDKStatCaches.noindex/watchos26.2-23S303-dc75598d0054f22ec865fa860f139d721753b489057de6bda919edfa1c59a62b.sdkstatcache -output-file-map /Users/admin/builder/spi-builder-workspace/.derivedData/Build/Intermediates.noindex/Hitch.build/Debug-watchos/HitchTests.build/Objects-normal-asan/arm64_32/HitchTests-OutputFileMap.json -use-frontend-parseable-output -save-temps -no-color-diagnostics -explicit-module-build -module-cache-path /Users/admin/builder/spi-builder-workspace/.derivedData/Build/Intermediates.noindex/SwiftExplicitPrecompiledModules -clang-scanner-module-cache-path /Users/admin/builder/spi-builder-workspace/.derivedData/ModuleCache.noindex -sdk-module-cache-path /Users/admin/builder/spi-builder-workspace/.derivedData/ModuleCache.noindex -serialize-diagnostics -emit-dependencies -emit-module -emit-module-path /Users/admin/builder/spi-builder-workspace/.derivedData/Build/Intermediates.noindex/Hitch.build/Debug-watchos/HitchTests.build/Objects-normal-asan/arm64_32/HitchTests.swiftmodule -validate-clang-modules-once -clang-build-session-file /Users/admin/builder/spi-builder-workspace/.derivedData/ModuleCache.noindex/Session.modulevalidation -emit-const-values -Xfrontend -const-gather-protocols-file -Xfrontend /Users/admin/builder/spi-builder-workspace/.derivedData/Build/Intermediates.noindex/Hitch.build/Debug-watchos/HitchTests.build/Objects-normal-asan/arm64_32/HitchTests_const_extract_protocols.json -Xcc -I/Users/admin/builder/spi-builder-workspace/.derivedData/Build/Products/Debug-watchos/include -Xcc -I/Users/admin/builder/spi-builder-workspace/.derivedData/Build/Intermediates.noindex/Hitch.build/Debug-watchos/HitchTests.build/DerivedSources-normal/arm64_32 -Xcc -I/Users/admin/builder/spi-builder-workspace/.derivedData/Build/Intermediates.noindex/Hitch.build/Debug-watchos/HitchTests.build/DerivedSources/arm64_32 -Xcc -I/Users/admin/builder/spi-builder-workspace/.derivedData/Build/Intermediates.noindex/Hitch.build/Debug-watchos/HitchTests.build/DerivedSources -Xcc -DSWIFT_PACKAGE -Xcc -DDEBUG\=1 -working-directory /Users/admin/builder/spi-builder-workspace/.swiftpm/xcode -experimental-emit-module-separately -disable-cmo
SwiftDriverJobDiscovery normal armv7k Compiling Int8+Ascii.swift (in target 'Hitch' from project 'Hitch')
SwiftDriver HitchTests normal arm64 com.apple.xcode.tools.swift.compiler (in target 'HitchTests' from project 'Hitch')
    cd /Users/admin/builder/spi-builder-workspace/.swiftpm/xcode
    builtin-SwiftDriver -- /Applications/Xcode-26.3.0.app/Contents/Developer/Toolchains/XcodeDefault.xctoolchain/usr/bin/swiftc -module-name HitchTests -Onone -enforce-exclusivity\=checked @/Users/admin/builder/spi-builder-workspace/.derivedData/Build/Intermediates.noindex/Hitch.build/Debug-watchos/HitchTests.build/Objects-normal/arm64/HitchTests.SwiftFileList -DSWIFT_PACKAGE -DDEBUG -DXcode -plugin-path /Applications/Xcode-26.3.0.app/Contents/Developer/Toolchains/XcodeDefault.xctoolchain/usr/lib/swift/host/plugins/testing -enable-experimental-feature DebugDescriptionMacro -sdk /Applications/Xcode-26.3.0.app/Contents/Developer/Platforms/WatchOS.platform/Developer/SDKs/WatchOS26.2.sdk -target arm64-apple-watchos6.0 -g -module-cache-path /Users/admin/builder/spi-builder-workspace/.derivedData/ModuleCache.noindex -Xfrontend -serialize-debugging-options -sanitize\=address -enable-testing -index-store-path /Users/admin/builder/spi-builder-workspace/.derivedData/Index.noindex/DataStore -Xcc -D_LIBCPP_HARDENING_MODE\=_LIBCPP_HARDENING_MODE_DEBUG -swift-version 5 -I /Users/admin/builder/spi-builder-workspace/.derivedData/Build/Products/Debug-watchos -Isystem /Applications/Xcode-26.3.0.app/Contents/Developer/Platforms/WatchOS.platform/Developer/usr/lib -F /Users/admin/builder/spi-builder-workspace/.derivedData/Build/Products/Debug-watchos/PackageFrameworks -F /Users/admin/builder/spi-builder-workspace/.derivedData/Build/Products/Debug-watchos -F /Applications/Xcode-26.3.0.app/Contents/Developer/Platforms/WatchOS.platform/Developer/Library/Frameworks -F /Applications/Xcode-26.3.0.app/Contents/Developer/Platforms/WatchOS.platform/Developer/SDKs/WatchOS26.2.sdk/Developer/Library/Frameworks -c -j10 -enable-batch-mode -incremental -Xcc -ivfsstatcache -Xcc /Users/admin/builder/spi-builder-workspace/.derivedData/SDKStatCaches.noindex/watchos26.2-23S303-dc75598d0054f22ec865fa860f139d721753b489057de6bda919edfa1c59a62b.sdkstatcache -output-file-map /Users/admin/builder/spi-builder-workspace/.derivedData/Build/Intermediates.noindex/Hitch.build/Debug-watchos/HitchTests.build/Objects-normal-asan/arm64/HitchTests-OutputFileMap.json -use-frontend-parseable-output -save-temps -no-color-diagnostics -explicit-module-build -module-cache-path /Users/admin/builder/spi-builder-workspace/.derivedData/Build/Intermediates.noindex/SwiftExplicitPrecompiledModules -clang-scanner-module-cache-path /Users/admin/builder/spi-builder-workspace/.derivedData/ModuleCache.noindex -sdk-module-cache-path /Users/admin/builder/spi-builder-workspace/.derivedData/ModuleCache.noindex -serialize-diagnostics -emit-dependencies -emit-module -emit-module-path /Users/admin/builder/spi-builder-workspace/.derivedData/Build/Intermediates.noindex/Hitch.build/Debug-watchos/HitchTests.build/Objects-normal-asan/arm64/HitchTests.swiftmodule -validate-clang-modules-once -clang-build-session-file /Users/admin/builder/spi-builder-workspace/.derivedData/ModuleCache.noindex/Session.modulevalidation -emit-const-values -Xfrontend -const-gather-protocols-file -Xfrontend /Users/admin/builder/spi-builder-workspace/.derivedData/Build/Intermediates.noindex/Hitch.build/Debug-watchos/HitchTests.build/Objects-normal-asan/arm64/HitchTests_const_extract_protocols.json -Xcc -I/Users/admin/builder/spi-builder-workspace/.derivedData/Build/Products/Debug-watchos/include -Xcc -I/Users/admin/builder/spi-builder-workspace/.derivedData/Build/Intermediates.noindex/Hitch.build/Debug-watchos/HitchTests.build/DerivedSources-normal/arm64 -Xcc -I/Users/admin/builder/spi-builder-workspace/.derivedData/Build/Intermediates.noindex/Hitch.build/Debug-watchos/HitchTests.build/DerivedSources/arm64 -Xcc -I/Users/admin/builder/spi-builder-workspace/.derivedData/Build/Intermediates.noindex/Hitch.build/Debug-watchos/HitchTests.build/DerivedSources -Xcc -DSWIFT_PACKAGE -Xcc -DDEBUG\=1 -working-directory /Users/admin/builder/spi-builder-workspace/.swiftpm/xcode -experimental-emit-module-separately -disable-cmo
SwiftDriverJobDiscovery normal armv7k Compiling Hitch+Base32.swift, Hitch+Base64.swift (in target 'Hitch' from project 'Hitch')
SwiftDriverJobDiscovery normal arm64_32 Compiling Hitch+Shared.swift (in target 'Hitch' from project 'Hitch')
SwiftDriverJobDiscovery normal armv7k Compiling Hitch+Shared.swift (in target 'Hitch' from project 'Hitch')
SwiftDriverJobDiscovery normal arm64 Compiling Hitch+Format.swift (in target 'Hitch' from project 'Hitch')
SwiftDriverJobDiscovery normal arm64_32 Compiling CHitch.swift, HalfHitch.swift (in target 'Hitch' from project 'Hitch')
SwiftDriverJobDiscovery normal arm64_32 Compiling Hitch.swift (in target 'Hitch' from project 'Hitch')
SwiftDriver\ Compilation Hitch normal arm64_32 com.apple.xcode.tools.swift.compiler (in target 'Hitch' from project 'Hitch')
    cd /Users/admin/builder/spi-builder-workspace/.swiftpm/xcode
    builtin-Swift-Compilation -- /Applications/Xcode-26.3.0.app/Contents/Developer/Toolchains/XcodeDefault.xctoolchain/usr/bin/swiftc -module-name Hitch -Onone -enforce-exclusivity\=checked @/Users/admin/builder/spi-builder-workspace/.derivedData/Build/Intermediates.noindex/Hitch.build/Debug-watchos/Hitch.build/Objects-normal/arm64_32/Hitch.SwiftFileList -DSWIFT_PACKAGE -DDEBUG -DSWIFT_MODULE_RESOURCE_BUNDLE_UNAVAILABLE -DXcode -plugin-path /Applications/Xcode-26.3.0.app/Contents/Developer/Toolchains/XcodeDefault.xctoolchain/usr/lib/swift/host/plugins/testing -enable-experimental-feature DebugDescriptionMacro -sdk /Applications/Xcode-26.3.0.app/Contents/Developer/Platforms/WatchOS.platform/Developer/SDKs/WatchOS26.2.sdk -target arm64_32-apple-watchos5.0 -g -module-cache-path /Users/admin/builder/spi-builder-workspace/.derivedData/ModuleCache.noindex -Xfrontend -serialize-debugging-options -sanitize\=address -enable-testing -index-store-path /Users/admin/builder/spi-builder-workspace/.derivedData/Index.noindex/DataStore -Xcc -D_LIBCPP_HARDENING_MODE\=_LIBCPP_HARDENING_MODE_DEBUG -swift-version 5 -I /Users/admin/builder/spi-builder-workspace/.derivedData/Build/Products/Debug-watchos -Isystem /Applications/Xcode-26.3.0.app/Contents/Developer/Platforms/WatchOS.platform/Developer/usr/lib -F /Users/admin/builder/spi-builder-workspace/.derivedData/Build/Products/Debug-watchos -F /Applications/Xcode-26.3.0.app/Contents/Developer/Platforms/WatchOS.platform/Developer/Library/Frameworks -F /Applications/Xcode-26.3.0.app/Contents/Developer/Platforms/WatchOS.platform/Developer/SDKs/WatchOS26.2.sdk/Developer/Library/Frameworks -c -j10 -enable-batch-mode -incremental -Xcc -ivfsstatcache -Xcc /Users/admin/builder/spi-builder-workspace/.derivedData/SDKStatCaches.noindex/watchos26.2-23S303-dc75598d0054f22ec865fa860f139d721753b489057de6bda919edfa1c59a62b.sdkstatcache -output-file-map /Users/admin/builder/spi-builder-workspace/.derivedData/Build/Intermediates.noindex/Hitch.build/Debug-watchos/Hitch.build/Objects-normal-asan/arm64_32/Hitch-OutputFileMap.json -use-frontend-parseable-output -save-temps -no-color-diagnostics -explicit-module-build -module-cache-path /Users/admin/builder/spi-builder-workspace/.derivedData/Build/Intermediates.noindex/SwiftExplicitPrecompiledModules -clang-scanner-module-cache-path /Users/admin/builder/spi-builder-workspace/.derivedData/ModuleCache.noindex -sdk-module-cache-path /Users/admin/builder/spi-builder-workspace/.derivedData/ModuleCache.noindex -serialize-diagnostics -emit-dependencies -emit-module -emit-module-path /Users/admin/builder/spi-builder-workspace/.derivedData/Build/Intermediates.noindex/Hitch.build/Debug-watchos/Hitch.build/Objects-normal-asan/arm64_32/Hitch.swiftmodule -validate-clang-modules-once -clang-build-session-file /Users/admin/builder/spi-builder-workspace/.derivedData/ModuleCache.noindex/Session.modulevalidation -Xcc -I/Users/admin/builder/spi-builder-workspace/.derivedData/Build/Intermediates.noindex/Hitch.build/Debug-watchos/Hitch.build/swift-overrides.hmap -emit-const-values -Xfrontend -const-gather-protocols-file -Xfrontend /Users/admin/builder/spi-builder-workspace/.derivedData/Build/Intermediates.noindex/Hitch.build/Debug-watchos/Hitch.build/Objects-normal-asan/arm64_32/Hitch_const_extract_protocols.json -Xcc -I/Users/admin/builder/spi-builder-workspace/.derivedData/Build/Products/Debug-watchos/include -Xcc -I/Users/admin/builder/spi-builder-workspace/.derivedData/Build/Intermediates.noindex/Hitch.build/Debug-watchos/Hitch.build/DerivedSources-normal/arm64_32 -Xcc -I/Users/admin/builder/spi-builder-workspace/.derivedData/Build/Intermediates.noindex/Hitch.build/Debug-watchos/Hitch.build/DerivedSources/arm64_32 -Xcc -I/Users/admin/builder/spi-builder-workspace/.derivedData/Build/Intermediates.noindex/Hitch.build/Debug-watchos/Hitch.build/DerivedSources -Xcc -DSWIFT_PACKAGE -Xcc -DDEBUG\=1 -emit-objc-header -emit-objc-header-path /Users/admin/builder/spi-builder-workspace/.derivedData/Build/Intermediates.noindex/Hitch.build/Debug-watchos/Hitch.build/Objects-normal-asan/arm64_32/Hitch-Swift.h -working-directory /Users/admin/builder/spi-builder-workspace/.swiftpm/xcode -experimental-emit-module-separately -disable-cmo
Ld /Users/admin/builder/spi-builder-workspace/.derivedData/Build/Intermediates.noindex/Hitch.build/Debug-watchos/Hitch.build/Objects-normal-asan/arm64_32/Binary/Hitch.o normal arm64_32 (in target 'Hitch' from project 'Hitch')
    cd /Users/admin/builder/spi-builder-workspace
    /Applications/Xcode-26.3.0.app/Contents/Developer/Toolchains/XcodeDefault.xctoolchain/usr/bin/clang -Xlinker -reproducible -target arm64_32-apple-watchos5.0 -r -isysroot /Applications/Xcode-26.3.0.app/Contents/Developer/Platforms/WatchOS.platform/Developer/SDKs/WatchOS26.2.sdk -O0 -L/Users/admin/builder/spi-builder-workspace/.derivedData/Build/Intermediates.noindex/EagerLinkingTBDs/Debug-watchos -L/Users/admin/builder/spi-builder-workspace/.derivedData/Build/Products/Debug-watchos -L/Applications/Xcode-26.3.0.app/Contents/Developer/Platforms/WatchOS.platform/Developer/usr/lib -F/Users/admin/builder/spi-builder-workspace/.derivedData/Build/Intermediates.noindex/EagerLinkingTBDs/Debug-watchos -F/Users/admin/builder/spi-builder-workspace/.derivedData/Build/Products/Debug-watchos -iframework /Applications/Xcode-26.3.0.app/Contents/Developer/Platforms/WatchOS.platform/Developer/Library/Frameworks -iframework /Applications/Xcode-26.3.0.app/Contents/Developer/Platforms/WatchOS.platform/Developer/SDKs/WatchOS26.2.sdk/Developer/Library/Frameworks -filelist /Users/admin/builder/spi-builder-workspace/.derivedData/Build/Intermediates.noindex/Hitch.build/Debug-watchos/Hitch.build/Objects-normal/arm64_32/Hitch.LinkFileList -nostdlib -Xlinker -object_path_lto -Xlinker /Users/admin/builder/spi-builder-workspace/.derivedData/Build/Intermediates.noindex/Hitch.build/Debug-watchos/Hitch.build/Objects-normal-asan/arm64_32/Hitch_lto.o -rdynamic -Xlinker -no_deduplicate -Xlinker -debug_variant -Xlinker -dependency_info -Xlinker /Users/admin/builder/spi-builder-workspace/.derivedData/Build/Intermediates.noindex/Hitch.build/Debug-watchos/Hitch.build/Objects-normal-asan/arm64_32/Hitch_dependency_info.dat -fobjc-link-runtime -fsanitize\=address -L/Applications/Xcode-26.3.0.app/Contents/Developer/Toolchains/XcodeDefault.xctoolchain/usr/lib/swift/watchos -L/usr/lib/swift -Xlinker -add_ast_path -Xlinker /Users/admin/builder/spi-builder-workspace/.derivedData/Build/Intermediates.noindex/Hitch.build/Debug-watchos/Hitch.build/Objects-normal-asan/arm64_32/Hitch.swiftmodule @/Users/admin/builder/spi-builder-workspace/.derivedData/Build/Intermediates.noindex/Hitch.build/Debug-watchos/Hitch.build/Objects-normal-asan/arm64_32/Hitch-linker-args.resp -o /Users/admin/builder/spi-builder-workspace/.derivedData/Build/Intermediates.noindex/Hitch.build/Debug-watchos/Hitch.build/Objects-normal-asan/arm64_32/Binary/Hitch.o
SwiftExplicitDependencyGeneratePcm arm64_32 /Users/admin/builder/spi-builder-workspace/.derivedData/ModuleCache.noindex/UIUtilities-59GBUC6OQVK91MAU9JD2X3G04.pcm
SwiftExplicitDependencyGeneratePcm arm64_32 /Users/admin/builder/spi-builder-workspace/.derivedData/ModuleCache.noindex/DeveloperToolsSupport-ESPY7BV82ASJCSCPWLXHMRQNZ.pcm
SwiftExplicitDependencyGeneratePcm arm64_32 /Users/admin/builder/spi-builder-workspace/.derivedData/ModuleCache.noindex/Symbols-2J7TC9WRM59N5LN7EICJIGSLV.pcm
SwiftExplicitDependencyGeneratePcm arm64_32 /Users/admin/builder/spi-builder-workspace/.derivedData/ModuleCache.noindex/CoreTransferable-AMY7KQZKKQ7EH4D9A63UMO44F.pcm
SwiftExplicitDependencyGeneratePcm arm64_32 /Users/admin/builder/spi-builder-workspace/.derivedData/ModuleCache.noindex/_Builtin_stdatomic-3W6JDMBOEBP6R3JYYMJ31SK1F.pcm
SwiftExplicitDependencyGeneratePcm arm64_32 /Users/admin/builder/spi-builder-workspace/.derivedData/ModuleCache.noindex/CoreGraphics-9TJ4ZH2KODV9PT5GADEU15EJH.pcm
SwiftExplicitDependencyGeneratePcm arm64_32 /Users/admin/builder/spi-builder-workspace/.derivedData/ModuleCache.noindex/UniformTypeIdentifiers-6CKSLNTWLO8Z0CLER6EJ8IE1L.pcm
SwiftExplicitDependencyGeneratePcm arm64_32 /Users/admin/builder/spi-builder-workspace/.derivedData/ModuleCache.noindex/DataDetection-7YCQAJYZCC2FT556WDTR5TVRG.pcm
SwiftExplicitDependencyGeneratePcm armv7k /Users/admin/builder/spi-builder-workspace/.derivedData/ModuleCache.noindex/CoreTransferable-5W8LIA7BKJ6XCLBI49P1CGGPH.pcm
SwiftExplicitDependencyGeneratePcm arm64 /Users/admin/builder/spi-builder-workspace/.derivedData/ModuleCache.noindex/MachO-4PZ1ATA3BLI5TYNHJEM11PRR4.pcm
SwiftExplicitDependencyGeneratePcm armv7k /Users/admin/builder/spi-builder-workspace/.derivedData/ModuleCache.noindex/_Builtin_stdatomic-8IT5EZZVTDTF49OB65U50F3NQ.pcm
SwiftExplicitDependencyGeneratePcm arm64 /Users/admin/builder/spi-builder-workspace/.derivedData/ModuleCache.noindex/UserNotifications-8GT8ZZHMY1R5V6T75FQ9AYQA4.pcm
SwiftExplicitDependencyGeneratePcm arm64 /Users/admin/builder/spi-builder-workspace/.derivedData/ModuleCache.noindex/DataDetection-EO81GN528IW0S6D4VSIIZJ3SX.pcm
SwiftExplicitDependencyGeneratePcm armv7k /Users/admin/builder/spi-builder-workspace/.derivedData/ModuleCache.noindex/CoreGraphics-41VE77Q5HH73MKF7HP1G9FDIW.pcm
SwiftExplicitDependencyGeneratePcm armv7k /Users/admin/builder/spi-builder-workspace/.derivedData/ModuleCache.noindex/UniformTypeIdentifiers-DTFZ9Z54K4C5DTMJOWIXK456Q.pcm
SwiftExplicitDependencyGeneratePcm armv7k /Users/admin/builder/spi-builder-workspace/.derivedData/ModuleCache.noindex/DeveloperToolsSupport-AOQSUP347KYNU7L15HOB6RLA.pcm
SwiftExplicitDependencyGeneratePcm armv7k /Users/admin/builder/spi-builder-workspace/.derivedData/ModuleCache.noindex/MachO-DS2IK2IGPQD3MMJZ2NDWUEO67.pcm
SwiftExplicitDependencyGeneratePcm arm64 /Users/admin/builder/spi-builder-workspace/.derivedData/ModuleCache.noindex/DeveloperToolsSupport-C26H56O3LBIR4DNF0LR2VJM93.pcm
SwiftExplicitDependencyGeneratePcm arm64_32 /Users/admin/builder/spi-builder-workspace/.derivedData/ModuleCache.noindex/CoreText-3KPUAGONHTV2MJIVELEAJ96BI.pcm
SwiftExplicitDependencyGeneratePcm arm64_32 /Users/admin/builder/spi-builder-workspace/.derivedData/ModuleCache.noindex/CoreVideo-F33UCFF6EGD2RL8QVBGHBTCU8.pcm
SwiftExplicitDependencyGeneratePcm armv7k /Users/admin/builder/spi-builder-workspace/.derivedData/ModuleCache.noindex/Symbols-E73SJPIWBHC4MYRDZFCVSV7I4.pcm
SwiftExplicitDependencyGeneratePcm arm64 /Users/admin/builder/spi-builder-workspace/.derivedData/ModuleCache.noindex/CoreTransferable-ER0YP2HKMWW2J9HXX7NN361VV.pcm
SwiftExplicitDependencyGeneratePcm arm64 /Users/admin/builder/spi-builder-workspace/.derivedData/ModuleCache.noindex/_Builtin_stdatomic-EA77U3GBBNTXVMUT5ZKSLJ5XS.pcm
SwiftExplicitDependencyGeneratePcm arm64 /Users/admin/builder/spi-builder-workspace/.derivedData/ModuleCache.noindex/Symbols-6CVRWIBLX5MAREBWM5DPCLXGQ.pcm
SwiftExplicitDependencyGeneratePcm arm64_32 /Users/admin/builder/spi-builder-workspace/.derivedData/ModuleCache.noindex/Accessibility-6TCBSVF83ED1R84ZEXGV28SIC.pcm
SwiftExplicitDependencyGeneratePcm armv7k /Users/admin/builder/spi-builder-workspace/.derivedData/ModuleCache.noindex/Accessibility-1A50MMO5BRACR5J3C74JH5JU.pcm
SwiftExplicitDependencyGeneratePcm armv7k /Users/admin/builder/spi-builder-workspace/.derivedData/ModuleCache.noindex/CoreVideo-4FIRG2YZEBGY74II6CAMNFUX.pcm
SwiftExplicitDependencyGeneratePcm armv7k /Users/admin/builder/spi-builder-workspace/.derivedData/ModuleCache.noindex/CoreText-1GR7MBA2KOL21T9CB08W6KA75.pcm
SwiftExplicitDependencyGeneratePcm armv7k /Users/admin/builder/spi-builder-workspace/.derivedData/ModuleCache.noindex/os-7C47NW5SE97WUIBMZ9B2YT4U2.pcm
SwiftExplicitDependencyGeneratePcm armv7k /Users/admin/builder/spi-builder-workspace/.derivedData/ModuleCache.noindex/UserNotifications-CH76TD5QMDEWMGJIW6K7XAWMZ.pcm
SwiftExplicitDependencyGeneratePcm arm64_32 /Users/admin/builder/spi-builder-workspace/.derivedData/ModuleCache.noindex/QuartzCore-1CXSNK2UACVBDKZAARQDNUK67.pcm
SwiftExplicitDependencyGeneratePcm arm64 /Users/admin/builder/spi-builder-workspace/.derivedData/ModuleCache.noindex/os-D1AKLO06GXAGTW0T0093HTPBV.pcm
SwiftExplicitDependencyGeneratePcm arm64_32 /Users/admin/builder/spi-builder-workspace/.derivedData/ModuleCache.noindex/MachO-5J5IRFZSWTWZ7P6E2M1HE63MG.pcm
SwiftExplicitDependencyGeneratePcm arm64 /Users/admin/builder/spi-builder-workspace/.derivedData/ModuleCache.noindex/CoreGraphics-45HYDSWGN8OZWXV9ABJ36G6QC.pcm
SwiftExplicitDependencyGeneratePcm armv7k /Users/admin/builder/spi-builder-workspace/.derivedData/ModuleCache.noindex/UIUtilities-41LTGMMBFAVG50U7U1X016XLL.pcm
SwiftExplicitDependencyGeneratePcm armv7k /Users/admin/builder/spi-builder-workspace/.derivedData/ModuleCache.noindex/OSLog-ASQVHLAS5WU6F5H5R7UGVSIAE.pcm
SwiftExplicitDependencyGeneratePcm armv7k /Users/admin/builder/spi-builder-workspace/.derivedData/ModuleCache.noindex/QuartzCore-5AJNR4V5UT0R7NYQ952X5ALOI.pcm
SwiftExplicitDependencyGeneratePcm armv7k /Users/admin/builder/spi-builder-workspace/.derivedData/ModuleCache.noindex/DataDetection-68NUI1Q12T8VSBQIT6UQ7CPX.pcm
SwiftExplicitDependencyGeneratePcm arm64 /Users/admin/builder/spi-builder-workspace/.derivedData/ModuleCache.noindex/OSLog-1NCK4FRSTTB12EDNDHPQNR017.pcm
SwiftExplicitDependencyGeneratePcm arm64 /Users/admin/builder/spi-builder-workspace/.derivedData/ModuleCache.noindex/UIUtilities-2WCKWQYZTGUDVPKLRZH5MSH8O.pcm
SwiftExplicitDependencyGeneratePcm arm64_32 /Users/admin/builder/spi-builder-workspace/.derivedData/ModuleCache.noindex/SwiftUICore-C030D3HUONXAOPKL2BQ5SM4KD.pcm
SwiftExplicitDependencyGeneratePcm arm64 /Users/admin/builder/spi-builder-workspace/.derivedData/ModuleCache.noindex/UniformTypeIdentifiers-7X176WA1TRB7JF3H9LNXUS2GS.pcm
SwiftExplicitDependencyGeneratePcm arm64_32 /Users/admin/builder/spi-builder-workspace/.derivedData/ModuleCache.noindex/os-4XOZQFWLBC5TEW0PACDBRYFX4.pcm
SwiftExplicitDependencyGeneratePcm arm64_32 /Users/admin/builder/spi-builder-workspace/.derivedData/ModuleCache.noindex/UserNotifications-2XE83FS4BVMIYZ7EZQJOGCV81.pcm
SwiftExplicitDependencyGeneratePcm arm64 /Users/admin/builder/spi-builder-workspace/.derivedData/ModuleCache.noindex/CoreText-3PQKQ348SD1931NTC49510YGB.pcm
SwiftExplicitDependencyGeneratePcm arm64 /Users/admin/builder/spi-builder-workspace/.derivedData/ModuleCache.noindex/CoreVideo-15YX2G1W4M6VDVN280UZD7OSE.pcm
SwiftExplicitDependencyGeneratePcm armv7k /Users/admin/builder/spi-builder-workspace/.derivedData/ModuleCache.noindex/UIKit-BIBPZVM7KBWPOUAV240VWX98C.pcm
SwiftExplicitDependencyGeneratePcm armv7k /Users/admin/builder/spi-builder-workspace/.derivedData/ModuleCache.noindex/SwiftUICore-6J03O1SVRHS663BW0TV4QJST2.pcm
SwiftExplicitDependencyGeneratePcm arm64 /Users/admin/builder/spi-builder-workspace/.derivedData/ModuleCache.noindex/Accessibility-E65RMPWSFECA2BIVNQMOGV14F.pcm
SwiftExplicitDependencyGeneratePcm arm64_32 /Users/admin/builder/spi-builder-workspace/.derivedData/ModuleCache.noindex/OSLog-1LB2KW23KD83RBYXM7Z2XNMQ3.pcm
SwiftExplicitDependencyGeneratePcm arm64_32 /Users/admin/builder/spi-builder-workspace/.derivedData/ModuleCache.noindex/UIKit-18PD4O998O0G26VKE010YA5TL.pcm
SwiftExplicitDependencyGeneratePcm arm64 /Users/admin/builder/spi-builder-workspace/.derivedData/ModuleCache.noindex/QuartzCore-9JKSYIR3U81A6ICL5PJIM7N12.pcm
SwiftExplicitDependencyGeneratePcm arm64 /Users/admin/builder/spi-builder-workspace/.derivedData/ModuleCache.noindex/UIKit-3Z94JRR4V583WSE5ZFIFQV5Z1.pcm
SwiftExplicitDependencyGeneratePcm arm64 /Users/admin/builder/spi-builder-workspace/.derivedData/ModuleCache.noindex/SwiftUICore-5700WH6PN2JGNW3YO50O4A8XA.pcm
SwiftDriverJobDiscovery normal arm64 Compiling CHitch.swift, HalfHitch.swift (in target 'Hitch' from project 'Hitch')
SwiftDriver\ Compilation Hitch normal arm64 com.apple.xcode.tools.swift.compiler (in target 'Hitch' from project 'Hitch')
    cd /Users/admin/builder/spi-builder-workspace/.swiftpm/xcode
    builtin-Swift-Compilation -- /Applications/Xcode-26.3.0.app/Contents/Developer/Toolchains/XcodeDefault.xctoolchain/usr/bin/swiftc -module-name Hitch -Onone -enforce-exclusivity\=checked @/Users/admin/builder/spi-builder-workspace/.derivedData/Build/Intermediates.noindex/Hitch.build/Debug-watchos/Hitch.build/Objects-normal/arm64/Hitch.SwiftFileList -DSWIFT_PACKAGE -DDEBUG -DSWIFT_MODULE_RESOURCE_BUNDLE_UNAVAILABLE -DXcode -plugin-path /Applications/Xcode-26.3.0.app/Contents/Developer/Toolchains/XcodeDefault.xctoolchain/usr/lib/swift/host/plugins/testing -enable-experimental-feature DebugDescriptionMacro -sdk /Applications/Xcode-26.3.0.app/Contents/Developer/Platforms/WatchOS.platform/Developer/SDKs/WatchOS26.2.sdk -target arm64-apple-watchos5.0 -g -module-cache-path /Users/admin/builder/spi-builder-workspace/.derivedData/ModuleCache.noindex -Xfrontend -serialize-debugging-options -sanitize\=address -enable-testing -index-store-path /Users/admin/builder/spi-builder-workspace/.derivedData/Index.noindex/DataStore -Xcc -D_LIBCPP_HARDENING_MODE\=_LIBCPP_HARDENING_MODE_DEBUG -swift-version 5 -I /Users/admin/builder/spi-builder-workspace/.derivedData/Build/Products/Debug-watchos -Isystem /Applications/Xcode-26.3.0.app/Contents/Developer/Platforms/WatchOS.platform/Developer/usr/lib -F /Users/admin/builder/spi-builder-workspace/.derivedData/Build/Products/Debug-watchos -F /Applications/Xcode-26.3.0.app/Contents/Developer/Platforms/WatchOS.platform/Developer/Library/Frameworks -F /Applications/Xcode-26.3.0.app/Contents/Developer/Platforms/WatchOS.platform/Developer/SDKs/WatchOS26.2.sdk/Developer/Library/Frameworks -c -j10 -enable-batch-mode -incremental -Xcc -ivfsstatcache -Xcc /Users/admin/builder/spi-builder-workspace/.derivedData/SDKStatCaches.noindex/watchos26.2-23S303-dc75598d0054f22ec865fa860f139d721753b489057de6bda919edfa1c59a62b.sdkstatcache -output-file-map /Users/admin/builder/spi-builder-workspace/.derivedData/Build/Intermediates.noindex/Hitch.build/Debug-watchos/Hitch.build/Objects-normal-asan/arm64/Hitch-OutputFileMap.json -use-frontend-parseable-output -save-temps -no-color-diagnostics -explicit-module-build -module-cache-path /Users/admin/builder/spi-builder-workspace/.derivedData/Build/Intermediates.noindex/SwiftExplicitPrecompiledModules -clang-scanner-module-cache-path /Users/admin/builder/spi-builder-workspace/.derivedData/ModuleCache.noindex -sdk-module-cache-path /Users/admin/builder/spi-builder-workspace/.derivedData/ModuleCache.noindex -serialize-diagnostics -emit-dependencies -emit-module -emit-module-path /Users/admin/builder/spi-builder-workspace/.derivedData/Build/Intermediates.noindex/Hitch.build/Debug-watchos/Hitch.build/Objects-normal-asan/arm64/Hitch.swiftmodule -validate-clang-modules-once -clang-build-session-file /Users/admin/builder/spi-builder-workspace/.derivedData/ModuleCache.noindex/Session.modulevalidation -Xcc -I/Users/admin/builder/spi-builder-workspace/.derivedData/Build/Intermediates.noindex/Hitch.build/Debug-watchos/Hitch.build/swift-overrides.hmap -emit-const-values -Xfrontend -const-gather-protocols-file -Xfrontend /Users/admin/builder/spi-builder-workspace/.derivedData/Build/Intermediates.noindex/Hitch.build/Debug-watchos/Hitch.build/Objects-normal-asan/arm64/Hitch_const_extract_protocols.json -Xcc -I/Users/admin/builder/spi-builder-workspace/.derivedData/Build/Products/Debug-watchos/include -Xcc -I/Users/admin/builder/spi-builder-workspace/.derivedData/Build/Intermediates.noindex/Hitch.build/Debug-watchos/Hitch.build/DerivedSources-normal/arm64 -Xcc -I/Users/admin/builder/spi-builder-workspace/.derivedData/Build/Intermediates.noindex/Hitch.build/Debug-watchos/Hitch.build/DerivedSources/arm64 -Xcc -I/Users/admin/builder/spi-builder-workspace/.derivedData/Build/Intermediates.noindex/Hitch.build/Debug-watchos/Hitch.build/DerivedSources -Xcc -DSWIFT_PACKAGE -Xcc -DDEBUG\=1 -emit-objc-header -emit-objc-header-path /Users/admin/builder/spi-builder-workspace/.derivedData/Build/Intermediates.noindex/Hitch.build/Debug-watchos/Hitch.build/Objects-normal-asan/arm64/Hitch-Swift.h -working-directory /Users/admin/builder/spi-builder-workspace/.swiftpm/xcode -experimental-emit-module-separately -disable-cmo
Ld /Users/admin/builder/spi-builder-workspace/.derivedData/Build/Intermediates.noindex/Hitch.build/Debug-watchos/Hitch.build/Objects-normal-asan/arm64/Binary/Hitch.o normal arm64 (in target 'Hitch' from project 'Hitch')
    cd /Users/admin/builder/spi-builder-workspace
    /Applications/Xcode-26.3.0.app/Contents/Developer/Toolchains/XcodeDefault.xctoolchain/usr/bin/clang -Xlinker -reproducible -target arm64-apple-watchos5.0 -r -isysroot /Applications/Xcode-26.3.0.app/Contents/Developer/Platforms/WatchOS.platform/Developer/SDKs/WatchOS26.2.sdk -O0 -L/Users/admin/builder/spi-builder-workspace/.derivedData/Build/Intermediates.noindex/EagerLinkingTBDs/Debug-watchos -L/Users/admin/builder/spi-builder-workspace/.derivedData/Build/Products/Debug-watchos -L/Applications/Xcode-26.3.0.app/Contents/Developer/Platforms/WatchOS.platform/Developer/usr/lib -F/Users/admin/builder/spi-builder-workspace/.derivedData/Build/Intermediates.noindex/EagerLinkingTBDs/Debug-watchos -F/Users/admin/builder/spi-builder-workspace/.derivedData/Build/Products/Debug-watchos -iframework /Applications/Xcode-26.3.0.app/Contents/Developer/Platforms/WatchOS.platform/Developer/Library/Frameworks -iframework /Applications/Xcode-26.3.0.app/Contents/Developer/Platforms/WatchOS.platform/Developer/SDKs/WatchOS26.2.sdk/Developer/Library/Frameworks -filelist /Users/admin/builder/spi-builder-workspace/.derivedData/Build/Intermediates.noindex/Hitch.build/Debug-watchos/Hitch.build/Objects-normal/arm64/Hitch.LinkFileList -nostdlib -Xlinker -object_path_lto -Xlinker /Users/admin/builder/spi-builder-workspace/.derivedData/Build/Intermediates.noindex/Hitch.build/Debug-watchos/Hitch.build/Objects-normal-asan/arm64/Hitch_lto.o -rdynamic -Xlinker -no_deduplicate -Xlinker -debug_variant -Xlinker -dependency_info -Xlinker /Users/admin/builder/spi-builder-workspace/.derivedData/Build/Intermediates.noindex/Hitch.build/Debug-watchos/Hitch.build/Objects-normal-asan/arm64/Hitch_dependency_info.dat -fobjc-link-runtime -fsanitize\=address -L/Applications/Xcode-26.3.0.app/Contents/Developer/Toolchains/XcodeDefault.xctoolchain/usr/lib/swift/watchos -L/usr/lib/swift -Xlinker -add_ast_path -Xlinker /Users/admin/builder/spi-builder-workspace/.derivedData/Build/Intermediates.noindex/Hitch.build/Debug-watchos/Hitch.build/Objects-normal-asan/arm64/Hitch.swiftmodule @/Users/admin/builder/spi-builder-workspace/.derivedData/Build/Intermediates.noindex/Hitch.build/Debug-watchos/Hitch.build/Objects-normal-asan/arm64/Hitch-linker-args.resp -o /Users/admin/builder/spi-builder-workspace/.derivedData/Build/Intermediates.noindex/Hitch.build/Debug-watchos/Hitch.build/Objects-normal-asan/arm64/Binary/Hitch.o
SwiftDriverJobDiscovery normal armv7k Compiling CHitch.swift, HalfHitch.swift (in target 'Hitch' from project 'Hitch')
SwiftDriver\ Compilation Hitch normal armv7k com.apple.xcode.tools.swift.compiler (in target 'Hitch' from project 'Hitch')
    cd /Users/admin/builder/spi-builder-workspace/.swiftpm/xcode
    builtin-Swift-Compilation -- /Applications/Xcode-26.3.0.app/Contents/Developer/Toolchains/XcodeDefault.xctoolchain/usr/bin/swiftc -module-name Hitch -Onone -enforce-exclusivity\=checked @/Users/admin/builder/spi-builder-workspace/.derivedData/Build/Intermediates.noindex/Hitch.build/Debug-watchos/Hitch.build/Objects-normal/armv7k/Hitch.SwiftFileList -DSWIFT_PACKAGE -DDEBUG -DSWIFT_MODULE_RESOURCE_BUNDLE_UNAVAILABLE -DXcode -plugin-path /Applications/Xcode-26.3.0.app/Contents/Developer/Toolchains/XcodeDefault.xctoolchain/usr/lib/swift/host/plugins/testing -enable-experimental-feature DebugDescriptionMacro -sdk /Applications/Xcode-26.3.0.app/Contents/Developer/Platforms/WatchOS.platform/Developer/SDKs/WatchOS26.2.sdk -target armv7k-apple-watchos5.0 -g -module-cache-path /Users/admin/builder/spi-builder-workspace/.derivedData/ModuleCache.noindex -Xfrontend -serialize-debugging-options -sanitize\=address -enable-testing -index-store-path /Users/admin/builder/spi-builder-workspace/.derivedData/Index.noindex/DataStore -Xcc -D_LIBCPP_HARDENING_MODE\=_LIBCPP_HARDENING_MODE_DEBUG -swift-version 5 -I /Users/admin/builder/spi-builder-workspace/.derivedData/Build/Products/Debug-watchos -Isystem /Applications/Xcode-26.3.0.app/Contents/Developer/Platforms/WatchOS.platform/Developer/usr/lib -F /Users/admin/builder/spi-builder-workspace/.derivedData/Build/Products/Debug-watchos -F /Applications/Xcode-26.3.0.app/Contents/Developer/Platforms/WatchOS.platform/Developer/Library/Frameworks -F /Applications/Xcode-26.3.0.app/Contents/Developer/Platforms/WatchOS.platform/Developer/SDKs/WatchOS26.2.sdk/Developer/Library/Frameworks -c -j10 -enable-batch-mode -incremental -Xcc -ivfsstatcache -Xcc /Users/admin/builder/spi-builder-workspace/.derivedData/SDKStatCaches.noindex/watchos26.2-23S303-dc75598d0054f22ec865fa860f139d721753b489057de6bda919edfa1c59a62b.sdkstatcache -output-file-map /Users/admin/builder/spi-builder-workspace/.derivedData/Build/Intermediates.noindex/Hitch.build/Debug-watchos/Hitch.build/Objects-normal-asan/armv7k/Hitch-OutputFileMap.json -use-frontend-parseable-output -save-temps -no-color-diagnostics -explicit-module-build -module-cache-path /Users/admin/builder/spi-builder-workspace/.derivedData/Build/Intermediates.noindex/SwiftExplicitPrecompiledModules -clang-scanner-module-cache-path /Users/admin/builder/spi-builder-workspace/.derivedData/ModuleCache.noindex -sdk-module-cache-path /Users/admin/builder/spi-builder-workspace/.derivedData/ModuleCache.noindex -serialize-diagnostics -emit-dependencies -emit-module -emit-module-path /Users/admin/builder/spi-builder-workspace/.derivedData/Build/Intermediates.noindex/Hitch.build/Debug-watchos/Hitch.build/Objects-normal-asan/armv7k/Hitch.swiftmodule -validate-clang-modules-once -clang-build-session-file /Users/admin/builder/spi-builder-workspace/.derivedData/ModuleCache.noindex/Session.modulevalidation -Xcc -I/Users/admin/builder/spi-builder-workspace/.derivedData/Build/Intermediates.noindex/Hitch.build/Debug-watchos/Hitch.build/swift-overrides.hmap -emit-const-values -Xfrontend -const-gather-protocols-file -Xfrontend /Users/admin/builder/spi-builder-workspace/.derivedData/Build/Intermediates.noindex/Hitch.build/Debug-watchos/Hitch.build/Objects-normal-asan/armv7k/Hitch_const_extract_protocols.json -Xcc -I/Users/admin/builder/spi-builder-workspace/.derivedData/Build/Products/Debug-watchos/include -Xcc -I/Users/admin/builder/spi-builder-workspace/.derivedData/Build/Intermediates.noindex/Hitch.build/Debug-watchos/Hitch.build/DerivedSources-normal/armv7k -Xcc -I/Users/admin/builder/spi-builder-workspace/.derivedData/Build/Intermediates.noindex/Hitch.build/Debug-watchos/Hitch.build/DerivedSources/armv7k -Xcc -I/Users/admin/builder/spi-builder-workspace/.derivedData/Build/Intermediates.noindex/Hitch.build/Debug-watchos/Hitch.build/DerivedSources -Xcc -DSWIFT_PACKAGE -Xcc -DDEBUG\=1 -emit-objc-header -emit-objc-header-path /Users/admin/builder/spi-builder-workspace/.derivedData/Build/Intermediates.noindex/Hitch.build/Debug-watchos/Hitch.build/Objects-normal-asan/armv7k/Hitch-Swift.h -working-directory /Users/admin/builder/spi-builder-workspace/.swiftpm/xcode -experimental-emit-module-separately -disable-cmo
Ld /Users/admin/builder/spi-builder-workspace/.derivedData/Build/Intermediates.noindex/Hitch.build/Debug-watchos/Hitch.build/Objects-normal-asan/armv7k/Binary/Hitch.o normal armv7k (in target 'Hitch' from project 'Hitch')
    cd /Users/admin/builder/spi-builder-workspace
    /Applications/Xcode-26.3.0.app/Contents/Developer/Toolchains/XcodeDefault.xctoolchain/usr/bin/clang -Xlinker -reproducible -target armv7k-apple-watchos5.0 -r -isysroot /Applications/Xcode-26.3.0.app/Contents/Developer/Platforms/WatchOS.platform/Developer/SDKs/WatchOS26.2.sdk -O0 -L/Users/admin/builder/spi-builder-workspace/.derivedData/Build/Intermediates.noindex/EagerLinkingTBDs/Debug-watchos -L/Users/admin/builder/spi-builder-workspace/.derivedData/Build/Products/Debug-watchos -L/Applications/Xcode-26.3.0.app/Contents/Developer/Platforms/WatchOS.platform/Developer/usr/lib -F/Users/admin/builder/spi-builder-workspace/.derivedData/Build/Intermediates.noindex/EagerLinkingTBDs/Debug-watchos -F/Users/admin/builder/spi-builder-workspace/.derivedData/Build/Products/Debug-watchos -iframework /Applications/Xcode-26.3.0.app/Contents/Developer/Platforms/WatchOS.platform/Developer/Library/Frameworks -iframework /Applications/Xcode-26.3.0.app/Contents/Developer/Platforms/WatchOS.platform/Developer/SDKs/WatchOS26.2.sdk/Developer/Library/Frameworks -filelist /Users/admin/builder/spi-builder-workspace/.derivedData/Build/Intermediates.noindex/Hitch.build/Debug-watchos/Hitch.build/Objects-normal/armv7k/Hitch.LinkFileList -nostdlib -Xlinker -object_path_lto -Xlinker /Users/admin/builder/spi-builder-workspace/.derivedData/Build/Intermediates.noindex/Hitch.build/Debug-watchos/Hitch.build/Objects-normal-asan/armv7k/Hitch_lto.o -rdynamic -Xlinker -no_deduplicate -Xlinker -debug_variant -Xlinker -dependency_info -Xlinker /Users/admin/builder/spi-builder-workspace/.derivedData/Build/Intermediates.noindex/Hitch.build/Debug-watchos/Hitch.build/Objects-normal-asan/armv7k/Hitch_dependency_info.dat -fobjc-link-runtime -fsanitize\=address -L/Applications/Xcode-26.3.0.app/Contents/Developer/Toolchains/XcodeDefault.xctoolchain/usr/lib/swift/watchos -L/usr/lib/swift -Xlinker -add_ast_path -Xlinker /Users/admin/builder/spi-builder-workspace/.derivedData/Build/Intermediates.noindex/Hitch.build/Debug-watchos/Hitch.build/Objects-normal-asan/armv7k/Hitch.swiftmodule @/Users/admin/builder/spi-builder-workspace/.derivedData/Build/Intermediates.noindex/Hitch.build/Debug-watchos/Hitch.build/Objects-normal-asan/armv7k/Hitch-linker-args.resp -o /Users/admin/builder/spi-builder-workspace/.derivedData/Build/Intermediates.noindex/Hitch.build/Debug-watchos/Hitch.build/Objects-normal-asan/armv7k/Binary/Hitch.o
CreateUniversalBinary /Users/admin/builder/spi-builder-workspace/.derivedData/Build/Products/Debug-watchos/Hitch.o normal arm64\ armv7k\ arm64_32 (in target 'Hitch' from project 'Hitch')
    cd /Users/admin/builder/spi-builder-workspace
    /Applications/Xcode-26.3.0.app/Contents/Developer/Toolchains/XcodeDefault.xctoolchain/usr/bin/lipo -create /Users/admin/builder/spi-builder-workspace/.derivedData/Build/Intermediates.noindex/Hitch.build/Debug-watchos/Hitch.build/Objects-normal-asan/arm64/Binary/Hitch.o /Users/admin/builder/spi-builder-workspace/.derivedData/Build/Intermediates.noindex/Hitch.build/Debug-watchos/Hitch.build/Objects-normal-asan/armv7k/Binary/Hitch.o /Users/admin/builder/spi-builder-workspace/.derivedData/Build/Intermediates.noindex/Hitch.build/Debug-watchos/Hitch.build/Objects-normal-asan/arm64_32/Binary/Hitch.o -output /Users/admin/builder/spi-builder-workspace/.derivedData/Build/Products/Debug-watchos/Hitch.o
SwiftExplicitDependencyGeneratePcm armv7k /Users/admin/builder/spi-builder-workspace/.derivedData/Build/Intermediates.noindex/SwiftExplicitPrecompiledModules/XCUIAutomation-8Y0GFYQANRDHQMN50WKNZ6KH7.pcm
ExtractAppIntentsMetadata (in target 'Hitch' from project 'Hitch')
    cd /Users/admin/builder/spi-builder-workspace
    /Applications/Xcode-26.3.0.app/Contents/Developer/Toolchains/XcodeDefault.xctoolchain/usr/bin/appintentsmetadataprocessor --toolchain-dir /var/run/com.apple.security.cryptexd/mnt/com.apple.MobileAsset.MetalToolchain-v17.3.7003.10.ffaXqF/Metal.xctoolchain --module-name Hitch --sdk-root /Applications/Xcode-26.3.0.app/Contents/Developer/Platforms/WatchOS.platform/Developer/SDKs/WatchOS26.2.sdk --xcode-version 17C529 --platform-family watchOS --deployment-target 5.0 --bundle-identifier spi-builder-workspace.Hitch --output /Users/admin/builder/spi-builder-workspace/.derivedData/Build/Products/Debug-watchos/Hitch.appintents --target-triple arm64-apple-watchos5.0 --target-triple armv7k-apple-watchos5.0 --target-triple arm64_32-apple-watchos5.0 --binary-file /Users/admin/builder/spi-builder-workspace/.derivedData/Build/Products/Debug-watchos/Hitch.o --dependency-file /Users/admin/builder/spi-builder-workspace/.derivedData/Build/Intermediates.noindex/Hitch.build/Debug-watchos/Hitch.build/Objects-normal-asan/arm64/Hitch_dependency_info.dat --dependency-file /Users/admin/builder/spi-builder-workspace/.derivedData/Build/Intermediates.noindex/Hitch.build/Debug-watchos/Hitch.build/Objects-normal-asan/armv7k/Hitch_dependency_info.dat --dependency-file /Users/admin/builder/spi-builder-workspace/.derivedData/Build/Intermediates.noindex/Hitch.build/Debug-watchos/Hitch.build/Objects-normal-asan/arm64_32/Hitch_dependency_info.dat --stringsdata-file /Users/admin/builder/spi-builder-workspace/.derivedData/Build/Intermediates.noindex/Hitch.build/Debug-watchos/Hitch.build/Objects-normal-asan/arm64/ExtractedAppShortcutsMetadata.stringsdata --stringsdata-file /Users/admin/builder/spi-builder-workspace/.derivedData/Build/Intermediates.noindex/Hitch.build/Debug-watchos/Hitch.build/Objects-normal-asan/armv7k/ExtractedAppShortcutsMetadata.stringsdata --stringsdata-file /Users/admin/builder/spi-builder-workspace/.derivedData/Build/Intermediates.noindex/Hitch.build/Debug-watchos/Hitch.build/Objects-normal-asan/arm64_32/ExtractedAppShortcutsMetadata.stringsdata --source-file-list /Users/admin/builder/spi-builder-workspace/.derivedData/Build/Intermediates.noindex/Hitch.build/Debug-watchos/Hitch.build/Objects-normal/arm64/Hitch.SwiftFileList --source-file-list /Users/admin/builder/spi-builder-workspace/.derivedData/Build/Intermediates.noindex/Hitch.build/Debug-watchos/Hitch.build/Objects-normal/armv7k/Hitch.SwiftFileList --source-file-list /Users/admin/builder/spi-builder-workspace/.derivedData/Build/Intermediates.noindex/Hitch.build/Debug-watchos/Hitch.build/Objects-normal/arm64_32/Hitch.SwiftFileList --metadata-file-list /Users/admin/builder/spi-builder-workspace/.derivedData/Build/Intermediates.noindex/Hitch.build/Debug-watchos/Hitch.build/Hitch.DependencyMetadataFileList --static-metadata-file-list /Users/admin/builder/spi-builder-workspace/.derivedData/Build/Intermediates.noindex/Hitch.build/Debug-watchos/Hitch.build/Hitch.DependencyStaticMetadataFileList --swift-const-vals-list /Users/admin/builder/spi-builder-workspace/.derivedData/Build/Intermediates.noindex/Hitch.build/Debug-watchos/Hitch.build/Objects-normal/arm64/Hitch.SwiftConstValuesFileList --swift-const-vals-list /Users/admin/builder/spi-builder-workspace/.derivedData/Build/Intermediates.noindex/Hitch.build/Debug-watchos/Hitch.build/Objects-normal/armv7k/Hitch.SwiftConstValuesFileList --swift-const-vals-list /Users/admin/builder/spi-builder-workspace/.derivedData/Build/Intermediates.noindex/Hitch.build/Debug-watchos/Hitch.build/Objects-normal/arm64_32/Hitch.SwiftConstValuesFileList --force --compile-time-extraction --deployment-aware-processing --validate-assistant-intents --no-app-shortcuts-localization
2026-09-15 08:10:28.611 appintentsmetadataprocessor[862:5094] Starting appintentsmetadataprocessor export
2026-09-15 08:10:28.796 appintentsmetadataprocessor[862:5094] Extracted no relevant App Intents symbols, skipping writing output
SwiftExplicitDependencyGeneratePcm arm64_32 /Users/admin/builder/spi-builder-workspace/.derivedData/Build/Intermediates.noindex/SwiftExplicitPrecompiledModules/XCUIAutomation-18H8EKIUSVQRKJ6I0NOMDAY8G.pcm
SwiftExplicitDependencyGeneratePcm armv7k /Users/admin/builder/spi-builder-workspace/.derivedData/Build/Intermediates.noindex/SwiftExplicitPrecompiledModules/XCTest-CWENOTTLAK9JD0FKVQF4YK2IZ.pcm
SwiftExplicitDependencyCompileModuleFromInterface armv7k /Users/admin/builder/spi-builder-workspace/.derivedData/Build/Intermediates.noindex/SwiftExplicitPrecompiledModules/XCUIAutomation-39PAKDLF57TWH.swiftmodule
SwiftExplicitDependencyCompileModuleFromInterface arm64_32 /Users/admin/builder/spi-builder-workspace/.derivedData/Build/Intermediates.noindex/SwiftExplicitPrecompiledModules/XCUIAutomation-3LGT1LHI47W0J.swiftmodule
SwiftExplicitDependencyGeneratePcm arm64_32 /Users/admin/builder/spi-builder-workspace/.derivedData/Build/Intermediates.noindex/SwiftExplicitPrecompiledModules/XCTest-AEJP2JPLVBK90GUARLDW013JA.pcm
SwiftExplicitDependencyGeneratePcm arm64 /Users/admin/builder/spi-builder-workspace/.derivedData/Build/Intermediates.noindex/SwiftExplicitPrecompiledModules/XCUIAutomation-F4QUF69LOSVTYGKTNS0KO7BZK.pcm
SwiftExplicitDependencyCompileModuleFromInterface armv7k /Users/admin/builder/spi-builder-workspace/.derivedData/Build/Intermediates.noindex/SwiftExplicitPrecompiledModules/XCTest-3MOB0XV99T1VJ.swiftmodule
SwiftExplicitDependencyCompileModuleFromInterface arm64 /Users/admin/builder/spi-builder-workspace/.derivedData/Build/Intermediates.noindex/SwiftExplicitPrecompiledModules/XCUIAutomation-25FFVLLEOAW3X.swiftmodule
SwiftExplicitDependencyGeneratePcm arm64 /Users/admin/builder/spi-builder-workspace/.derivedData/Build/Intermediates.noindex/SwiftExplicitPrecompiledModules/XCTest-DBV3JNZZ3L040ZB5APD6EUXPO.pcm
SwiftExplicitDependencyCompileModuleFromInterface arm64_32 /Users/admin/builder/spi-builder-workspace/.derivedData/Build/Intermediates.noindex/SwiftExplicitPrecompiledModules/XCTest-17BI5V0NM3VDF.swiftmodule
SwiftExplicitDependencyCompileModuleFromInterface arm64 /Users/admin/builder/spi-builder-workspace/.derivedData/Build/Intermediates.noindex/SwiftExplicitPrecompiledModules/XCTest-10VD3N7VN4L1G.swiftmodule
SwiftEmitModule normal armv7k Emitting\ module\ for\ HitchTests (in target 'HitchTests' from project 'Hitch')
EmitSwiftModule normal armv7k (in target 'HitchTests' from project 'Hitch')
    cd /Users/admin/builder/spi-builder-workspace/.swiftpm/xcode

SwiftCompile normal armv7k Compiling\ HalfHitchTests.swift /Users/admin/builder/spi-builder-workspace/Tests/HitchTests/HalfHitchTests.swift (in target 'HitchTests' from project 'Hitch')
SwiftCompile normal armv7k /Users/admin/builder/spi-builder-workspace/Tests/HitchTests/HalfHitchTests.swift (in target 'HitchTests' from project 'Hitch')
    cd /Users/admin/builder/spi-builder-workspace/.swiftpm/xcode

/Users/admin/builder/spi-builder-workspace/Tests/HitchTests/HalfHitchTests.swift:102:41: error: integer literal '210676686969' overflows when stored into 'Int'
        XCTAssertEqual(hello.hashValue, 210676686969)
                                        ^
/Users/admin/builder/spi-builder-workspace/Tests/HitchTests/HalfHitchTests.swift:104:46: error: integer literal '-7313112045928675463' overflows when stored into 'Int'
        XCTAssertEqual(hitchLorem.hashValue, -7313112045928675463)
                                             ^
/Users/admin/builder/spi-builder-workspace/Tests/HitchTests/HalfHitchTests.swift:105:50: error: integer literal '-7313112045928675463' overflows when stored into 'Int'
        XCTAssertEqual(halfhitchLorem.hashValue, -7313112045928675463)
                                                 ^
/Users/admin/builder/spi-builder-workspace/Tests/HitchTests/HalfHitchTests.swift:118:100: error: integer literal '3474349103086970501' overflows when stored into 'Int'
        XCTAssertEqual(HalfHitch(source: unaligned0, from: 0, to: 0 + unaligned0.count).hashValue, 3474349103086970501)
                                                                                                   ^
/Users/admin/builder/spi-builder-workspace/Tests/HitchTests/HalfHitchTests.swift:119:100: error: integer literal '3474349103086970501' overflows when stored into 'Int'
        XCTAssertEqual(HalfHitch(source: unaligned1, from: 1, to: 1 + unaligned0.count).hashValue, 3474349103086970501)
                                                                                                   ^
/Users/admin/builder/spi-builder-workspace/Tests/HitchTests/HalfHitchTests.swift:120:100: error: integer literal '3474349103086970501' overflows when stored into 'Int'
        XCTAssertEqual(HalfHitch(source: unaligned2, from: 2, to: 2 + unaligned0.count).hashValue, 3474349103086970501)
                                                                                                   ^
/Users/admin/builder/spi-builder-workspace/Tests/HitchTests/HalfHitchTests.swift:121:100: error: integer literal '3474349103086970501' overflows when stored into 'Int'
        XCTAssertEqual(HalfHitch(source: unaligned3, from: 3, to: 3 + unaligned0.count).hashValue, 3474349103086970501)
                                                                                                   ^
/Users/admin/builder/spi-builder-workspace/Tests/HitchTests/HalfHitchTests.swift:122:100: error: integer literal '3474349103086970501' overflows when stored into 'Int'
        XCTAssertEqual(HalfHitch(source: unaligned4, from: 4, to: 4 + unaligned0.count).hashValue, 3474349103086970501)
                                                                                                   ^
/Users/admin/builder/spi-builder-workspace/Tests/HitchTests/HalfHitchTests.swift:123:100: error: integer literal '3474349103086970501' overflows when stored into 'Int'
        XCTAssertEqual(HalfHitch(source: unaligned5, from: 5, to: 5 + unaligned0.count).hashValue, 3474349103086970501)
                                                                                                   ^
/Users/admin/builder/spi-builder-workspace/Tests/HitchTests/HalfHitchTests.swift:124:100: error: integer literal '3474349103086970501' overflows when stored into 'Int'
        XCTAssertEqual(HalfHitch(source: unaligned6, from: 6, to: 6 + unaligned0.count).hashValue, 3474349103086970501)
                                                                                                   ^
/Users/admin/builder/spi-builder-workspace/Tests/HitchTests/HalfHitchTests.swift:125:100: error: integer literal '3474349103086970501' overflows when stored into 'Int'
        XCTAssertEqual(HalfHitch(source: unaligned7, from: 7, to: 7 + unaligned0.count).hashValue, 3474349103086970501)
                                                                                                   ^
Failed frontend command:
/Applications/Xcode-26.3.0.app/Contents/Developer/Toolchains/XcodeDefault.xctoolchain/usr/bin/swift-frontend -frontend -c -primary-file /Users/admin/builder/spi-builder-workspace/Tests/HitchTests/HalfHitchTests.swift /Users/admin/builder/spi-builder-workspace/Tests/HitchTests/HitchFormatTests.swift /Users/admin/builder/spi-builder-workspace/Tests/HitchTests/HitchPerformanceTests.swift /Users/admin/builder/spi-builder-workspace/Tests/HitchTests/HitchTests.swift -emit-dependencies-path /Users/admin/builder/spi-builder-workspace/.derivedData/Build/Intermediates.noindex/Hitch.build/Debug-watchos/HitchTests.build/Objects-normal-asan/armv7k/HalfHitchTests.d -emit-const-values-path /Users/admin/builder/spi-builder-workspace/.derivedData/Build/Intermediates.noindex/Hitch.build/Debug-watchos/HitchTests.build/Objects-normal-asan/armv7k/HalfHitchTests.swiftconstvalues -emit-reference-dependencies-path /Users/admin/builder/spi-builder-workspace/.derivedData/Build/Intermediates.noindex/Hitch.build/Debug-watchos/HitchTests.build/Objects-normal-asan/armv7k/HalfHitchTests.swiftdeps -serialize-diagnostics-path /Users/admin/builder/spi-builder-workspace/.derivedData/Build/Intermediates.noindex/Hitch.build/Debug-watchos/HitchTests.build/Objects-normal-asan/armv7k/HalfHitchTests.dia -target armv7k-apple-watchos6.0 -load-resolved-plugin /Applications/Xcode-26.3.0.app/Contents/Developer/Platforms/WatchOS.platform/Developer/usr/lib/swift/host/plugins/libFoundationMacros.dylib\#/Applications/Xcode-26.3.0.app/Contents/Developer/Platforms/WatchOS.platform/Developer/usr/bin/swift-plugin-server\#FoundationMacros -load-resolved-plugin /Applications/Xcode-26.3.0.app/Contents/Developer/Platforms/WatchOS.platform/Developer/usr/lib/swift/host/plugins/libObservationMacros.dylib\#/Applications/Xcode-26.3.0.app/Contents/Developer/Platforms/WatchOS.platform/Developer/usr/bin/swift-plugin-server\#ObservationMacros -load-resolved-plugin /Applications/Xcode-26.3.0.app/Contents/Developer/Platforms/WatchOS.platform/Developer/usr/lib/swift/host/plugins/libSwiftMacros.dylib\#/Applications/Xcode-26.3.0.app/Contents/Developer/Platforms/WatchOS.platform/Developer/usr/bin/swift-plugin-server\#SwiftMacros -load-resolved-plugin /Applications/Xcode-26.3.0.app/Contents/Developer/Platforms/WatchOS.platform/Developer/usr/lib/swift/host/plugins/libSwiftUIMacros.dylib\#/Applications/Xcode-26.3.0.app/Contents/Developer/Platforms/WatchOS.platform/Developer/usr/bin/swift-plugin-server\#SwiftUIMacros -disable-implicit-swift-modules -Xcc -fno-implicit-modules -Xcc -fno-implicit-module-maps -explicit-swift-module-map-file /Users/admin/builder/spi-builder-workspace/.derivedData/Build/Intermediates.noindex/Hitch.build/Debug-watchos/HitchTests.build/Objects-normal-asan/armv7k/HitchTests-dependencies-3.json -enable-objc-interop -sdk /Applications/Xcode-26.3.0.app/Contents/Developer/Platforms/WatchOS.platform/Developer/SDKs/WatchOS26.2.sdk -I /Users/admin/builder/spi-builder-workspace/.derivedData/Build/Products/Debug-watchos -Isystem /Applications/Xcode-26.3.0.app/Contents/Developer/Platforms/WatchOS.platform/Developer/usr/lib -F /Users/admin/builder/spi-builder-workspace/.derivedData/Build/Products/Debug-watchos/PackageFrameworks -F /Users/admin/builder/spi-builder-workspace/.derivedData/Build/Products/Debug-watchos -F /Applications/Xcode-26.3.0.app/Contents/Developer/Platforms/WatchOS.platform/Developer/Library/Frameworks -F /Applications/Xcode-26.3.0.app/Contents/Developer/Platforms/WatchOS.platform/Developer/SDKs/WatchOS26.2.sdk/Developer/Library/Frameworks -no-color-diagnostics -Xcc -fno-color-diagnostics -enable-testing -g -debug-info-format\=dwarf -dwarf-version\=4 -module-cache-path /Users/admin/builder/spi-builder-workspace/.derivedData/Build/Intermediates.noindex/SwiftExplicitPrecompiledModules -sanitize\=address -swift-version 5 -enforce-exclusivity\=checked -Onone -D SWIFT_PACKAGE -D DEBUG -D Xcode -serialize-debugging-options -const-gather-protocols-file /Users/admin/builder/spi-builder-workspace/.derivedData/Build/Intermediates.noindex/Hitch.build/Debug-watchos/HitchTests.build/Objects-normal-asan/armv7k/HitchTests_const_extract_protocols.json -enable-experimental-feature DebugDescriptionMacro -empty-abi-descriptor -validate-clang-modules-once -clang-build-session-file /Users/admin/builder/spi-builder-workspace/.derivedData/ModuleCache.noindex/Session.modulevalidation -Xcc -working-directory -Xcc /Users/admin/builder/spi-builder-workspace/.swiftpm/xcode -enable-anonymous-context-mangled-names -file-compilation-dir /Users/admin/builder/spi-builder-workspace/.swiftpm/xcode -Xcc -D_LIBCPP_HARDENING_MODE\=_LIBCPP_HARDENING_MODE_DEBUG -Xcc -ivfsstatcache -Xcc /Users/admin/builder/spi-builder-workspace/.derivedData/SDKStatCaches.noindex/watchos26.2-23S303-dc75598d0054f22ec865fa860f139d721753b489057de6bda919edfa1c59a62b.sdkstatcache -Xcc -I/Users/admin/builder/spi-builder-workspace/.derivedData/Build/Products/Debug-watchos/include -Xcc -I/Users/admin/builder/spi-builder-workspace/.derivedData/Build/Intermediates.noindex/Hitch.build/Debug-watchos/HitchTests.build/DerivedSources-normal/armv7k -Xcc -I/Users/admin/builder/spi-builder-workspace/.derivedData/Build/Intermediates.noindex/Hitch.build/Debug-watchos/HitchTests.build/DerivedSources/armv7k -Xcc -I/Users/admin/builder/spi-builder-workspace/.derivedData/Build/Intermediates.noindex/Hitch.build/Debug-watchos/HitchTests.build/DerivedSources -Xcc -DSWIFT_PACKAGE -Xcc -DDEBUG\=1 -no-auto-bridging-header-chaining -module-name HitchTests -frontend-parseable-output -disable-clang-spi -target-sdk-version 26.2 -target-sdk-name watchos26.2 -clang-target armv7k-apple-watchos26.2 -in-process-plugin-server-path /Applications/Xcode-26.3.0.app/Contents/Developer/Toolchains/XcodeDefault.xctoolchain/usr/lib/swift/host/libSwiftInProcPluginServer.dylib -o /Users/admin/builder/spi-builder-workspace/.derivedData/Build/Intermediates.noindex/Hitch.build/Debug-watchos/HitchTests.build/Objects-normal-asan/armv7k/HalfHitchTests.o -index-unit-output-path /Hitch.build/Debug-watchos/HitchTests.build/Objects-normal-asan/armv7k/HalfHitchTests.o -index-store-path /Users/admin/builder/spi-builder-workspace/.derivedData/Index.noindex/DataStore -index-system-modules
SwiftCompile normal armv7k Compiling\ HitchFormatTests.swift /Users/admin/builder/spi-builder-workspace/Tests/HitchTests/HitchFormatTests.swift (in target 'HitchTests' from project 'Hitch')
SwiftCompile normal armv7k /Users/admin/builder/spi-builder-workspace/Tests/HitchTests/HitchFormatTests.swift (in target 'HitchTests' from project 'Hitch')
    cd /Users/admin/builder/spi-builder-workspace/.swiftpm/xcode

SwiftCompile normal armv7k Compiling\ HitchPerformanceTests.swift /Users/admin/builder/spi-builder-workspace/Tests/HitchTests/HitchPerformanceTests.swift (in target 'HitchTests' from project 'Hitch')
SwiftCompile normal armv7k /Users/admin/builder/spi-builder-workspace/Tests/HitchTests/HitchPerformanceTests.swift (in target 'HitchTests' from project 'Hitch')
    cd /Users/admin/builder/spi-builder-workspace/.swiftpm/xcode

SwiftCompile normal armv7k Compiling\ HitchTests.swift /Users/admin/builder/spi-builder-workspace/Tests/HitchTests/HitchTests.swift (in target 'HitchTests' from project 'Hitch')
SwiftCompile normal armv7k /Users/admin/builder/spi-builder-workspace/Tests/HitchTests/HitchTests.swift (in target 'HitchTests' from project 'Hitch')
    cd /Users/admin/builder/spi-builder-workspace/.swiftpm/xcode

SwiftEmitModule normal arm64_32 Emitting\ module\ for\ HitchTests (in target 'HitchTests' from project 'Hitch')
EmitSwiftModule normal arm64_32 (in target 'HitchTests' from project 'Hitch')
    cd /Users/admin/builder/spi-builder-workspace/.swiftpm/xcode

SwiftCompile normal arm64_32 Compiling\ HitchPerformanceTests.swift /Users/admin/builder/spi-builder-workspace/Tests/HitchTests/HitchPerformanceTests.swift (in target 'HitchTests' from project 'Hitch')
SwiftCompile normal arm64_32 /Users/admin/builder/spi-builder-workspace/Tests/HitchTests/HitchPerformanceTests.swift (in target 'HitchTests' from project 'Hitch')
    cd /Users/admin/builder/spi-builder-workspace/.swiftpm/xcode

SwiftCompile normal arm64_32 Compiling\ HitchTests.swift /Users/admin/builder/spi-builder-workspace/Tests/HitchTests/HitchTests.swift (in target 'HitchTests' from project 'Hitch')
SwiftCompile normal arm64_32 /Users/admin/builder/spi-builder-workspace/Tests/HitchTests/HitchTests.swift (in target 'HitchTests' from project 'Hitch')
    cd /Users/admin/builder/spi-builder-workspace/.swiftpm/xcode

SwiftCompile normal arm64_32 Compiling\ HalfHitchTests.swift /Users/admin/builder/spi-builder-workspace/Tests/HitchTests/HalfHitchTests.swift (in target 'HitchTests' from project 'Hitch')
Failed frontend command:
/Applications/Xcode-26.3.0.app/Contents/Developer/Toolchains/XcodeDefault.xctoolchain/usr/bin/swift-frontend -frontend -c -primary-file /Users/admin/builder/spi-builder-workspace/Tests/HitchTests/HalfHitchTests.swift /Users/admin/builder/spi-builder-workspace/Tests/HitchTests/HitchFormatTests.swift /Users/admin/builder/spi-builder-workspace/Tests/HitchTests/HitchPerformanceTests.swift /Users/admin/builder/spi-builder-workspace/Tests/HitchTests/HitchTests.swift -emit-dependencies-path /Users/admin/builder/spi-builder-workspace/.derivedData/Build/Intermediates.noindex/Hitch.build/Debug-watchos/HitchTests.build/Objects-normal-asan/arm64_32/HalfHitchTests.d -emit-const-values-path /Users/admin/builder/spi-builder-workspace/.derivedData/Build/Intermediates.noindex/Hitch.build/Debug-watchos/HitchTests.build/Objects-normal-asan/arm64_32/HalfHitchTests.swiftconstvalues -emit-reference-dependencies-path /Users/admin/builder/spi-builder-workspace/.derivedData/Build/Intermediates.noindex/Hitch.build/Debug-watchos/HitchTests.build/Objects-normal-asan/arm64_32/HalfHitchTests.swiftdeps -serialize-diagnostics-path /Users/admin/builder/spi-builder-workspace/.derivedData/Build/Intermediates.noindex/Hitch.build/Debug-watchos/HitchTests.build/Objects-normal-asan/arm64_32/HalfHitchTests.dia -target arm64_32-apple-watchos6.0 -load-resolved-plugin /Applications/Xcode-26.3.0.app/Contents/Developer/Platforms/WatchOS.platform/Developer/usr/lib/swift/host/plugins/libFoundationMacros.dylib\#/Applications/Xcode-26.3.0.app/Contents/Developer/Platforms/WatchOS.platform/Developer/usr/bin/swift-plugin-server\#FoundationMacros -load-resolved-plugin /Applications/Xcode-26.3.0.app/Contents/Developer/Platforms/WatchOS.platform/Developer/usr/lib/swift/host/plugins/libObservationMacros.dylib\#/Applications/Xcode-26.3.0.app/Contents/Developer/Platforms/WatchOS.platform/Developer/usr/bin/swift-plugin-server\#ObservationMacros -load-resolved-plugin /Applications/Xcode-26.3.0.app/Contents/Developer/Platforms/WatchOS.platform/Developer/usr/lib/swift/host/plugins/libSwiftMacros.dylib\#/Applications/Xcode-26.3.0.app/Contents/Developer/Platforms/WatchOS.platform/Developer/usr/bin/swift-plugin-server\#SwiftMacros -load-resolved-plugin /Applications/Xcode-26.3.0.app/Contents/Developer/Platforms/WatchOS.platform/Developer/usr/lib/swift/host/plugins/libSwiftUIMacros.dylib\#/Applications/Xcode-26.3.0.app/Contents/Developer/Platforms/WatchOS.platform/Developer/usr/bin/swift-plugin-server\#SwiftUIMacros -disable-implicit-swift-modules -Xcc -fno-implicit-modules -Xcc -fno-implicit-module-maps -explicit-swift-module-map-file /Users/admin/builder/spi-builder-workspace/.derivedData/Build/Intermediates.noindex/Hitch.build/Debug-watchos/HitchTests.build/Objects-normal-asan/arm64_32/HitchTests-dependencies-2.json -enable-objc-interop -sdk /Applications/Xcode-26.3.0.app/Contents/Developer/Platforms/WatchOS.platform/Developer/SDKs/WatchOS26.2.sdk -I /Users/admin/builder/spi-builder-workspace/.derivedData/Build/Products/Debug-watchos -Isystem /Applications/Xcode-26.3.0.app/Contents/Developer/Platforms/WatchOS.platform/Developer/usr/lib -F /Users/admin/builder/spi-builder-workspace/.derivedData/Build/Products/Debug-watchos/PackageFrameworks -F /Users/admin/builder/spi-builder-workspace/.derivedData/Build/Products/Debug-watchos -F /Applications/Xcode-26.3.0.app/Contents/Developer/Platforms/WatchOS.platform/Developer/Library/Frameworks -F /Applications/Xcode-26.3.0.app/Contents/Developer/Platforms/WatchOS.platform/Developer/SDKs/WatchOS26.2.sdk/Developer/Library/Frameworks -no-color-diagnostics -Xcc -fno-color-diagnostics -enable-testing -g -debug-info-format\=dwarf -dwarf-version\=4 -module-cache-path /Users/admin/builder/spi-builder-workspace/.derivedData/Build/Intermediates.noindex/SwiftExplicitPrecompiledModules -sanitize\=address -swift-version 5 -enforce-exclusivity\=checked -Onone -D SWIFT_PACKAGE -D DEBUG -D Xcode -serialize-debugging-options -const-gather-protocols-file /Users/admin/builder/spi-builder-workspace/.derivedData/Build/Intermediates.noindex/Hitch.build/Debug-watchos/HitchTests.build/Objects-normal-asan/arm64_32/HitchTests_const_extract_protocols.json -enable-experimental-feature DebugDescriptionMacro -empty-abi-descriptor -validate-clang-modules-once -clang-build-session-file /Users/admin/builder/spi-builder-workspace/.derivedData/ModuleCache.noindex/Session.modulevalidation -Xcc -working-directory -Xcc /Users/admin/builder/spi-builder-workspace/.swiftpm/xcode -enable-anonymous-context-mangled-names -file-compilation-dir /Users/admin/builder/spi-builder-workspace/.swiftpm/xcode -Xcc -D_LIBCPP_HARDENING_MODE\=_LIBCPP_HARDENING_MODE_DEBUG -Xcc -ivfsstatcache -Xcc /Users/admin/builder/spi-builder-workspace/.derivedData/SDKStatCaches.noindex/watchos26.2-23S303-dc75598d0054f22ec865fa860f139d721753b489057de6bda919edfa1c59a62b.sdkstatcache -Xcc -I/Users/admin/builder/spi-builder-workspace/.derivedData/Build/Products/Debug-watchos/include -Xcc -I/Users/admin/builder/spi-builder-workspace/.derivedData/Build/Intermediates.noindex/Hitch.build/Debug-watchos/HitchTests.build/DerivedSources-normal/arm64_32 -Xcc -I/Users/admin/builder/spi-builder-workspace/.derivedData/Build/Intermediates.noindex/Hitch.build/Debug-watchos/HitchTests.build/DerivedSources/arm64_32 -Xcc -I/Users/admin/builder/spi-builder-workspace/.derivedData/Build/Intermediates.noindex/Hitch.build/Debug-watchos/HitchTests.build/DerivedSources -Xcc -DSWIFT_PACKAGE -Xcc -DDEBUG\=1 -no-auto-bridging-header-chaining -module-name HitchTests -frontend-parseable-output -disable-clang-spi -target-sdk-version 26.2 -target-sdk-name watchos26.2 -clang-target arm64_32-apple-watchos26.2 -in-process-plugin-server-path /Applications/Xcode-26.3.0.app/Contents/Developer/Toolchains/XcodeDefault.xctoolchain/usr/lib/swift/host/libSwiftInProcPluginServer.dylib -o /Users/admin/builder/spi-builder-workspace/.derivedData/Build/Intermediates.noindex/Hitch.build/Debug-watchos/HitchTests.build/Objects-normal-asan/arm64_32/HalfHitchTests.o -index-unit-output-path /Hitch.build/Debug-watchos/HitchTests.build/Objects-normal-asan/arm64_32/HalfHitchTests.o -index-store-path /Users/admin/builder/spi-builder-workspace/.derivedData/Index.noindex/DataStore -index-system-modules
SwiftCompile normal arm64_32 /Users/admin/builder/spi-builder-workspace/Tests/HitchTests/HalfHitchTests.swift (in target 'HitchTests' from project 'Hitch')
    cd /Users/admin/builder/spi-builder-workspace/.swiftpm/xcode

/Users/admin/builder/spi-builder-workspace/Tests/HitchTests/HalfHitchTests.swift:102:41: error: integer literal '210676686969' overflows when stored into 'Int'
        XCTAssertEqual(hello.hashValue, 210676686969)
                                        ^
/Users/admin/builder/spi-builder-workspace/Tests/HitchTests/HalfHitchTests.swift:104:46: error: integer literal '-7313112045928675463' overflows when stored into 'Int'
        XCTAssertEqual(hitchLorem.hashValue, -7313112045928675463)
                                             ^
/Users/admin/builder/spi-builder-workspace/Tests/HitchTests/HalfHitchTests.swift:105:50: error: integer literal '-7313112045928675463' overflows when stored into 'Int'
        XCTAssertEqual(halfhitchLorem.hashValue, -7313112045928675463)
                                                 ^
/Users/admin/builder/spi-builder-workspace/Tests/HitchTests/HalfHitchTests.swift:118:100: error: integer literal '3474349103086970501' overflows when stored into 'Int'
        XCTAssertEqual(HalfHitch(source: unaligned0, from: 0, to: 0 + unaligned0.count).hashValue, 3474349103086970501)
                                                                                                   ^
/Users/admin/builder/spi-builder-workspace/Tests/HitchTests/HalfHitchTests.swift:119:100: error: integer literal '3474349103086970501' overflows when stored into 'Int'
        XCTAssertEqual(HalfHitch(source: unaligned1, from: 1, to: 1 + unaligned0.count).hashValue, 3474349103086970501)
                                                                                                   ^
/Users/admin/builder/spi-builder-workspace/Tests/HitchTests/HalfHitchTests.swift:120:100: error: integer literal '3474349103086970501' overflows when stored into 'Int'
        XCTAssertEqual(HalfHitch(source: unaligned2, from: 2, to: 2 + unaligned0.count).hashValue, 3474349103086970501)
                                                                                                   ^
/Users/admin/builder/spi-builder-workspace/Tests/HitchTests/HalfHitchTests.swift:121:100: error: integer literal '3474349103086970501' overflows when stored into 'Int'
        XCTAssertEqual(HalfHitch(source: unaligned3, from: 3, to: 3 + unaligned0.count).hashValue, 3474349103086970501)
                                                                                                   ^
/Users/admin/builder/spi-builder-workspace/Tests/HitchTests/HalfHitchTests.swift:122:100: error: integer literal '3474349103086970501' overflows when stored into 'Int'
        XCTAssertEqual(HalfHitch(source: unaligned4, from: 4, to: 4 + unaligned0.count).hashValue, 3474349103086970501)
                                                                                                   ^
/Users/admin/builder/spi-builder-workspace/Tests/HitchTests/HalfHitchTests.swift:123:100: error: integer literal '3474349103086970501' overflows when stored into 'Int'
        XCTAssertEqual(HalfHitch(source: unaligned5, from: 5, to: 5 + unaligned0.count).hashValue, 3474349103086970501)
                                                                                                   ^
/Users/admin/builder/spi-builder-workspace/Tests/HitchTests/HalfHitchTests.swift:124:100: error: integer literal '3474349103086970501' overflows when stored into 'Int'
        XCTAssertEqual(HalfHitch(source: unaligned6, from: 6, to: 6 + unaligned0.count).hashValue, 3474349103086970501)
                                                                                                   ^
/Users/admin/builder/spi-builder-workspace/Tests/HitchTests/HalfHitchTests.swift:125:100: error: integer literal '3474349103086970501' overflows when stored into 'Int'
        XCTAssertEqual(HalfHitch(source: unaligned7, from: 7, to: 7 + unaligned0.count).hashValue, 3474349103086970501)
                                                                                                   ^
SwiftEmitModule normal arm64 Emitting\ module\ for\ HitchTests (in target 'HitchTests' from project 'Hitch')
EmitSwiftModule normal arm64 (in target 'HitchTests' from project 'Hitch')
    cd /Users/admin/builder/spi-builder-workspace/.swiftpm/xcode

SwiftDriverJobDiscovery normal armv7k Emitting module for HitchTests (in target 'HitchTests' from project 'Hitch')
SwiftDriver\ Compilation\ Requirements HitchTests normal armv7k com.apple.xcode.tools.swift.compiler (in target 'HitchTests' from project 'Hitch')
    cd /Users/admin/builder/spi-builder-workspace/.swiftpm/xcode
    builtin-Swift-Compilation-Requirements -- /Applications/Xcode-26.3.0.app/Contents/Developer/Toolchains/XcodeDefault.xctoolchain/usr/bin/swiftc -module-name HitchTests -Onone -enforce-exclusivity\=checked @/Users/admin/builder/spi-builder-workspace/.derivedData/Build/Intermediates.noindex/Hitch.build/Debug-watchos/HitchTests.build/Objects-normal/armv7k/HitchTests.SwiftFileList -DSWIFT_PACKAGE -DDEBUG -DXcode -plugin-path /Applications/Xcode-26.3.0.app/Contents/Developer/Toolchains/XcodeDefault.xctoolchain/usr/lib/swift/host/plugins/testing -enable-experimental-feature DebugDescriptionMacro -sdk /Applications/Xcode-26.3.0.app/Contents/Developer/Platforms/WatchOS.platform/Developer/SDKs/WatchOS26.2.sdk -target armv7k-apple-watchos6.0 -g -module-cache-path /Users/admin/builder/spi-builder-workspace/.derivedData/ModuleCache.noindex -Xfrontend -serialize-debugging-options -sanitize\=address -enable-testing -index-store-path /Users/admin/builder/spi-builder-workspace/.derivedData/Index.noindex/DataStore -Xcc -D_LIBCPP_HARDENING_MODE\=_LIBCPP_HARDENING_MODE_DEBUG -swift-version 5 -I /Users/admin/builder/spi-builder-workspace/.derivedData/Build/Products/Debug-watchos -Isystem /Applications/Xcode-26.3.0.app/Contents/Developer/Platforms/WatchOS.platform/Developer/usr/lib -F /Users/admin/builder/spi-builder-workspace/.derivedData/Build/Products/Debug-watchos/PackageFrameworks -F /Users/admin/builder/spi-builder-workspace/.derivedData/Build/Products/Debug-watchos -F /Applications/Xcode-26.3.0.app/Contents/Developer/Platforms/WatchOS.platform/Developer/Library/Frameworks -F /Applications/Xcode-26.3.0.app/Contents/Developer/Platforms/WatchOS.platform/Developer/SDKs/WatchOS26.2.sdk/Developer/Library/Frameworks -c -j10 -enable-batch-mode -incremental -Xcc -ivfsstatcache -Xcc /Users/admin/builder/spi-builder-workspace/.derivedData/SDKStatCaches.noindex/watchos26.2-23S303-dc75598d0054f22ec865fa860f139d721753b489057de6bda919edfa1c59a62b.sdkstatcache -output-file-map /Users/admin/builder/spi-builder-workspace/.derivedData/Build/Intermediates.noindex/Hitch.build/Debug-watchos/HitchTests.build/Objects-normal-asan/armv7k/HitchTests-OutputFileMap.json -use-frontend-parseable-output -save-temps -no-color-diagnostics -explicit-module-build -module-cache-path /Users/admin/builder/spi-builder-workspace/.derivedData/Build/Intermediates.noindex/SwiftExplicitPrecompiledModules -clang-scanner-module-cache-path /Users/admin/builder/spi-builder-workspace/.derivedData/ModuleCache.noindex -sdk-module-cache-path /Users/admin/builder/spi-builder-workspace/.derivedData/ModuleCache.noindex -serialize-diagnostics -emit-dependencies -emit-module -emit-module-path /Users/admin/builder/spi-builder-workspace/.derivedData/Build/Intermediates.noindex/Hitch.build/Debug-watchos/HitchTests.build/Objects-normal-asan/armv7k/HitchTests.swiftmodule -validate-clang-modules-once -clang-build-session-file /Users/admin/builder/spi-builder-workspace/.derivedData/ModuleCache.noindex/Session.modulevalidation -emit-const-values -Xfrontend -const-gather-protocols-file -Xfrontend /Users/admin/builder/spi-builder-workspace/.derivedData/Build/Intermediates.noindex/Hitch.build/Debug-watchos/HitchTests.build/Objects-normal-asan/armv7k/HitchTests_const_extract_protocols.json -Xcc -I/Users/admin/builder/spi-builder-workspace/.derivedData/Build/Products/Debug-watchos/include -Xcc -I/Users/admin/builder/spi-builder-workspace/.derivedData/Build/Intermediates.noindex/Hitch.build/Debug-watchos/HitchTests.build/DerivedSources-normal/armv7k -Xcc -I/Users/admin/builder/spi-builder-workspace/.derivedData/Build/Intermediates.noindex/Hitch.build/Debug-watchos/HitchTests.build/DerivedSources/armv7k -Xcc -I/Users/admin/builder/spi-builder-workspace/.derivedData/Build/Intermediates.noindex/Hitch.build/Debug-watchos/HitchTests.build/DerivedSources -Xcc -DSWIFT_PACKAGE -Xcc -DDEBUG\=1 -working-directory /Users/admin/builder/spi-builder-workspace/.swiftpm/xcode -experimental-emit-module-separately -disable-cmo
SwiftDriverJobDiscovery normal arm64_32 Emitting module for HitchTests (in target 'HitchTests' from project 'Hitch')
SwiftDriver\ Compilation\ Requirements HitchTests normal arm64_32 com.apple.xcode.tools.swift.compiler (in target 'HitchTests' from project 'Hitch')
    cd /Users/admin/builder/spi-builder-workspace/.swiftpm/xcode
    builtin-Swift-Compilation-Requirements -- /Applications/Xcode-26.3.0.app/Contents/Developer/Toolchains/XcodeDefault.xctoolchain/usr/bin/swiftc -module-name HitchTests -Onone -enforce-exclusivity\=checked @/Users/admin/builder/spi-builder-workspace/.derivedData/Build/Intermediates.noindex/Hitch.build/Debug-watchos/HitchTests.build/Objects-normal/arm64_32/HitchTests.SwiftFileList -DSWIFT_PACKAGE -DDEBUG -DXcode -plugin-path /Applications/Xcode-26.3.0.app/Contents/Developer/Toolchains/XcodeDefault.xctoolchain/usr/lib/swift/host/plugins/testing -enable-experimental-feature DebugDescriptionMacro -sdk /Applications/Xcode-26.3.0.app/Contents/Developer/Platforms/WatchOS.platform/Developer/SDKs/WatchOS26.2.sdk -target arm64_32-apple-watchos6.0 -g -module-cache-path /Users/admin/builder/spi-builder-workspace/.derivedData/ModuleCache.noindex -Xfrontend -serialize-debugging-options -sanitize\=address -enable-testing -index-store-path /Users/admin/builder/spi-builder-workspace/.derivedData/Index.noindex/DataStore -Xcc -D_LIBCPP_HARDENING_MODE\=_LIBCPP_HARDENING_MODE_DEBUG -swift-version 5 -I /Users/admin/builder/spi-builder-workspace/.derivedData/Build/Products/Debug-watchos -Isystem /Applications/Xcode-26.3.0.app/Contents/Developer/Platforms/WatchOS.platform/Developer/usr/lib -F /Users/admin/builder/spi-builder-workspace/.derivedData/Build/Products/Debug-watchos/PackageFrameworks -F /Users/admin/builder/spi-builder-workspace/.derivedData/Build/Products/Debug-watchos -F /Applications/Xcode-26.3.0.app/Contents/Developer/Platforms/WatchOS.platform/Developer/Library/Frameworks -F /Applications/Xcode-26.3.0.app/Contents/Developer/Platforms/WatchOS.platform/Developer/SDKs/WatchOS26.2.sdk/Developer/Library/Frameworks -c -j10 -enable-batch-mode -incremental -Xcc -ivfsstatcache -Xcc /Users/admin/builder/spi-builder-workspace/.derivedData/SDKStatCaches.noindex/watchos26.2-23S303-dc75598d0054f22ec865fa860f139d721753b489057de6bda919edfa1c59a62b.sdkstatcache -output-file-map /Users/admin/builder/spi-builder-workspace/.derivedData/Build/Intermediates.noindex/Hitch.build/Debug-watchos/HitchTests.build/Objects-normal-asan/arm64_32/HitchTests-OutputFileMap.json -use-frontend-parseable-output -save-temps -no-color-diagnostics -explicit-module-build -module-cache-path /Users/admin/builder/spi-builder-workspace/.derivedData/Build/Intermediates.noindex/SwiftExplicitPrecompiledModules -clang-scanner-module-cache-path /Users/admin/builder/spi-builder-workspace/.derivedData/ModuleCache.noindex -sdk-module-cache-path /Users/admin/builder/spi-builder-workspace/.derivedData/ModuleCache.noindex -serialize-diagnostics -emit-dependencies -emit-module -emit-module-path /Users/admin/builder/spi-builder-workspace/.derivedData/Build/Intermediates.noindex/Hitch.build/Debug-watchos/HitchTests.build/Objects-normal-asan/arm64_32/HitchTests.swiftmodule -validate-clang-modules-once -clang-build-session-file /Users/admin/builder/spi-builder-workspace/.derivedData/ModuleCache.noindex/Session.modulevalidation -emit-const-values -Xfrontend -const-gather-protocols-file -Xfrontend /Users/admin/builder/spi-builder-workspace/.derivedData/Build/Intermediates.noindex/Hitch.build/Debug-watchos/HitchTests.build/Objects-normal-asan/arm64_32/HitchTests_const_extract_protocols.json -Xcc -I/Users/admin/builder/spi-builder-workspace/.derivedData/Build/Products/Debug-watchos/include -Xcc -I/Users/admin/builder/spi-builder-workspace/.derivedData/Build/Intermediates.noindex/Hitch.build/Debug-watchos/HitchTests.build/DerivedSources-normal/arm64_32 -Xcc -I/Users/admin/builder/spi-builder-workspace/.derivedData/Build/Intermediates.noindex/Hitch.build/Debug-watchos/HitchTests.build/DerivedSources/arm64_32 -Xcc -I/Users/admin/builder/spi-builder-workspace/.derivedData/Build/Intermediates.noindex/Hitch.build/Debug-watchos/HitchTests.build/DerivedSources -Xcc -DSWIFT_PACKAGE -Xcc -DDEBUG\=1 -working-directory /Users/admin/builder/spi-builder-workspace/.swiftpm/xcode -experimental-emit-module-separately -disable-cmo
SwiftCompile normal arm64 Compiling\ HitchPerformanceTests.swift /Users/admin/builder/spi-builder-workspace/Tests/HitchTests/HitchPerformanceTests.swift (in target 'HitchTests' from project 'Hitch')
SwiftCompile normal arm64 /Users/admin/builder/spi-builder-workspace/Tests/HitchTests/HitchPerformanceTests.swift (in target 'HitchTests' from project 'Hitch')
    cd /Users/admin/builder/spi-builder-workspace/.swiftpm/xcode

Copy /Users/admin/builder/spi-builder-workspace/.derivedData/Build/Products/Debug-watchos/HitchTests.swiftmodule/armv7k-apple-watchos.swiftmodule /Users/admin/builder/spi-builder-workspace/.derivedData/Build/Intermediates.noindex/Hitch.build/Debug-watchos/HitchTests.build/Objects-normal-asan/armv7k/HitchTests.swiftmodule (in target 'HitchTests' from project 'Hitch')
    cd /Users/admin/builder/spi-builder-workspace
    builtin-copy -exclude .DS_Store -exclude CVS -exclude .svn -exclude .git -exclude .hg -resolve-src-symlinks -rename /Users/admin/builder/spi-builder-workspace/.derivedData/Build/Intermediates.noindex/Hitch.build/Debug-watchos/HitchTests.build/Objects-normal-asan/armv7k/HitchTests.swiftmodule /Users/admin/builder/spi-builder-workspace/.derivedData/Build/Products/Debug-watchos/HitchTests.swiftmodule/armv7k-apple-watchos.swiftmodule
SwiftDriverJobDiscovery normal arm64 Emitting module for HitchTests (in target 'HitchTests' from project 'Hitch')
Copy /Users/admin/builder/spi-builder-workspace/.derivedData/Build/Products/Debug-watchos/HitchTests.swiftmodule/armv7k-apple-watchos.swiftdoc /Users/admin/builder/spi-builder-workspace/.derivedData/Build/Intermediates.noindex/Hitch.build/Debug-watchos/HitchTests.build/Objects-normal-asan/armv7k/HitchTests.swiftdoc (in target 'HitchTests' from project 'Hitch')
    cd /Users/admin/builder/spi-builder-workspace
    builtin-copy -exclude .DS_Store -exclude CVS -exclude .svn -exclude .git -exclude .hg -resolve-src-symlinks -rename /Users/admin/builder/spi-builder-workspace/.derivedData/Build/Intermediates.noindex/Hitch.build/Debug-watchos/HitchTests.build/Objects-normal-asan/armv7k/HitchTests.swiftdoc /Users/admin/builder/spi-builder-workspace/.derivedData/Build/Products/Debug-watchos/HitchTests.swiftmodule/armv7k-apple-watchos.swiftdoc
SwiftDriver\ Compilation\ Requirements HitchTests normal arm64 com.apple.xcode.tools.swift.compiler (in target 'HitchTests' from project 'Hitch')
    cd /Users/admin/builder/spi-builder-workspace/.swiftpm/xcode
    builtin-Swift-Compilation-Requirements -- /Applications/Xcode-26.3.0.app/Contents/Developer/Toolchains/XcodeDefault.xctoolchain/usr/bin/swiftc -module-name HitchTests -Onone -enforce-exclusivity\=checked @/Users/admin/builder/spi-builder-workspace/.derivedData/Build/Intermediates.noindex/Hitch.build/Debug-watchos/HitchTests.build/Objects-normal/arm64/HitchTests.SwiftFileList -DSWIFT_PACKAGE -DDEBUG -DXcode -plugin-path /Applications/Xcode-26.3.0.app/Contents/Developer/Toolchains/XcodeDefault.xctoolchain/usr/lib/swift/host/plugins/testing -enable-experimental-feature DebugDescriptionMacro -sdk /Applications/Xcode-26.3.0.app/Contents/Developer/Platforms/WatchOS.platform/Developer/SDKs/WatchOS26.2.sdk -target arm64-apple-watchos6.0 -g -module-cache-path /Users/admin/builder/spi-builder-workspace/.derivedData/ModuleCache.noindex -Xfrontend -serialize-debugging-options -sanitize\=address -enable-testing -index-store-path /Users/admin/builder/spi-builder-workspace/.derivedData/Index.noindex/DataStore -Xcc -D_LIBCPP_HARDENING_MODE\=_LIBCPP_HARDENING_MODE_DEBUG -swift-version 5 -I /Users/admin/builder/spi-builder-workspace/.derivedData/Build/Products/Debug-watchos -Isystem /Applications/Xcode-26.3.0.app/Contents/Developer/Platforms/WatchOS.platform/Developer/usr/lib -F /Users/admin/builder/spi-builder-workspace/.derivedData/Build/Products/Debug-watchos/PackageFrameworks -F /Users/admin/builder/spi-builder-workspace/.derivedData/Build/Products/Debug-watchos -F /Applications/Xcode-26.3.0.app/Contents/Developer/Platforms/WatchOS.platform/Developer/Library/Frameworks -F /Applications/Xcode-26.3.0.app/Contents/Developer/Platforms/WatchOS.platform/Developer/SDKs/WatchOS26.2.sdk/Developer/Library/Frameworks -c -j10 -enable-batch-mode -incremental -Xcc -ivfsstatcache -Xcc /Users/admin/builder/spi-builder-workspace/.derivedData/SDKStatCaches.noindex/watchos26.2-23S303-dc75598d0054f22ec865fa860f139d721753b489057de6bda919edfa1c59a62b.sdkstatcache -output-file-map /Users/admin/builder/spi-builder-workspace/.derivedData/Build/Intermediates.noindex/Hitch.build/Debug-watchos/HitchTests.build/Objects-normal-asan/arm64/HitchTests-OutputFileMap.json -use-frontend-parseable-output -save-temps -no-color-diagnostics -explicit-module-build -module-cache-path /Users/admin/builder/spi-builder-workspace/.derivedData/Build/Intermediates.noindex/SwiftExplicitPrecompiledModules -clang-scanner-module-cache-path /Users/admin/builder/spi-builder-workspace/.derivedData/ModuleCache.noindex -sdk-module-cache-path /Users/admin/builder/spi-builder-workspace/.derivedData/ModuleCache.noindex -serialize-diagnostics -emit-dependencies -emit-module -emit-module-path /Users/admin/builder/spi-builder-workspace/.derivedData/Build/Intermediates.noindex/Hitch.build/Debug-watchos/HitchTests.build/Objects-normal-asan/arm64/HitchTests.swiftmodule -validate-clang-modules-once -clang-build-session-file /Users/admin/builder/spi-builder-workspace/.derivedData/ModuleCache.noindex/Session.modulevalidation -emit-const-values -Xfrontend -const-gather-protocols-file -Xfrontend /Users/admin/builder/spi-builder-workspace/.derivedData/Build/Intermediates.noindex/Hitch.build/Debug-watchos/HitchTests.build/Objects-normal-asan/arm64/HitchTests_const_extract_protocols.json -Xcc -I/Users/admin/builder/spi-builder-workspace/.derivedData/Build/Products/Debug-watchos/include -Xcc -I/Users/admin/builder/spi-builder-workspace/.derivedData/Build/Intermediates.noindex/Hitch.build/Debug-watchos/HitchTests.build/DerivedSources-normal/arm64 -Xcc -I/Users/admin/builder/spi-builder-workspace/.derivedData/Build/Intermediates.noindex/Hitch.build/Debug-watchos/HitchTests.build/DerivedSources/arm64 -Xcc -I/Users/admin/builder/spi-builder-workspace/.derivedData/Build/Intermediates.noindex/Hitch.build/Debug-watchos/HitchTests.build/DerivedSources -Xcc -DSWIFT_PACKAGE -Xcc -DDEBUG\=1 -working-directory /Users/admin/builder/spi-builder-workspace/.swiftpm/xcode -experimental-emit-module-separately -disable-cmo
Copy /Users/admin/builder/spi-builder-workspace/.derivedData/Build/Products/Debug-watchos/HitchTests.swiftmodule/armv7k-apple-watchos.abi.json /Users/admin/builder/spi-builder-workspace/.derivedData/Build/Intermediates.noindex/Hitch.build/Debug-watchos/HitchTests.build/Objects-normal-asan/armv7k/HitchTests.abi.json (in target 'HitchTests' from project 'Hitch')
    cd /Users/admin/builder/spi-builder-workspace
    builtin-copy -exclude .DS_Store -exclude CVS -exclude .svn -exclude .git -exclude .hg -resolve-src-symlinks -rename /Users/admin/builder/spi-builder-workspace/.derivedData/Build/Intermediates.noindex/Hitch.build/Debug-watchos/HitchTests.build/Objects-normal-asan/armv7k/HitchTests.abi.json /Users/admin/builder/spi-builder-workspace/.derivedData/Build/Products/Debug-watchos/HitchTests.swiftmodule/armv7k-apple-watchos.abi.json
Copy /Users/admin/builder/spi-builder-workspace/.derivedData/Build/Products/Debug-watchos/HitchTests.swiftmodule/arm64_32-apple-watchos.swiftmodule /Users/admin/builder/spi-builder-workspace/.derivedData/Build/Intermediates.noindex/Hitch.build/Debug-watchos/HitchTests.build/Objects-normal-asan/arm64_32/HitchTests.swiftmodule (in target 'HitchTests' from project 'Hitch')
    cd /Users/admin/builder/spi-builder-workspace
    builtin-copy -exclude .DS_Store -exclude CVS -exclude .svn -exclude .git -exclude .hg -resolve-src-symlinks -rename /Users/admin/builder/spi-builder-workspace/.derivedData/Build/Intermediates.noindex/Hitch.build/Debug-watchos/HitchTests.build/Objects-normal-asan/arm64_32/HitchTests.swiftmodule /Users/admin/builder/spi-builder-workspace/.derivedData/Build/Products/Debug-watchos/HitchTests.swiftmodule/arm64_32-apple-watchos.swiftmodule
Copy /Users/admin/builder/spi-builder-workspace/.derivedData/Build/Products/Debug-watchos/HitchTests.swiftmodule/arm64_32-apple-watchos.swiftdoc /Users/admin/builder/spi-builder-workspace/.derivedData/Build/Intermediates.noindex/Hitch.build/Debug-watchos/HitchTests.build/Objects-normal-asan/arm64_32/HitchTests.swiftdoc (in target 'HitchTests' from project 'Hitch')
    cd /Users/admin/builder/spi-builder-workspace
    builtin-copy -exclude .DS_Store -exclude CVS -exclude .svn -exclude .git -exclude .hg -resolve-src-symlinks -rename /Users/admin/builder/spi-builder-workspace/.derivedData/Build/Intermediates.noindex/Hitch.build/Debug-watchos/HitchTests.build/Objects-normal-asan/arm64_32/HitchTests.swiftdoc /Users/admin/builder/spi-builder-workspace/.derivedData/Build/Products/Debug-watchos/HitchTests.swiftmodule/arm64_32-apple-watchos.swiftdoc
Copy /Users/admin/builder/spi-builder-workspace/.derivedData/Build/Products/Debug-watchos/HitchTests.swiftmodule/arm64_32-apple-watchos.abi.json /Users/admin/builder/spi-builder-workspace/.derivedData/Build/Intermediates.noindex/Hitch.build/Debug-watchos/HitchTests.build/Objects-normal-asan/arm64_32/HitchTests.abi.json (in target 'HitchTests' from project 'Hitch')
    cd /Users/admin/builder/spi-builder-workspace
    builtin-copy -exclude .DS_Store -exclude CVS -exclude .svn -exclude .git -exclude .hg -resolve-src-symlinks -rename /Users/admin/builder/spi-builder-workspace/.derivedData/Build/Intermediates.noindex/Hitch.build/Debug-watchos/HitchTests.build/Objects-normal-asan/arm64_32/HitchTests.abi.json /Users/admin/builder/spi-builder-workspace/.derivedData/Build/Products/Debug-watchos/HitchTests.swiftmodule/arm64_32-apple-watchos.abi.json
Copy /Users/admin/builder/spi-builder-workspace/.derivedData/Build/Products/Debug-watchos/HitchTests.swiftmodule/arm64-apple-watchos.swiftmodule /Users/admin/builder/spi-builder-workspace/.derivedData/Build/Intermediates.noindex/Hitch.build/Debug-watchos/HitchTests.build/Objects-normal-asan/arm64/HitchTests.swiftmodule (in target 'HitchTests' from project 'Hitch')
    cd /Users/admin/builder/spi-builder-workspace
    builtin-copy -exclude .DS_Store -exclude CVS -exclude .svn -exclude .git -exclude .hg -resolve-src-symlinks -rename /Users/admin/builder/spi-builder-workspace/.derivedData/Build/Intermediates.noindex/Hitch.build/Debug-watchos/HitchTests.build/Objects-normal-asan/arm64/HitchTests.swiftmodule /Users/admin/builder/spi-builder-workspace/.derivedData/Build/Products/Debug-watchos/HitchTests.swiftmodule/arm64-apple-watchos.swiftmodule
Copy /Users/admin/builder/spi-builder-workspace/.derivedData/Build/Products/Debug-watchos/HitchTests.swiftmodule/arm64-apple-watchos.swiftdoc /Users/admin/builder/spi-builder-workspace/.derivedData/Build/Intermediates.noindex/Hitch.build/Debug-watchos/HitchTests.build/Objects-normal-asan/arm64/HitchTests.swiftdoc (in target 'HitchTests' from project 'Hitch')
    cd /Users/admin/builder/spi-builder-workspace
    builtin-copy -exclude .DS_Store -exclude CVS -exclude .svn -exclude .git -exclude .hg -resolve-src-symlinks -rename /Users/admin/builder/spi-builder-workspace/.derivedData/Build/Intermediates.noindex/Hitch.build/Debug-watchos/HitchTests.build/Objects-normal-asan/arm64/HitchTests.swiftdoc /Users/admin/builder/spi-builder-workspace/.derivedData/Build/Products/Debug-watchos/HitchTests.swiftmodule/arm64-apple-watchos.swiftdoc
Copy /Users/admin/builder/spi-builder-workspace/.derivedData/Build/Products/Debug-watchos/HitchTests.swiftmodule/arm64-apple-watchos.abi.json /Users/admin/builder/spi-builder-workspace/.derivedData/Build/Intermediates.noindex/Hitch.build/Debug-watchos/HitchTests.build/Objects-normal-asan/arm64/HitchTests.abi.json (in target 'HitchTests' from project 'Hitch')
    cd /Users/admin/builder/spi-builder-workspace
    builtin-copy -exclude .DS_Store -exclude CVS -exclude .svn -exclude .git -exclude .hg -resolve-src-symlinks -rename /Users/admin/builder/spi-builder-workspace/.derivedData/Build/Intermediates.noindex/Hitch.build/Debug-watchos/HitchTests.build/Objects-normal-asan/arm64/HitchTests.abi.json /Users/admin/builder/spi-builder-workspace/.derivedData/Build/Products/Debug-watchos/HitchTests.swiftmodule/arm64-apple-watchos.abi.json
Copy /Users/admin/builder/spi-builder-workspace/.derivedData/Build/Products/Debug-watchos/HitchTests.swiftmodule/Project/armv7k-apple-watchos.swiftsourceinfo /Users/admin/builder/spi-builder-workspace/.derivedData/Build/Intermediates.noindex/Hitch.build/Debug-watchos/HitchTests.build/Objects-normal-asan/armv7k/HitchTests.swiftsourceinfo (in target 'HitchTests' from project 'Hitch')
    cd /Users/admin/builder/spi-builder-workspace
    builtin-copy -exclude .DS_Store -exclude CVS -exclude .svn -exclude .git -exclude .hg -resolve-src-symlinks -rename /Users/admin/builder/spi-builder-workspace/.derivedData/Build/Intermediates.noindex/Hitch.build/Debug-watchos/HitchTests.build/Objects-normal-asan/armv7k/HitchTests.swiftsourceinfo /Users/admin/builder/spi-builder-workspace/.derivedData/Build/Products/Debug-watchos/HitchTests.swiftmodule/Project/armv7k-apple-watchos.swiftsourceinfo
Copy /Users/admin/builder/spi-builder-workspace/.derivedData/Build/Products/Debug-watchos/HitchTests.swiftmodule/Project/arm64_32-apple-watchos.swiftsourceinfo /Users/admin/builder/spi-builder-workspace/.derivedData/Build/Intermediates.noindex/Hitch.build/Debug-watchos/HitchTests.build/Objects-normal-asan/arm64_32/HitchTests.swiftsourceinfo (in target 'HitchTests' from project 'Hitch')
    cd /Users/admin/builder/spi-builder-workspace
    builtin-copy -exclude .DS_Store -exclude CVS -exclude .svn -exclude .git -exclude .hg -resolve-src-symlinks -rename /Users/admin/builder/spi-builder-workspace/.derivedData/Build/Intermediates.noindex/Hitch.build/Debug-watchos/HitchTests.build/Objects-normal-asan/arm64_32/HitchTests.swiftsourceinfo /Users/admin/builder/spi-builder-workspace/.derivedData/Build/Products/Debug-watchos/HitchTests.swiftmodule/Project/arm64_32-apple-watchos.swiftsourceinfo
Copy /Users/admin/builder/spi-builder-workspace/.derivedData/Build/Products/Debug-watchos/HitchTests.swiftmodule/Project/arm64-apple-watchos.swiftsourceinfo /Users/admin/builder/spi-builder-workspace/.derivedData/Build/Intermediates.noindex/Hitch.build/Debug-watchos/HitchTests.build/Objects-normal-asan/arm64/HitchTests.swiftsourceinfo (in target 'HitchTests' from project 'Hitch')
    cd /Users/admin/builder/spi-builder-workspace
    builtin-copy -exclude .DS_Store -exclude CVS -exclude .svn -exclude .git -exclude .hg -resolve-src-symlinks -rename /Users/admin/builder/spi-builder-workspace/.derivedData/Build/Intermediates.noindex/Hitch.build/Debug-watchos/HitchTests.build/Objects-normal-asan/arm64/HitchTests.swiftsourceinfo /Users/admin/builder/spi-builder-workspace/.derivedData/Build/Products/Debug-watchos/HitchTests.swiftmodule/Project/arm64-apple-watchos.swiftsourceinfo
SwiftCompile normal arm64 Compiling\ HitchTests.swift /Users/admin/builder/spi-builder-workspace/Tests/HitchTests/HitchTests.swift (in target 'HitchTests' from project 'Hitch')
SwiftCompile normal arm64 /Users/admin/builder/spi-builder-workspace/Tests/HitchTests/HitchTests.swift (in target 'HitchTests' from project 'Hitch')
    cd /Users/admin/builder/spi-builder-workspace/.swiftpm/xcode

SwiftCompile normal arm64 Compiling\ HalfHitchTests.swift /Users/admin/builder/spi-builder-workspace/Tests/HitchTests/HalfHitchTests.swift (in target 'HitchTests' from project 'Hitch')
SwiftCompile normal arm64 /Users/admin/builder/spi-builder-workspace/Tests/HitchTests/HalfHitchTests.swift (in target 'HitchTests' from project 'Hitch')
    cd /Users/admin/builder/spi-builder-workspace/.swiftpm/xcode

SwiftCompile normal arm64_32 Compiling\ HitchFormatTests.swift /Users/admin/builder/spi-builder-workspace/Tests/HitchTests/HitchFormatTests.swift (in target 'HitchTests' from project 'Hitch')
2026-09-15 08:10:17.379 xcodebuild[679:4317] [MT] IDERunDestination: Supported platforms for the buildables in the current scheme is empty.
2026-09-15 08:10:17.543 xcodebuild[679:4317] [MT] IDERunDestination: Supported platforms for the buildables in the current scheme is empty.
** BUILD FAILED **
The following build commands failed:
	SwiftCompile normal armv7k /Users/admin/builder/spi-builder-workspace/Tests/HitchTests/HalfHitchTests.swift (in target 'HitchTests' from project 'Hitch')
	SwiftCompile normal armv7k Compiling\ HalfHitchTests.swift /Users/admin/builder/spi-builder-workspace/Tests/HitchTests/HalfHitchTests.swift (in target 'HitchTests' from project 'Hitch')
	SwiftCompile normal arm64_32 Compiling\ HalfHitchTests.swift /Users/admin/builder/spi-builder-workspace/Tests/HitchTests/HalfHitchTests.swift (in target 'HitchTests' from project 'Hitch')
	SwiftCompile normal arm64_32 /Users/admin/builder/spi-builder-workspace/Tests/HitchTests/HalfHitchTests.swift (in target 'HitchTests' from project 'Hitch')
	Building workspace spi-builder-workspace with scheme Hitch
(5 failures)
Command line invocation:
    /Applications/Xcode-26.3.0.app/Contents/Developer/usr/bin/xcodebuild -IDEClonedSourcePackagesDirPathOverride=/Users/admin/builder/spi-builder-workspace/.dependencies -resolvePackageDependencies
Resolve Package Graph
Resolved source packages:
  Hitch: /Users/admin/builder/spi-builder-workspace
resolved source packages: Hitch
2026-09-15 08:10:29.819 xcodebuild[887:5184] [MT] IDERunDestination: Supported platforms for the buildables in the current scheme is empty.
2026-09-15 08:10:29.979 xcodebuild[887:5184] [MT] IDERunDestination: Supported platforms for the buildables in the current scheme is empty.
{
  "dependencies" : [
  ],
  "manifest_display_name" : "Hitch",
  "name" : "Hitch",
  "path" : "/Users/admin/builder/spi-builder-workspace",
  "platforms" : [
  ],
  "products" : [
    {
      "name" : "Hitch",
      "targets" : [
        "Hitch"
      ],
      "type" : {
        "library" : [
          "automatic"
        ]
      }
    }
  ],
  "targets" : [
    {
      "c99name" : "HitchTests",
      "module_type" : "SwiftTarget",
      "name" : "HitchTests",
      "path" : "Tests/HitchTests",
      "sources" : [
        "HalfHitchTests.swift",
        "HitchFormatTests.swift",
        "HitchPerformanceTests.swift",
        "HitchTests.swift"
      ],
      "target_dependencies" : [
        "Hitch"
      ],
      "type" : "test"
    },
    {
      "c99name" : "Hitch",
      "module_type" : "SwiftTarget",
      "name" : "Hitch",
      "path" : "Sources/Hitch",
      "product_memberships" : [
        "Hitch"
      ],
      "sources" : [
        "CHitch.swift",
        "HalfHitch.swift",
        "Hitch+Base32.swift",
        "Hitch+Base64.swift",
        "Hitch+CodeBlock.swift",
        "Hitch+Format.swift",
        "Hitch+FormatOperator.swift",
        "Hitch+MD5.swift",
        "Hitch+Shared.swift",
        "Hitch.swift",
        "Utility/Int8+Ascii.swift",
        "Utility/UInt8+Ascii.swift"
      ],
      "type" : "library"
    }
  ],
  "tools_version" : "5.3"
}
{
  "workspace" : {
    "name" : "spi-builder-workspace",
    "schemes" : [
      "Hitch"
    ]
  }
}
2026-09-15 08:10:30.925 xcodebuild[895:5262] [MT] IDERunDestination: Supported platforms for the buildables in the current scheme is empty.
2026-09-15 08:10:31.085 xcodebuild[895:5262] [MT] IDERunDestination: Supported platforms for the buildables in the current scheme is empty.
Running build ...
env DEVELOPER_DIR=/Applications/Xcode-26.3.0.app xcrun xcodebuild -IDEClonedSourcePackagesDirPathOverride=$PWD/.dependencies -skipMacroValidation -skipPackagePluginValidation -derivedDataPath $PWD/.derivedData build -scheme Hitch -destination generic/platform=watchOS
Command line invocation:
    /Applications/Xcode-26.3.0.app/Contents/Developer/usr/bin/xcodebuild -IDEClonedSourcePackagesDirPathOverride=/Users/admin/builder/spi-builder-workspace/.dependencies -skipMacroValidation -skipPackagePluginValidation -derivedDataPath /Users/admin/builder/spi-builder-workspace/.derivedData build -scheme Hitch -destination generic/platform=watchOS
Resolve Package Graph
Resolved source packages:
  Hitch: /Users/admin/builder/spi-builder-workspace
ComputePackagePrebuildTargetDependencyGraph
Prepare packages
CreateBuildRequest
SendProjectDescription
CreateBuildOperation
ComputeTargetDependencyGraph
note: Building targets in dependency order
note: Target dependency graph (3 targets)
    Target 'HitchTests' in project 'Hitch'
        ➜ Explicit dependency on target 'Hitch' in project 'Hitch'
    Target 'Hitch' in project 'Hitch'
        ➜ Explicit dependency on target 'Hitch' in project 'Hitch'
    Target 'Hitch' in project 'Hitch' (no dependencies)
GatherProvisioningInputs
CreateBuildDescription
ClangStatCache /Applications/Xcode-26.3.0.app/Contents/Developer/Toolchains/XcodeDefault.xctoolchain/usr/bin/clang-stat-cache /Applications/Xcode-26.3.0.app/Contents/Developer/Platforms/WatchOS.platform/Developer/SDKs/WatchOS26.2.sdk /Users/admin/builder/spi-builder-workspace/.derivedData/SDKStatCaches.noindex/watchos26.2-23S303-dc75598d0054f22ec865fa860f139d721753b489057de6bda919edfa1c59a62b.sdkstatcache
    cd /Users/admin/builder/spi-builder-workspace/.swiftpm/xcode
    /Applications/Xcode-26.3.0.app/Contents/Developer/Toolchains/XcodeDefault.xctoolchain/usr/bin/clang-stat-cache /Applications/Xcode-26.3.0.app/Contents/Developer/Platforms/WatchOS.platform/Developer/SDKs/WatchOS26.2.sdk -o /Users/admin/builder/spi-builder-workspace/.derivedData/SDKStatCaches.noindex/watchos26.2-23S303-dc75598d0054f22ec865fa860f139d721753b489057de6bda919edfa1c59a62b.sdkstatcache
SwiftDriver HitchTests normal armv7k com.apple.xcode.tools.swift.compiler (in target 'HitchTests' from project 'Hitch')
    cd /Users/admin/builder/spi-builder-workspace/.swiftpm/xcode
    builtin-SwiftDriver -- /Applications/Xcode-26.3.0.app/Contents/Developer/Toolchains/XcodeDefault.xctoolchain/usr/bin/swiftc -module-name HitchTests -Onone -enforce-exclusivity\=checked @/Users/admin/builder/spi-builder-workspace/.derivedData/Build/Intermediates.noindex/Hitch.build/Debug-watchos/HitchTests.build/Objects-normal/armv7k/HitchTests.SwiftFileList -DSWIFT_PACKAGE -DDEBUG -DXcode -plugin-path /Applications/Xcode-26.3.0.app/Contents/Developer/Toolchains/XcodeDefault.xctoolchain/usr/lib/swift/host/plugins/testing -enable-experimental-feature DebugDescriptionMacro -sdk /Applications/Xcode-26.3.0.app/Contents/Developer/Platforms/WatchOS.platform/Developer/SDKs/WatchOS26.2.sdk -target armv7k-apple-watchos6.0 -g -module-cache-path /Users/admin/builder/spi-builder-workspace/.derivedData/ModuleCache.noindex -Xfrontend -serialize-debugging-options -sanitize\=address -enable-testing -index-store-path /Users/admin/builder/spi-builder-workspace/.derivedData/Index.noindex/DataStore -Xcc -D_LIBCPP_HARDENING_MODE\=_LIBCPP_HARDENING_MODE_DEBUG -swift-version 5 -I /Users/admin/builder/spi-builder-workspace/.derivedData/Build/Products/Debug-watchos -Isystem /Applications/Xcode-26.3.0.app/Contents/Developer/Platforms/WatchOS.platform/Developer/usr/lib -F /Users/admin/builder/spi-builder-workspace/.derivedData/Build/Products/Debug-watchos/PackageFrameworks -F /Users/admin/builder/spi-builder-workspace/.derivedData/Build/Products/Debug-watchos -F /Applications/Xcode-26.3.0.app/Contents/Developer/Platforms/WatchOS.platform/Developer/Library/Frameworks -F /Applications/Xcode-26.3.0.app/Contents/Developer/Platforms/WatchOS.platform/Developer/SDKs/WatchOS26.2.sdk/Developer/Library/Frameworks -c -j10 -enable-batch-mode -incremental -Xcc -ivfsstatcache -Xcc /Users/admin/builder/spi-builder-workspace/.derivedData/SDKStatCaches.noindex/watchos26.2-23S303-dc75598d0054f22ec865fa860f139d721753b489057de6bda919edfa1c59a62b.sdkstatcache -output-file-map /Users/admin/builder/spi-builder-workspace/.derivedData/Build/Intermediates.noindex/Hitch.build/Debug-watchos/HitchTests.build/Objects-normal-asan/armv7k/HitchTests-OutputFileMap.json -use-frontend-parseable-output -save-temps -no-color-diagnostics -explicit-module-build -module-cache-path /Users/admin/builder/spi-builder-workspace/.derivedData/Build/Intermediates.noindex/SwiftExplicitPrecompiledModules -clang-scanner-module-cache-path /Users/admin/builder/spi-builder-workspace/.derivedData/ModuleCache.noindex -sdk-module-cache-path /Users/admin/builder/spi-builder-workspace/.derivedData/ModuleCache.noindex -serialize-diagnostics -emit-dependencies -emit-module -emit-module-path /Users/admin/builder/spi-builder-workspace/.derivedData/Build/Intermediates.noindex/Hitch.build/Debug-watchos/HitchTests.build/Objects-normal-asan/armv7k/HitchTests.swiftmodule -validate-clang-modules-once -clang-build-session-file /Users/admin/builder/spi-builder-workspace/.derivedData/ModuleCache.noindex/Session.modulevalidation -emit-const-values -Xfrontend -const-gather-protocols-file -Xfrontend /Users/admin/builder/spi-builder-workspace/.derivedData/Build/Intermediates.noindex/Hitch.build/Debug-watchos/HitchTests.build/Objects-normal-asan/armv7k/HitchTests_const_extract_protocols.json -Xcc -I/Users/admin/builder/spi-builder-workspace/.derivedData/Build/Products/Debug-watchos/include -Xcc -I/Users/admin/builder/spi-builder-workspace/.derivedData/Build/Intermediates.noindex/Hitch.build/Debug-watchos/HitchTests.build/DerivedSources-normal/armv7k -Xcc -I/Users/admin/builder/spi-builder-workspace/.derivedData/Build/Intermediates.noindex/Hitch.build/Debug-watchos/HitchTests.build/DerivedSources/armv7k -Xcc -I/Users/admin/builder/spi-builder-workspace/.derivedData/Build/Intermediates.noindex/Hitch.build/Debug-watchos/HitchTests.build/DerivedSources -Xcc -DSWIFT_PACKAGE -Xcc -DDEBUG\=1 -working-directory /Users/admin/builder/spi-builder-workspace/.swiftpm/xcode -experimental-emit-module-separately -disable-cmo
SwiftDriver HitchTests normal arm64_32 com.apple.xcode.tools.swift.compiler (in target 'HitchTests' from project 'Hitch')
    cd /Users/admin/builder/spi-builder-workspace/.swiftpm/xcode
    builtin-SwiftDriver -- /Applications/Xcode-26.3.0.app/Contents/Developer/Toolchains/XcodeDefault.xctoolchain/usr/bin/swiftc -module-name HitchTests -Onone -enforce-exclusivity\=checked @/Users/admin/builder/spi-builder-workspace/.derivedData/Build/Intermediates.noindex/Hitch.build/Debug-watchos/HitchTests.build/Objects-normal/arm64_32/HitchTests.SwiftFileList -DSWIFT_PACKAGE -DDEBUG -DXcode -plugin-path /Applications/Xcode-26.3.0.app/Contents/Developer/Toolchains/XcodeDefault.xctoolchain/usr/lib/swift/host/plugins/testing -enable-experimental-feature DebugDescriptionMacro -sdk /Applications/Xcode-26.3.0.app/Contents/Developer/Platforms/WatchOS.platform/Developer/SDKs/WatchOS26.2.sdk -target arm64_32-apple-watchos6.0 -g -module-cache-path /Users/admin/builder/spi-builder-workspace/.derivedData/ModuleCache.noindex -Xfrontend -serialize-debugging-options -sanitize\=address -enable-testing -index-store-path /Users/admin/builder/spi-builder-workspace/.derivedData/Index.noindex/DataStore -Xcc -D_LIBCPP_HARDENING_MODE\=_LIBCPP_HARDENING_MODE_DEBUG -swift-version 5 -I /Users/admin/builder/spi-builder-workspace/.derivedData/Build/Products/Debug-watchos -Isystem /Applications/Xcode-26.3.0.app/Contents/Developer/Platforms/WatchOS.platform/Developer/usr/lib -F /Users/admin/builder/spi-builder-workspace/.derivedData/Build/Products/Debug-watchos/PackageFrameworks -F /Users/admin/builder/spi-builder-workspace/.derivedData/Build/Products/Debug-watchos -F /Applications/Xcode-26.3.0.app/Contents/Developer/Platforms/WatchOS.platform/Developer/Library/Frameworks -F /Applications/Xcode-26.3.0.app/Contents/Developer/Platforms/WatchOS.platform/Developer/SDKs/WatchOS26.2.sdk/Developer/Library/Frameworks -c -j10 -enable-batch-mode -incremental -Xcc -ivfsstatcache -Xcc /Users/admin/builder/spi-builder-workspace/.derivedData/SDKStatCaches.noindex/watchos26.2-23S303-dc75598d0054f22ec865fa860f139d721753b489057de6bda919edfa1c59a62b.sdkstatcache -output-file-map /Users/admin/builder/spi-builder-workspace/.derivedData/Build/Intermediates.noindex/Hitch.build/Debug-watchos/HitchTests.build/Objects-normal-asan/arm64_32/HitchTests-OutputFileMap.json -use-frontend-parseable-output -save-temps -no-color-diagnostics -explicit-module-build -module-cache-path /Users/admin/builder/spi-builder-workspace/.derivedData/Build/Intermediates.noindex/SwiftExplicitPrecompiledModules -clang-scanner-module-cache-path /Users/admin/builder/spi-builder-workspace/.derivedData/ModuleCache.noindex -sdk-module-cache-path /Users/admin/builder/spi-builder-workspace/.derivedData/ModuleCache.noindex -serialize-diagnostics -emit-dependencies -emit-module -emit-module-path /Users/admin/builder/spi-builder-workspace/.derivedData/Build/Intermediates.noindex/Hitch.build/Debug-watchos/HitchTests.build/Objects-normal-asan/arm64_32/HitchTests.swiftmodule -validate-clang-modules-once -clang-build-session-file /Users/admin/builder/spi-builder-workspace/.derivedData/ModuleCache.noindex/Session.modulevalidation -emit-const-values -Xfrontend -const-gather-protocols-file -Xfrontend /Users/admin/builder/spi-builder-workspace/.derivedData/Build/Intermediates.noindex/Hitch.build/Debug-watchos/HitchTests.build/Objects-normal-asan/arm64_32/HitchTests_const_extract_protocols.json -Xcc -I/Users/admin/builder/spi-builder-workspace/.derivedData/Build/Products/Debug-watchos/include -Xcc -I/Users/admin/builder/spi-builder-workspace/.derivedData/Build/Intermediates.noindex/Hitch.build/Debug-watchos/HitchTests.build/DerivedSources-normal/arm64_32 -Xcc -I/Users/admin/builder/spi-builder-workspace/.derivedData/Build/Intermediates.noindex/Hitch.build/Debug-watchos/HitchTests.build/DerivedSources/arm64_32 -Xcc -I/Users/admin/builder/spi-builder-workspace/.derivedData/Build/Intermediates.noindex/Hitch.build/Debug-watchos/HitchTests.build/DerivedSources -Xcc -DSWIFT_PACKAGE -Xcc -DDEBUG\=1 -working-directory /Users/admin/builder/spi-builder-workspace/.swiftpm/xcode -experimental-emit-module-separately -disable-cmo
SwiftDriver HitchTests normal arm64 com.apple.xcode.tools.swift.compiler (in target 'HitchTests' from project 'Hitch')
    cd /Users/admin/builder/spi-builder-workspace/.swiftpm/xcode
    builtin-SwiftDriver -- /Applications/Xcode-26.3.0.app/Contents/Developer/Toolchains/XcodeDefault.xctoolchain/usr/bin/swiftc -module-name HitchTests -Onone -enforce-exclusivity\=checked @/Users/admin/builder/spi-builder-workspace/.derivedData/Build/Intermediates.noindex/Hitch.build/Debug-watchos/HitchTests.build/Objects-normal/arm64/HitchTests.SwiftFileList -DSWIFT_PACKAGE -DDEBUG -DXcode -plugin-path /Applications/Xcode-26.3.0.app/Contents/Developer/Toolchains/XcodeDefault.xctoolchain/usr/lib/swift/host/plugins/testing -enable-experimental-feature DebugDescriptionMacro -sdk /Applications/Xcode-26.3.0.app/Contents/Developer/Platforms/WatchOS.platform/Developer/SDKs/WatchOS26.2.sdk -target arm64-apple-watchos6.0 -g -module-cache-path /Users/admin/builder/spi-builder-workspace/.derivedData/ModuleCache.noindex -Xfrontend -serialize-debugging-options -sanitize\=address -enable-testing -index-store-path /Users/admin/builder/spi-builder-workspace/.derivedData/Index.noindex/DataStore -Xcc -D_LIBCPP_HARDENING_MODE\=_LIBCPP_HARDENING_MODE_DEBUG -swift-version 5 -I /Users/admin/builder/spi-builder-workspace/.derivedData/Build/Products/Debug-watchos -Isystem /Applications/Xcode-26.3.0.app/Contents/Developer/Platforms/WatchOS.platform/Developer/usr/lib -F /Users/admin/builder/spi-builder-workspace/.derivedData/Build/Products/Debug-watchos/PackageFrameworks -F /Users/admin/builder/spi-builder-workspace/.derivedData/Build/Products/Debug-watchos -F /Applications/Xcode-26.3.0.app/Contents/Developer/Platforms/WatchOS.platform/Developer/Library/Frameworks -F /Applications/Xcode-26.3.0.app/Contents/Developer/Platforms/WatchOS.platform/Developer/SDKs/WatchOS26.2.sdk/Developer/Library/Frameworks -c -j10 -enable-batch-mode -incremental -Xcc -ivfsstatcache -Xcc /Users/admin/builder/spi-builder-workspace/.derivedData/SDKStatCaches.noindex/watchos26.2-23S303-dc75598d0054f22ec865fa860f139d721753b489057de6bda919edfa1c59a62b.sdkstatcache -output-file-map /Users/admin/builder/spi-builder-workspace/.derivedData/Build/Intermediates.noindex/Hitch.build/Debug-watchos/HitchTests.build/Objects-normal-asan/arm64/HitchTests-OutputFileMap.json -use-frontend-parseable-output -save-temps -no-color-diagnostics -explicit-module-build -module-cache-path /Users/admin/builder/spi-builder-workspace/.derivedData/Build/Intermediates.noindex/SwiftExplicitPrecompiledModules -clang-scanner-module-cache-path /Users/admin/builder/spi-builder-workspace/.derivedData/ModuleCache.noindex -sdk-module-cache-path /Users/admin/builder/spi-builder-workspace/.derivedData/ModuleCache.noindex -serialize-diagnostics -emit-dependencies -emit-module -emit-module-path /Users/admin/builder/spi-builder-workspace/.derivedData/Build/Intermediates.noindex/Hitch.build/Debug-watchos/HitchTests.build/Objects-normal-asan/arm64/HitchTests.swiftmodule -validate-clang-modules-once -clang-build-session-file /Users/admin/builder/spi-builder-workspace/.derivedData/ModuleCache.noindex/Session.modulevalidation -emit-const-values -Xfrontend -const-gather-protocols-file -Xfrontend /Users/admin/builder/spi-builder-workspace/.derivedData/Build/Intermediates.noindex/Hitch.build/Debug-watchos/HitchTests.build/Objects-normal-asan/arm64/HitchTests_const_extract_protocols.json -Xcc -I/Users/admin/builder/spi-builder-workspace/.derivedData/Build/Products/Debug-watchos/include -Xcc -I/Users/admin/builder/spi-builder-workspace/.derivedData/Build/Intermediates.noindex/Hitch.build/Debug-watchos/HitchTests.build/DerivedSources-normal/arm64 -Xcc -I/Users/admin/builder/spi-builder-workspace/.derivedData/Build/Intermediates.noindex/Hitch.build/Debug-watchos/HitchTests.build/DerivedSources/arm64 -Xcc -I/Users/admin/builder/spi-builder-workspace/.derivedData/Build/Intermediates.noindex/Hitch.build/Debug-watchos/HitchTests.build/DerivedSources -Xcc -DSWIFT_PACKAGE -Xcc -DDEBUG\=1 -working-directory /Users/admin/builder/spi-builder-workspace/.swiftpm/xcode -experimental-emit-module-separately -disable-cmo
RegisterExecutionPolicyException /Users/admin/builder/spi-builder-workspace/.derivedData/Build/Products/Debug-watchos/Hitch.o (in target 'Hitch' from project 'Hitch')
    cd /Users/admin/builder/spi-builder-workspace
    builtin-RegisterExecutionPolicyException /Users/admin/builder/spi-builder-workspace/.derivedData/Build/Products/Debug-watchos/Hitch.o
ProcessInfoPlistFile /Users/admin/builder/spi-builder-workspace/.derivedData/Build/Products/Debug-watchos/HitchTests.xctest/Info.plist /Users/admin/builder/spi-builder-workspace/.derivedData/Build/Intermediates.noindex/Hitch.build/Debug-watchos/HitchTests.build/empty-HitchTests.plist (in target 'HitchTests' from project 'Hitch')
    cd /Users/admin/builder/spi-builder-workspace
    builtin-infoPlistUtility /Users/admin/builder/spi-builder-workspace/.derivedData/Build/Intermediates.noindex/Hitch.build/Debug-watchos/HitchTests.build/empty-HitchTests.plist -producttype com.apple.product-type.bundle.unit-test -expandbuildsettings -format binary -platform watchos -o /Users/admin/builder/spi-builder-workspace/.derivedData/Build/Products/Debug-watchos/HitchTests.xctest/Info.plist
SwiftCompile normal armv7k Compiling\ HitchPerformanceTests.swift /Users/admin/builder/spi-builder-workspace/Tests/HitchTests/HitchPerformanceTests.swift (in target 'HitchTests' from project 'Hitch')
SwiftCompile normal armv7k /Users/admin/builder/spi-builder-workspace/Tests/HitchTests/HitchPerformanceTests.swift (in target 'HitchTests' from project 'Hitch')
    cd /Users/admin/builder/spi-builder-workspace/.swiftpm/xcode

SwiftCompile normal armv7k Compiling\ HitchTests.swift /Users/admin/builder/spi-builder-workspace/Tests/HitchTests/HitchTests.swift (in target 'HitchTests' from project 'Hitch')
SwiftCompile normal armv7k /Users/admin/builder/spi-builder-workspace/Tests/HitchTests/HitchTests.swift (in target 'HitchTests' from project 'Hitch')
    cd /Users/admin/builder/spi-builder-workspace/.swiftpm/xcode

SwiftCompile normal armv7k Compiling\ HitchFormatTests.swift /Users/admin/builder/spi-builder-workspace/Tests/HitchTests/HitchFormatTests.swift (in target 'HitchTests' from project 'Hitch')
SwiftCompile normal armv7k /Users/admin/builder/spi-builder-workspace/Tests/HitchTests/HitchFormatTests.swift (in target 'HitchTests' from project 'Hitch')
    cd /Users/admin/builder/spi-builder-workspace/.swiftpm/xcode

SwiftCompile normal arm64_32 Compiling\ HalfHitchTests.swift /Users/admin/builder/spi-builder-workspace/Tests/HitchTests/HalfHitchTests.swift (in target 'HitchTests' from project 'Hitch')
SwiftCompile normal arm64_32 /Users/admin/builder/spi-builder-workspace/Tests/HitchTests/HalfHitchTests.swift (in target 'HitchTests' from project 'Hitch')
    cd /Users/admin/builder/spi-builder-workspace/.swiftpm/xcode

/Users/admin/builder/spi-builder-workspace/Tests/HitchTests/HalfHitchTests.swift:102:41: error: integer literal '210676686969' overflows when stored into 'Int'
        XCTAssertEqual(hello.hashValue, 210676686969)
                                        ^
/Users/admin/builder/spi-builder-workspace/Tests/HitchTests/HalfHitchTests.swift:104:46: error: integer literal '-7313112045928675463' overflows when stored into 'Int'
        XCTAssertEqual(hitchLorem.hashValue, -7313112045928675463)
                                             ^
/Users/admin/builder/spi-builder-workspace/Tests/HitchTests/HalfHitchTests.swift:105:50: error: integer literal '-7313112045928675463' overflows when stored into 'Int'
        XCTAssertEqual(halfhitchLorem.hashValue, -7313112045928675463)
                                                 ^
/Users/admin/builder/spi-builder-workspace/Tests/HitchTests/HalfHitchTests.swift:118:100: error: integer literal '3474349103086970501' overflows when stored into 'Int'
        XCTAssertEqual(HalfHitch(source: unaligned0, from: 0, to: 0 + unaligned0.count).hashValue, 3474349103086970501)
                                                                                                   ^
/Users/admin/builder/spi-builder-workspace/Tests/HitchTests/HalfHitchTests.swift:119:100: error: integer literal '3474349103086970501' overflows when stored into 'Int'
        XCTAssertEqual(HalfHitch(source: unaligned1, from: 1, to: 1 + unaligned0.count).hashValue, 3474349103086970501)
                                                                                                   ^
/Users/admin/builder/spi-builder-workspace/Tests/HitchTests/HalfHitchTests.swift:120:100: error: integer literal '3474349103086970501' overflows when stored into 'Int'
        XCTAssertEqual(HalfHitch(source: unaligned2, from: 2, to: 2 + unaligned0.count).hashValue, 3474349103086970501)
                                                                                                   ^
/Users/admin/builder/spi-builder-workspace/Tests/HitchTests/HalfHitchTests.swift:121:100: error: integer literal '3474349103086970501' overflows when stored into 'Int'
        XCTAssertEqual(HalfHitch(source: unaligned3, from: 3, to: 3 + unaligned0.count).hashValue, 3474349103086970501)
                                                                                                   ^
/Users/admin/builder/spi-builder-workspace/Tests/HitchTests/HalfHitchTests.swift:122:100: error: integer literal '3474349103086970501' overflows when stored into 'Int'
        XCTAssertEqual(HalfHitch(source: unaligned4, from: 4, to: 4 + unaligned0.count).hashValue, 3474349103086970501)
                                                                                                   ^
/Users/admin/builder/spi-builder-workspace/Tests/HitchTests/HalfHitchTests.swift:123:100: error: integer literal '3474349103086970501' overflows when stored into 'Int'
        XCTAssertEqual(HalfHitch(source: unaligned5, from: 5, to: 5 + unaligned0.count).hashValue, 3474349103086970501)
                                                                                                   ^
/Users/admin/builder/spi-builder-workspace/Tests/HitchTests/HalfHitchTests.swift:124:100: error: integer literal '3474349103086970501' overflows when stored into 'Int'
        XCTAssertEqual(HalfHitch(source: unaligned6, from: 6, to: 6 + unaligned0.count).hashValue, 3474349103086970501)
                                                                                                   ^
/Users/admin/builder/spi-builder-workspace/Tests/HitchTests/HalfHitchTests.swift:125:100: error: integer literal '3474349103086970501' overflows when stored into 'Int'
        XCTAssertEqual(HalfHitch(source: unaligned7, from: 7, to: 7 + unaligned0.count).hashValue, 3474349103086970501)
                                                                                                   ^
SwiftEmitModule normal armv7k Emitting\ module\ for\ HitchTests (in target 'HitchTests' from project 'Hitch')
EmitSwiftModule normal armv7k (in target 'HitchTests' from project 'Hitch')
    cd /Users/admin/builder/spi-builder-workspace/.swiftpm/xcode

SwiftCompile normal arm64_32 Compiling\ HitchFormatTests.swift /Users/admin/builder/spi-builder-workspace/Tests/HitchTests/HitchFormatTests.swift (in target 'HitchTests' from project 'Hitch')
SwiftCompile normal arm64_32 /Users/admin/builder/spi-builder-workspace/Tests/HitchTests/HitchFormatTests.swift (in target 'HitchTests' from project 'Hitch')
    cd /Users/admin/builder/spi-builder-workspace/.swiftpm/xcode

SwiftCompile normal armv7k Compiling\ HalfHitchTests.swift /Users/admin/builder/spi-builder-workspace/Tests/HitchTests/HalfHitchTests.swift (in target 'HitchTests' from project 'Hitch')
Failed frontend command:
/Applications/Xcode-26.3.0.app/Contents/Developer/Toolchains/XcodeDefault.xctoolchain/usr/bin/swift-frontend -frontend -c -primary-file /Users/admin/builder/spi-builder-workspace/Tests/HitchTests/HalfHitchTests.swift /Users/admin/builder/spi-builder-workspace/Tests/HitchTests/HitchFormatTests.swift /Users/admin/builder/spi-builder-workspace/Tests/HitchTests/HitchPerformanceTests.swift /Users/admin/builder/spi-builder-workspace/Tests/HitchTests/HitchTests.swift -emit-dependencies-path /Users/admin/builder/spi-builder-workspace/.derivedData/Build/Intermediates.noindex/Hitch.build/Debug-watchos/HitchTests.build/Objects-normal-asan/armv7k/HalfHitchTests.d -emit-const-values-path /Users/admin/builder/spi-builder-workspace/.derivedData/Build/Intermediates.noindex/Hitch.build/Debug-watchos/HitchTests.build/Objects-normal-asan/armv7k/HalfHitchTests.swiftconstvalues -emit-reference-dependencies-path /Users/admin/builder/spi-builder-workspace/.derivedData/Build/Intermediates.noindex/Hitch.build/Debug-watchos/HitchTests.build/Objects-normal-asan/armv7k/HalfHitchTests.swiftdeps -serialize-diagnostics-path /Users/admin/builder/spi-builder-workspace/.derivedData/Build/Intermediates.noindex/Hitch.build/Debug-watchos/HitchTests.build/Objects-normal-asan/armv7k/HalfHitchTests.dia -target armv7k-apple-watchos6.0 -load-resolved-plugin /Applications/Xcode-26.3.0.app/Contents/Developer/Platforms/WatchOS.platform/Developer/usr/lib/swift/host/plugins/libFoundationMacros.dylib\#/Applications/Xcode-26.3.0.app/Contents/Developer/Platforms/WatchOS.platform/Developer/usr/bin/swift-plugin-server\#FoundationMacros -load-resolved-plugin /Applications/Xcode-26.3.0.app/Contents/Developer/Platforms/WatchOS.platform/Developer/usr/lib/swift/host/plugins/libObservationMacros.dylib\#/Applications/Xcode-26.3.0.app/Contents/Developer/Platforms/WatchOS.platform/Developer/usr/bin/swift-plugin-server\#ObservationMacros -load-resolved-plugin /Applications/Xcode-26.3.0.app/Contents/Developer/Platforms/WatchOS.platform/Developer/usr/lib/swift/host/plugins/libSwiftMacros.dylib\#/Applications/Xcode-26.3.0.app/Contents/Developer/Platforms/WatchOS.platform/Developer/usr/bin/swift-plugin-server\#SwiftMacros -load-resolved-plugin /Applications/Xcode-26.3.0.app/Contents/Developer/Platforms/WatchOS.platform/Developer/usr/lib/swift/host/plugins/libSwiftUIMacros.dylib\#/Applications/Xcode-26.3.0.app/Contents/Developer/Platforms/WatchOS.platform/Developer/usr/bin/swift-plugin-server\#SwiftUIMacros -disable-implicit-swift-modules -Xcc -fno-implicit-modules -Xcc -fno-implicit-module-maps -explicit-swift-module-map-file /Users/admin/builder/spi-builder-workspace/.derivedData/Build/Intermediates.noindex/Hitch.build/Debug-watchos/HitchTests.build/Objects-normal-asan/armv7k/HitchTests-dependencies-2.json -enable-objc-interop -sdk /Applications/Xcode-26.3.0.app/Contents/Developer/Platforms/WatchOS.platform/Developer/SDKs/WatchOS26.2.sdk -I /Users/admin/builder/spi-builder-workspace/.derivedData/Build/Products/Debug-watchos -Isystem /Applications/Xcode-26.3.0.app/Contents/Developer/Platforms/WatchOS.platform/Developer/usr/lib -F /Users/admin/builder/spi-builder-workspace/.derivedData/Build/Products/Debug-watchos/PackageFrameworks -F /Users/admin/builder/spi-builder-workspace/.derivedData/Build/Products/Debug-watchos -F /Applications/Xcode-26.3.0.app/Contents/Developer/Platforms/WatchOS.platform/Developer/Library/Frameworks -F /Applications/Xcode-26.3.0.app/Contents/Developer/Platforms/WatchOS.platform/Developer/SDKs/WatchOS26.2.sdk/Developer/Library/Frameworks -no-color-diagnostics -Xcc -fno-color-diagnostics -enable-testing -g -debug-info-format\=dwarf -dwarf-version\=4 -module-cache-path /Users/admin/builder/spi-builder-workspace/.derivedData/Build/Intermediates.noindex/SwiftExplicitPrecompiledModules -sanitize\=address -swift-version 5 -enforce-exclusivity\=checked -Onone -D SWIFT_PACKAGE -D DEBUG -D Xcode -serialize-debugging-options -const-gather-protocols-file /Users/admin/builder/spi-builder-workspace/.derivedData/Build/Intermediates.noindex/Hitch.build/Debug-watchos/HitchTests.build/Objects-normal-asan/armv7k/HitchTests_const_extract_protocols.json -enable-experimental-feature DebugDescriptionMacro -empty-abi-descriptor -validate-clang-modules-once -clang-build-session-file /Users/admin/builder/spi-builder-workspace/.derivedData/ModuleCache.noindex/Session.modulevalidation -Xcc -working-directory -Xcc /Users/admin/builder/spi-builder-workspace/.swiftpm/xcode -enable-anonymous-context-mangled-names -file-compilation-dir /Users/admin/builder/spi-builder-workspace/.swiftpm/xcode -Xcc -D_LIBCPP_HARDENING_MODE\=_LIBCPP_HARDENING_MODE_DEBUG -Xcc -ivfsstatcache -Xcc /Users/admin/builder/spi-builder-workspace/.derivedData/SDKStatCaches.noindex/watchos26.2-23S303-dc75598d0054f22ec865fa860f139d721753b489057de6bda919edfa1c59a62b.sdkstatcache -Xcc -I/Users/admin/builder/spi-builder-workspace/.derivedData/Build/Products/Debug-watchos/include -Xcc -I/Users/admin/builder/spi-builder-workspace/.derivedData/Build/Intermediates.noindex/Hitch.build/Debug-watchos/HitchTests.build/DerivedSources-normal/armv7k -Xcc -I/Users/admin/builder/spi-builder-workspace/.derivedData/Build/Intermediates.noindex/Hitch.build/Debug-watchos/HitchTests.build/DerivedSources/armv7k -Xcc -I/Users/admin/builder/spi-builder-workspace/.derivedData/Build/Intermediates.noindex/Hitch.build/Debug-watchos/HitchTests.build/DerivedSources -Xcc -DSWIFT_PACKAGE -Xcc -DDEBUG\=1 -no-auto-bridging-header-chaining -module-name HitchTests -frontend-parseable-output -disable-clang-spi -target-sdk-version 26.2 -target-sdk-name watchos26.2 -clang-target armv7k-apple-watchos26.2 -in-process-plugin-server-path /Applications/Xcode-26.3.0.app/Contents/Developer/Toolchains/XcodeDefault.xctoolchain/usr/lib/swift/host/libSwiftInProcPluginServer.dylib -o /Users/admin/builder/spi-builder-workspace/.derivedData/Build/Intermediates.noindex/Hitch.build/Debug-watchos/HitchTests.build/Objects-normal-asan/armv7k/HalfHitchTests.o -index-unit-output-path /Hitch.build/Debug-watchos/HitchTests.build/Objects-normal-asan/armv7k/HalfHitchTests.o -index-store-path /Users/admin/builder/spi-builder-workspace/.derivedData/Index.noindex/DataStore -index-system-modules
SwiftCompile normal armv7k /Users/admin/builder/spi-builder-workspace/Tests/HitchTests/HalfHitchTests.swift (in target 'HitchTests' from project 'Hitch')
    cd /Users/admin/builder/spi-builder-workspace/.swiftpm/xcode

/Users/admin/builder/spi-builder-workspace/Tests/HitchTests/HalfHitchTests.swift:102:41: error: integer literal '210676686969' overflows when stored into 'Int'
        XCTAssertEqual(hello.hashValue, 210676686969)
                                        ^
/Users/admin/builder/spi-builder-workspace/Tests/HitchTests/HalfHitchTests.swift:104:46: error: integer literal '-7313112045928675463' overflows when stored into 'Int'
        XCTAssertEqual(hitchLorem.hashValue, -7313112045928675463)
                                             ^
/Users/admin/builder/spi-builder-workspace/Tests/HitchTests/HalfHitchTests.swift:105:50: error: integer literal '-7313112045928675463' overflows when stored into 'Int'
        XCTAssertEqual(halfhitchLorem.hashValue, -7313112045928675463)
                                                 ^
/Users/admin/builder/spi-builder-workspace/Tests/HitchTests/HalfHitchTests.swift:118:100: error: integer literal '3474349103086970501' overflows when stored into 'Int'
        XCTAssertEqual(HalfHitch(source: unaligned0, from: 0, to: 0 + unaligned0.count).hashValue, 3474349103086970501)
                                                                                                   ^
/Users/admin/builder/spi-builder-workspace/Tests/HitchTests/HalfHitchTests.swift:119:100: error: integer literal '3474349103086970501' overflows when stored into 'Int'
        XCTAssertEqual(HalfHitch(source: unaligned1, from: 1, to: 1 + unaligned0.count).hashValue, 3474349103086970501)
                                                                                                   ^
/Users/admin/builder/spi-builder-workspace/Tests/HitchTests/HalfHitchTests.swift:120:100: error: integer literal '3474349103086970501' overflows when stored into 'Int'
        XCTAssertEqual(HalfHitch(source: unaligned2, from: 2, to: 2 + unaligned0.count).hashValue, 3474349103086970501)
                                                                                                   ^
/Users/admin/builder/spi-builder-workspace/Tests/HitchTests/HalfHitchTests.swift:121:100: error: integer literal '3474349103086970501' overflows when stored into 'Int'
        XCTAssertEqual(HalfHitch(source: unaligned3, from: 3, to: 3 + unaligned0.count).hashValue, 3474349103086970501)
                                                                                                   ^
/Users/admin/builder/spi-builder-workspace/Tests/HitchTests/HalfHitchTests.swift:122:100: error: integer literal '3474349103086970501' overflows when stored into 'Int'
        XCTAssertEqual(HalfHitch(source: unaligned4, from: 4, to: 4 + unaligned0.count).hashValue, 3474349103086970501)
                                                                                                   ^
/Users/admin/builder/spi-builder-workspace/Tests/HitchTests/HalfHitchTests.swift:123:100: error: integer literal '3474349103086970501' overflows when stored into 'Int'
        XCTAssertEqual(HalfHitch(source: unaligned5, from: 5, to: 5 + unaligned0.count).hashValue, 3474349103086970501)
                                                                                                   ^
/Users/admin/builder/spi-builder-workspace/Tests/HitchTests/HalfHitchTests.swift:124:100: error: integer literal '3474349103086970501' overflows when stored into 'Int'
        XCTAssertEqual(HalfHitch(source: unaligned6, from: 6, to: 6 + unaligned0.count).hashValue, 3474349103086970501)
                                                                                                   ^
/Users/admin/builder/spi-builder-workspace/Tests/HitchTests/HalfHitchTests.swift:125:100: error: integer literal '3474349103086970501' overflows when stored into 'Int'
        XCTAssertEqual(HalfHitch(source: unaligned7, from: 7, to: 7 + unaligned0.count).hashValue, 3474349103086970501)
                                                                                                   ^
SwiftCompile normal arm64_32 Compiling\ HitchTests.swift /Users/admin/builder/spi-builder-workspace/Tests/HitchTests/HitchTests.swift (in target 'HitchTests' from project 'Hitch')
SwiftCompile normal arm64_32 /Users/admin/builder/spi-builder-workspace/Tests/HitchTests/HitchTests.swift (in target 'HitchTests' from project 'Hitch')
    cd /Users/admin/builder/spi-builder-workspace/.swiftpm/xcode

SwiftCompile normal arm64_32 Compiling\ HitchPerformanceTests.swift /Users/admin/builder/spi-builder-workspace/Tests/HitchTests/HitchPerformanceTests.swift (in target 'HitchTests' from project 'Hitch')
SwiftCompile normal arm64_32 /Users/admin/builder/spi-builder-workspace/Tests/HitchTests/HitchPerformanceTests.swift (in target 'HitchTests' from project 'Hitch')
    cd /Users/admin/builder/spi-builder-workspace/.swiftpm/xcode

SwiftEmitModule normal arm64_32 Emitting\ module\ for\ HitchTests (in target 'HitchTests' from project 'Hitch')
EmitSwiftModule normal arm64_32 (in target 'HitchTests' from project 'Hitch')
    cd /Users/admin/builder/spi-builder-workspace/.swiftpm/xcode

SwiftEmitModule normal arm64 Emitting\ module\ for\ HitchTests (in target 'HitchTests' from project 'Hitch')
EmitSwiftModule normal arm64 (in target 'HitchTests' from project 'Hitch')
    cd /Users/admin/builder/spi-builder-workspace/.swiftpm/xcode

SwiftCompile normal arm64 Compiling\ HitchTests.swift /Users/admin/builder/spi-builder-workspace/Tests/HitchTests/HitchTests.swift (in target 'HitchTests' from project 'Hitch')
SwiftCompile normal arm64 /Users/admin/builder/spi-builder-workspace/Tests/HitchTests/HitchTests.swift (in target 'HitchTests' from project 'Hitch')
    cd /Users/admin/builder/spi-builder-workspace/.swiftpm/xcode

SwiftCompile normal arm64 Compiling\ HitchFormatTests.swift /Users/admin/builder/spi-builder-workspace/Tests/HitchTests/HitchFormatTests.swift (in target 'HitchTests' from project 'Hitch')
SwiftCompile normal arm64 /Users/admin/builder/spi-builder-workspace/Tests/HitchTests/HitchFormatTests.swift (in target 'HitchTests' from project 'Hitch')
    cd /Users/admin/builder/spi-builder-workspace/.swiftpm/xcode

SwiftDriverJobDiscovery normal armv7k Compiling HitchFormatTests.swift (in target 'HitchTests' from project 'Hitch')
SwiftCompile normal arm64 Compiling\ HitchPerformanceTests.swift /Users/admin/builder/spi-builder-workspace/Tests/HitchTests/HitchPerformanceTests.swift (in target 'HitchTests' from project 'Hitch')
SwiftCompile normal arm64 /Users/admin/builder/spi-builder-workspace/Tests/HitchTests/HitchPerformanceTests.swift (in target 'HitchTests' from project 'Hitch')
    cd /Users/admin/builder/spi-builder-workspace/.swiftpm/xcode

SwiftCompile normal arm64 Compiling\ HalfHitchTests.swift /Users/admin/builder/spi-builder-workspace/Tests/HitchTests/HalfHitchTests.swift (in target 'HitchTests' from project 'Hitch')
SwiftCompile normal arm64 /Users/admin/builder/spi-builder-workspace/Tests/HitchTests/HalfHitchTests.swift (in target 'HitchTests' from project 'Hitch')
    cd /Users/admin/builder/spi-builder-workspace/.swiftpm/xcode

SwiftDriverJobDiscovery normal arm64_32 Compiling HitchFormatTests.swift (in target 'HitchTests' from project 'Hitch')
2026-09-15 08:10:31.790 xcodebuild[897:5294] [MT] IDERunDestination: Supported platforms for the buildables in the current scheme is empty.
2026-09-15 08:10:31.957 xcodebuild[897:5294] [MT] IDERunDestination: Supported platforms for the buildables in the current scheme is empty.
** BUILD FAILED **
The following build commands failed:
	SwiftCompile normal arm64_32 /Users/admin/builder/spi-builder-workspace/Tests/HitchTests/HalfHitchTests.swift (in target 'HitchTests' from project 'Hitch')
	SwiftCompile normal armv7k Compiling\ HalfHitchTests.swift /Users/admin/builder/spi-builder-workspace/Tests/HitchTests/HalfHitchTests.swift (in target 'HitchTests' from project 'Hitch')
	SwiftCompile normal armv7k /Users/admin/builder/spi-builder-workspace/Tests/HitchTests/HalfHitchTests.swift (in target 'HitchTests' from project 'Hitch')
	Building workspace spi-builder-workspace with scheme Hitch
(4 failures)
BUILD FAILURE 6.2 watchOS