The Swift Package Index logo.Swift Package Index

Build Information

Failed to build VouchCore, reference main (b794be), with Swift 6.1 for macOS (Xcode) using Xcode 16.3 on 16 Jul 2026 08:09:16 UTC.

Build Command

env DEVELOPER_DIR=/Applications/Xcode-16.3.0.app xcrun xcodebuild -IDEClonedSourcePackagesDirPathOverride=$PWD/.dependencies -skipMacroValidation -skipPackagePluginValidation -derivedDataPath $PWD/.derivedData build -scheme VouchCore -destination platform=macOS,arch=arm64

Build Log

========================================
RunAll
========================================
Builder version: undefined version: run 'make version' to update
Interrupt handler set up.
========================================
Checkout
========================================
Clone URL: https://github.com/vouch-protocol/vouch-swift.git
Reference: main
Initialized empty Git repository in /Users/admin/builder/spi-builder-workspace/.git/
From https://github.com/vouch-protocol/vouch-swift
 * branch            main       -> FETCH_HEAD
 * [new branch]      main       -> origin/main
HEAD is now at b794bed Sync with vouch-protocol v2.0.0: rename credential API to sign/verify
Cloned https://github.com/vouch-protocol/vouch-swift.git
Revision (git rev-parse @):
b794bed7daf6f18a2fd101c5623c825c9c25773d
SUCCESS checkout https://github.com/vouch-protocol/vouch-swift.git at main
========================================
Build
========================================
Selected platform:         macosXcodebuild
Swift version:             6.1
Building package at path:  $PWD
https://github.com/vouch-protocol/vouch-swift.git
https://github.com/vouch-protocol/vouch-swift.git
{
  "dependencies" : [
  ],
  "manifest_display_name" : "VouchCore",
  "name" : "VouchCore",
  "path" : "/Users/admin/builder/spi-builder-workspace",
  "platforms" : [
    {
      "name" : "ios",
      "version" : "13.0"
    },
    {
      "name" : "macos",
      "version" : "12.0"
    }
  ],
  "products" : [
    {
      "name" : "VouchCore",
      "targets" : [
        "VouchCore"
      ],
      "type" : {
        "library" : [
          "automatic"
        ]
      }
    }
  ],
  "targets" : [
    {
      "c99name" : "vouch_coreFFI",
      "module_type" : "BinaryTarget",
      "name" : "vouch_coreFFI",
      "path" : "remote/archive/vouch_coreFFI.xcframework.zip",
      "product_memberships" : [
        "VouchCore"
      ],
      "sources" : [
      ],
      "type" : "binary"
    },
    {
      "c99name" : "VouchCoreTests",
      "module_type" : "SwiftTarget",
      "name" : "VouchCoreTests",
      "path" : "Tests/VouchCoreTests",
      "sources" : [
        "VouchAgentTests.swift",
        "VouchCoreTests.swift",
        "VouchRoboticsTests.swift"
      ],
      "target_dependencies" : [
        "VouchCore"
      ],
      "type" : "test"
    },
    {
      "c99name" : "VouchCore",
      "module_type" : "SwiftTarget",
      "name" : "VouchCore",
      "path" : "Sources/VouchCore",
      "product_memberships" : [
        "VouchCore"
      ],
      "sources" : [
        "Vouch.swift",
        "VouchAgent.swift",
        "VouchRobotics.swift",
        "vouch_core.swift"
      ],
      "target_dependencies" : [
        "vouch_coreFFI"
      ],
      "type" : "library"
    }
  ],
  "tools_version" : "5.7"
}
Command line invocation:
    /Applications/Xcode-16.3.0.app/Contents/Developer/usr/bin/xcodebuild -IDEClonedSourcePackagesDirPathOverride=/Users/admin/builder/spi-builder-workspace/.dependencies -resolvePackageDependencies
Resolve Package Graph
Resolve Package Graph
Resolved source packages:
  VouchCore: /Users/admin/builder/spi-builder-workspace
resolved source packages: VouchCore
{
  "dependencies" : [
  ],
  "manifest_display_name" : "VouchCore",
  "name" : "VouchCore",
  "path" : "/Users/admin/builder/spi-builder-workspace",
  "platforms" : [
    {
      "name" : "ios",
      "version" : "13.0"
    },
    {
      "name" : "macos",
      "version" : "12.0"
    }
  ],
  "products" : [
    {
      "name" : "VouchCore",
      "targets" : [
        "VouchCore"
      ],
      "type" : {
        "library" : [
          "automatic"
        ]
      }
    }
  ],
  "targets" : [
    {
      "c99name" : "vouch_coreFFI",
      "module_type" : "BinaryTarget",
      "name" : "vouch_coreFFI",
      "path" : "remote/archive/vouch_coreFFI.xcframework.zip",
      "product_memberships" : [
        "VouchCore"
      ],
      "sources" : [
      ],
      "type" : "binary"
    },
    {
      "c99name" : "VouchCoreTests",
      "module_type" : "SwiftTarget",
      "name" : "VouchCoreTests",
      "path" : "Tests/VouchCoreTests",
      "sources" : [
        "VouchAgentTests.swift",
        "VouchCoreTests.swift",
        "VouchRoboticsTests.swift"
      ],
      "target_dependencies" : [
        "VouchCore"
      ],
      "type" : "test"
    },
    {
      "c99name" : "VouchCore",
      "module_type" : "SwiftTarget",
      "name" : "VouchCore",
      "path" : "Sources/VouchCore",
      "product_memberships" : [
        "VouchCore"
      ],
      "sources" : [
        "Vouch.swift",
        "VouchAgent.swift",
        "VouchRobotics.swift",
        "vouch_core.swift"
      ],
      "target_dependencies" : [
        "vouch_coreFFI"
      ],
      "type" : "library"
    }
  ],
  "tools_version" : "5.7"
}
{
  "workspace" : {
    "name" : "spi-builder-workspace",
    "schemes" : [
      "VouchCore"
    ]
  }
}
Running build ...
env DEVELOPER_DIR=/Applications/Xcode-16.3.0.app xcrun xcodebuild -IDEClonedSourcePackagesDirPathOverride=$PWD/.dependencies -skipMacroValidation -skipPackagePluginValidation -derivedDataPath $PWD/.derivedData build -scheme VouchCore -destination platform=macOS,arch=arm64 OTHER_SWIFT_FLAGS=-stats-output-dir .stats -strict-concurrency=complete -enable-upcoming-feature StrictConcurrency -enable-upcoming-feature DisableOutwardActorInference -enable-upcoming-feature GlobalActorIsolatedTypesUsability -enable-upcoming-feature InferSendableFromCaptures
Command line invocation:
    /Applications/Xcode-16.3.0.app/Contents/Developer/usr/bin/xcodebuild -IDEClonedSourcePackagesDirPathOverride=/Users/admin/builder/spi-builder-workspace/.dependencies -skipMacroValidation -skipPackagePluginValidation -derivedDataPath /Users/admin/builder/spi-builder-workspace/.derivedData build -scheme VouchCore -destination platform=macOS,arch=arm64 "OTHER_SWIFT_FLAGS=-stats-output-dir .stats -strict-concurrency=complete -enable-upcoming-feature StrictConcurrency -enable-upcoming-feature DisableOutwardActorInference -enable-upcoming-feature GlobalActorIsolatedTypesUsability -enable-upcoming-feature InferSendableFromCaptures"
Build settings from command line:
    OTHER_SWIFT_FLAGS = -stats-output-dir .stats -strict-concurrency=complete -enable-upcoming-feature StrictConcurrency -enable-upcoming-feature DisableOutwardActorInference -enable-upcoming-feature GlobalActorIsolatedTypesUsability -enable-upcoming-feature InferSendableFromCaptures
Resolve Package Graph
Resolved source packages:
  VouchCore: /Users/admin/builder/spi-builder-workspace
ComputePackagePrebuildTargetDependencyGraph
Prepare packages
CreateBuildRequest
SendProjectDescription
CreateBuildOperation
ComputeTargetDependencyGraph
note: Building targets in dependency order
note: Target dependency graph (2 targets)
    Target 'VouchCore' in project 'VouchCore'
        ➜ Explicit dependency on target 'VouchCore' in project 'VouchCore'
    Target 'VouchCore' in project 'VouchCore' (no dependencies)
GatherProvisioningInputs
CreateBuildDescription
ExecuteExternalTool /Applications/Xcode-16.3.0.app/Contents/Developer/Toolchains/XcodeDefault.xctoolchain/usr/bin/clang -v -E -dM -isysroot /Applications/Xcode-16.3.0.app/Contents/Developer/Platforms/MacOSX.platform/Developer/SDKs/MacOSX15.4.sdk -x c -c /dev/null
ExecuteExternalTool /Applications/Xcode-16.3.0.app/Contents/Developer/Toolchains/XcodeDefault.xctoolchain/usr/bin/swiftc --version
ExecuteExternalTool /Applications/Xcode-16.3.0.app/Contents/Developer/Toolchains/XcodeDefault.xctoolchain/usr/bin/ld -version_details
Build description signature: 604af6ed024a1d95c1fff8dbcec92c3a
Build description path: /Users/admin/builder/spi-builder-workspace/.derivedData/Build/Intermediates.noindex/XCBuildData/604af6ed024a1d95c1fff8dbcec92c3a.xcbuilddata
CreateBuildDirectory /Users/admin/builder/spi-builder-workspace/.derivedData/Build/Intermediates.noindex
    cd /Users/admin/builder/spi-builder-workspace/.swiftpm/xcode
    builtin-create-build-directory /Users/admin/builder/spi-builder-workspace/.derivedData/Build/Intermediates.noindex
ClangStatCache /Applications/Xcode-16.3.0.app/Contents/Developer/Toolchains/XcodeDefault.xctoolchain/usr/bin/clang-stat-cache /Applications/Xcode-16.3.0.app/Contents/Developer/Platforms/MacOSX.platform/Developer/SDKs/MacOSX15.4.sdk /Users/admin/builder/spi-builder-workspace/.derivedData/SDKStatCaches.noindex/macosx15.4-24E241-8287b8f5db97e746a1562fbca0c9d29b.sdkstatcache
    cd /Users/admin/builder/spi-builder-workspace/.swiftpm/xcode
    /Applications/Xcode-16.3.0.app/Contents/Developer/Toolchains/XcodeDefault.xctoolchain/usr/bin/clang-stat-cache /Applications/Xcode-16.3.0.app/Contents/Developer/Platforms/MacOSX.platform/Developer/SDKs/MacOSX15.4.sdk -o /Users/admin/builder/spi-builder-workspace/.derivedData/SDKStatCaches.noindex/macosx15.4-24E241-8287b8f5db97e746a1562fbca0c9d29b.sdkstatcache
CreateBuildDirectory /Users/admin/builder/spi-builder-workspace/.derivedData/Build/Products
    cd /Users/admin/builder/spi-builder-workspace/.swiftpm/xcode
    builtin-create-build-directory /Users/admin/builder/spi-builder-workspace/.derivedData/Build/Products
CreateBuildDirectory /Users/admin/builder/spi-builder-workspace/.derivedData/Build/Intermediates.noindex/EagerLinkingTBDs/Debug
    cd /Users/admin/builder/spi-builder-workspace/.swiftpm/xcode
    builtin-create-build-directory /Users/admin/builder/spi-builder-workspace/.derivedData/Build/Intermediates.noindex/EagerLinkingTBDs/Debug
CreateBuildDirectory /Users/admin/builder/spi-builder-workspace/.derivedData/Build/Products/Debug
    cd /Users/admin/builder/spi-builder-workspace/.swiftpm/xcode
    builtin-create-build-directory /Users/admin/builder/spi-builder-workspace/.derivedData/Build/Products/Debug
CreateBuildDirectory /Users/admin/builder/spi-builder-workspace/.derivedData/Build/Products/Debug/PackageFrameworks
    cd /Users/admin/builder/spi-builder-workspace/.swiftpm/xcode
    builtin-create-build-directory /Users/admin/builder/spi-builder-workspace/.derivedData/Build/Products/Debug/PackageFrameworks
ProcessXCFramework /Users/admin/builder/spi-builder-workspace/.dependencies/artifacts/spi-builder-workspace/vouch_coreFFI/vouch_coreFFI.xcframework /Users/admin/builder/spi-builder-workspace/.derivedData/Build/Products/Debug/libvouch_core_uniffi.a macos
    cd /Users/admin/builder/spi-builder-workspace/.swiftpm/xcode
    builtin-process-xcframework --xcframework /Users/admin/builder/spi-builder-workspace/.dependencies/artifacts/spi-builder-workspace/vouch_coreFFI/vouch_coreFFI.xcframework --platform macos --target-path /Users/admin/builder/spi-builder-workspace/.derivedData/Build/Products/Debug
WriteAuxiliaryFile /Users/admin/builder/spi-builder-workspace/.derivedData/Build/Intermediates.noindex/VouchCore.build/Debug/VouchCore.build/VouchCore.DependencyStaticMetadataFileList (in target 'VouchCore' from project 'VouchCore')
    cd /Users/admin/builder/spi-builder-workspace
    write-file /Users/admin/builder/spi-builder-workspace/.derivedData/Build/Intermediates.noindex/VouchCore.build/Debug/VouchCore.build/VouchCore.DependencyStaticMetadataFileList
WriteAuxiliaryFile /Users/admin/builder/spi-builder-workspace/.derivedData/Build/Intermediates.noindex/VouchCore.build/Debug/VouchCore.build/VouchCore.modulemap (in target 'VouchCore' from project 'VouchCore')
    cd /Users/admin/builder/spi-builder-workspace
    write-file /Users/admin/builder/spi-builder-workspace/.derivedData/Build/Intermediates.noindex/VouchCore.build/Debug/VouchCore.build/VouchCore.modulemap
WriteAuxiliaryFile /Users/admin/builder/spi-builder-workspace/.derivedData/Build/Intermediates.noindex/VouchCore.build/Debug/VouchCore.build/VouchCore.DependencyMetadataFileList (in target 'VouchCore' from project 'VouchCore')
    cd /Users/admin/builder/spi-builder-workspace
    write-file /Users/admin/builder/spi-builder-workspace/.derivedData/Build/Intermediates.noindex/VouchCore.build/Debug/VouchCore.build/VouchCore.DependencyMetadataFileList
WriteAuxiliaryFile /Users/admin/builder/spi-builder-workspace/.derivedData/Build/Intermediates.noindex/VouchCore.build/Debug/VouchCore.build/Objects-normal/arm64/VouchCore_const_extract_protocols.json (in target 'VouchCore' from project 'VouchCore')
    cd /Users/admin/builder/spi-builder-workspace
    write-file /Users/admin/builder/spi-builder-workspace/.derivedData/Build/Intermediates.noindex/VouchCore.build/Debug/VouchCore.build/Objects-normal/arm64/VouchCore_const_extract_protocols.json
WriteAuxiliaryFile /Users/admin/builder/spi-builder-workspace/.derivedData/Build/Intermediates.noindex/VouchCore.build/Debug/VouchCore.build/Objects-normal/arm64/VouchCore.LinkFileList (in target 'VouchCore' from project 'VouchCore')
    cd /Users/admin/builder/spi-builder-workspace
    write-file /Users/admin/builder/spi-builder-workspace/.derivedData/Build/Intermediates.noindex/VouchCore.build/Debug/VouchCore.build/Objects-normal/arm64/VouchCore.LinkFileList
WriteAuxiliaryFile /Users/admin/builder/spi-builder-workspace/.derivedData/Build/Intermediates.noindex/VouchCore.build/Debug/VouchCore.build/Objects-normal/arm64/VouchCore.SwiftConstValuesFileList (in target 'VouchCore' from project 'VouchCore')
    cd /Users/admin/builder/spi-builder-workspace
    write-file /Users/admin/builder/spi-builder-workspace/.derivedData/Build/Intermediates.noindex/VouchCore.build/Debug/VouchCore.build/Objects-normal/arm64/VouchCore.SwiftConstValuesFileList
WriteAuxiliaryFile /Users/admin/builder/spi-builder-workspace/.derivedData/Build/Intermediates.noindex/VouchCore.build/Debug/VouchCore.build/Objects-normal/arm64/VouchCore.SwiftFileList (in target 'VouchCore' from project 'VouchCore')
    cd /Users/admin/builder/spi-builder-workspace
    write-file /Users/admin/builder/spi-builder-workspace/.derivedData/Build/Intermediates.noindex/VouchCore.build/Debug/VouchCore.build/Objects-normal/arm64/VouchCore.SwiftFileList
WriteAuxiliaryFile /Users/admin/builder/spi-builder-workspace/.derivedData/Build/Intermediates.noindex/VouchCore.build/Debug/VouchCore.build/Objects-normal/arm64/VouchCore-OutputFileMap.json (in target 'VouchCore' from project 'VouchCore')
    cd /Users/admin/builder/spi-builder-workspace
    write-file /Users/admin/builder/spi-builder-workspace/.derivedData/Build/Intermediates.noindex/VouchCore.build/Debug/VouchCore.build/Objects-normal/arm64/VouchCore-OutputFileMap.json
Copy /Users/admin/builder/spi-builder-workspace/.derivedData/Build/Intermediates.noindex/GeneratedModuleMaps/VouchCore.modulemap /Users/admin/builder/spi-builder-workspace/.derivedData/Build/Intermediates.noindex/VouchCore.build/Debug/VouchCore.build/VouchCore.modulemap (in target 'VouchCore' from project 'VouchCore')
    cd /Users/admin/builder/spi-builder-workspace
    builtin-copy -exclude .DS_Store -exclude CVS -exclude .svn -exclude .git -exclude .hg -resolve-src-symlinks /Users/admin/builder/spi-builder-workspace/.derivedData/Build/Intermediates.noindex/VouchCore.build/Debug/VouchCore.build/VouchCore.modulemap /Users/admin/builder/spi-builder-workspace/.derivedData/Build/Intermediates.noindex/GeneratedModuleMaps
SwiftDriver VouchCore normal arm64 com.apple.xcode.tools.swift.compiler (in target 'VouchCore' from project 'VouchCore')
    cd /Users/admin/builder/spi-builder-workspace/.swiftpm/xcode
    builtin-SwiftDriver -- /Applications/Xcode-16.3.0.app/Contents/Developer/Toolchains/XcodeDefault.xctoolchain/usr/bin/swiftc -module-name VouchCore -Onone -enforce-exclusivity\=checked @/Users/admin/builder/spi-builder-workspace/.derivedData/Build/Intermediates.noindex/VouchCore.build/Debug/VouchCore.build/Objects-normal/arm64/VouchCore.SwiftFileList -DSWIFT_PACKAGE -DDEBUG -stats-output-dir .stats -strict-concurrency\=complete -enable-upcoming-feature StrictConcurrency -enable-upcoming-feature DisableOutwardActorInference -enable-upcoming-feature GlobalActorIsolatedTypesUsability -enable-upcoming-feature InferSendableFromCaptures -plugin-path /Applications/Xcode-16.3.0.app/Contents/Developer/Toolchains/XcodeDefault.xctoolchain/usr/lib/swift/host/plugins/testing -enable-experimental-feature DebugDescriptionMacro -sdk /Applications/Xcode-16.3.0.app/Contents/Developer/Platforms/MacOSX.platform/Developer/SDKs/MacOSX15.4.sdk -target arm64-apple-macos12.0 -g -module-cache-path /Users/admin/builder/spi-builder-workspace/.derivedData/ModuleCache.noindex -Xfrontend -serialize-debugging-options -profile-coverage-mapping -profile-generate -enable-testing -index-store-path /Users/admin/builder/spi-builder-workspace/.derivedData/Index.noindex/DataStore -swift-version 5 -I /Users/admin/builder/spi-builder-workspace/.derivedData/Build/Products/Debug -I /Applications/Xcode-16.3.0.app/Contents/Developer/Platforms/MacOSX.platform/Developer/usr/lib -F /Users/admin/builder/spi-builder-workspace/.derivedData/Build/Products/Debug -F /Applications/Xcode-16.3.0.app/Contents/Developer/Platforms/MacOSX.platform/Developer/Library/Frameworks -c -j10 -enable-batch-mode -incremental -Xcc -ivfsstatcache -Xcc /Users/admin/builder/spi-builder-workspace/.derivedData/SDKStatCaches.noindex/macosx15.4-24E241-8287b8f5db97e746a1562fbca0c9d29b.sdkstatcache -output-file-map /Users/admin/builder/spi-builder-workspace/.derivedData/Build/Intermediates.noindex/VouchCore.build/Debug/VouchCore.build/Objects-normal/arm64/VouchCore-OutputFileMap.json -use-frontend-parseable-output -save-temps -no-color-diagnostics -serialize-diagnostics -emit-dependencies -emit-module -emit-module-path /Users/admin/builder/spi-builder-workspace/.derivedData/Build/Intermediates.noindex/VouchCore.build/Debug/VouchCore.build/Objects-normal/arm64/VouchCore.swiftmodule -validate-clang-modules-once -clang-build-session-file /Users/admin/builder/spi-builder-workspace/.derivedData/ModuleCache.noindex/Session.modulevalidation -Xcc -I/Users/admin/builder/spi-builder-workspace/.derivedData/Build/Intermediates.noindex/VouchCore.build/Debug/VouchCore.build/swift-overrides.hmap -emit-const-values -Xfrontend -const-gather-protocols-file -Xfrontend /Users/admin/builder/spi-builder-workspace/.derivedData/Build/Intermediates.noindex/VouchCore.build/Debug/VouchCore.build/Objects-normal/arm64/VouchCore_const_extract_protocols.json -Xcc -I/Users/admin/builder/spi-builder-workspace/.derivedData/Build/Products/Debug/include -Xcc -I/Users/admin/builder/spi-builder-workspace/.derivedData/Build/Intermediates.noindex/VouchCore.build/Debug/VouchCore.build/DerivedSources-normal/arm64 -Xcc -I/Users/admin/builder/spi-builder-workspace/.derivedData/Build/Intermediates.noindex/VouchCore.build/Debug/VouchCore.build/DerivedSources/arm64 -Xcc -I/Users/admin/builder/spi-builder-workspace/.derivedData/Build/Intermediates.noindex/VouchCore.build/Debug/VouchCore.build/DerivedSources -Xcc -DSWIFT_PACKAGE -Xcc -DDEBUG\=1 -emit-objc-header -emit-objc-header-path /Users/admin/builder/spi-builder-workspace/.derivedData/Build/Intermediates.noindex/VouchCore.build/Debug/VouchCore.build/Objects-normal/arm64/VouchCore-Swift.h -working-directory /Users/admin/builder/spi-builder-workspace/.swiftpm/xcode -experimental-emit-module-separately -disable-cmo
SwiftCompile normal arm64 Compiling\ VouchAgent.swift /Users/admin/builder/spi-builder-workspace/Sources/VouchCore/VouchAgent.swift (in target 'VouchCore' from project 'VouchCore')
SwiftCompile normal arm64 /Users/admin/builder/spi-builder-workspace/Sources/VouchCore/VouchAgent.swift (in target 'VouchCore' from project 'VouchCore')
    cd /Users/admin/builder/spi-builder-workspace/.swiftpm/xcode

SwiftEmitModule normal arm64 Emitting\ module\ for\ VouchCore (in target 'VouchCore' from project 'VouchCore')
Failed frontend command:
/Applications/Xcode-16.3.0.app/Contents/Developer/Toolchains/XcodeDefault.xctoolchain/usr/bin/swift-frontend -frontend -emit-module -experimental-skip-non-inlinable-function-bodies-without-types /Users/admin/builder/spi-builder-workspace/Sources/VouchCore/Vouch.swift /Users/admin/builder/spi-builder-workspace/Sources/VouchCore/VouchAgent.swift /Users/admin/builder/spi-builder-workspace/Sources/VouchCore/VouchRobotics.swift /Users/admin/builder/spi-builder-workspace/Sources/VouchCore/vouch_core.swift -target arm64-apple-macos12.0 -Xllvm -aarch64-use-tbi -enable-objc-interop -stack-check -sdk /Applications/Xcode-16.3.0.app/Contents/Developer/Platforms/MacOSX.platform/Developer/SDKs/MacOSX15.4.sdk -I /Users/admin/builder/spi-builder-workspace/.derivedData/Build/Products/Debug -I /Applications/Xcode-16.3.0.app/Contents/Developer/Platforms/MacOSX.platform/Developer/usr/lib -F /Users/admin/builder/spi-builder-workspace/.derivedData/Build/Products/Debug -F /Applications/Xcode-16.3.0.app/Contents/Developer/Platforms/MacOSX.platform/Developer/Library/Frameworks -no-color-diagnostics -enable-testing -g -debug-info-format\=dwarf -dwarf-version\=4 -module-cache-path /Users/admin/builder/spi-builder-workspace/.derivedData/ModuleCache.noindex -profile-generate -profile-coverage-mapping -swift-version 5 -enforce-exclusivity\=checked -stats-output-dir /Users/admin/builder/spi-builder-workspace/.swiftpm/xcode/.stats -Onone -D SWIFT_PACKAGE -D DEBUG -serialize-debugging-options -const-gather-protocols-file /Users/admin/builder/spi-builder-workspace/.derivedData/Build/Intermediates.noindex/VouchCore.build/Debug/VouchCore.build/Objects-normal/arm64/VouchCore_const_extract_protocols.json -enable-upcoming-feature StrictConcurrency -enable-upcoming-feature DisableOutwardActorInference -enable-upcoming-feature GlobalActorIsolatedTypesUsability -enable-upcoming-feature InferSendableFromCaptures -enable-experimental-feature DebugDescriptionMacro -strict-concurrency\=complete -empty-abi-descriptor -plugin-path /Applications/Xcode-16.3.0.app/Contents/Developer/Toolchains/XcodeDefault.xctoolchain/usr/lib/swift/host/plugins/testing -validate-clang-modules-once -clang-build-session-file /Users/admin/builder/spi-builder-workspace/.derivedData/ModuleCache.noindex/Session.modulevalidation -Xcc -working-directory -Xcc /Users/admin/builder/spi-builder-workspace/.swiftpm/xcode -resource-dir /Applications/Xcode-16.3.0.app/Contents/Developer/Toolchains/XcodeDefault.xctoolchain/usr/lib/swift -enable-anonymous-context-mangled-names -file-compilation-dir /Users/admin/builder/spi-builder-workspace/.swiftpm/xcode -Xcc -ivfsstatcache -Xcc /Users/admin/builder/spi-builder-workspace/.derivedData/SDKStatCaches.noindex/macosx15.4-24E241-8287b8f5db97e746a1562fbca0c9d29b.sdkstatcache -Xcc -I/Users/admin/builder/spi-builder-workspace/.derivedData/Build/Intermediates.noindex/VouchCore.build/Debug/VouchCore.build/swift-overrides.hmap -Xcc -I/Users/admin/builder/spi-builder-workspace/.derivedData/Build/Products/Debug/include -Xcc -I/Users/admin/builder/spi-builder-workspace/.derivedData/Build/Intermediates.noindex/VouchCore.build/Debug/VouchCore.build/DerivedSources-normal/arm64 -Xcc -I/Users/admin/builder/spi-builder-workspace/.derivedData/Build/Intermediates.noindex/VouchCore.build/Debug/VouchCore.build/DerivedSources/arm64 -Xcc -I/Users/admin/builder/spi-builder-workspace/.derivedData/Build/Intermediates.noindex/VouchCore.build/Debug/VouchCore.build/DerivedSources -Xcc -DSWIFT_PACKAGE -Xcc -DDEBUG\=1 -module-name VouchCore -frontend-parseable-output -disable-clang-spi -target-sdk-version 15.4 -target-sdk-name macosx15.4 -external-plugin-path /Applications/Xcode-16.3.0.app/Contents/Developer/Platforms/MacOSX.platform/Developer/usr/lib/swift/host/plugins\#/Applications/Xcode-16.3.0.app/Contents/Developer/Platforms/MacOSX.platform/Developer/usr/bin/swift-plugin-server -external-plugin-path /Applications/Xcode-16.3.0.app/Contents/Developer/Platforms/MacOSX.platform/Developer/usr/local/lib/swift/host/plugins\#/Applications/Xcode-16.3.0.app/Contents/Developer/Platforms/MacOSX.platform/Developer/usr/bin/swift-plugin-server -in-process-plugin-server-path /Applications/Xcode-16.3.0.app/Contents/Developer/Toolchains/XcodeDefault.xctoolchain/usr/lib/swift/host/libSwiftInProcPluginServer.dylib -plugin-path /Applications/Xcode-16.3.0.app/Contents/Developer/Toolchains/XcodeDefault.xctoolchain/usr/lib/swift/host/plugins -plugin-path /Applications/Xcode-16.3.0.app/Contents/Developer/Toolchains/XcodeDefault.xctoolchain/usr/local/lib/swift/host/plugins -emit-module-doc-path /Users/admin/builder/spi-builder-workspace/.derivedData/Build/Intermediates.noindex/VouchCore.build/Debug/VouchCore.build/Objects-normal/arm64/VouchCore.swiftdoc -emit-module-source-info-path /Users/admin/builder/spi-builder-workspace/.derivedData/Build/Intermediates.noindex/VouchCore.build/Debug/VouchCore.build/Objects-normal/arm64/VouchCore.swiftsourceinfo -emit-objc-header-path /Users/admin/builder/spi-builder-workspace/.derivedData/Build/Intermediates.noindex/VouchCore.build/Debug/VouchCore.build/Objects-normal/arm64/VouchCore-Swift.h -serialize-diagnostics-path /Users/admin/builder/spi-builder-workspace/.derivedData/Build/Intermediates.noindex/VouchCore.build/Debug/VouchCore.build/Objects-normal/arm64/VouchCore-master-emit-module.dia -emit-dependencies-path /Users/admin/builder/spi-builder-workspace/.derivedData/Build/Intermediates.noindex/VouchCore.build/Debug/VouchCore.build/Objects-normal/arm64/VouchCore-master-emit-module.d -o /Users/admin/builder/spi-builder-workspace/.derivedData/Build/Intermediates.noindex/VouchCore.build/Debug/VouchCore.build/Objects-normal/arm64/VouchCore.swiftmodule -emit-abi-descriptor-path /Users/admin/builder/spi-builder-workspace/.derivedData/Build/Intermediates.noindex/VouchCore.build/Debug/VouchCore.build/Objects-normal/arm64/VouchCore.abi.json
EmitSwiftModule normal arm64 (in target 'VouchCore' from project 'VouchCore')
    cd /Users/admin/builder/spi-builder-workspace/.swiftpm/xcode

/Users/admin/builder/spi-builder-workspace/Sources/VouchCore/vouch_core.swift:1653:13: warning: var 'initializationResult' is not concurrency-safe because it is nonisolated global shared mutable state; this is an error in the Swift 6 language mode
private var initializationResult: InitializationResult = {
            ^
/Users/admin/builder/spi-builder-workspace/Sources/VouchCore/vouch_core.swift:1653:13: note: convert 'initializationResult' to a 'let' constant to make 'Sendable' shared state immutable
private var initializationResult: InitializationResult = {
        ~~~ ^
        let
/Users/admin/builder/spi-builder-workspace/Sources/VouchCore/vouch_core.swift:1653:13: note: add '@MainActor' to make var 'initializationResult' part of global actor 'MainActor'
private var initializationResult: InitializationResult = {
            ^
@MainActor
/Users/admin/builder/spi-builder-workspace/Sources/VouchCore/vouch_core.swift:1653:13: note: disable concurrency-safety checks if accesses are protected by an external synchronization mechanism
private var initializationResult: InitializationResult = {
            ^
nonisolated(unsafe)
/Users/admin/builder/spi-builder-workspace/Sources/VouchCore/vouch_core.swift:1700:9: error: cannot find 'uniffi_vouch_core_uniffi_checksum_func_robotics_attach_status' in scope
    if (uniffi_vouch_core_uniffi_checksum_func_robotics_attach_status() != 59495) {
        ^~~~~~~~~~~~~~~~~~~~~~~~~~~~~~~~~~~~~~~~~~~~~~~~~~~~~~~~~~~~~
/Users/admin/builder/spi-builder-workspace/Sources/VouchCore/vouch_core.swift:1703:9: error: cannot find 'uniffi_vouch_core_uniffi_checksum_func_robotics_attenuates' in scope
    if (uniffi_vouch_core_uniffi_checksum_func_robotics_attenuates() != 30616) {
        ^~~~~~~~~~~~~~~~~~~~~~~~~~~~~~~~~~~~~~~~~~~~~~~~~~~~~~~~~~
/Users/admin/builder/spi-builder-workspace/Sources/VouchCore/vouch_core.swift:1706:9: error: cannot find 'uniffi_vouch_core_uniffi_checksum_func_robotics_blackbox_append' in scope
    if (uniffi_vouch_core_uniffi_checksum_func_robotics_blackbox_append() != 6780) {
        ^~~~~~~~~~~~~~~~~~~~~~~~~~~~~~~~~~~~~~~~~~~~~~~~~~~~~~~~~~~~~~~
/Users/admin/builder/spi-builder-workspace/Sources/VouchCore/vouch_core.swift:1709:9: error: cannot find 'uniffi_vouch_core_uniffi_checksum_func_robotics_blackbox_open' in scope
    if (uniffi_vouch_core_uniffi_checksum_func_robotics_blackbox_open() != 58939) {
        ^~~~~~~~~~~~~~~~~~~~~~~~~~~~~~~~~~~~~~~~~~~~~~~~~~~~~~~~~~~~~
/Users/admin/builder/spi-builder-workspace/Sources/VouchCore/vouch_core.swift:1712:9: error: cannot find 'uniffi_vouch_core_uniffi_checksum_func_robotics_build_accept' in scope
    if (uniffi_vouch_core_uniffi_checksum_func_robotics_build_accept() != 24792) {
        ^~~~~~~~~~~~~~~~~~~~~~~~~~~~~~~~~~~~~~~~~~~~~~~~~~~~~~~~~~~~
/Users/admin/builder/spi-builder-workspace/Sources/VouchCore/vouch_core.swift:1715:9: error: cannot find 'uniffi_vouch_core_uniffi_checksum_func_robotics_build_action_approval' in scope
    if (uniffi_vouch_core_uniffi_checksum_func_robotics_build_action_approval() != 38269) {
        ^~~~~~~~~~~~~~~~~~~~~~~~~~~~~~~~~~~~~~~~~~~~~~~~~~~~~~~~~~~~~~~~~~~~~
/Users/admin/builder/spi-builder-workspace/Sources/VouchCore/vouch_core.swift:1718:9: error: cannot find 'uniffi_vouch_core_uniffi_checksum_func_robotics_build_confirm' in scope
    if (uniffi_vouch_core_uniffi_checksum_func_robotics_build_confirm() != 5964) {
        ^~~~~~~~~~~~~~~~~~~~~~~~~~~~~~~~~~~~~~~~~~~~~~~~~~~~~~~~~~~~~
/Users/admin/builder/spi-builder-workspace/Sources/VouchCore/vouch_core.swift:1721:9: error: cannot find 'uniffi_vouch_core_uniffi_checksum_func_robotics_build_conformance_attestation' in scope
    if (uniffi_vouch_core_uniffi_checksum_func_robotics_build_conformance_attestation() != 44855) {
        ^~~~~~~~~~~~~~~~~~~~~~~~~~~~~~~~~~~~~~~~~~~~~~~~~~~~~~~~~~~~~~~~~~~~~~~~~~~~~
/Users/admin/builder/spi-builder-workspace/Sources/VouchCore/vouch_core.swift:1724:9: error: cannot find 'uniffi_vouch_core_uniffi_checksum_func_robotics_build_decommission' in scope
    if (uniffi_vouch_core_uniffi_checksum_func_robotics_build_decommission() != 34705) {
        ^~~~~~~~~~~~~~~~~~~~~~~~~~~~~~~~~~~~~~~~~~~~~~~~~~~~~~~~~~~~~~~~~~
/Users/admin/builder/spi-builder-workspace/Sources/VouchCore/vouch_core.swift:1727:9: error: cannot find 'uniffi_vouch_core_uniffi_checksum_func_robotics_build_heartbeat' in scope
    if (uniffi_vouch_core_uniffi_checksum_func_robotics_build_heartbeat() != 17046) {
        ^~~~~~~~~~~~~~~~~~~~~~~~~~~~~~~~~~~~~~~~~~~~~~~~~~~~~~~~~~~~~~~
/Users/admin/builder/spi-builder-workspace/Sources/VouchCore/vouch_core.swift:1730:9: error: cannot find 'uniffi_vouch_core_uniffi_checksum_func_robotics_build_hello' in scope
    if (uniffi_vouch_core_uniffi_checksum_func_robotics_build_hello() != 61659) {
        ^~~~~~~~~~~~~~~~~~~~~~~~~~~~~~~~~~~~~~~~~~~~~~~~~~~~~~~~~~~
/Users/admin/builder/spi-builder-workspace/Sources/VouchCore/vouch_core.swift:1733:9: error: cannot find 'uniffi_vouch_core_uniffi_checksum_func_robotics_build_key_rotation' in scope
    if (uniffi_vouch_core_uniffi_checksum_func_robotics_build_key_rotation() != 41303) {
        ^~~~~~~~~~~~~~~~~~~~~~~~~~~~~~~~~~~~~~~~~~~~~~~~~~~~~~~~~~~~~~~~~~
/Users/admin/builder/spi-builder-workspace/Sources/VouchCore/vouch_core.swift:1736:9: error: cannot find 'uniffi_vouch_core_uniffi_checksum_func_robotics_build_killswitch' in scope
    if (uniffi_vouch_core_uniffi_checksum_func_robotics_build_killswitch() != 35311) {
        ^~~~~~~~~~~~~~~~~~~~~~~~~~~~~~~~~~~~~~~~~~~~~~~~~~~~~~~~~~~~~~~~
/Users/admin/builder/spi-builder-workspace/Sources/VouchCore/vouch_core.swift:1739:9: error: cannot find 'uniffi_vouch_core_uniffi_checksum_func_robotics_build_lease' in scope
    if (uniffi_vouch_core_uniffi_checksum_func_robotics_build_lease() != 57473) {
        ^~~~~~~~~~~~~~~~~~~~~~~~~~~~~~~~~~~~~~~~~~~~~~~~~~~~~~~~~~~
/Users/admin/builder/spi-builder-workspace/Sources/VouchCore/vouch_core.swift:1742:9: error: cannot find 'uniffi_vouch_core_uniffi_checksum_func_robotics_build_ownership_transfer' in scope
    if (uniffi_vouch_core_uniffi_checksum_func_robotics_build_ownership_transfer() != 46538) {
        ^~~~~~~~~~~~~~~~~~~~~~~~~~~~~~~~~~~~~~~~~~~~~~~~~~~~~~~~~~~~~~~~~~~~~~~~
/Users/admin/builder/spi-builder-workspace/Sources/VouchCore/vouch_core.swift:1745:9: error: cannot find 'uniffi_vouch_core_uniffi_checksum_func_robotics_build_passport' in scope
    if (uniffi_vouch_core_uniffi_checksum_func_robotics_build_passport() != 459) {
        ^~~~~~~~~~~~~~~~~~~~~~~~~~~~~~~~~~~~~~~~~~~~~~~~~~~~~~~~~~~~~~
/Users/admin/builder/spi-builder-workspace/Sources/VouchCore/vouch_core.swift:1748:9: error: cannot find 'uniffi_vouch_core_uniffi_checksum_func_robotics_build_perception' in scope
    if (uniffi_vouch_core_uniffi_checksum_func_robotics_build_perception() != 35684) {
        ^~~~~~~~~~~~~~~~~~~~~~~~~~~~~~~~~~~~~~~~~~~~~~~~~~~~~~~~~~~~~~~~
/Users/admin/builder/spi-builder-workspace/Sources/VouchCore/vouch_core.swift:1751:9: error: cannot find 'uniffi_vouch_core_uniffi_checksum_func_robotics_build_provenance' in scope
    if (uniffi_vouch_core_uniffi_checksum_func_robotics_build_provenance() != 55835) {
        ^~~~~~~~~~~~~~~~~~~~~~~~~~~~~~~~~~~~~~~~~~~~~~~~~~~~~~~~~~~~~~~~
/Users/admin/builder/spi-builder-workspace/Sources/VouchCore/vouch_core.swift:1754:9: error: cannot find 'uniffi_vouch_core_uniffi_checksum_func_robotics_build_safety_record' in scope
    if (uniffi_vouch_core_uniffi_checksum_func_robotics_build_safety_record() != 41300) {
        ^~~~~~~~~~~~~~~~~~~~~~~~~~~~~~~~~~~~~~~~~~~~~~~~~~~~~~~~~~~~~~~~~~~
/Users/admin/builder/spi-builder-workspace/Sources/VouchCore/vouch_core.swift:1757:9: error: cannot find 'uniffi_vouch_core_uniffi_checksum_func_robotics_build_scope' in scope
    if (uniffi_vouch_core_uniffi_checksum_func_robotics_build_scope() != 47648) {
        ^~~~~~~~~~~~~~~~~~~~~~~~~~~~~~~~~~~~~~~~~~~~~~~~~~~~~~~~~~~
/Users/admin/builder/spi-builder-workspace/Sources/VouchCore/vouch_core.swift:1760:9: error: cannot find 'uniffi_vouch_core_uniffi_checksum_func_robotics_build_status_entry' in scope
    if (uniffi_vouch_core_uniffi_checksum_func_robotics_build_status_entry() != 13915) {
        ^~~~~~~~~~~~~~~~~~~~~~~~~~~~~~~~~~~~~~~~~~~~~~~~~~~~~~~~~~~~~~~~~~
/Users/admin/builder/spi-builder-workspace/Sources/VouchCore/vouch_core.swift:1763:9: error: cannot find 'uniffi_vouch_core_uniffi_checksum_func_robotics_check_action' in scope
    if (uniffi_vouch_core_uniffi_checksum_func_robotics_check_action() != 30585) {
        ^~~~~~~~~~~~~~~~~~~~~~~~~~~~~~~~~~~~~~~~~~~~~~~~~~~~~~~~~~~~
/Users/admin/builder/spi-builder-workspace/Sources/VouchCore/vouch_core.swift:1766:9: error: cannot find 'uniffi_vouch_core_uniffi_checksum_func_robotics_check_conformance' in scope
    if (uniffi_vouch_core_uniffi_checksum_func_robotics_check_conformance() != 38679) {
        ^~~~~~~~~~~~~~~~~~~~~~~~~~~~~~~~~~~~~~~~~~~~~~~~~~~~~~~~~~~~~~~~~
/Users/admin/builder/spi-builder-workspace/Sources/VouchCore/vouch_core.swift:1769:9: error: cannot find 'uniffi_vouch_core_uniffi_checksum_func_robotics_check_status' in scope
    if (uniffi_vouch_core_uniffi_checksum_func_robotics_check_status() != 55540) {
        ^~~~~~~~~~~~~~~~~~~~~~~~~~~~~~~~~~~~~~~~~~~~~~~~~~~~~~~~~~~~
/Users/admin/builder/spi-builder-workspace/Sources/VouchCore/vouch_core.swift:1772:9: error: cannot find 'uniffi_vouch_core_uniffi_checksum_func_robotics_config_hash' in scope
    if (uniffi_vouch_core_uniffi_checksum_func_robotics_config_hash() != 4685) {
        ^~~~~~~~~~~~~~~~~~~~~~~~~~~~~~~~~~~~~~~~~~~~~~~~~~~~~~~~~~~
/Users/admin/builder/spi-builder-workspace/Sources/VouchCore/vouch_core.swift:1775:9: error: cannot find 'uniffi_vouch_core_uniffi_checksum_func_robotics_decode_passport' in scope
    if (uniffi_vouch_core_uniffi_checksum_func_robotics_decode_passport() != 44591) {
        ^~~~~~~~~~~~~~~~~~~~~~~~~~~~~~~~~~~~~~~~~~~~~~~~~~~~~~~~~~~~~~~
/Users/admin/builder/spi-builder-workspace/Sources/VouchCore/vouch_core.swift:1778:9: error: cannot find 'uniffi_vouch_core_uniffi_checksum_func_robotics_encode_passport' in scope
    if (uniffi_vouch_core_uniffi_checksum_func_robotics_encode_passport() != 61075) {
        ^~~~~~~~~~~~~~~~~~~~~~~~~~~~~~~~~~~~~~~~~~~~~~~~~~~~~~~~~~~~~~~
/Users/admin/builder/spi-builder-workspace/Sources/VouchCore/vouch_core.swift:1781:9: error: cannot find 'uniffi_vouch_core_uniffi_checksum_func_robotics_genesis_prev_hash' in scope
    if (uniffi_vouch_core_uniffi_checksum_func_robotics_genesis_prev_hash() != 14480) {
        ^~~~~~~~~~~~~~~~~~~~~~~~~~~~~~~~~~~~~~~~~~~~~~~~~~~~~~~~~~~~~~~~~
/Users/admin/builder/spi-builder-workspace/Sources/VouchCore/vouch_core.swift:1784:9: error: cannot find 'uniffi_vouch_core_uniffi_checksum_func_robotics_hash_frame' in scope
    if (uniffi_vouch_core_uniffi_checksum_func_robotics_hash_frame() != 64256) {
        ^~~~~~~~~~~~~~~~~~~~~~~~~~~~~~~~~~~~~~~~~~~~~~~~~~~~~~~~~~
/Users/admin/builder/spi-builder-workspace/Sources/VouchCore/vouch_core.swift:1787:9: error: cannot find 'uniffi_vouch_core_uniffi_checksum_func_robotics_is_live' in scope
    if (uniffi_vouch_core_uniffi_checksum_func_robotics_is_live() != 21644) {
        ^~~~~~~~~~~~~~~~~~~~~~~~~~~~~~~~~~~~~~~~~~~~~~~~~~~~~~~
/Users/admin/builder/spi-builder-workspace/Sources/VouchCore/vouch_core.swift:1790:9: error: cannot find 'uniffi_vouch_core_uniffi_checksum_func_robotics_is_pq' in scope
    if (uniffi_vouch_core_uniffi_checksum_func_robotics_is_pq() != 37246) {
        ^~~~~~~~~~~~~~~~~~~~~~~~~~~~~~~~~~~~~~~~~~~~~~~~~~~~~
/Users/admin/builder/spi-builder-workspace/Sources/VouchCore/vouch_core.swift:1793:9: error: cannot find 'uniffi_vouch_core_uniffi_checksum_func_robotics_lease_permits' in scope
    if (uniffi_vouch_core_uniffi_checksum_func_robotics_lease_permits() != 32712) {
        ^~~~~~~~~~~~~~~~~~~~~~~~~~~~~~~~~~~~~~~~~~~~~~~~~~~~~~~~~~~~~
/Users/admin/builder/spi-builder-workspace/Sources/VouchCore/vouch_core.swift:1796:9: error: cannot find 'uniffi_vouch_core_uniffi_checksum_func_robotics_migrate_to_pq' in scope
    if (uniffi_vouch_core_uniffi_checksum_func_robotics_migrate_to_pq() != 42474) {
        ^~~~~~~~~~~~~~~~~~~~~~~~~~~~~~~~~~~~~~~~~~~~~~~~~~~~~~~~~~~~~
/Users/admin/builder/spi-builder-workspace/Sources/VouchCore/vouch_core.swift:1799:9: error: cannot find 'uniffi_vouch_core_uniffi_checksum_func_robotics_mint_identity' in scope
    if (uniffi_vouch_core_uniffi_checksum_func_robotics_mint_identity() != 28032) {
        ^~~~~~~~~~~~~~~~~~~~~~~~~~~~~~~~~~~~~~~~~~~~~~~~~~~~~~~~~~~~~
/Users/admin/builder/spi-builder-workspace/Sources/VouchCore/vouch_core.swift:1802:9: error: cannot find 'uniffi_vouch_core_uniffi_checksum_func_robotics_motion_digest' in scope
    if (uniffi_vouch_core_uniffi_checksum_func_robotics_motion_digest() != 60091) {
        ^~~~~~~~~~~~~~~~~~~~~~~~~~~~~~~~~~~~~~~~~~~~~~~~~~~~~~~~~~~~~
/Users/admin/builder/spi-builder-workspace/Sources/VouchCore/vouch_core.swift:1805:9: error: cannot find 'uniffi_vouch_core_uniffi_checksum_func_robotics_perception_record' in scope
    if (uniffi_vouch_core_uniffi_checksum_func_robotics_perception_record() != 7181) {
        ^~~~~~~~~~~~~~~~~~~~~~~~~~~~~~~~~~~~~~~~~~~~~~~~~~~~~~~~~~~~~~~~~
/Users/admin/builder/spi-builder-workspace/Sources/VouchCore/vouch_core.swift:1808:9: error: cannot find 'uniffi_vouch_core_uniffi_checksum_func_robotics_report_digest' in scope
    if (uniffi_vouch_core_uniffi_checksum_func_robotics_report_digest() != 35392) {
        ^~~~~~~~~~~~~~~~~~~~~~~~~~~~~~~~~~~~~~~~~~~~~~~~~~~~~~~~~~~~~
/Users/admin/builder/spi-builder-workspace/Sources/VouchCore/vouch_core.swift:1811:9: error: cannot find 'uniffi_vouch_core_uniffi_checksum_func_robotics_safety_append' in scope
    if (uniffi_vouch_core_uniffi_checksum_func_robotics_safety_append() != 41971) {
        ^~~~~~~~~~~~~~~~~~~~~~~~~~~~~~~~~~~~~~~~~~~~~~~~~~~~~~~~~~~~~
/Users/admin/builder/spi-builder-workspace/Sources/VouchCore/vouch_core.swift:1814:9: error: cannot find 'uniffi_vouch_core_uniffi_checksum_func_robotics_sign_pq' in scope
    if (uniffi_vouch_core_uniffi_checksum_func_robotics_sign_pq() != 17486) {
        ^~~~~~~~~~~~~~~~~~~~~~~~~~~~~~~~~~~~~~~~~~~~~~~~~~~~~~~
/Users/admin/builder/spi-builder-workspace/Sources/VouchCore/vouch_core.swift:1817:9: error: cannot find 'uniffi_vouch_core_uniffi_checksum_func_robotics_summarize_safety' in scope
    if (uniffi_vouch_core_uniffi_checksum_func_robotics_summarize_safety() != 49394) {
        ^~~~~~~~~~~~~~~~~~~~~~~~~~~~~~~~~~~~~~~~~~~~~~~~~~~~~~~~~~~~~~~~
/Users/admin/builder/spi-builder-workspace/Sources/VouchCore/vouch_core.swift:1820:9: error: cannot find 'uniffi_vouch_core_uniffi_checksum_func_robotics_validate_motion_digest' in scope
    if (uniffi_vouch_core_uniffi_checksum_func_robotics_validate_motion_digest() != 41762) {
        ^~~~~~~~~~~~~~~~~~~~~~~~~~~~~~~~~~~~~~~~~~~~~~~~~~~~~~~~~~~~~~~~~~~~~~
/Users/admin/builder/spi-builder-workspace/Sources/VouchCore/vouch_core.swift:1823:9: error: cannot find 'uniffi_vouch_core_uniffi_checksum_func_robotics_verify_accept' in scope
    if (uniffi_vouch_core_uniffi_checksum_func_robotics_verify_accept() != 18861) {
        ^~~~~~~~~~~~~~~~~~~~~~~~~~~~~~~~~~~~~~~~~~~~~~~~~~~~~~~~~~~~~
/Users/admin/builder/spi-builder-workspace/Sources/VouchCore/vouch_core.swift:1826:9: error: cannot find 'uniffi_vouch_core_uniffi_checksum_func_robotics_verify_action_authorization' in scope
    if (uniffi_vouch_core_uniffi_checksum_func_robotics_verify_action_authorization() != 24255) {
        ^~~~~~~~~~~~~~~~~~~~~~~~~~~~~~~~~~~~~~~~~~~~~~~~~~~~~~~~~~~~~~~~~~~~~~~~~~~
/Users/admin/builder/spi-builder-workspace/Sources/VouchCore/vouch_core.swift:1829:9: error: cannot find 'uniffi_vouch_core_uniffi_checksum_func_robotics_verify_chain' in scope
    if (uniffi_vouch_core_uniffi_checksum_func_robotics_verify_chain() != 15949) {
        ^~~~~~~~~~~~~~~~~~~~~~~~~~~~~~~~~~~~~~~~~~~~~~~~~~~~~~~~~~~~
/Users/admin/builder/spi-builder-workspace/Sources/VouchCore/vouch_core.swift:1832:9: error: cannot find 'uniffi_vouch_core_uniffi_checksum_func_robotics_verify_confirm' in scope
    if (uniffi_vouch_core_uniffi_checksum_func_robotics_verify_confirm() != 33771) {
        ^~~~~~~~~~~~~~~~~~~~~~~~~~~~~~~~~~~~~~~~~~~~~~~~~~~~~~~~~~~~~~
/Users/admin/builder/spi-builder-workspace/Sources/VouchCore/vouch_core.swift:1835:9: error: cannot find 'uniffi_vouch_core_uniffi_checksum_func_robotics_verify_conformance_attestation' in scope
    if (uniffi_vouch_core_uniffi_checksum_func_robotics_verify_conformance_attestation() != 13223) {
        ^~~~~~~~~~~~~~~~~~~~~~~~~~~~~~~~~~~~~~~~~~~~~~~~~~~~~~~~~~~~~~~~~~~~~~~~~~~~~~
/Users/admin/builder/spi-builder-workspace/Sources/VouchCore/vouch_core.swift:1838:9: error: cannot find 'uniffi_vouch_core_uniffi_checksum_func_robotics_verify_custody_chain' in scope
    if (uniffi_vouch_core_uniffi_checksum_func_robotics_verify_custody_chain() != 27600) {
        ^~~~~~~~~~~~~~~~~~~~~~~~~~~~~~~~~~~~~~~~~~~~~~~~~~~~~~~~~~~~~~~~~~~~
/Users/admin/builder/spi-builder-workspace/Sources/VouchCore/vouch_core.swift:1841:9: error: cannot find 'uniffi_vouch_core_uniffi_checksum_func_robotics_verify_decommission' in scope
    if (uniffi_vouch_core_uniffi_checksum_func_robotics_verify_decommission() != 57617) {
        ^~~~~~~~~~~~~~~~~~~~~~~~~~~~~~~~~~~~~~~~~~~~~~~~~~~~~~~~~~~~~~~~~~~
/Users/admin/builder/spi-builder-workspace/Sources/VouchCore/vouch_core.swift:1844:9: error: cannot find 'uniffi_vouch_core_uniffi_checksum_func_robotics_verify_heartbeat' in scope
    if (uniffi_vouch_core_uniffi_checksum_func_robotics_verify_heartbeat() != 58554) {
        ^~~~~~~~~~~~~~~~~~~~~~~~~~~~~~~~~~~~~~~~~~~~~~~~~~~~~~~~~~~~~~~~
/Users/admin/builder/spi-builder-workspace/Sources/VouchCore/vouch_core.swift:1847:9: error: cannot find 'uniffi_vouch_core_uniffi_checksum_func_robotics_verify_identity' in scope
    if (uniffi_vouch_core_uniffi_checksum_func_robotics_verify_identity() != 40877) {
        ^~~~~~~~~~~~~~~~~~~~~~~~~~~~~~~~~~~~~~~~~~~~~~~~~~~~~~~~~~~~~~~
/Users/admin/builder/spi-builder-workspace/Sources/VouchCore/vouch_core.swift:1850:9: error: cannot find 'uniffi_vouch_core_uniffi_checksum_func_robotics_verify_key_history' in scope
    if (uniffi_vouch_core_uniffi_checksum_func_robotics_verify_key_history() != 24944) {
        ^~~~~~~~~~~~~~~~~~~~~~~~~~~~~~~~~~~~~~~~~~~~~~~~~~~~~~~~~~~~~~~~~~
/Users/admin/builder/spi-builder-workspace/Sources/VouchCore/vouch_core.swift:1853:9: error: cannot find 'uniffi_vouch_core_uniffi_checksum_func_robotics_verify_key_rotation' in scope
    if (uniffi_vouch_core_uniffi_checksum_func_robotics_verify_key_rotation() != 60698) {
        ^~~~~~~~~~~~~~~~~~~~~~~~~~~~~~~~~~~~~~~~~~~~~~~~~~~~~~~~~~~~~~~~~~~
/Users/admin/builder/spi-builder-workspace/Sources/VouchCore/vouch_core.swift:1856:9: error: cannot find 'uniffi_vouch_core_uniffi_checksum_func_robotics_verify_killswitch' in scope
    if (uniffi_vouch_core_uniffi_checksum_func_robotics_verify_killswitch() != 23587) {
        ^~~~~~~~~~~~~~~~~~~~~~~~~~~~~~~~~~~~~~~~~~~~~~~~~~~~~~~~~~~~~~~~~
/Users/admin/builder/spi-builder-workspace/Sources/VouchCore/vouch_core.swift:1859:9: error: cannot find 'uniffi_vouch_core_uniffi_checksum_func_robotics_verify_lease' in scope
    if (uniffi_vouch_core_uniffi_checksum_func_robotics_verify_lease() != 24178) {
        ^~~~~~~~~~~~~~~~~~~~~~~~~~~~~~~~~~~~~~~~~~~~~~~~~~~~~~~~~~~~
/Users/admin/builder/spi-builder-workspace/Sources/VouchCore/vouch_core.swift:1862:9: error: cannot find 'uniffi_vouch_core_uniffi_checksum_func_robotics_verify_ownership_transfer' in scope
    if (uniffi_vouch_core_uniffi_checksum_func_robotics_verify_ownership_transfer() != 36199) {
        ^~~~~~~~~~~~~~~~~~~~~~~~~~~~~~~~~~~~~~~~~~~~~~~~~~~~~~~~~~~~~~~~~~~~~~~~~
/Users/admin/builder/spi-builder-workspace/Sources/VouchCore/vouch_core.swift:1865:9: error: cannot find 'uniffi_vouch_core_uniffi_checksum_func_robotics_verify_passport' in scope
    if (uniffi_vouch_core_uniffi_checksum_func_robotics_verify_passport() != 40835) {
        ^~~~~~~~~~~~~~~~~~~~~~~~~~~~~~~~~~~~~~~~~~~~~~~~~~~~~~~~~~~~~~~
/Users/admin/builder/spi-builder-workspace/Sources/VouchCore/vouch_core.swift:1868:9: error: cannot find 'uniffi_vouch_core_uniffi_checksum_func_robotics_verify_passport_uri' in scope
    if (uniffi_vouch_core_uniffi_checksum_func_robotics_verify_passport_uri() != 61710) {
        ^~~~~~~~~~~~~~~~~~~~~~~~~~~~~~~~~~~~~~~~~~~~~~~~~~~~~~~~~~~~~~~~~~~
/Users/admin/builder/spi-builder-workspace/Sources/VouchCore/vouch_core.swift:1871:9: error: cannot find 'uniffi_vouch_core_uniffi_checksum_func_robotics_verify_perception' in scope
    if (uniffi_vouch_core_uniffi_checksum_func_robotics_verify_perception() != 40449) {
        ^~~~~~~~~~~~~~~~~~~~~~~~~~~~~~~~~~~~~~~~~~~~~~~~~~~~~~~~~~~~~~~~~
/Users/admin/builder/spi-builder-workspace/Sources/VouchCore/vouch_core.swift:1874:9: error: cannot find 'uniffi_vouch_core_uniffi_checksum_func_robotics_verify_perception_log' in scope
    if (uniffi_vouch_core_uniffi_checksum_func_robotics_verify_perception_log() != 60600) {
        ^~~~~~~~~~~~~~~~~~~~~~~~~~~~~~~~~~~~~~~~~~~~~~~~~~~~~~~~~~~~~~~~~~~~~
/Users/admin/builder/spi-builder-workspace/Sources/VouchCore/vouch_core.swift:1877:9: error: cannot find 'uniffi_vouch_core_uniffi_checksum_func_robotics_verify_pq' in scope
    if (uniffi_vouch_core_uniffi_checksum_func_robotics_verify_pq() != 7763) {
        ^~~~~~~~~~~~~~~~~~~~~~~~~~~~~~~~~~~~~~~~~~~~~~~~~~~~~~~~~
/Users/admin/builder/spi-builder-workspace/Sources/VouchCore/vouch_core.swift:1880:9: error: cannot find 'uniffi_vouch_core_uniffi_checksum_func_robotics_verify_provenance' in scope
    if (uniffi_vouch_core_uniffi_checksum_func_robotics_verify_provenance() != 29082) {
        ^~~~~~~~~~~~~~~~~~~~~~~~~~~~~~~~~~~~~~~~~~~~~~~~~~~~~~~~~~~~~~~~~
/Users/admin/builder/spi-builder-workspace/Sources/VouchCore/vouch_core.swift:1883:9: error: cannot find 'uniffi_vouch_core_uniffi_checksum_func_robotics_verify_robot_credential' in scope
    if (uniffi_vouch_core_uniffi_checksum_func_robotics_verify_robot_credential() != 42923) {
        ^~~~~~~~~~~~~~~~~~~~~~~~~~~~~~~~~~~~~~~~~~~~~~~~~~~~~~~~~~~~~~~~~~~~~~~
/Users/admin/builder/spi-builder-workspace/Sources/VouchCore/vouch_core.swift:1886:9: error: cannot find 'uniffi_vouch_core_uniffi_checksum_func_robotics_verify_safety_log' in scope
    if (uniffi_vouch_core_uniffi_checksum_func_robotics_verify_safety_log() != 56168) {
        ^~~~~~~~~~~~~~~~~~~~~~~~~~~~~~~~~~~~~~~~~~~~~~~~~~~~~~~~~~~~~~~~~
/Users/admin/builder/spi-builder-workspace/Sources/VouchCore/vouch_core.swift:1889:9: error: cannot find 'uniffi_vouch_core_uniffi_checksum_func_robotics_verify_safety_record' in scope
    if (uniffi_vouch_core_uniffi_checksum_func_robotics_verify_safety_record() != 3427) {
        ^~~~~~~~~~~~~~~~~~~~~~~~~~~~~~~~~~~~~~~~~~~~~~~~~~~~~~~~~~~~~~~~~~~~
/Users/admin/builder/spi-builder-workspace/Sources/VouchCore/vouch_core.swift:1892:9: error: cannot find 'uniffi_vouch_core_uniffi_checksum_func_sign' in scope
    if (uniffi_vouch_core_uniffi_checksum_func_sign() != 119) {
        ^~~~~~~~~~~~~~~~~~~~~~~~~~~~~~~~~~~~~~~~~~~
/Users/admin/builder/spi-builder-workspace/Sources/VouchCore/vouch_core.swift:1898:9: error: cannot find 'uniffi_vouch_core_uniffi_checksum_func_verify' in scope
    if (uniffi_vouch_core_uniffi_checksum_func_verify() != 57533) {
        ^~~~~~~~~~~~~~~~~~~~~~~~~~~~~~~~~~~~~~~~~~~~~
SwiftCompile normal arm64 Compiling\ vouch_core.swift /Users/admin/builder/spi-builder-workspace/Sources/VouchCore/vouch_core.swift (in target 'VouchCore' from project 'VouchCore')
SwiftCompile normal arm64 /Users/admin/builder/spi-builder-workspace/Sources/VouchCore/vouch_core.swift (in target 'VouchCore' from project 'VouchCore')
    cd /Users/admin/builder/spi-builder-workspace/.swiftpm/xcode

SwiftCompile normal arm64 Compiling\ VouchRobotics.swift /Users/admin/builder/spi-builder-workspace/Sources/VouchCore/VouchRobotics.swift (in target 'VouchCore' from project 'VouchCore')
SwiftCompile normal arm64 /Users/admin/builder/spi-builder-workspace/Sources/VouchCore/VouchRobotics.swift (in target 'VouchCore' from project 'VouchCore')
    cd /Users/admin/builder/spi-builder-workspace/.swiftpm/xcode

SwiftCompile normal arm64 Compiling\ Vouch.swift /Users/admin/builder/spi-builder-workspace/Sources/VouchCore/Vouch.swift (in target 'VouchCore' from project 'VouchCore')
SwiftCompile normal arm64 /Users/admin/builder/spi-builder-workspace/Sources/VouchCore/Vouch.swift (in target 'VouchCore' from project 'VouchCore')
    cd /Users/admin/builder/spi-builder-workspace/.swiftpm/xcode

--- xcodebuild: WARNING: Using the first of multiple matching destinations:
{ platform:macOS, arch:arm64, id:4a0dd4432550c1f0e0c2686d29ac100ee95a5030, name:My Mac }
{ platform:macOS, arch:arm64, variant:Mac Catalyst, id:4a0dd4432550c1f0e0c2686d29ac100ee95a5030, name:My Mac }
{ platform:macOS, arch:arm64, variant:DriverKit, id:4a0dd4432550c1f0e0c2686d29ac100ee95a5030, name:My Mac }
{ platform:macOS, arch:arm64, variant:Designed for [iPad,iPhone], id:4a0dd4432550c1f0e0c2686d29ac100ee95a5030, name:My Mac }
** BUILD FAILED **
The following build commands failed:
	SwiftEmitModule normal arm64 Emitting\ module\ for\ VouchCore (in target 'VouchCore' from project 'VouchCore')
	EmitSwiftModule normal arm64 (in target 'VouchCore' from project 'VouchCore')
	Building workspace spi-builder-workspace with scheme VouchCore
(3 failures)
Command line invocation:
    /Applications/Xcode-16.3.0.app/Contents/Developer/usr/bin/xcodebuild -IDEClonedSourcePackagesDirPathOverride=/Users/admin/builder/spi-builder-workspace/.dependencies -resolvePackageDependencies
Resolve Package Graph
Resolved source packages:
  VouchCore: /Users/admin/builder/spi-builder-workspace
resolved source packages: VouchCore
{
  "dependencies" : [
  ],
  "manifest_display_name" : "VouchCore",
  "name" : "VouchCore",
  "path" : "/Users/admin/builder/spi-builder-workspace",
  "platforms" : [
    {
      "name" : "ios",
      "version" : "13.0"
    },
    {
      "name" : "macos",
      "version" : "12.0"
    }
  ],
  "products" : [
    {
      "name" : "VouchCore",
      "targets" : [
        "VouchCore"
      ],
      "type" : {
        "library" : [
          "automatic"
        ]
      }
    }
  ],
  "targets" : [
    {
      "c99name" : "vouch_coreFFI",
      "module_type" : "BinaryTarget",
      "name" : "vouch_coreFFI",
      "path" : "remote/archive/vouch_coreFFI.xcframework.zip",
      "product_memberships" : [
        "VouchCore"
      ],
      "sources" : [
      ],
      "type" : "binary"
    },
    {
      "c99name" : "VouchCoreTests",
      "module_type" : "SwiftTarget",
      "name" : "VouchCoreTests",
      "path" : "Tests/VouchCoreTests",
      "sources" : [
        "VouchAgentTests.swift",
        "VouchCoreTests.swift",
        "VouchRoboticsTests.swift"
      ],
      "target_dependencies" : [
        "VouchCore"
      ],
      "type" : "test"
    },
    {
      "c99name" : "VouchCore",
      "module_type" : "SwiftTarget",
      "name" : "VouchCore",
      "path" : "Sources/VouchCore",
      "product_memberships" : [
        "VouchCore"
      ],
      "sources" : [
        "Vouch.swift",
        "VouchAgent.swift",
        "VouchRobotics.swift",
        "vouch_core.swift"
      ],
      "target_dependencies" : [
        "vouch_coreFFI"
      ],
      "type" : "library"
    }
  ],
  "tools_version" : "5.7"
}
{
  "workspace" : {
    "name" : "spi-builder-workspace",
    "schemes" : [
      "VouchCore"
    ]
  }
}
Running build ...
env DEVELOPER_DIR=/Applications/Xcode-16.3.0.app xcrun xcodebuild -IDEClonedSourcePackagesDirPathOverride=$PWD/.dependencies -skipMacroValidation -skipPackagePluginValidation -derivedDataPath $PWD/.derivedData build -scheme VouchCore -destination platform=macOS,arch=arm64
Command line invocation:
    /Applications/Xcode-16.3.0.app/Contents/Developer/usr/bin/xcodebuild -IDEClonedSourcePackagesDirPathOverride=/Users/admin/builder/spi-builder-workspace/.dependencies -skipMacroValidation -skipPackagePluginValidation -derivedDataPath /Users/admin/builder/spi-builder-workspace/.derivedData build -scheme VouchCore -destination platform=macOS,arch=arm64
Resolve Package Graph
Resolved source packages:
  VouchCore: /Users/admin/builder/spi-builder-workspace
ComputePackagePrebuildTargetDependencyGraph
Prepare packages
CreateBuildRequest
SendProjectDescription
CreateBuildOperation
ComputeTargetDependencyGraph
note: Building targets in dependency order
note: Target dependency graph (2 targets)
    Target 'VouchCore' in project 'VouchCore'
        ➜ Explicit dependency on target 'VouchCore' in project 'VouchCore'
    Target 'VouchCore' in project 'VouchCore' (no dependencies)
GatherProvisioningInputs
CreateBuildDescription
ExecuteExternalTool /Applications/Xcode-16.3.0.app/Contents/Developer/Toolchains/XcodeDefault.xctoolchain/usr/bin/clang -v -E -dM -isysroot /Applications/Xcode-16.3.0.app/Contents/Developer/Platforms/MacOSX.platform/Developer/SDKs/MacOSX15.4.sdk -x c -c /dev/null
ExecuteExternalTool /Applications/Xcode-16.3.0.app/Contents/Developer/Toolchains/XcodeDefault.xctoolchain/usr/bin/swiftc --version
ExecuteExternalTool /Applications/Xcode-16.3.0.app/Contents/Developer/Toolchains/XcodeDefault.xctoolchain/usr/bin/ld -version_details
Build description signature: d4127b4437152d31fe349aee5f9c3708
Build description path: /Users/admin/builder/spi-builder-workspace/.derivedData/Build/Intermediates.noindex/XCBuildData/d4127b4437152d31fe349aee5f9c3708.xcbuilddata
ClangStatCache /Applications/Xcode-16.3.0.app/Contents/Developer/Toolchains/XcodeDefault.xctoolchain/usr/bin/clang-stat-cache /Applications/Xcode-16.3.0.app/Contents/Developer/Platforms/MacOSX.platform/Developer/SDKs/MacOSX15.4.sdk /Users/admin/builder/spi-builder-workspace/.derivedData/SDKStatCaches.noindex/macosx15.4-24E241-8287b8f5db97e746a1562fbca0c9d29b.sdkstatcache
    cd /Users/admin/builder/spi-builder-workspace/.swiftpm/xcode
    /Applications/Xcode-16.3.0.app/Contents/Developer/Toolchains/XcodeDefault.xctoolchain/usr/bin/clang-stat-cache /Applications/Xcode-16.3.0.app/Contents/Developer/Platforms/MacOSX.platform/Developer/SDKs/MacOSX15.4.sdk -o /Users/admin/builder/spi-builder-workspace/.derivedData/SDKStatCaches.noindex/macosx15.4-24E241-8287b8f5db97e746a1562fbca0c9d29b.sdkstatcache
SwiftDriver VouchCore normal arm64 com.apple.xcode.tools.swift.compiler (in target 'VouchCore' from project 'VouchCore')
    cd /Users/admin/builder/spi-builder-workspace/.swiftpm/xcode
    builtin-SwiftDriver -- /Applications/Xcode-16.3.0.app/Contents/Developer/Toolchains/XcodeDefault.xctoolchain/usr/bin/swiftc -module-name VouchCore -Onone -enforce-exclusivity\=checked @/Users/admin/builder/spi-builder-workspace/.derivedData/Build/Intermediates.noindex/VouchCore.build/Debug/VouchCore.build/Objects-normal/arm64/VouchCore.SwiftFileList -DSWIFT_PACKAGE -DDEBUG -DXcode -plugin-path /Applications/Xcode-16.3.0.app/Contents/Developer/Toolchains/XcodeDefault.xctoolchain/usr/lib/swift/host/plugins/testing -enable-experimental-feature DebugDescriptionMacro -sdk /Applications/Xcode-16.3.0.app/Contents/Developer/Platforms/MacOSX.platform/Developer/SDKs/MacOSX15.4.sdk -target arm64-apple-macos12.0 -g -module-cache-path /Users/admin/builder/spi-builder-workspace/.derivedData/ModuleCache.noindex -Xfrontend -serialize-debugging-options -profile-coverage-mapping -profile-generate -enable-testing -index-store-path /Users/admin/builder/spi-builder-workspace/.derivedData/Index.noindex/DataStore -swift-version 5 -I /Users/admin/builder/spi-builder-workspace/.derivedData/Build/Products/Debug -I /Applications/Xcode-16.3.0.app/Contents/Developer/Platforms/MacOSX.platform/Developer/usr/lib -F /Users/admin/builder/spi-builder-workspace/.derivedData/Build/Products/Debug -F /Applications/Xcode-16.3.0.app/Contents/Developer/Platforms/MacOSX.platform/Developer/Library/Frameworks -c -j10 -enable-batch-mode -incremental -Xcc -ivfsstatcache -Xcc /Users/admin/builder/spi-builder-workspace/.derivedData/SDKStatCaches.noindex/macosx15.4-24E241-8287b8f5db97e746a1562fbca0c9d29b.sdkstatcache -output-file-map /Users/admin/builder/spi-builder-workspace/.derivedData/Build/Intermediates.noindex/VouchCore.build/Debug/VouchCore.build/Objects-normal/arm64/VouchCore-OutputFileMap.json -use-frontend-parseable-output -save-temps -no-color-diagnostics -serialize-diagnostics -emit-dependencies -emit-module -emit-module-path /Users/admin/builder/spi-builder-workspace/.derivedData/Build/Intermediates.noindex/VouchCore.build/Debug/VouchCore.build/Objects-normal/arm64/VouchCore.swiftmodule -validate-clang-modules-once -clang-build-session-file /Users/admin/builder/spi-builder-workspace/.derivedData/ModuleCache.noindex/Session.modulevalidation -Xcc -I/Users/admin/builder/spi-builder-workspace/.derivedData/Build/Intermediates.noindex/VouchCore.build/Debug/VouchCore.build/swift-overrides.hmap -emit-const-values -Xfrontend -const-gather-protocols-file -Xfrontend /Users/admin/builder/spi-builder-workspace/.derivedData/Build/Intermediates.noindex/VouchCore.build/Debug/VouchCore.build/Objects-normal/arm64/VouchCore_const_extract_protocols.json -Xcc -I/Users/admin/builder/spi-builder-workspace/.derivedData/Build/Products/Debug/include -Xcc -I/Users/admin/builder/spi-builder-workspace/.derivedData/Build/Intermediates.noindex/VouchCore.build/Debug/VouchCore.build/DerivedSources-normal/arm64 -Xcc -I/Users/admin/builder/spi-builder-workspace/.derivedData/Build/Intermediates.noindex/VouchCore.build/Debug/VouchCore.build/DerivedSources/arm64 -Xcc -I/Users/admin/builder/spi-builder-workspace/.derivedData/Build/Intermediates.noindex/VouchCore.build/Debug/VouchCore.build/DerivedSources -Xcc -DSWIFT_PACKAGE -Xcc -DDEBUG\=1 -emit-objc-header -emit-objc-header-path /Users/admin/builder/spi-builder-workspace/.derivedData/Build/Intermediates.noindex/VouchCore.build/Debug/VouchCore.build/Objects-normal/arm64/VouchCore-Swift.h -working-directory /Users/admin/builder/spi-builder-workspace/.swiftpm/xcode -experimental-emit-module-separately -disable-cmo
SwiftCompile normal arm64 Compiling\ Vouch.swift /Users/admin/builder/spi-builder-workspace/Sources/VouchCore/Vouch.swift (in target 'VouchCore' from project 'VouchCore')
SwiftCompile normal arm64 /Users/admin/builder/spi-builder-workspace/Sources/VouchCore/Vouch.swift (in target 'VouchCore' from project 'VouchCore')
    cd /Users/admin/builder/spi-builder-workspace/.swiftpm/xcode

SwiftEmitModule normal arm64 Emitting\ module\ for\ VouchCore (in target 'VouchCore' from project 'VouchCore')
Failed frontend command:
/Applications/Xcode-16.3.0.app/Contents/Developer/Toolchains/XcodeDefault.xctoolchain/usr/bin/swift-frontend -frontend -emit-module -experimental-skip-non-inlinable-function-bodies-without-types /Users/admin/builder/spi-builder-workspace/Sources/VouchCore/Vouch.swift /Users/admin/builder/spi-builder-workspace/Sources/VouchCore/VouchAgent.swift /Users/admin/builder/spi-builder-workspace/Sources/VouchCore/VouchRobotics.swift /Users/admin/builder/spi-builder-workspace/Sources/VouchCore/vouch_core.swift -target arm64-apple-macos12.0 -Xllvm -aarch64-use-tbi -enable-objc-interop -stack-check -sdk /Applications/Xcode-16.3.0.app/Contents/Developer/Platforms/MacOSX.platform/Developer/SDKs/MacOSX15.4.sdk -I /Users/admin/builder/spi-builder-workspace/.derivedData/Build/Products/Debug -I /Applications/Xcode-16.3.0.app/Contents/Developer/Platforms/MacOSX.platform/Developer/usr/lib -F /Users/admin/builder/spi-builder-workspace/.derivedData/Build/Products/Debug -F /Applications/Xcode-16.3.0.app/Contents/Developer/Platforms/MacOSX.platform/Developer/Library/Frameworks -no-color-diagnostics -enable-testing -g -debug-info-format\=dwarf -dwarf-version\=4 -module-cache-path /Users/admin/builder/spi-builder-workspace/.derivedData/ModuleCache.noindex -profile-generate -profile-coverage-mapping -swift-version 5 -enforce-exclusivity\=checked -Onone -D SWIFT_PACKAGE -D DEBUG -D Xcode -serialize-debugging-options -const-gather-protocols-file /Users/admin/builder/spi-builder-workspace/.derivedData/Build/Intermediates.noindex/VouchCore.build/Debug/VouchCore.build/Objects-normal/arm64/VouchCore_const_extract_protocols.json -enable-experimental-feature DebugDescriptionMacro -empty-abi-descriptor -plugin-path /Applications/Xcode-16.3.0.app/Contents/Developer/Toolchains/XcodeDefault.xctoolchain/usr/lib/swift/host/plugins/testing -validate-clang-modules-once -clang-build-session-file /Users/admin/builder/spi-builder-workspace/.derivedData/ModuleCache.noindex/Session.modulevalidation -Xcc -working-directory -Xcc /Users/admin/builder/spi-builder-workspace/.swiftpm/xcode -resource-dir /Applications/Xcode-16.3.0.app/Contents/Developer/Toolchains/XcodeDefault.xctoolchain/usr/lib/swift -enable-anonymous-context-mangled-names -file-compilation-dir /Users/admin/builder/spi-builder-workspace/.swiftpm/xcode -Xcc -ivfsstatcache -Xcc /Users/admin/builder/spi-builder-workspace/.derivedData/SDKStatCaches.noindex/macosx15.4-24E241-8287b8f5db97e746a1562fbca0c9d29b.sdkstatcache -Xcc -I/Users/admin/builder/spi-builder-workspace/.derivedData/Build/Intermediates.noindex/VouchCore.build/Debug/VouchCore.build/swift-overrides.hmap -Xcc -I/Users/admin/builder/spi-builder-workspace/.derivedData/Build/Products/Debug/include -Xcc -I/Users/admin/builder/spi-builder-workspace/.derivedData/Build/Intermediates.noindex/VouchCore.build/Debug/VouchCore.build/DerivedSources-normal/arm64 -Xcc -I/Users/admin/builder/spi-builder-workspace/.derivedData/Build/Intermediates.noindex/VouchCore.build/Debug/VouchCore.build/DerivedSources/arm64 -Xcc -I/Users/admin/builder/spi-builder-workspace/.derivedData/Build/Intermediates.noindex/VouchCore.build/Debug/VouchCore.build/DerivedSources -Xcc -DSWIFT_PACKAGE -Xcc -DDEBUG\=1 -module-name VouchCore -frontend-parseable-output -disable-clang-spi -target-sdk-version 15.4 -target-sdk-name macosx15.4 -external-plugin-path /Applications/Xcode-16.3.0.app/Contents/Developer/Platforms/MacOSX.platform/Developer/usr/lib/swift/host/plugins\#/Applications/Xcode-16.3.0.app/Contents/Developer/Platforms/MacOSX.platform/Developer/usr/bin/swift-plugin-server -external-plugin-path /Applications/Xcode-16.3.0.app/Contents/Developer/Platforms/MacOSX.platform/Developer/usr/local/lib/swift/host/plugins\#/Applications/Xcode-16.3.0.app/Contents/Developer/Platforms/MacOSX.platform/Developer/usr/bin/swift-plugin-server -in-process-plugin-server-path /Applications/Xcode-16.3.0.app/Contents/Developer/Toolchains/XcodeDefault.xctoolchain/usr/lib/swift/host/libSwiftInProcPluginServer.dylib -plugin-path /Applications/Xcode-16.3.0.app/Contents/Developer/Toolchains/XcodeDefault.xctoolchain/usr/lib/swift/host/plugins -plugin-path /Applications/Xcode-16.3.0.app/Contents/Developer/Toolchains/XcodeDefault.xctoolchain/usr/local/lib/swift/host/plugins -emit-module-doc-path /Users/admin/builder/spi-builder-workspace/.derivedData/Build/Intermediates.noindex/VouchCore.build/Debug/VouchCore.build/Objects-normal/arm64/VouchCore.swiftdoc -emit-module-source-info-path /Users/admin/builder/spi-builder-workspace/.derivedData/Build/Intermediates.noindex/VouchCore.build/Debug/VouchCore.build/Objects-normal/arm64/VouchCore.swiftsourceinfo -emit-objc-header-path /Users/admin/builder/spi-builder-workspace/.derivedData/Build/Intermediates.noindex/VouchCore.build/Debug/VouchCore.build/Objects-normal/arm64/VouchCore-Swift.h -serialize-diagnostics-path /Users/admin/builder/spi-builder-workspace/.derivedData/Build/Intermediates.noindex/VouchCore.build/Debug/VouchCore.build/Objects-normal/arm64/VouchCore-master-emit-module.dia -emit-dependencies-path /Users/admin/builder/spi-builder-workspace/.derivedData/Build/Intermediates.noindex/VouchCore.build/Debug/VouchCore.build/Objects-normal/arm64/VouchCore-master-emit-module.d -o /Users/admin/builder/spi-builder-workspace/.derivedData/Build/Intermediates.noindex/VouchCore.build/Debug/VouchCore.build/Objects-normal/arm64/VouchCore.swiftmodule -emit-abi-descriptor-path /Users/admin/builder/spi-builder-workspace/.derivedData/Build/Intermediates.noindex/VouchCore.build/Debug/VouchCore.build/Objects-normal/arm64/VouchCore.abi.json
EmitSwiftModule normal arm64 (in target 'VouchCore' from project 'VouchCore')
    cd /Users/admin/builder/spi-builder-workspace/.swiftpm/xcode

/Users/admin/builder/spi-builder-workspace/Sources/VouchCore/vouch_core.swift:1700:9: error: cannot find 'uniffi_vouch_core_uniffi_checksum_func_robotics_attach_status' in scope
    if (uniffi_vouch_core_uniffi_checksum_func_robotics_attach_status() != 59495) {
        ^~~~~~~~~~~~~~~~~~~~~~~~~~~~~~~~~~~~~~~~~~~~~~~~~~~~~~~~~~~~~
/Users/admin/builder/spi-builder-workspace/Sources/VouchCore/vouch_core.swift:1703:9: error: cannot find 'uniffi_vouch_core_uniffi_checksum_func_robotics_attenuates' in scope
    if (uniffi_vouch_core_uniffi_checksum_func_robotics_attenuates() != 30616) {
        ^~~~~~~~~~~~~~~~~~~~~~~~~~~~~~~~~~~~~~~~~~~~~~~~~~~~~~~~~~
/Users/admin/builder/spi-builder-workspace/Sources/VouchCore/vouch_core.swift:1706:9: error: cannot find 'uniffi_vouch_core_uniffi_checksum_func_robotics_blackbox_append' in scope
    if (uniffi_vouch_core_uniffi_checksum_func_robotics_blackbox_append() != 6780) {
        ^~~~~~~~~~~~~~~~~~~~~~~~~~~~~~~~~~~~~~~~~~~~~~~~~~~~~~~~~~~~~~~
/Users/admin/builder/spi-builder-workspace/Sources/VouchCore/vouch_core.swift:1709:9: error: cannot find 'uniffi_vouch_core_uniffi_checksum_func_robotics_blackbox_open' in scope
    if (uniffi_vouch_core_uniffi_checksum_func_robotics_blackbox_open() != 58939) {
        ^~~~~~~~~~~~~~~~~~~~~~~~~~~~~~~~~~~~~~~~~~~~~~~~~~~~~~~~~~~~~
/Users/admin/builder/spi-builder-workspace/Sources/VouchCore/vouch_core.swift:1712:9: error: cannot find 'uniffi_vouch_core_uniffi_checksum_func_robotics_build_accept' in scope
    if (uniffi_vouch_core_uniffi_checksum_func_robotics_build_accept() != 24792) {
        ^~~~~~~~~~~~~~~~~~~~~~~~~~~~~~~~~~~~~~~~~~~~~~~~~~~~~~~~~~~~
/Users/admin/builder/spi-builder-workspace/Sources/VouchCore/vouch_core.swift:1715:9: error: cannot find 'uniffi_vouch_core_uniffi_checksum_func_robotics_build_action_approval' in scope
    if (uniffi_vouch_core_uniffi_checksum_func_robotics_build_action_approval() != 38269) {
        ^~~~~~~~~~~~~~~~~~~~~~~~~~~~~~~~~~~~~~~~~~~~~~~~~~~~~~~~~~~~~~~~~~~~~
/Users/admin/builder/spi-builder-workspace/Sources/VouchCore/vouch_core.swift:1718:9: error: cannot find 'uniffi_vouch_core_uniffi_checksum_func_robotics_build_confirm' in scope
    if (uniffi_vouch_core_uniffi_checksum_func_robotics_build_confirm() != 5964) {
        ^~~~~~~~~~~~~~~~~~~~~~~~~~~~~~~~~~~~~~~~~~~~~~~~~~~~~~~~~~~~~
/Users/admin/builder/spi-builder-workspace/Sources/VouchCore/vouch_core.swift:1721:9: error: cannot find 'uniffi_vouch_core_uniffi_checksum_func_robotics_build_conformance_attestation' in scope
    if (uniffi_vouch_core_uniffi_checksum_func_robotics_build_conformance_attestation() != 44855) {
        ^~~~~~~~~~~~~~~~~~~~~~~~~~~~~~~~~~~~~~~~~~~~~~~~~~~~~~~~~~~~~~~~~~~~~~~~~~~~~
/Users/admin/builder/spi-builder-workspace/Sources/VouchCore/vouch_core.swift:1724:9: error: cannot find 'uniffi_vouch_core_uniffi_checksum_func_robotics_build_decommission' in scope
    if (uniffi_vouch_core_uniffi_checksum_func_robotics_build_decommission() != 34705) {
        ^~~~~~~~~~~~~~~~~~~~~~~~~~~~~~~~~~~~~~~~~~~~~~~~~~~~~~~~~~~~~~~~~~
/Users/admin/builder/spi-builder-workspace/Sources/VouchCore/vouch_core.swift:1727:9: error: cannot find 'uniffi_vouch_core_uniffi_checksum_func_robotics_build_heartbeat' in scope
    if (uniffi_vouch_core_uniffi_checksum_func_robotics_build_heartbeat() != 17046) {
        ^~~~~~~~~~~~~~~~~~~~~~~~~~~~~~~~~~~~~~~~~~~~~~~~~~~~~~~~~~~~~~~
/Users/admin/builder/spi-builder-workspace/Sources/VouchCore/vouch_core.swift:1730:9: error: cannot find 'uniffi_vouch_core_uniffi_checksum_func_robotics_build_hello' in scope
    if (uniffi_vouch_core_uniffi_checksum_func_robotics_build_hello() != 61659) {
        ^~~~~~~~~~~~~~~~~~~~~~~~~~~~~~~~~~~~~~~~~~~~~~~~~~~~~~~~~~~
/Users/admin/builder/spi-builder-workspace/Sources/VouchCore/vouch_core.swift:1733:9: error: cannot find 'uniffi_vouch_core_uniffi_checksum_func_robotics_build_key_rotation' in scope
    if (uniffi_vouch_core_uniffi_checksum_func_robotics_build_key_rotation() != 41303) {
        ^~~~~~~~~~~~~~~~~~~~~~~~~~~~~~~~~~~~~~~~~~~~~~~~~~~~~~~~~~~~~~~~~~
/Users/admin/builder/spi-builder-workspace/Sources/VouchCore/vouch_core.swift:1736:9: error: cannot find 'uniffi_vouch_core_uniffi_checksum_func_robotics_build_killswitch' in scope
    if (uniffi_vouch_core_uniffi_checksum_func_robotics_build_killswitch() != 35311) {
        ^~~~~~~~~~~~~~~~~~~~~~~~~~~~~~~~~~~~~~~~~~~~~~~~~~~~~~~~~~~~~~~~
/Users/admin/builder/spi-builder-workspace/Sources/VouchCore/vouch_core.swift:1739:9: error: cannot find 'uniffi_vouch_core_uniffi_checksum_func_robotics_build_lease' in scope
    if (uniffi_vouch_core_uniffi_checksum_func_robotics_build_lease() != 57473) {
        ^~~~~~~~~~~~~~~~~~~~~~~~~~~~~~~~~~~~~~~~~~~~~~~~~~~~~~~~~~~
/Users/admin/builder/spi-builder-workspace/Sources/VouchCore/vouch_core.swift:1742:9: error: cannot find 'uniffi_vouch_core_uniffi_checksum_func_robotics_build_ownership_transfer' in scope
    if (uniffi_vouch_core_uniffi_checksum_func_robotics_build_ownership_transfer() != 46538) {
        ^~~~~~~~~~~~~~~~~~~~~~~~~~~~~~~~~~~~~~~~~~~~~~~~~~~~~~~~~~~~~~~~~~~~~~~~
/Users/admin/builder/spi-builder-workspace/Sources/VouchCore/vouch_core.swift:1745:9: error: cannot find 'uniffi_vouch_core_uniffi_checksum_func_robotics_build_passport' in scope
    if (uniffi_vouch_core_uniffi_checksum_func_robotics_build_passport() != 459) {
        ^~~~~~~~~~~~~~~~~~~~~~~~~~~~~~~~~~~~~~~~~~~~~~~~~~~~~~~~~~~~~~
/Users/admin/builder/spi-builder-workspace/Sources/VouchCore/vouch_core.swift:1748:9: error: cannot find 'uniffi_vouch_core_uniffi_checksum_func_robotics_build_perception' in scope
    if (uniffi_vouch_core_uniffi_checksum_func_robotics_build_perception() != 35684) {
        ^~~~~~~~~~~~~~~~~~~~~~~~~~~~~~~~~~~~~~~~~~~~~~~~~~~~~~~~~~~~~~~~
/Users/admin/builder/spi-builder-workspace/Sources/VouchCore/vouch_core.swift:1751:9: error: cannot find 'uniffi_vouch_core_uniffi_checksum_func_robotics_build_provenance' in scope
    if (uniffi_vouch_core_uniffi_checksum_func_robotics_build_provenance() != 55835) {
        ^~~~~~~~~~~~~~~~~~~~~~~~~~~~~~~~~~~~~~~~~~~~~~~~~~~~~~~~~~~~~~~~
/Users/admin/builder/spi-builder-workspace/Sources/VouchCore/vouch_core.swift:1754:9: error: cannot find 'uniffi_vouch_core_uniffi_checksum_func_robotics_build_safety_record' in scope
    if (uniffi_vouch_core_uniffi_checksum_func_robotics_build_safety_record() != 41300) {
        ^~~~~~~~~~~~~~~~~~~~~~~~~~~~~~~~~~~~~~~~~~~~~~~~~~~~~~~~~~~~~~~~~~~
/Users/admin/builder/spi-builder-workspace/Sources/VouchCore/vouch_core.swift:1757:9: error: cannot find 'uniffi_vouch_core_uniffi_checksum_func_robotics_build_scope' in scope
    if (uniffi_vouch_core_uniffi_checksum_func_robotics_build_scope() != 47648) {
        ^~~~~~~~~~~~~~~~~~~~~~~~~~~~~~~~~~~~~~~~~~~~~~~~~~~~~~~~~~~
/Users/admin/builder/spi-builder-workspace/Sources/VouchCore/vouch_core.swift:1760:9: error: cannot find 'uniffi_vouch_core_uniffi_checksum_func_robotics_build_status_entry' in scope
    if (uniffi_vouch_core_uniffi_checksum_func_robotics_build_status_entry() != 13915) {
        ^~~~~~~~~~~~~~~~~~~~~~~~~~~~~~~~~~~~~~~~~~~~~~~~~~~~~~~~~~~~~~~~~~
/Users/admin/builder/spi-builder-workspace/Sources/VouchCore/vouch_core.swift:1763:9: error: cannot find 'uniffi_vouch_core_uniffi_checksum_func_robotics_check_action' in scope
    if (uniffi_vouch_core_uniffi_checksum_func_robotics_check_action() != 30585) {
        ^~~~~~~~~~~~~~~~~~~~~~~~~~~~~~~~~~~~~~~~~~~~~~~~~~~~~~~~~~~~
/Users/admin/builder/spi-builder-workspace/Sources/VouchCore/vouch_core.swift:1766:9: error: cannot find 'uniffi_vouch_core_uniffi_checksum_func_robotics_check_conformance' in scope
    if (uniffi_vouch_core_uniffi_checksum_func_robotics_check_conformance() != 38679) {
        ^~~~~~~~~~~~~~~~~~~~~~~~~~~~~~~~~~~~~~~~~~~~~~~~~~~~~~~~~~~~~~~~~
/Users/admin/builder/spi-builder-workspace/Sources/VouchCore/vouch_core.swift:1769:9: error: cannot find 'uniffi_vouch_core_uniffi_checksum_func_robotics_check_status' in scope
    if (uniffi_vouch_core_uniffi_checksum_func_robotics_check_status() != 55540) {
        ^~~~~~~~~~~~~~~~~~~~~~~~~~~~~~~~~~~~~~~~~~~~~~~~~~~~~~~~~~~~
/Users/admin/builder/spi-builder-workspace/Sources/VouchCore/vouch_core.swift:1772:9: error: cannot find 'uniffi_vouch_core_uniffi_checksum_func_robotics_config_hash' in scope
    if (uniffi_vouch_core_uniffi_checksum_func_robotics_config_hash() != 4685) {
        ^~~~~~~~~~~~~~~~~~~~~~~~~~~~~~~~~~~~~~~~~~~~~~~~~~~~~~~~~~~
/Users/admin/builder/spi-builder-workspace/Sources/VouchCore/vouch_core.swift:1775:9: error: cannot find 'uniffi_vouch_core_uniffi_checksum_func_robotics_decode_passport' in scope
    if (uniffi_vouch_core_uniffi_checksum_func_robotics_decode_passport() != 44591) {
        ^~~~~~~~~~~~~~~~~~~~~~~~~~~~~~~~~~~~~~~~~~~~~~~~~~~~~~~~~~~~~~~
/Users/admin/builder/spi-builder-workspace/Sources/VouchCore/vouch_core.swift:1778:9: error: cannot find 'uniffi_vouch_core_uniffi_checksum_func_robotics_encode_passport' in scope
    if (uniffi_vouch_core_uniffi_checksum_func_robotics_encode_passport() != 61075) {
        ^~~~~~~~~~~~~~~~~~~~~~~~~~~~~~~~~~~~~~~~~~~~~~~~~~~~~~~~~~~~~~~
/Users/admin/builder/spi-builder-workspace/Sources/VouchCore/vouch_core.swift:1781:9: error: cannot find 'uniffi_vouch_core_uniffi_checksum_func_robotics_genesis_prev_hash' in scope
    if (uniffi_vouch_core_uniffi_checksum_func_robotics_genesis_prev_hash() != 14480) {
        ^~~~~~~~~~~~~~~~~~~~~~~~~~~~~~~~~~~~~~~~~~~~~~~~~~~~~~~~~~~~~~~~~
/Users/admin/builder/spi-builder-workspace/Sources/VouchCore/vouch_core.swift:1784:9: error: cannot find 'uniffi_vouch_core_uniffi_checksum_func_robotics_hash_frame' in scope
    if (uniffi_vouch_core_uniffi_checksum_func_robotics_hash_frame() != 64256) {
        ^~~~~~~~~~~~~~~~~~~~~~~~~~~~~~~~~~~~~~~~~~~~~~~~~~~~~~~~~~
/Users/admin/builder/spi-builder-workspace/Sources/VouchCore/vouch_core.swift:1787:9: error: cannot find 'uniffi_vouch_core_uniffi_checksum_func_robotics_is_live' in scope
    if (uniffi_vouch_core_uniffi_checksum_func_robotics_is_live() != 21644) {
        ^~~~~~~~~~~~~~~~~~~~~~~~~~~~~~~~~~~~~~~~~~~~~~~~~~~~~~~
/Users/admin/builder/spi-builder-workspace/Sources/VouchCore/vouch_core.swift:1790:9: error: cannot find 'uniffi_vouch_core_uniffi_checksum_func_robotics_is_pq' in scope
    if (uniffi_vouch_core_uniffi_checksum_func_robotics_is_pq() != 37246) {
        ^~~~~~~~~~~~~~~~~~~~~~~~~~~~~~~~~~~~~~~~~~~~~~~~~~~~~
/Users/admin/builder/spi-builder-workspace/Sources/VouchCore/vouch_core.swift:1793:9: error: cannot find 'uniffi_vouch_core_uniffi_checksum_func_robotics_lease_permits' in scope
    if (uniffi_vouch_core_uniffi_checksum_func_robotics_lease_permits() != 32712) {
        ^~~~~~~~~~~~~~~~~~~~~~~~~~~~~~~~~~~~~~~~~~~~~~~~~~~~~~~~~~~~~
/Users/admin/builder/spi-builder-workspace/Sources/VouchCore/vouch_core.swift:1796:9: error: cannot find 'uniffi_vouch_core_uniffi_checksum_func_robotics_migrate_to_pq' in scope
    if (uniffi_vouch_core_uniffi_checksum_func_robotics_migrate_to_pq() != 42474) {
        ^~~~~~~~~~~~~~~~~~~~~~~~~~~~~~~~~~~~~~~~~~~~~~~~~~~~~~~~~~~~~
/Users/admin/builder/spi-builder-workspace/Sources/VouchCore/vouch_core.swift:1799:9: error: cannot find 'uniffi_vouch_core_uniffi_checksum_func_robotics_mint_identity' in scope
    if (uniffi_vouch_core_uniffi_checksum_func_robotics_mint_identity() != 28032) {
        ^~~~~~~~~~~~~~~~~~~~~~~~~~~~~~~~~~~~~~~~~~~~~~~~~~~~~~~~~~~~~
/Users/admin/builder/spi-builder-workspace/Sources/VouchCore/vouch_core.swift:1802:9: error: cannot find 'uniffi_vouch_core_uniffi_checksum_func_robotics_motion_digest' in scope
    if (uniffi_vouch_core_uniffi_checksum_func_robotics_motion_digest() != 60091) {
        ^~~~~~~~~~~~~~~~~~~~~~~~~~~~~~~~~~~~~~~~~~~~~~~~~~~~~~~~~~~~~
/Users/admin/builder/spi-builder-workspace/Sources/VouchCore/vouch_core.swift:1805:9: error: cannot find 'uniffi_vouch_core_uniffi_checksum_func_robotics_perception_record' in scope
    if (uniffi_vouch_core_uniffi_checksum_func_robotics_perception_record() != 7181) {
        ^~~~~~~~~~~~~~~~~~~~~~~~~~~~~~~~~~~~~~~~~~~~~~~~~~~~~~~~~~~~~~~~~
/Users/admin/builder/spi-builder-workspace/Sources/VouchCore/vouch_core.swift:1808:9: error: cannot find 'uniffi_vouch_core_uniffi_checksum_func_robotics_report_digest' in scope
    if (uniffi_vouch_core_uniffi_checksum_func_robotics_report_digest() != 35392) {
        ^~~~~~~~~~~~~~~~~~~~~~~~~~~~~~~~~~~~~~~~~~~~~~~~~~~~~~~~~~~~~
/Users/admin/builder/spi-builder-workspace/Sources/VouchCore/vouch_core.swift:1811:9: error: cannot find 'uniffi_vouch_core_uniffi_checksum_func_robotics_safety_append' in scope
    if (uniffi_vouch_core_uniffi_checksum_func_robotics_safety_append() != 41971) {
        ^~~~~~~~~~~~~~~~~~~~~~~~~~~~~~~~~~~~~~~~~~~~~~~~~~~~~~~~~~~~~
/Users/admin/builder/spi-builder-workspace/Sources/VouchCore/vouch_core.swift:1814:9: error: cannot find 'uniffi_vouch_core_uniffi_checksum_func_robotics_sign_pq' in scope
    if (uniffi_vouch_core_uniffi_checksum_func_robotics_sign_pq() != 17486) {
        ^~~~~~~~~~~~~~~~~~~~~~~~~~~~~~~~~~~~~~~~~~~~~~~~~~~~~~~
/Users/admin/builder/spi-builder-workspace/Sources/VouchCore/vouch_core.swift:1817:9: error: cannot find 'uniffi_vouch_core_uniffi_checksum_func_robotics_summarize_safety' in scope
    if (uniffi_vouch_core_uniffi_checksum_func_robotics_summarize_safety() != 49394) {
        ^~~~~~~~~~~~~~~~~~~~~~~~~~~~~~~~~~~~~~~~~~~~~~~~~~~~~~~~~~~~~~~~
/Users/admin/builder/spi-builder-workspace/Sources/VouchCore/vouch_core.swift:1820:9: error: cannot find 'uniffi_vouch_core_uniffi_checksum_func_robotics_validate_motion_digest' in scope
    if (uniffi_vouch_core_uniffi_checksum_func_robotics_validate_motion_digest() != 41762) {
        ^~~~~~~~~~~~~~~~~~~~~~~~~~~~~~~~~~~~~~~~~~~~~~~~~~~~~~~~~~~~~~~~~~~~~~
/Users/admin/builder/spi-builder-workspace/Sources/VouchCore/vouch_core.swift:1823:9: error: cannot find 'uniffi_vouch_core_uniffi_checksum_func_robotics_verify_accept' in scope
    if (uniffi_vouch_core_uniffi_checksum_func_robotics_verify_accept() != 18861) {
        ^~~~~~~~~~~~~~~~~~~~~~~~~~~~~~~~~~~~~~~~~~~~~~~~~~~~~~~~~~~~~
/Users/admin/builder/spi-builder-workspace/Sources/VouchCore/vouch_core.swift:1826:9: error: cannot find 'uniffi_vouch_core_uniffi_checksum_func_robotics_verify_action_authorization' in scope
    if (uniffi_vouch_core_uniffi_checksum_func_robotics_verify_action_authorization() != 24255) {
        ^~~~~~~~~~~~~~~~~~~~~~~~~~~~~~~~~~~~~~~~~~~~~~~~~~~~~~~~~~~~~~~~~~~~~~~~~~~
/Users/admin/builder/spi-builder-workspace/Sources/VouchCore/vouch_core.swift:1829:9: error: cannot find 'uniffi_vouch_core_uniffi_checksum_func_robotics_verify_chain' in scope
    if (uniffi_vouch_core_uniffi_checksum_func_robotics_verify_chain() != 15949) {
        ^~~~~~~~~~~~~~~~~~~~~~~~~~~~~~~~~~~~~~~~~~~~~~~~~~~~~~~~~~~~
/Users/admin/builder/spi-builder-workspace/Sources/VouchCore/vouch_core.swift:1832:9: error: cannot find 'uniffi_vouch_core_uniffi_checksum_func_robotics_verify_confirm' in scope
    if (uniffi_vouch_core_uniffi_checksum_func_robotics_verify_confirm() != 33771) {
        ^~~~~~~~~~~~~~~~~~~~~~~~~~~~~~~~~~~~~~~~~~~~~~~~~~~~~~~~~~~~~~
/Users/admin/builder/spi-builder-workspace/Sources/VouchCore/vouch_core.swift:1835:9: error: cannot find 'uniffi_vouch_core_uniffi_checksum_func_robotics_verify_conformance_attestation' in scope
    if (uniffi_vouch_core_uniffi_checksum_func_robotics_verify_conformance_attestation() != 13223) {
        ^~~~~~~~~~~~~~~~~~~~~~~~~~~~~~~~~~~~~~~~~~~~~~~~~~~~~~~~~~~~~~~~~~~~~~~~~~~~~~
/Users/admin/builder/spi-builder-workspace/Sources/VouchCore/vouch_core.swift:1838:9: error: cannot find 'uniffi_vouch_core_uniffi_checksum_func_robotics_verify_custody_chain' in scope
    if (uniffi_vouch_core_uniffi_checksum_func_robotics_verify_custody_chain() != 27600) {
        ^~~~~~~~~~~~~~~~~~~~~~~~~~~~~~~~~~~~~~~~~~~~~~~~~~~~~~~~~~~~~~~~~~~~
/Users/admin/builder/spi-builder-workspace/Sources/VouchCore/vouch_core.swift:1841:9: error: cannot find 'uniffi_vouch_core_uniffi_checksum_func_robotics_verify_decommission' in scope
    if (uniffi_vouch_core_uniffi_checksum_func_robotics_verify_decommission() != 57617) {
        ^~~~~~~~~~~~~~~~~~~~~~~~~~~~~~~~~~~~~~~~~~~~~~~~~~~~~~~~~~~~~~~~~~~
/Users/admin/builder/spi-builder-workspace/Sources/VouchCore/vouch_core.swift:1844:9: error: cannot find 'uniffi_vouch_core_uniffi_checksum_func_robotics_verify_heartbeat' in scope
    if (uniffi_vouch_core_uniffi_checksum_func_robotics_verify_heartbeat() != 58554) {
        ^~~~~~~~~~~~~~~~~~~~~~~~~~~~~~~~~~~~~~~~~~~~~~~~~~~~~~~~~~~~~~~~
/Users/admin/builder/spi-builder-workspace/Sources/VouchCore/vouch_core.swift:1847:9: error: cannot find 'uniffi_vouch_core_uniffi_checksum_func_robotics_verify_identity' in scope
    if (uniffi_vouch_core_uniffi_checksum_func_robotics_verify_identity() != 40877) {
        ^~~~~~~~~~~~~~~~~~~~~~~~~~~~~~~~~~~~~~~~~~~~~~~~~~~~~~~~~~~~~~~
/Users/admin/builder/spi-builder-workspace/Sources/VouchCore/vouch_core.swift:1850:9: error: cannot find 'uniffi_vouch_core_uniffi_checksum_func_robotics_verify_key_history' in scope
    if (uniffi_vouch_core_uniffi_checksum_func_robotics_verify_key_history() != 24944) {
        ^~~~~~~~~~~~~~~~~~~~~~~~~~~~~~~~~~~~~~~~~~~~~~~~~~~~~~~~~~~~~~~~~~
/Users/admin/builder/spi-builder-workspace/Sources/VouchCore/vouch_core.swift:1853:9: error: cannot find 'uniffi_vouch_core_uniffi_checksum_func_robotics_verify_key_rotation' in scope
    if (uniffi_vouch_core_uniffi_checksum_func_robotics_verify_key_rotation() != 60698) {
        ^~~~~~~~~~~~~~~~~~~~~~~~~~~~~~~~~~~~~~~~~~~~~~~~~~~~~~~~~~~~~~~~~~~
/Users/admin/builder/spi-builder-workspace/Sources/VouchCore/vouch_core.swift:1856:9: error: cannot find 'uniffi_vouch_core_uniffi_checksum_func_robotics_verify_killswitch' in scope
    if (uniffi_vouch_core_uniffi_checksum_func_robotics_verify_killswitch() != 23587) {
        ^~~~~~~~~~~~~~~~~~~~~~~~~~~~~~~~~~~~~~~~~~~~~~~~~~~~~~~~~~~~~~~~~
/Users/admin/builder/spi-builder-workspace/Sources/VouchCore/vouch_core.swift:1859:9: error: cannot find 'uniffi_vouch_core_uniffi_checksum_func_robotics_verify_lease' in scope
    if (uniffi_vouch_core_uniffi_checksum_func_robotics_verify_lease() != 24178) {
        ^~~~~~~~~~~~~~~~~~~~~~~~~~~~~~~~~~~~~~~~~~~~~~~~~~~~~~~~~~~~
/Users/admin/builder/spi-builder-workspace/Sources/VouchCore/vouch_core.swift:1862:9: error: cannot find 'uniffi_vouch_core_uniffi_checksum_func_robotics_verify_ownership_transfer' in scope
    if (uniffi_vouch_core_uniffi_checksum_func_robotics_verify_ownership_transfer() != 36199) {
        ^~~~~~~~~~~~~~~~~~~~~~~~~~~~~~~~~~~~~~~~~~~~~~~~~~~~~~~~~~~~~~~~~~~~~~~~~
/Users/admin/builder/spi-builder-workspace/Sources/VouchCore/vouch_core.swift:1865:9: error: cannot find 'uniffi_vouch_core_uniffi_checksum_func_robotics_verify_passport' in scope
    if (uniffi_vouch_core_uniffi_checksum_func_robotics_verify_passport() != 40835) {
        ^~~~~~~~~~~~~~~~~~~~~~~~~~~~~~~~~~~~~~~~~~~~~~~~~~~~~~~~~~~~~~~
/Users/admin/builder/spi-builder-workspace/Sources/VouchCore/vouch_core.swift:1868:9: error: cannot find 'uniffi_vouch_core_uniffi_checksum_func_robotics_verify_passport_uri' in scope
    if (uniffi_vouch_core_uniffi_checksum_func_robotics_verify_passport_uri() != 61710) {
        ^~~~~~~~~~~~~~~~~~~~~~~~~~~~~~~~~~~~~~~~~~~~~~~~~~~~~~~~~~~~~~~~~~~
/Users/admin/builder/spi-builder-workspace/Sources/VouchCore/vouch_core.swift:1871:9: error: cannot find 'uniffi_vouch_core_uniffi_checksum_func_robotics_verify_perception' in scope
    if (uniffi_vouch_core_uniffi_checksum_func_robotics_verify_perception() != 40449) {
        ^~~~~~~~~~~~~~~~~~~~~~~~~~~~~~~~~~~~~~~~~~~~~~~~~~~~~~~~~~~~~~~~~
/Users/admin/builder/spi-builder-workspace/Sources/VouchCore/vouch_core.swift:1874:9: error: cannot find 'uniffi_vouch_core_uniffi_checksum_func_robotics_verify_perception_log' in scope
    if (uniffi_vouch_core_uniffi_checksum_func_robotics_verify_perception_log() != 60600) {
        ^~~~~~~~~~~~~~~~~~~~~~~~~~~~~~~~~~~~~~~~~~~~~~~~~~~~~~~~~~~~~~~~~~~~~
/Users/admin/builder/spi-builder-workspace/Sources/VouchCore/vouch_core.swift:1877:9: error: cannot find 'uniffi_vouch_core_uniffi_checksum_func_robotics_verify_pq' in scope
    if (uniffi_vouch_core_uniffi_checksum_func_robotics_verify_pq() != 7763) {
        ^~~~~~~~~~~~~~~~~~~~~~~~~~~~~~~~~~~~~~~~~~~~~~~~~~~~~~~~~
/Users/admin/builder/spi-builder-workspace/Sources/VouchCore/vouch_core.swift:1880:9: error: cannot find 'uniffi_vouch_core_uniffi_checksum_func_robotics_verify_provenance' in scope
    if (uniffi_vouch_core_uniffi_checksum_func_robotics_verify_provenance() != 29082) {
        ^~~~~~~~~~~~~~~~~~~~~~~~~~~~~~~~~~~~~~~~~~~~~~~~~~~~~~~~~~~~~~~~~
/Users/admin/builder/spi-builder-workspace/Sources/VouchCore/vouch_core.swift:1883:9: error: cannot find 'uniffi_vouch_core_uniffi_checksum_func_robotics_verify_robot_credential' in scope
    if (uniffi_vouch_core_uniffi_checksum_func_robotics_verify_robot_credential() != 42923) {
        ^~~~~~~~~~~~~~~~~~~~~~~~~~~~~~~~~~~~~~~~~~~~~~~~~~~~~~~~~~~~~~~~~~~~~~~
/Users/admin/builder/spi-builder-workspace/Sources/VouchCore/vouch_core.swift:1886:9: error: cannot find 'uniffi_vouch_core_uniffi_checksum_func_robotics_verify_safety_log' in scope
    if (uniffi_vouch_core_uniffi_checksum_func_robotics_verify_safety_log() != 56168) {
        ^~~~~~~~~~~~~~~~~~~~~~~~~~~~~~~~~~~~~~~~~~~~~~~~~~~~~~~~~~~~~~~~~
/Users/admin/builder/spi-builder-workspace/Sources/VouchCore/vouch_core.swift:1889:9: error: cannot find 'uniffi_vouch_core_uniffi_checksum_func_robotics_verify_safety_record' in scope
    if (uniffi_vouch_core_uniffi_checksum_func_robotics_verify_safety_record() != 3427) {
        ^~~~~~~~~~~~~~~~~~~~~~~~~~~~~~~~~~~~~~~~~~~~~~~~~~~~~~~~~~~~~~~~~~~~
/Users/admin/builder/spi-builder-workspace/Sources/VouchCore/vouch_core.swift:1892:9: error: cannot find 'uniffi_vouch_core_uniffi_checksum_func_sign' in scope
    if (uniffi_vouch_core_uniffi_checksum_func_sign() != 119) {
        ^~~~~~~~~~~~~~~~~~~~~~~~~~~~~~~~~~~~~~~~~~~
/Users/admin/builder/spi-builder-workspace/Sources/VouchCore/vouch_core.swift:1898:9: error: cannot find 'uniffi_vouch_core_uniffi_checksum_func_verify' in scope
    if (uniffi_vouch_core_uniffi_checksum_func_verify() != 57533) {
        ^~~~~~~~~~~~~~~~~~~~~~~~~~~~~~~~~~~~~~~~~~~~~
SwiftCompile normal arm64 Compiling\ vouch_core.swift /Users/admin/builder/spi-builder-workspace/Sources/VouchCore/vouch_core.swift (in target 'VouchCore' from project 'VouchCore')
SwiftCompile normal arm64 /Users/admin/builder/spi-builder-workspace/Sources/VouchCore/vouch_core.swift (in target 'VouchCore' from project 'VouchCore')
    cd /Users/admin/builder/spi-builder-workspace/.swiftpm/xcode

SwiftCompile normal arm64 Compiling\ VouchAgent.swift /Users/admin/builder/spi-builder-workspace/Sources/VouchCore/VouchAgent.swift (in target 'VouchCore' from project 'VouchCore')
SwiftCompile normal arm64 /Users/admin/builder/spi-builder-workspace/Sources/VouchCore/VouchAgent.swift (in target 'VouchCore' from project 'VouchCore')
    cd /Users/admin/builder/spi-builder-workspace/.swiftpm/xcode

SwiftCompile normal arm64 Compiling\ VouchRobotics.swift /Users/admin/builder/spi-builder-workspace/Sources/VouchCore/VouchRobotics.swift (in target 'VouchCore' from project 'VouchCore')
SwiftCompile normal arm64 /Users/admin/builder/spi-builder-workspace/Sources/VouchCore/VouchRobotics.swift (in target 'VouchCore' from project 'VouchCore')
    cd /Users/admin/builder/spi-builder-workspace/.swiftpm/xcode

--- xcodebuild: WARNING: Using the first of multiple matching destinations:
{ platform:macOS, arch:arm64, id:4a0dd4432550c1f0e0c2686d29ac100ee95a5030, name:My Mac }
{ platform:macOS, arch:arm64, variant:Mac Catalyst, id:4a0dd4432550c1f0e0c2686d29ac100ee95a5030, name:My Mac }
{ platform:macOS, arch:arm64, variant:DriverKit, id:4a0dd4432550c1f0e0c2686d29ac100ee95a5030, name:My Mac }
{ platform:macOS, arch:arm64, variant:Designed for [iPad,iPhone], id:4a0dd4432550c1f0e0c2686d29ac100ee95a5030, name:My Mac }
** BUILD FAILED **
The following build commands failed:
	SwiftEmitModule normal arm64 Emitting\ module\ for\ VouchCore (in target 'VouchCore' from project 'VouchCore')
	EmitSwiftModule normal arm64 (in target 'VouchCore' from project 'VouchCore')
	Building workspace spi-builder-workspace with scheme VouchCore
(3 failures)
BUILD FAILURE 6.1 macosXcodebuild