The Swift Package Index logo.Swift Package Index

Build Information

Failed to build snap-template-shared, reference 0.1.0 (7b669a), with Swift 6.4 for macOS (Xcode) using Xcode 27.0 on 21 Sep 2026 10:29:49 UTC.

Build Command

env DEVELOPER_DIR=/Applications/Xcode-27.0.0-Release.Candidate.app xcrun xcodebuild -IDEClonedSourcePackagesDirPathOverride=$PWD/.dependencies -skipMacroValidation -skipPackagePluginValidation -derivedDataPath $PWD/.derivedData build -scheme snap-template-shared -destination platform=macOS,arch=arm64

Build Log

========================================
RunAll
========================================
Builder version: 5.1.0
Interrupt handler set up.
========================================
Checkout
========================================
Clone URL: https://github.com/simonnickel/snap-template.git
Reference: 0.1.0
Initialized empty Git repository in /Users/admin/builder/spi-builder-workspace/.git/
From https://github.com/simonnickel/snap-template
 * tag               0.1.0      -> FETCH_HEAD
HEAD is now at 7b669a3 Fix setting to be locally
Cloned https://github.com/simonnickel/snap-template.git
Revision (git rev-parse @):
7b669a36ebb77b15617cd58a074e4d43978b0109
SPI manifest file found: $PWD/.spi.yml
SUCCESS checkout https://github.com/simonnickel/snap-template.git at 0.1.0
========================================
Build
========================================
Selected platform:         macosXcodebuild
Swift version:             6.4
Building package at path:  $PWD
https://github.com/simonnickel/snap-template.git
Command line invocation:
    /Applications/Xcode-27.0.0-Release.Candidate.app/Contents/Developer/usr/bin/xcodebuild -IDEClonedSourcePackagesDirPathOverride=/Users/admin/builder/spi-builder-workspace/.dependencies -resolvePackageDependencies
Resolve Package Graph
Fetching from https://github.com/simonnickel/snap-core.git
Fetching from https://github.com/simonnickel/snap-theme.git
Fetching from https://github.com/simonnickel/snap-settings-service.git
Fetching from https://github.com/simonnickel/snap-matching-navigation.git
Fetching from https://github.com/simonnickel/snap-foundation.git
Creating working copy of package ‘snap-theme’
Checking out main (250e709) of package ‘snap-theme’
Creating working copy of package ‘snap-settings-service’
Checking out main (4104e5e) of package ‘snap-settings-service’
Creating working copy of package ‘snap-matching-navigation’
Checking out main (be1acc4) of package ‘snap-matching-navigation’
Creating working copy of package ‘snap-foundation’
Checking out main (5dcd584) of package ‘snap-foundation’
Creating working copy of package ‘snap-core’
Checking out main (b35b73d) of package ‘snap-core’
Resolve Package Graph
Resolved source packages:
  snap-template-shared: /Users/admin/builder/spi-builder-workspace
  snap-theme: https://github.com/simonnickel/snap-theme.git @ main (250e709)
  snap-core: https://github.com/simonnickel/snap-core.git @ main (b35b73d)
  snap-matching-navigation: https://github.com/simonnickel/snap-matching-navigation.git @ main (be1acc4)
  snap-foundation: https://github.com/simonnickel/snap-foundation.git @ main (5dcd584)
  snap-settings-service: https://github.com/simonnickel/snap-settings-service.git @ main (4104e5e)
resolved source packages: snap-template-shared, snap-theme, snap-core, snap-matching-navigation, snap-foundation, snap-settings-service
2026-09-21 06:29:06.680 xcodebuild[524:2997] [MT] IDERunDestination: Supported platforms for the buildables in the current scheme is empty.
{
  "dependencies" : [
    {
      "identity" : "snap-core",
      "requirement" : {
        "branch" : [
          "main"
        ]
      },
      "type" : "sourceControl",
      "url" : "https://github.com/simonnickel/snap-core.git"
    },
    {
      "identity" : "snap-theme",
      "requirement" : {
        "branch" : [
          "main"
        ]
      },
      "type" : "sourceControl",
      "url" : "https://github.com/simonnickel/snap-theme.git"
    },
    {
      "identity" : "snap-settings-service",
      "requirement" : {
        "branch" : [
          "main"
        ]
      },
      "type" : "sourceControl",
      "url" : "https://github.com/simonnickel/snap-settings-service.git"
    },
    {
      "identity" : "snap-matching-navigation",
      "requirement" : {
        "branch" : [
          "main"
        ]
      },
      "type" : "sourceControl",
      "url" : "https://github.com/simonnickel/snap-matching-navigation.git"
    }
  ],
  "manifest_display_name" : "snap-template-shared",
  "name" : "snap-template-shared",
  "path" : "/Users/admin/builder/spi-builder-workspace",
  "platforms" : [
    {
      "name" : "ios",
      "version" : "17.0"
    },
    {
      "name" : "macos",
      "version" : "14.0"
    }
  ],
  "products" : [
    {
      "name" : "SnapTemplateShared",
      "targets" : [
        "SnapTemplateShared"
      ],
      "type" : {
        "library" : [
          "automatic"
        ]
      }
    }
  ],
  "targets" : [
    {
      "c99name" : "SnapTemplateSharedTests",
      "module_type" : "SwiftTarget",
      "name" : "SnapTemplateSharedTests",
      "path" : "Tests/SnapTemplateSharedTests",
      "sources" : [
        "SnapTemplateSharedTests.swift"
      ],
      "target_dependencies" : [
        "SnapTemplateShared"
      ],
      "type" : "test"
    },
    {
      "c99name" : "SnapTemplateShared",
      "module_type" : "SwiftTarget",
      "name" : "SnapTemplateShared",
      "path" : "Sources/SnapTemplateShared",
      "product_dependencies" : [
        "SnapCore",
        "SnapTheme",
        "SnapSettingsService",
        "SnapMatchingNavigation"
      ],
      "product_memberships" : [
        "SnapTemplateShared"
      ],
      "sources" : [
        "Container.swift",
        "Settings/AccentColor/AccentColorPicker.swift",
        "Settings/AccentColor/Settings+AccentColor.swift",
        "Settings/ConfigureTab/ConfigureTabs+InitialPicker.swift",
        "Settings/ConfigureTab/ConfigureTabs+List.swift",
        "Settings/ConfigureTab/ConfigureTabs+ListRow.swift",
        "Settings/ConfigureTab/ConfigureTabsScreen.swift",
        "Settings/ConfigureTab/Settings+NavigationTabs.swift",
        "Settings/ConfigureTab/TabConfiguration.swift",
        "Settings/DisplayMode/DisplayMode.swift",
        "Settings/DisplayMode/Settings+DisplayMode.swift",
        "Settings/Header/SettingsHeaderSection.swift",
        "Settings/IconKeys+Settings.swift",
        "Settings/NavigationLayout/NavigationLayout.swift",
        "Settings/NavigationLayout/Settings+NavigationLayout.swift",
        "Settings/Views/SettingsPicker.swift",
        "Settings/Views/SettingsRow.swift",
        "Settings/Views/SettingsToggle.swift",
        "Settings/Views/ThemeSceneSettings.swift",
        "SnapNavigationSplitView.swift",
        "TemplateAppStructure/TemplateContent.swift",
        "TemplateAppStructure/TemplateDepencencies+ViewModifier.swift",
        "TemplateAppStructure/TemplateDependencies.swift",
        "TemplateAppStructure/TemplateState+Environment.swift",
        "TemplateAppStructure/TemplateState.swift"
      ],
      "type" : "library"
    }
  ],
  "tools_version" : "5.10"
}
{
  "workspace" : {
    "name" : "snap-template-shared",
    "schemes" : [
      "snap-template-shared",
      "snap-theme"
    ]
  }
}
2026-09-21 06:29:38.614 xcodebuild[818:4737] [MT] IDERunDestination: Supported platforms for the buildables in the current scheme is empty.
{
  "workspace" : {
    "name" : "snap-template-shared",
    "schemes" : [
      "snap-template-shared",
      "snap-theme"
    ]
  }
}
2026-09-21 06:29:39.726 xcodebuild[820:4791] [MT] IDERunDestination: Supported platforms for the buildables in the current scheme is empty.
Running build ...
env DEVELOPER_DIR=/Applications/Xcode-27.0.0-Release.Candidate.app xcrun xcodebuild -IDEClonedSourcePackagesDirPathOverride=$PWD/.dependencies -skipMacroValidation -skipPackagePluginValidation -derivedDataPath $PWD/.derivedData build -scheme snap-template-shared -destination platform=macOS,arch=arm64
Command line invocation:
    /Applications/Xcode-27.0.0-Release.Candidate.app/Contents/Developer/usr/bin/xcodebuild -IDEClonedSourcePackagesDirPathOverride=/Users/admin/builder/spi-builder-workspace/.dependencies -skipMacroValidation -skipPackagePluginValidation -derivedDataPath /Users/admin/builder/spi-builder-workspace/.derivedData build -scheme snap-template-shared -destination platform=macOS,arch=arm64
Resolve Package Graph
Resolve Package Graph
Resolved source packages:
  snap-theme: https://github.com/simonnickel/snap-theme.git @ main (250e709)
  snap-template-shared: /Users/admin/builder/spi-builder-workspace
  snap-matching-navigation: https://github.com/simonnickel/snap-matching-navigation.git @ main (be1acc4)
  snap-foundation: https://github.com/simonnickel/snap-foundation.git @ main (5dcd584)
  snap-core: https://github.com/simonnickel/snap-core.git @ main (b35b73d)
  snap-settings-service: https://github.com/simonnickel/snap-settings-service.git @ main (4104e5e)
ComputePackagePrebuildTargetDependencyGraph
Prepare packages
CreateBuildRequest
SendProjectDescription
CreateBuildOperation
ComputeTargetDependencyGraph
note: Building targets in dependency order
note: Target dependency graph (12 targets)
    Target 'SnapTemplateShared-product' in project 'snap-template-shared'
        ➜ Explicit dependency on target 'SnapTemplateShared' in project 'snap-template-shared'
        ➜ Explicit dependency on target 'SnapCore-product' in project 'snap-core'
        ➜ Explicit dependency on target 'SnapTheme-product' in project 'snap-theme'
        ➜ Explicit dependency on target 'SnapSettingsService-product' in project 'snap-settings-service'
        ➜ Explicit dependency on target 'SnapMatchingNavigation-product' in project 'snap-matching-navigation'
    Target 'SnapTemplateShared' in project 'snap-template-shared'
        ➜ Explicit dependency on target 'SnapCore-product' in project 'snap-core'
        ➜ Explicit dependency on target 'SnapTheme-product' in project 'snap-theme'
        ➜ Explicit dependency on target 'SnapSettingsService-product' in project 'snap-settings-service'
        ➜ Explicit dependency on target 'SnapMatchingNavigation-product' in project 'snap-matching-navigation'
    Target 'SnapMatchingNavigation-product' in project 'snap-matching-navigation'
        ➜ Explicit dependency on target 'SnapMatchingNavigation' in project 'snap-matching-navigation'
    Target 'SnapMatchingNavigation' in project 'snap-matching-navigation' (no dependencies)
    Target 'SnapSettingsService-product' in project 'snap-settings-service'
        ➜ Explicit dependency on target 'SnapSettingsService' in project 'snap-settings-service'
        ➜ Explicit dependency on target 'SnapCore-product' in project 'snap-core'
    Target 'SnapSettingsService' in project 'snap-settings-service'
        ➜ Explicit dependency on target 'SnapCore-product' in project 'snap-core'
    Target 'SnapTheme-product' in project 'snap-theme'
        ➜ Explicit dependency on target 'SnapTheme' in project 'snap-theme'
        ➜ Explicit dependency on target 'SnapCore-product' in project 'snap-core'
    Target 'SnapTheme' in project 'snap-theme'
        ➜ Explicit dependency on target 'SnapCore-product' in project 'snap-core'
    Target 'SnapCore-product' in project 'snap-core'
        ➜ Explicit dependency on target 'SnapCore' in project 'snap-core'
        ➜ Explicit dependency on target 'SnapFoundation-product' in project 'snap-foundation'
    Target 'SnapCore' in project 'snap-core'
        ➜ Explicit dependency on target 'SnapFoundation-product' in project 'snap-foundation'
    Target 'SnapFoundation-product' in project 'snap-foundation'
        ➜ Explicit dependency on target 'SnapFoundation' in project 'snap-foundation'
    Target 'SnapFoundation' in project 'snap-foundation' (no dependencies)
GatherProvisioningInputs
CreateBuildDescription
ExecuteExternalTool /Applications/Xcode-27.0.0-Release.Candidate.app/Contents/Developer/Toolchains/XcodeDefault.xctoolchain/usr/bin/swiftc --version
ExecuteExternalTool /Applications/Xcode-27.0.0-Release.Candidate.app/Contents/Developer/Toolchains/XcodeDefault.xctoolchain/usr/bin/clang -v -E -dM -isysroot /Applications/Xcode-27.0.0-Release.Candidate.app/Contents/Developer/Platforms/MacOSX.platform/Developer/SDKs/MacOSX27.0.sdk -x c -c /dev/null
ExecuteExternalTool /Applications/Xcode-27.0.0-Release.Candidate.app/Contents/Developer/Toolchains/XcodeDefault.xctoolchain/usr/bin/ld -version_details
Build description signature: 9ac350e87dec7f4f91211ae6764043b4
Build description path: /Users/admin/builder/spi-builder-workspace/.derivedData/Build/Intermediates.noindex/XCBuildData/9ac350e87dec7f4f91211ae6764043b4.xcbuilddata
error: The package product 'SnapCore-product' requires minimum platform version 15.0 for the macOS platform, but this target supports 14.0 (in target 'SnapTemplateShared' from project 'snap-template-shared')
error: The package product 'SnapTheme-product' requires minimum platform version 15.0 for the macOS platform, but this target supports 14.0 (in target 'SnapTemplateShared' from project 'snap-template-shared')
error: The package product 'SnapSettingsService-product' requires minimum platform version 15.0 for the macOS platform, but this target supports 14.0 (in target 'SnapTemplateShared' from project 'snap-template-shared')
error: The package product 'SnapMatchingNavigation-product' requires minimum platform version 15.0 for the macOS platform, but this target supports 14.0 (in target 'SnapTemplateShared' from project 'snap-template-shared')
2026-09-21 06:29:43.448 xcodebuild[821:4819] [MT] IDERunDestination: Supported platforms for the buildables in the current scheme is empty.
--- xcodebuild: WARNING: Using the first of multiple matching destinations:
{ platform:macOS, arch:arm64, id:ef71c2c52b5484d4e797a5a4f733f9c941a37a93, name:My Mac }
{ platform:macOS, arch:arm64, variant:Mac Catalyst, id:ef71c2c52b5484d4e797a5a4f733f9c941a37a93, name:My Mac }
{ platform:macOS, arch:arm64, variant:DriverKit, id:ef71c2c52b5484d4e797a5a4f733f9c941a37a93, name:My Mac }
{ platform:macOS, arch:arm64, variant:Designed for [iPad,iPhone], id:ef71c2c52b5484d4e797a5a4f733f9c941a37a93, name:My Mac }
** BUILD FAILED **
The following build commands failed:
	Building workspace snap-template-shared with scheme snap-template-shared
(1 failure)
Command line invocation:
    /Applications/Xcode-27.0.0-Release.Candidate.app/Contents/Developer/usr/bin/xcodebuild -IDEClonedSourcePackagesDirPathOverride=/Users/admin/builder/spi-builder-workspace/.dependencies -resolvePackageDependencies
Resolve Package Graph
Resolved source packages:
  snap-core: https://github.com/simonnickel/snap-core.git @ main (b35b73d)
  snap-template-shared: /Users/admin/builder/spi-builder-workspace
  snap-settings-service: https://github.com/simonnickel/snap-settings-service.git @ main (4104e5e)
  snap-foundation: https://github.com/simonnickel/snap-foundation.git @ main (5dcd584)
  snap-matching-navigation: https://github.com/simonnickel/snap-matching-navigation.git @ main (be1acc4)
  snap-theme: https://github.com/simonnickel/snap-theme.git @ main (250e709)
resolved source packages: snap-core, snap-template-shared, snap-settings-service, snap-foundation, snap-matching-navigation, snap-theme
2026-09-21 06:29:45.718 xcodebuild[875:5140] [MT] IDERunDestination: Supported platforms for the buildables in the current scheme is empty.
{
  "dependencies" : [
    {
      "identity" : "snap-core",
      "requirement" : {
        "branch" : [
          "main"
        ]
      },
      "type" : "sourceControl",
      "url" : "https://github.com/simonnickel/snap-core.git"
    },
    {
      "identity" : "snap-theme",
      "requirement" : {
        "branch" : [
          "main"
        ]
      },
      "type" : "sourceControl",
      "url" : "https://github.com/simonnickel/snap-theme.git"
    },
    {
      "identity" : "snap-settings-service",
      "requirement" : {
        "branch" : [
          "main"
        ]
      },
      "type" : "sourceControl",
      "url" : "https://github.com/simonnickel/snap-settings-service.git"
    },
    {
      "identity" : "snap-matching-navigation",
      "requirement" : {
        "branch" : [
          "main"
        ]
      },
      "type" : "sourceControl",
      "url" : "https://github.com/simonnickel/snap-matching-navigation.git"
    }
  ],
  "manifest_display_name" : "snap-template-shared",
  "name" : "snap-template-shared",
  "path" : "/Users/admin/builder/spi-builder-workspace",
  "platforms" : [
    {
      "name" : "ios",
      "version" : "17.0"
    },
    {
      "name" : "macos",
      "version" : "14.0"
    }
  ],
  "products" : [
    {
      "name" : "SnapTemplateShared",
      "targets" : [
        "SnapTemplateShared"
      ],
      "type" : {
        "library" : [
          "automatic"
        ]
      }
    }
  ],
  "targets" : [
    {
      "c99name" : "SnapTemplateSharedTests",
      "module_type" : "SwiftTarget",
      "name" : "SnapTemplateSharedTests",
      "path" : "Tests/SnapTemplateSharedTests",
      "sources" : [
        "SnapTemplateSharedTests.swift"
      ],
      "target_dependencies" : [
        "SnapTemplateShared"
      ],
      "type" : "test"
    },
    {
      "c99name" : "SnapTemplateShared",
      "module_type" : "SwiftTarget",
      "name" : "SnapTemplateShared",
      "path" : "Sources/SnapTemplateShared",
      "product_dependencies" : [
        "SnapCore",
        "SnapTheme",
        "SnapSettingsService",
        "SnapMatchingNavigation"
      ],
      "product_memberships" : [
        "SnapTemplateShared"
      ],
      "sources" : [
        "Container.swift",
        "Settings/AccentColor/AccentColorPicker.swift",
        "Settings/AccentColor/Settings+AccentColor.swift",
        "Settings/ConfigureTab/ConfigureTabs+InitialPicker.swift",
        "Settings/ConfigureTab/ConfigureTabs+List.swift",
        "Settings/ConfigureTab/ConfigureTabs+ListRow.swift",
        "Settings/ConfigureTab/ConfigureTabsScreen.swift",
        "Settings/ConfigureTab/Settings+NavigationTabs.swift",
        "Settings/ConfigureTab/TabConfiguration.swift",
        "Settings/DisplayMode/DisplayMode.swift",
        "Settings/DisplayMode/Settings+DisplayMode.swift",
        "Settings/Header/SettingsHeaderSection.swift",
        "Settings/IconKeys+Settings.swift",
        "Settings/NavigationLayout/NavigationLayout.swift",
        "Settings/NavigationLayout/Settings+NavigationLayout.swift",
        "Settings/Views/SettingsPicker.swift",
        "Settings/Views/SettingsRow.swift",
        "Settings/Views/SettingsToggle.swift",
        "Settings/Views/ThemeSceneSettings.swift",
        "SnapNavigationSplitView.swift",
        "TemplateAppStructure/TemplateContent.swift",
        "TemplateAppStructure/TemplateDepencencies+ViewModifier.swift",
        "TemplateAppStructure/TemplateDependencies.swift",
        "TemplateAppStructure/TemplateState+Environment.swift",
        "TemplateAppStructure/TemplateState.swift"
      ],
      "type" : "library"
    }
  ],
  "tools_version" : "5.10"
}
{
  "workspace" : {
    "name" : "snap-template-shared",
    "schemes" : [
      "snap-template-shared",
      "snap-theme"
    ]
  }
}
2026-09-21 06:29:46.998 xcodebuild[883:5204] [MT] IDERunDestination: Supported platforms for the buildables in the current scheme is empty.
{
  "workspace" : {
    "name" : "snap-template-shared",
    "schemes" : [
      "snap-template-shared",
      "snap-theme"
    ]
  }
}
2026-09-21 06:29:48.050 xcodebuild[885:5237] [MT] IDERunDestination: Supported platforms for the buildables in the current scheme is empty.
Running build ...
env DEVELOPER_DIR=/Applications/Xcode-27.0.0-Release.Candidate.app xcrun xcodebuild -IDEClonedSourcePackagesDirPathOverride=$PWD/.dependencies -skipMacroValidation -skipPackagePluginValidation -derivedDataPath $PWD/.derivedData build -scheme snap-template-shared -destination platform=macOS,arch=arm64
Command line invocation:
    /Applications/Xcode-27.0.0-Release.Candidate.app/Contents/Developer/usr/bin/xcodebuild -IDEClonedSourcePackagesDirPathOverride=/Users/admin/builder/spi-builder-workspace/.dependencies -skipMacroValidation -skipPackagePluginValidation -derivedDataPath /Users/admin/builder/spi-builder-workspace/.derivedData build -scheme snap-template-shared -destination platform=macOS,arch=arm64
Resolve Package Graph
Resolved source packages:
  snap-matching-navigation: https://github.com/simonnickel/snap-matching-navigation.git @ main (be1acc4)
  snap-template-shared: /Users/admin/builder/spi-builder-workspace
  snap-foundation: https://github.com/simonnickel/snap-foundation.git @ main (5dcd584)
  snap-theme: https://github.com/simonnickel/snap-theme.git @ main (250e709)
  snap-settings-service: https://github.com/simonnickel/snap-settings-service.git @ main (4104e5e)
  snap-core: https://github.com/simonnickel/snap-core.git @ main (b35b73d)
ComputePackagePrebuildTargetDependencyGraph
Prepare packages
CreateBuildRequest
SendProjectDescription
CreateBuildOperation
ComputeTargetDependencyGraph
note: Building targets in dependency order
note: Target dependency graph (12 targets)
    Target 'SnapTemplateShared-product' in project 'snap-template-shared'
        ➜ Explicit dependency on target 'SnapTemplateShared' in project 'snap-template-shared'
        ➜ Explicit dependency on target 'SnapCore-product' in project 'snap-core'
        ➜ Explicit dependency on target 'SnapTheme-product' in project 'snap-theme'
        ➜ Explicit dependency on target 'SnapSettingsService-product' in project 'snap-settings-service'
        ➜ Explicit dependency on target 'SnapMatchingNavigation-product' in project 'snap-matching-navigation'
    Target 'SnapTemplateShared' in project 'snap-template-shared'
        ➜ Explicit dependency on target 'SnapCore-product' in project 'snap-core'
        ➜ Explicit dependency on target 'SnapTheme-product' in project 'snap-theme'
        ➜ Explicit dependency on target 'SnapSettingsService-product' in project 'snap-settings-service'
        ➜ Explicit dependency on target 'SnapMatchingNavigation-product' in project 'snap-matching-navigation'
    Target 'SnapMatchingNavigation-product' in project 'snap-matching-navigation'
        ➜ Explicit dependency on target 'SnapMatchingNavigation' in project 'snap-matching-navigation'
    Target 'SnapMatchingNavigation' in project 'snap-matching-navigation' (no dependencies)
    Target 'SnapSettingsService-product' in project 'snap-settings-service'
        ➜ Explicit dependency on target 'SnapSettingsService' in project 'snap-settings-service'
        ➜ Explicit dependency on target 'SnapCore-product' in project 'snap-core'
    Target 'SnapSettingsService' in project 'snap-settings-service'
        ➜ Explicit dependency on target 'SnapCore-product' in project 'snap-core'
    Target 'SnapTheme-product' in project 'snap-theme'
        ➜ Explicit dependency on target 'SnapTheme' in project 'snap-theme'
        ➜ Explicit dependency on target 'SnapCore-product' in project 'snap-core'
    Target 'SnapTheme' in project 'snap-theme'
        ➜ Explicit dependency on target 'SnapCore-product' in project 'snap-core'
    Target 'SnapCore-product' in project 'snap-core'
        ➜ Explicit dependency on target 'SnapCore' in project 'snap-core'
        ➜ Explicit dependency on target 'SnapFoundation-product' in project 'snap-foundation'
    Target 'SnapCore' in project 'snap-core'
        ➜ Explicit dependency on target 'SnapFoundation-product' in project 'snap-foundation'
    Target 'SnapFoundation-product' in project 'snap-foundation'
        ➜ Explicit dependency on target 'SnapFoundation' in project 'snap-foundation'
    Target 'SnapFoundation' in project 'snap-foundation' (no dependencies)
GatherProvisioningInputs
CreateBuildDescription
error: The package product 'SnapCore-product' requires minimum platform version 15.0 for the macOS platform, but this target supports 14.0 (in target 'SnapTemplateShared' from project 'snap-template-shared')
error: The package product 'SnapMatchingNavigation-product' requires minimum platform version 15.0 for the macOS platform, but this target supports 14.0 (in target 'SnapTemplateShared' from project 'snap-template-shared')
error: The package product 'SnapSettingsService-product' requires minimum platform version 15.0 for the macOS platform, but this target supports 14.0 (in target 'SnapTemplateShared' from project 'snap-template-shared')
error: The package product 'SnapTheme-product' requires minimum platform version 15.0 for the macOS platform, but this target supports 14.0 (in target 'SnapTemplateShared' from project 'snap-template-shared')
2026-09-21 06:29:49.066 xcodebuild[886:5261] [MT] IDERunDestination: Supported platforms for the buildables in the current scheme is empty.
--- xcodebuild: WARNING: Using the first of multiple matching destinations:
{ platform:macOS, arch:arm64, id:ef71c2c52b5484d4e797a5a4f733f9c941a37a93, name:My Mac }
{ platform:macOS, arch:arm64, variant:Mac Catalyst, id:ef71c2c52b5484d4e797a5a4f733f9c941a37a93, name:My Mac }
{ platform:macOS, arch:arm64, variant:DriverKit, id:ef71c2c52b5484d4e797a5a4f733f9c941a37a93, name:My Mac }
{ platform:macOS, arch:arm64, variant:Designed for [iPad,iPhone], id:ef71c2c52b5484d4e797a5a4f733f9c941a37a93, name:My Mac }
** BUILD FAILED **
The following build commands failed:
	Building workspace snap-template-shared with scheme snap-template-shared
(1 failure)
BUILD FAILURE 6.4 macosXcodebuild