The Swift Package Index logo.Swift Package Index

Build Information

Failed to build LBBottomSheet, reference 1.2.0 (49c1e9), with Swift 6.1 for macOS (SPM) on 31 Aug 2026 08:28:06 UTC.

Build Command

env DEVELOPER_DIR=/Applications/Xcode-16.3.0.app xcrun swift build --arch arm64

Build Log

========================================
RunAll
========================================
Builder version: 5.0.2
Interrupt handler set up.
========================================
Checkout
========================================
Clone URL: https://github.com/LunabeeStudio/LBBottomSheet.git
Reference: 1.2.0
Initialized empty Git repository in /Users/admin/builder/spi-builder-workspace/.git/
From https://github.com/LunabeeStudio/LBBottomSheet
 * tag               1.2.0      -> FETCH_HEAD
HEAD is now at 49c1e97 Merge pull request #7 from LunabeeStudio/feature/remove-uiscreen-main
Cloned https://github.com/LunabeeStudio/LBBottomSheet.git
Revision (git rev-parse @):
49c1e979aaab20d5fa5bdf90fe469266e8de9a73
SUCCESS checkout https://github.com/LunabeeStudio/LBBottomSheet.git at 1.2.0
========================================
Build
========================================
Selected platform:         macosSpm
Swift version:             6.1
Building package at path:  $PWD
https://github.com/LunabeeStudio/LBBottomSheet.git
https://github.com/LunabeeStudio/LBBottomSheet.git
{
  "dependencies" : [
  ],
  "manifest_display_name" : "LBBottomSheet",
  "name" : "LBBottomSheet",
  "path" : "/Users/admin/builder/spi-builder-workspace",
  "platforms" : [
    {
      "name" : "ios",
      "version" : "15.0"
    }
  ],
  "products" : [
    {
      "name" : "LBBottomSheet",
      "targets" : [
        "LBBottomSheet"
      ],
      "type" : {
        "library" : [
          "automatic"
        ]
      }
    }
  ],
  "swift_languages_versions" : [
    "5"
  ],
  "targets" : [
    {
      "c99name" : "LBBottomSheet",
      "module_type" : "SwiftTarget",
      "name" : "LBBottomSheet",
      "path" : "Sources/LBBottomSheet",
      "product_memberships" : [
        "LBBottomSheet"
      ],
      "sources" : [
        "BottomSheetConstant.swift",
        "Model/BottomSheetController+Behavior.swift",
        "Model/BottomSheetController+Theme.swift",
        "Protocols/BottomSheetInteractionDelegate.swift",
        "Protocols/BottomSheetPositionDelegate.swift",
        "UI/BottomSheetController.swift",
        "Utils/Components/ForwardingEventsView.swift",
        "Utils/Extensions/CACornerMask+Extension.swift",
        "Utils/Extensions/Mirror+Extension.swift",
        "Utils/Extensions/UIApplication+Extension.swift",
        "Utils/Extensions/UIColor+Extension.swift",
        "Utils/Extensions/UIGestureRecognizer+Extensions.swift",
        "Utils/Extensions/UIScreen+Extension.swift",
        "Utils/Extensions/UIScrollView+Extension.swift",
        "Utils/Extensions/UIView+Extension.swift",
        "Utils/Extensions/UIViewController+Extension.swift"
      ],
      "type" : "library"
    }
  ],
  "tools_version" : "6.0"
}
Running build ...
env DEVELOPER_DIR=/Applications/Xcode-16.3.0.app xcrun swift build --arch arm64 -Xswiftc -Xfrontend -Xswiftc -stats-output-dir -Xswiftc -Xfrontend -Xswiftc .stats -Xswiftc -strict-concurrency=complete -Xswiftc -enable-upcoming-feature -Xswiftc StrictConcurrency -Xswiftc -enable-upcoming-feature -Xswiftc DisableOutwardActorInference -Xswiftc -enable-upcoming-feature -Xswiftc GlobalActorIsolatedTypesUsability -Xswiftc -enable-upcoming-feature -Xswiftc InferSendableFromCaptures
Building for debugging...
[0/2] Write sources
[1/2] Write swift-version-2F0A5646E1D333AE.txt
[3/18] Compiling LBBottomSheet UIView+Extension.swift
/Users/admin/builder/spi-builder-workspace/Sources/LBBottomSheet/Model/BottomSheetController+Behavior.swift:21:8: error: no such module 'UIKit'
 19 | //
 20 |
 21 | import UIKit
    |        `- error: no such module 'UIKit'
 22 |
 23 | extension BottomSheetController {
[4/19] Compiling LBBottomSheet UIScrollView+Extension.swift
/Users/admin/builder/spi-builder-workspace/Sources/LBBottomSheet/Model/BottomSheetController+Behavior.swift:21:8: error: no such module 'UIKit'
 19 | //
 20 |
 21 | import UIKit
    |        `- error: no such module 'UIKit'
 22 |
 23 | extension BottomSheetController {
[5/19] Compiling LBBottomSheet UIScreen+Extension.swift
/Users/admin/builder/spi-builder-workspace/Sources/LBBottomSheet/Model/BottomSheetController+Behavior.swift:21:8: error: no such module 'UIKit'
 19 | //
 20 |
 21 | import UIKit
    |        `- error: no such module 'UIKit'
 22 |
 23 | extension BottomSheetController {
[6/19] Compiling LBBottomSheet UIColor+Extension.swift
/Users/admin/builder/spi-builder-workspace/Sources/LBBottomSheet/Model/BottomSheetController+Behavior.swift:21:8: error: no such module 'UIKit'
 19 | //
 20 |
 21 | import UIKit
    |        `- error: no such module 'UIKit'
 22 |
 23 | extension BottomSheetController {
[7/19] Compiling LBBottomSheet UIGestureRecognizer+Extensions.swift
/Users/admin/builder/spi-builder-workspace/Sources/LBBottomSheet/Model/BottomSheetController+Behavior.swift:21:8: error: no such module 'UIKit'
 19 | //
 20 |
 21 | import UIKit
    |        `- error: no such module 'UIKit'
 22 |
 23 | extension BottomSheetController {
[8/19] Compiling LBBottomSheet UIViewController+Extension.swift
/Users/admin/builder/spi-builder-workspace/Sources/LBBottomSheet/Model/BottomSheetController+Behavior.swift:21:8: error: no such module 'UIKit'
 19 | //
 20 |
 21 | import UIKit
    |        `- error: no such module 'UIKit'
 22 |
 23 | extension BottomSheetController {
[9/19] Compiling LBBottomSheet ForwardingEventsView.swift
/Users/admin/builder/spi-builder-workspace/Sources/LBBottomSheet/Model/BottomSheetController+Behavior.swift:21:8: error: no such module 'UIKit'
 19 | //
 20 |
 21 | import UIKit
    |        `- error: no such module 'UIKit'
 22 |
 23 | extension BottomSheetController {
[10/19] Compiling LBBottomSheet CACornerMask+Extension.swift
/Users/admin/builder/spi-builder-workspace/Sources/LBBottomSheet/Model/BottomSheetController+Behavior.swift:21:8: error: no such module 'UIKit'
 19 | //
 20 |
 21 | import UIKit
    |        `- error: no such module 'UIKit'
 22 |
 23 | extension BottomSheetController {
[11/19] Compiling LBBottomSheet Mirror+Extension.swift
/Users/admin/builder/spi-builder-workspace/Sources/LBBottomSheet/Model/BottomSheetController+Behavior.swift:21:8: error: no such module 'UIKit'
 19 | //
 20 |
 21 | import UIKit
    |        `- error: no such module 'UIKit'
 22 |
 23 | extension BottomSheetController {
[12/19] Compiling LBBottomSheet UIApplication+Extension.swift
/Users/admin/builder/spi-builder-workspace/Sources/LBBottomSheet/Model/BottomSheetController+Behavior.swift:21:8: error: no such module 'UIKit'
 19 | //
 20 |
 21 | import UIKit
    |        `- error: no such module 'UIKit'
 22 |
 23 | extension BottomSheetController {
[13/19] Compiling LBBottomSheet BottomSheetPositionDelegate.swift
/Users/admin/builder/spi-builder-workspace/Sources/LBBottomSheet/Model/BottomSheetController+Behavior.swift:21:8: error: no such module 'UIKit'
 19 | //
 20 |
 21 | import UIKit
    |        `- error: no such module 'UIKit'
 22 |
 23 | extension BottomSheetController {
[14/19] Compiling LBBottomSheet BottomSheetController.swift
/Users/admin/builder/spi-builder-workspace/Sources/LBBottomSheet/Model/BottomSheetController+Behavior.swift:21:8: error: no such module 'UIKit'
 19 | //
 20 |
 21 | import UIKit
    |        `- error: no such module 'UIKit'
 22 |
 23 | extension BottomSheetController {
[15/19] Compiling LBBottomSheet BottomSheetController+Theme.swift
/Users/admin/builder/spi-builder-workspace/Sources/LBBottomSheet/Model/BottomSheetController+Behavior.swift:21:8: error: no such module 'UIKit'
 19 | //
 20 |
 21 | import UIKit
    |        `- error: no such module 'UIKit'
 22 |
 23 | extension BottomSheetController {
[16/19] Compiling LBBottomSheet BottomSheetInteractionDelegate.swift
/Users/admin/builder/spi-builder-workspace/Sources/LBBottomSheet/Model/BottomSheetController+Behavior.swift:21:8: error: no such module 'UIKit'
 19 | //
 20 |
 21 | import UIKit
    |        `- error: no such module 'UIKit'
 22 |
 23 | extension BottomSheetController {
error: emit-module command failed with exit code 1 (use -v to see invocation)
[17/19] Emitting module LBBottomSheet
/Users/admin/builder/spi-builder-workspace/Sources/LBBottomSheet/Model/BottomSheetController+Behavior.swift:21:8: error: no such module 'UIKit'
 19 | //
 20 |
 21 | import UIKit
    |        `- error: no such module 'UIKit'
 22 |
 23 | extension BottomSheetController {
[18/19] Compiling LBBottomSheet BottomSheetConstant.swift
/Users/admin/builder/spi-builder-workspace/Sources/LBBottomSheet/Model/BottomSheetController+Behavior.swift:21:8: error: no such module 'UIKit'
 19 | //
 20 |
 21 | import UIKit
    |        `- error: no such module 'UIKit'
 22 |
 23 | extension BottomSheetController {
[19/19] Compiling LBBottomSheet BottomSheetController+Behavior.swift
/Users/admin/builder/spi-builder-workspace/Sources/LBBottomSheet/Model/BottomSheetController+Behavior.swift:21:8: error: no such module 'UIKit'
 19 | //
 20 |
 21 | import UIKit
    |        `- error: no such module 'UIKit'
 22 |
 23 | extension BottomSheetController {
warning: 'spi-builder-workspace': found 1 file(s) which are unhandled; explicitly declare them as resources or exclude from the target
    /Users/admin/builder/spi-builder-workspace/Sources/LBBottomSheet/UI/BottomSheet.storyboard
Running build ...
env DEVELOPER_DIR=/Applications/Xcode-16.3.0.app xcrun swift build --arch arm64
[0/1] Planning build
Building for debugging...
[0/1] Write swift-version-2F0A5646E1D333AE.txt
[2/17] Compiling LBBottomSheet UIScreen+Extension.swift
/Users/admin/builder/spi-builder-workspace/Sources/LBBottomSheet/Model/BottomSheetController+Behavior.swift:21:8: error: no such module 'UIKit'
 19 | //
 20 |
 21 | import UIKit
    |        `- error: no such module 'UIKit'
 22 |
 23 | extension BottomSheetController {
[3/17] Compiling LBBottomSheet UIScrollView+Extension.swift
/Users/admin/builder/spi-builder-workspace/Sources/LBBottomSheet/Model/BottomSheetController+Behavior.swift:21:8: error: no such module 'UIKit'
 19 | //
 20 |
 21 | import UIKit
    |        `- error: no such module 'UIKit'
 22 |
 23 | extension BottomSheetController {
[4/17] Compiling LBBottomSheet UIView+Extension.swift
/Users/admin/builder/spi-builder-workspace/Sources/LBBottomSheet/Model/BottomSheetController+Behavior.swift:21:8: error: no such module 'UIKit'
 19 | //
 20 |
 21 | import UIKit
    |        `- error: no such module 'UIKit'
 22 |
 23 | extension BottomSheetController {
[5/17] Compiling LBBottomSheet UIColor+Extension.swift
/Users/admin/builder/spi-builder-workspace/Sources/LBBottomSheet/Model/BottomSheetController+Behavior.swift:21:8: error: no such module 'UIKit'
 19 | //
 20 |
 21 | import UIKit
    |        `- error: no such module 'UIKit'
 22 |
 23 | extension BottomSheetController {
[6/17] Compiling LBBottomSheet UIGestureRecognizer+Extensions.swift
/Users/admin/builder/spi-builder-workspace/Sources/LBBottomSheet/Model/BottomSheetController+Behavior.swift:21:8: error: no such module 'UIKit'
 19 | //
 20 |
 21 | import UIKit
    |        `- error: no such module 'UIKit'
 22 |
 23 | extension BottomSheetController {
error: emit-module command failed with exit code 1 (use -v to see invocation)
[7/18] Emitting module LBBottomSheet
/Users/admin/builder/spi-builder-workspace/Sources/LBBottomSheet/Model/BottomSheetController+Behavior.swift:21:8: error: no such module 'UIKit'
 19 | //
 20 |
 21 | import UIKit
    |        `- error: no such module 'UIKit'
 22 |
 23 | extension BottomSheetController {
[8/18] Compiling LBBottomSheet BottomSheetConstant.swift
/Users/admin/builder/spi-builder-workspace/Sources/LBBottomSheet/Model/BottomSheetController+Behavior.swift:21:8: error: no such module 'UIKit'
 19 | //
 20 |
 21 | import UIKit
    |        `- error: no such module 'UIKit'
 22 |
 23 | extension BottomSheetController {
[9/18] Compiling LBBottomSheet BottomSheetController+Behavior.swift
/Users/admin/builder/spi-builder-workspace/Sources/LBBottomSheet/Model/BottomSheetController+Behavior.swift:21:8: error: no such module 'UIKit'
 19 | //
 20 |
 21 | import UIKit
    |        `- error: no such module 'UIKit'
 22 |
 23 | extension BottomSheetController {
[10/18] Compiling LBBottomSheet ForwardingEventsView.swift
/Users/admin/builder/spi-builder-workspace/Sources/LBBottomSheet/Model/BottomSheetController+Behavior.swift:21:8: error: no such module 'UIKit'
 19 | //
 20 |
 21 | import UIKit
    |        `- error: no such module 'UIKit'
 22 |
 23 | extension BottomSheetController {
[11/18] Compiling LBBottomSheet CACornerMask+Extension.swift
/Users/admin/builder/spi-builder-workspace/Sources/LBBottomSheet/Model/BottomSheetController+Behavior.swift:21:8: error: no such module 'UIKit'
 19 | //
 20 |
 21 | import UIKit
    |        `- error: no such module 'UIKit'
 22 |
 23 | extension BottomSheetController {
[12/18] Compiling LBBottomSheet BottomSheetPositionDelegate.swift
/Users/admin/builder/spi-builder-workspace/Sources/LBBottomSheet/Model/BottomSheetController+Behavior.swift:21:8: error: no such module 'UIKit'
 19 | //
 20 |
 21 | import UIKit
    |        `- error: no such module 'UIKit'
 22 |
 23 | extension BottomSheetController {
[13/18] Compiling LBBottomSheet BottomSheetController.swift
/Users/admin/builder/spi-builder-workspace/Sources/LBBottomSheet/Model/BottomSheetController+Behavior.swift:21:8: error: no such module 'UIKit'
 19 | //
 20 |
 21 | import UIKit
    |        `- error: no such module 'UIKit'
 22 |
 23 | extension BottomSheetController {
[14/18] Compiling LBBottomSheet BottomSheetController+Theme.swift
/Users/admin/builder/spi-builder-workspace/Sources/LBBottomSheet/Model/BottomSheetController+Behavior.swift:21:8: error: no such module 'UIKit'
 19 | //
 20 |
 21 | import UIKit
    |        `- error: no such module 'UIKit'
 22 |
 23 | extension BottomSheetController {
[15/18] Compiling LBBottomSheet BottomSheetInteractionDelegate.swift
/Users/admin/builder/spi-builder-workspace/Sources/LBBottomSheet/Model/BottomSheetController+Behavior.swift:21:8: error: no such module 'UIKit'
 19 | //
 20 |
 21 | import UIKit
    |        `- error: no such module 'UIKit'
 22 |
 23 | extension BottomSheetController {
[16/18] Compiling LBBottomSheet Mirror+Extension.swift
/Users/admin/builder/spi-builder-workspace/Sources/LBBottomSheet/Model/BottomSheetController+Behavior.swift:21:8: error: no such module 'UIKit'
 19 | //
 20 |
 21 | import UIKit
    |        `- error: no such module 'UIKit'
 22 |
 23 | extension BottomSheetController {
[17/18] Compiling LBBottomSheet UIApplication+Extension.swift
/Users/admin/builder/spi-builder-workspace/Sources/LBBottomSheet/Model/BottomSheetController+Behavior.swift:21:8: error: no such module 'UIKit'
 19 | //
 20 |
 21 | import UIKit
    |        `- error: no such module 'UIKit'
 22 |
 23 | extension BottomSheetController {
[18/18] Compiling LBBottomSheet UIViewController+Extension.swift
/Users/admin/builder/spi-builder-workspace/Sources/LBBottomSheet/Model/BottomSheetController+Behavior.swift:21:8: error: no such module 'UIKit'
 19 | //
 20 |
 21 | import UIKit
    |        `- error: no such module 'UIKit'
 22 |
 23 | extension BottomSheetController {
warning: 'spi-builder-workspace': found 1 file(s) which are unhandled; explicitly declare them as resources or exclude from the target
    /Users/admin/builder/spi-builder-workspace/Sources/LBBottomSheet/UI/BottomSheet.storyboard
BUILD FAILURE 6.1 macosSpm