The Swift Package Index logo.Swift Package Index

Build Information

Failed to build SwiftStomp, reference 1.2.1 (f25926), with Swift 6.4 for watchOS using Xcode 27.0 on 20 Sep 2026 18:13:13 UTC.

Build Command

No build command. This typically means the build failed at an early stage where we determine the build command.

Build Log

========================================
RunAll
========================================
Builder version: 5.1.0
Interrupt handler set up.
========================================
Checkout
========================================
Clone URL: https://github.com/Romixery/SwiftStomp.git
Reference: 1.2.1
Initialized empty Git repository in /Users/admin/builder/spi-builder-workspace/.git/
From https://github.com/Romixery/SwiftStomp
 * tag               1.2.1      -> FETCH_HEAD
HEAD is now at f25926d Bug fix and bump to version 1.2.1
Cloned https://github.com/Romixery/SwiftStomp.git
Revision (git rev-parse @):
f25926d2ab67ec0391de9a706cf71dfb08d36bbc
SUCCESS checkout https://github.com/Romixery/SwiftStomp.git at 1.2.1
========================================
Build
========================================
Selected platform:         watchOS
Swift version:             6.4
Building package at path:  $PWD
https://github.com/Romixery/SwiftStomp.git
Command line invocation:
    /Applications/Xcode-27.0.0-Release.Candidate.app/Contents/Developer/usr/bin/xcodebuild -IDEClonedSourcePackagesDirPathOverride=/Users/admin/builder/spi-builder-workspace/.dependencies -resolvePackageDependencies
2026-09-20 14:13:12.624 xcodebuild[528:3049] Writing error result bundle to /var/folders/xq/y_g06wb113726d38xsyx71_h0000gn/T/ResultBundle_2026-20-09_14-13-0012.xcresult
xcodebuild: error: '_Pods.xcodeproj' does not exist.
Command line invocation:
    /Applications/Xcode-27.0.0-Release.Candidate.app/Contents/Developer/usr/bin/xcodebuild -IDEClonedSourcePackagesDirPathOverride=/Users/admin/builder/spi-builder-workspace/.dependencies -resolvePackageDependencies
2026-09-20 14:13:13.581 xcodebuild[538:3146] Writing error result bundle to /var/folders/xq/y_g06wb113726d38xsyx71_h0000gn/T/ResultBundle_2026-20-09_14-13-0013.xcresult
xcodebuild: error: '_Pods.xcodeproj' does not exist.
BUILD FAILURE 6.4 watchOS