The Swift Package Index logo.Swift Package Index

Build Information

Failed to build IQTextInputViewNotification, reference main (024410), with Swift 6.1 for Android on 25 Jun 2026 11:54:24 UTC.

Build Command

bash -c docker run --pull=always --rm -v "checkouts-53886770-0":/host -w "$PWD" -e JAVA_HOME="/root/.sdkman/candidates/java/current" -e SPI_BUILD="1" -e SPI_PROCESSING="1" registry.gitlab.com/swiftpackageindex/spi-images:android-6.1-latest swift build --swift-sdk aarch64-unknown-linux-android24 2>&1

Build Log

========================================
RunAll
========================================
Builder version: 4071e0796c748d991a0123890d2f0ecadc8fcc8c
Interrupt handler set up.
========================================
Checkout
========================================
Clone URL: https://github.com/hackiftekhar/IQTextInputViewNotification.git
Reference: main
Initialized empty Git repository in /host/spi-builder-workspace/.git/
hint: Using 'master' as the name for the initial branch. This default branch name
hint: is subject to change. To configure the initial branch name to use in all
hint: of your new repositories, which will suppress this warning, call:
hint:
hint: 	git config --global init.defaultBranch <name>
hint:
hint: Names commonly chosen instead of 'master' are 'main', 'trunk' and
hint: 'development'. The just-created branch can be renamed via this command:
hint:
hint: 	git branch -m <name>
From https://github.com/hackiftekhar/IQTextInputViewNotification
 * branch            main       -> FETCH_HEAD
 * [new branch]      main       -> origin/main
HEAD is now at 0244108 - Updated dependencies
Cloned https://github.com/hackiftekhar/IQTextInputViewNotification.git
Revision (git rev-parse @):
0244108c86668dd684ea59c66bfaced1a2e72822
SUCCESS checkout https://github.com/hackiftekhar/IQTextInputViewNotification.git at main
========================================
Build
========================================
Selected platform:         android
Swift version:             6.1
Building package at path:  $PWD
https://github.com/hackiftekhar/IQTextInputViewNotification.git
https://github.com/hackiftekhar/IQTextInputViewNotification.git
WARNING: environment variable SUPPRESS_SWIFT_6_FLAGS is not set
Running build ...
bash -c docker run --pull=always --rm -v "checkouts-53886770-0":/host -w "$PWD" -e JAVA_HOME="/root/.sdkman/candidates/java/current" -e SPI_BUILD="1" -e SPI_PROCESSING="1" registry.gitlab.com/swiftpackageindex/spi-images:android-6.1-latest swift build --swift-sdk aarch64-unknown-linux-android24 -Xswiftc -Xfrontend -Xswiftc -stats-output-dir -Xswiftc -Xfrontend -Xswiftc .stats -Xswiftc -strict-concurrency=complete -Xswiftc -enable-upcoming-feature -Xswiftc StrictConcurrency -Xswiftc -enable-upcoming-feature -Xswiftc DisableOutwardActorInference -Xswiftc -enable-upcoming-feature -Xswiftc GlobalActorIsolatedTypesUsability -Xswiftc -enable-upcoming-feature -Xswiftc InferSendableFromCaptures 2>&1
android-6.1-latest: Pulling from swiftpackageindex/spi-images
Digest: sha256:4a63948557d43955e4033f1b4ac1c3cc996c027258fe5b7a7e5b05518357d5f0
Status: Image is up to date for registry.gitlab.com/swiftpackageindex/spi-images:android-6.1-latest
Fetching https://github.com/hackiftekhar/IQKeyboardCore.git
[1/275] Fetching iqkeyboardcore
Fetched https://github.com/hackiftekhar/IQKeyboardCore.git from cache (0.33s)
Computing version for https://github.com/hackiftekhar/IQKeyboardCore.git
Computed https://github.com/hackiftekhar/IQKeyboardCore.git at 1.0.9 (0.57s)
Creating working copy for https://github.com/hackiftekhar/IQKeyboardCore.git
Working copy of https://github.com/hackiftekhar/IQKeyboardCore.git resolved at 1.0.9
Building for debugging...
[0/5] Copying PrivacyInfo.xcprivacy
[0/5] Write sources
[1/5] Copying PrivacyInfo.xcprivacy
[4/5] Write swift-version-24593BA9C3E375BF.txt
error: emit-module command failed with exit code 1 (use -v to see invocation)
[6/11] Emitting module IQKeyboardCore
/host/spi-builder-workspace/.build/checkouts/IQKeyboardCore/IQKeyboardCore/Classes/IQKeyboardExtended.swift:24:8: error: no such module 'UIKit'
22 | //  THE SOFTWARE.
23 |
24 | import UIKit
   |        `- error: no such module 'UIKit'
25 |
26 | /// Wrapper for IQKeyboardManager compatible types. This type provides an extension point for
[7/11] Compiling IQKeyboardCore IQKeyboardConstants.swift
/host/spi-builder-workspace/.build/checkouts/IQKeyboardCore/IQKeyboardCore/Classes/IQKeyboardExtended.swift:24:8: error: no such module 'UIKit'
22 | //  THE SOFTWARE.
23 |
24 | import UIKit
   |        `- error: no such module 'UIKit'
25 |
26 | /// Wrapper for IQKeyboardManager compatible types. This type provides an extension point for
[8/11] Compiling IQKeyboardCore IQTextInputView.swift
/host/spi-builder-workspace/.build/checkouts/IQKeyboardCore/IQKeyboardCore/Classes/IQKeyboardExtended.swift:24:8: error: no such module 'UIKit'
22 | //  THE SOFTWARE.
23 |
24 | import UIKit
   |        `- error: no such module 'UIKit'
25 |
26 | /// Wrapper for IQKeyboardManager compatible types. This type provides an extension point for
[9/11] Compiling IQKeyboardCore UIView+Hierarchy.swift
/host/spi-builder-workspace/.build/checkouts/IQKeyboardCore/IQKeyboardCore/Classes/IQKeyboardExtended.swift:24:8: error: no such module 'UIKit'
22 | //  THE SOFTWARE.
23 |
24 | import UIKit
   |        `- error: no such module 'UIKit'
25 |
26 | /// Wrapper for IQKeyboardManager compatible types. This type provides an extension point for
[10/11] Compiling IQKeyboardCore IQKeyboardExtended.swift
/host/spi-builder-workspace/.build/checkouts/IQKeyboardCore/IQKeyboardCore/Classes/IQKeyboardExtended.swift:24:8: error: no such module 'UIKit'
22 | //  THE SOFTWARE.
23 |
24 | import UIKit
   |        `- error: no such module 'UIKit'
25 |
26 | /// Wrapper for IQKeyboardManager compatible types. This type provides an extension point for
[11/11] Compiling IQKeyboardCore resource_bundle_accessor.swift
/host/spi-builder-workspace/.build/checkouts/IQKeyboardCore/IQKeyboardCore/Classes/IQKeyboardExtended.swift:24:8: error: no such module 'UIKit'
22 | //  THE SOFTWARE.
23 |
24 | import UIKit
   |        `- error: no such module 'UIKit'
25 |
26 | /// Wrapper for IQKeyboardManager compatible types. This type provides an extension point for
Running build ...
bash -c docker run --pull=always --rm -v "checkouts-53886770-0":/host -w "$PWD" -e JAVA_HOME="/root/.sdkman/candidates/java/current" -e SPI_BUILD="1" -e SPI_PROCESSING="1" registry.gitlab.com/swiftpackageindex/spi-images:android-6.1-latest swift build --swift-sdk aarch64-unknown-linux-android24 2>&1
android-6.1-latest: Pulling from swiftpackageindex/spi-images
Digest: sha256:4a63948557d43955e4033f1b4ac1c3cc996c027258fe5b7a7e5b05518357d5f0
Status: Image is up to date for registry.gitlab.com/swiftpackageindex/spi-images:android-6.1-latest
[0/1] Planning build
Building for debugging...
[0/1] Write swift-version-24593BA9C3E375BF.txt
[2/7] Compiling IQKeyboardCore resource_bundle_accessor.swift
/host/spi-builder-workspace/.build/checkouts/IQKeyboardCore/IQKeyboardCore/Classes/IQKeyboardExtended.swift:24:8: error: no such module 'UIKit'
22 | //  THE SOFTWARE.
23 |
24 | import UIKit
   |        `- error: no such module 'UIKit'
25 |
26 | /// Wrapper for IQKeyboardManager compatible types. This type provides an extension point for
[3/7] Compiling IQKeyboardCore IQKeyboardExtended.swift
/host/spi-builder-workspace/.build/checkouts/IQKeyboardCore/IQKeyboardCore/Classes/IQKeyboardExtended.swift:24:8: error: no such module 'UIKit'
22 | //  THE SOFTWARE.
23 |
24 | import UIKit
   |        `- error: no such module 'UIKit'
25 |
26 | /// Wrapper for IQKeyboardManager compatible types. This type provides an extension point for
[4/7] Compiling IQKeyboardCore IQKeyboardConstants.swift
/host/spi-builder-workspace/.build/checkouts/IQKeyboardCore/IQKeyboardCore/Classes/IQKeyboardExtended.swift:24:8: error: no such module 'UIKit'
22 | //  THE SOFTWARE.
23 |
24 | import UIKit
   |        `- error: no such module 'UIKit'
25 |
26 | /// Wrapper for IQKeyboardManager compatible types. This type provides an extension point for
error: emit-module command failed with exit code 1 (use -v to see invocation)
[5/7] Compiling IQKeyboardCore UIView+Hierarchy.swift
/host/spi-builder-workspace/.build/checkouts/IQKeyboardCore/IQKeyboardCore/Classes/IQKeyboardExtended.swift:24:8: error: no such module 'UIKit'
22 | //  THE SOFTWARE.
23 |
24 | import UIKit
   |        `- error: no such module 'UIKit'
25 |
26 | /// Wrapper for IQKeyboardManager compatible types. This type provides an extension point for
[6/7] Emitting module IQKeyboardCore
/host/spi-builder-workspace/.build/checkouts/IQKeyboardCore/IQKeyboardCore/Classes/IQKeyboardExtended.swift:24:8: error: no such module 'UIKit'
22 | //  THE SOFTWARE.
23 |
24 | import UIKit
   |        `- error: no such module 'UIKit'
25 |
26 | /// Wrapper for IQKeyboardManager compatible types. This type provides an extension point for
[7/7] Compiling IQKeyboardCore IQTextInputView.swift
/host/spi-builder-workspace/.build/checkouts/IQKeyboardCore/IQKeyboardCore/Classes/IQKeyboardExtended.swift:24:8: error: no such module 'UIKit'
22 | //  THE SOFTWARE.
23 |
24 | import UIKit
   |        `- error: no such module 'UIKit'
25 |
26 | /// Wrapper for IQKeyboardManager compatible types. This type provides an extension point for
BUILD FAILURE 6.1 android