Build Information
Failed to build SwiftySnap, reference 1.0.2 (a98112), with Swift 6.4 for visionOS using Xcode 27.0 on 22 Sep 2026 08:43:47 UTC.
Build Command
env DEVELOPER_DIR=/Applications/Xcode-27.0.0-Release.Candidate.app xcrun xcodebuild -IDEClonedSourcePackagesDirPathOverride=$PWD/.dependencies -skipMacroValidation -skipPackagePluginValidation -derivedDataPath $PWD/.derivedData build -scheme SwiftySnap -destination generic/platform=xrOSBuild Log
========================================
RunAll
========================================
Builder version: 5.1.0
Interrupt handler set up.
========================================
Checkout
========================================
Clone URL: https://github.com/asb2004/SwiftySnap.git
Reference: 1.0.2
Initialized empty Git repository in /Users/admin/builder/spi-builder-workspace/.git/
From https://github.com/asb2004/SwiftySnap
* tag 1.0.2 -> FETCH_HEAD
HEAD is now at a981127 Remove podspace file
Cloned https://github.com/asb2004/SwiftySnap.git
Revision (git rev-parse @):
a981127d02da6ca4f18bd844d6f195da2c386ff9
SUCCESS checkout https://github.com/asb2004/SwiftySnap.git at 1.0.2
========================================
Build
========================================
Selected platform: visionOS
Swift version: 6.4
Building package at path: $PWD
https://github.com/asb2004/SwiftySnap.git
Command line invocation:
/Applications/Xcode-27.0.0-Release.Candidate.app/Contents/Developer/usr/bin/xcodebuild -IDEClonedSourcePackagesDirPathOverride=/Users/admin/builder/spi-builder-workspace/.dependencies -resolvePackageDependencies
Resolve Package Graph
Resolve Package Graph
Resolved source packages:
SwiftySnap: /Users/admin/builder/spi-builder-workspace
resolved source packages: SwiftySnap
2026-09-22 04:43:00.841 xcodebuild[529:3017] [MT] IDERunDestination: Supported platforms for the buildables in the current scheme is empty.
{
"dependencies" : [
],
"manifest_display_name" : "SwiftySnap",
"name" : "SwiftySnap",
"path" : "/Users/admin/builder/spi-builder-workspace",
"platforms" : [
{
"name" : "ios",
"version" : "13.0"
}
],
"products" : [
{
"name" : "SwiftySnap",
"targets" : [
"SwiftySnap"
],
"type" : {
"library" : [
"automatic"
]
}
}
],
"targets" : [
{
"c99name" : "SwiftySnap",
"module_type" : "SwiftTarget",
"name" : "SwiftySnap",
"path" : "Sources/SwiftySnap",
"product_memberships" : [
"SwiftySnap"
],
"resources" : [
{
"path" : "/Users/admin/builder/spi-builder-workspace/Sources/SwiftySnap/Assets/Media.xcassets",
"rule" : {
"process" : {
}
}
},
{
"path" : "/Users/admin/builder/spi-builder-workspace/Sources/SwiftySnap/Camera View/View/SwiftySnapViewController.xib",
"rule" : {
"process" : {
}
}
}
],
"sources" : [
"Camera View/Controller/SwiftySnapViewController.swift",
"Camera View/Enums/SwiftySnapCameraType.swift",
"Camera View/Protocols/SwiftySnapViewProtocol.swift",
"Provider/Color Provider/DefaultSwiftySnapColors.swift",
"Provider/Color Provider/SwiftySnapColorManager.swift",
"Provider/Color Provider/SwiftySnapColorProviding.swift",
"SwiftySnap.swift"
],
"type" : "library"
}
],
"tools_version" : "6.0"
}
{
"workspace" : {
"name" : "SwiftySnap",
"schemes" : [
"SwiftySnap"
]
}
}
2026-09-22 04:43:33.099 xcodebuild[626:3830] [MT] IDERunDestination: Supported platforms for the buildables in the current scheme is empty.
Running build ...
env DEVELOPER_DIR=/Applications/Xcode-27.0.0-Release.Candidate.app xcrun xcodebuild -IDEClonedSourcePackagesDirPathOverride=$PWD/.dependencies -skipMacroValidation -skipPackagePluginValidation -derivedDataPath $PWD/.derivedData build -scheme SwiftySnap -destination generic/platform=xrOS
Command line invocation:
/Applications/Xcode-27.0.0-Release.Candidate.app/Contents/Developer/usr/bin/xcodebuild -IDEClonedSourcePackagesDirPathOverride=/Users/admin/builder/spi-builder-workspace/.dependencies -skipMacroValidation -skipPackagePluginValidation -derivedDataPath /Users/admin/builder/spi-builder-workspace/.derivedData build -scheme SwiftySnap -destination generic/platform=xrOS
Resolve Package Graph
Resolved source packages:
SwiftySnap: /Users/admin/builder/spi-builder-workspace
ComputePackagePrebuildTargetDependencyGraph
Prepare packages
CreateBuildRequest
SendProjectDescription
CreateBuildOperation
ComputeTargetDependencyGraph
note: Building targets in dependency order
note: Target dependency graph (3 targets)
Target 'SwiftySnap-product' in project 'SwiftySnap'
➜ Explicit dependency on target 'SwiftySnap' in project 'SwiftySnap'
➜ Explicit dependency on target 'SwiftySnap_SwiftySnap' in project 'SwiftySnap'
Target 'SwiftySnap' in project 'SwiftySnap'
➜ Explicit dependency on target 'SwiftySnap_SwiftySnap' in project 'SwiftySnap'
Target 'SwiftySnap_SwiftySnap' in project 'SwiftySnap' (no dependencies)
GatherProvisioningInputs
CreateBuildDescription
ExecuteExternalTool /Applications/Xcode-27.0.0-Release.Candidate.app/Contents/Developer/Toolchains/XcodeDefault.xctoolchain/usr/bin/clang -v -E -dM -isysroot /Applications/Xcode-27.0.0-Release.Candidate.app/Contents/Developer/Platforms/XROS.platform/Developer/SDKs/XROS27.0.sdk -x c -c /dev/null
ExecuteExternalTool /Applications/Xcode-27.0.0-Release.Candidate.app/Contents/Developer/usr/bin/ibtool --version --output-format xml1
ExecuteExternalTool /Applications/Xcode-27.0.0-Release.Candidate.app/Contents/Developer/usr/bin/actool --version --output-format xml1
ExecuteExternalTool /Applications/Xcode-27.0.0-Release.Candidate.app/Contents/Developer/Toolchains/XcodeDefault.xctoolchain/usr/bin/swiftc --version
ExecuteExternalTool /Applications/Xcode-27.0.0-Release.Candidate.app/Contents/Developer/Toolchains/XcodeDefault.xctoolchain/usr/bin/ld -version_details
Build description signature: 8e62498d27247c33909021cd195c4d37
Build description path: /Users/admin/builder/spi-builder-workspace/.derivedData/Build/Intermediates.noindex/XCBuildData/8e62498d27247c33909021cd195c4d37.xcbuilddata
CreateBuildDirectory /Users/admin/builder/spi-builder-workspace/.derivedData/SDKExplicitPrecompiledModules
cd /Users/admin/builder/spi-builder-workspace/.swiftpm/xcode
builtin-create-build-directory /Users/admin/builder/spi-builder-workspace/.derivedData/SDKExplicitPrecompiledModules
CreateBuildDirectory /Users/admin/builder/spi-builder-workspace/.derivedData/CompilationCache.noindex
cd /Users/admin/builder/spi-builder-workspace/.swiftpm/xcode
builtin-create-build-directory /Users/admin/builder/spi-builder-workspace/.derivedData/CompilationCache.noindex
CreateBuildDirectory /Users/admin/builder/spi-builder-workspace/.derivedData/ModuleCache.noindex
cd /Users/admin/builder/spi-builder-workspace/.swiftpm/xcode
builtin-create-build-directory /Users/admin/builder/spi-builder-workspace/.derivedData/ModuleCache.noindex
ClangStatCache /Applications/Xcode-27.0.0-Release.Candidate.app/Contents/Developer/Toolchains/XcodeDefault.xctoolchain/usr/bin/clang-stat-cache /Applications/Xcode-27.0.0-Release.Candidate.app/Contents/Developer/Platforms/XROS.platform/Developer/SDKs/XROS27.0.sdk /Users/admin/builder/spi-builder-workspace/.derivedData/SDKStatCaches.noindex/xros27.0-24M361-e829b21a6f8c9b70876ba0858053c044735bd543db762f57723cac368afd1ce4.sdkstatcache
cd /Users/admin/builder/spi-builder-workspace/.swiftpm/xcode
/Applications/Xcode-27.0.0-Release.Candidate.app/Contents/Developer/Toolchains/XcodeDefault.xctoolchain/usr/bin/clang-stat-cache /Applications/Xcode-27.0.0-Release.Candidate.app/Contents/Developer/Platforms/XROS.platform/Developer/SDKs/XROS27.0.sdk -o /Users/admin/builder/spi-builder-workspace/.derivedData/SDKStatCaches.noindex/xros27.0-24M361-e829b21a6f8c9b70876ba0858053c044735bd543db762f57723cac368afd1ce4.sdkstatcache
CreateBuildDirectory /Users/admin/builder/spi-builder-workspace/.derivedData/Build/Products
cd /Users/admin/builder/spi-builder-workspace/.swiftpm/xcode
builtin-create-build-directory /Users/admin/builder/spi-builder-workspace/.derivedData/Build/Products
CreateBuildDirectory /Users/admin/builder/spi-builder-workspace/.derivedData/Build/Intermediates.noindex
cd /Users/admin/builder/spi-builder-workspace/.swiftpm/xcode
builtin-create-build-directory /Users/admin/builder/spi-builder-workspace/.derivedData/Build/Intermediates.noindex
CreateBuildDirectory /Users/admin/builder/spi-builder-workspace/.derivedData/Build/Products/Debug-xros
cd /Users/admin/builder/spi-builder-workspace/.swiftpm/xcode
builtin-create-build-directory /Users/admin/builder/spi-builder-workspace/.derivedData/Build/Products/Debug-xros
CreateBuildDirectory /Users/admin/builder/spi-builder-workspace/.derivedData/Build/Intermediates.noindex/SwiftExplicitPrecompiledModules
cd /Users/admin/builder/spi-builder-workspace/.swiftpm/xcode
builtin-create-build-directory /Users/admin/builder/spi-builder-workspace/.derivedData/Build/Intermediates.noindex/SwiftExplicitPrecompiledModules
CreateBuildDirectory /Users/admin/builder/spi-builder-workspace/.derivedData/Build/Intermediates.noindex/PrecompiledHeaders
cd /Users/admin/builder/spi-builder-workspace/.swiftpm/xcode
builtin-create-build-directory /Users/admin/builder/spi-builder-workspace/.derivedData/Build/Intermediates.noindex/PrecompiledHeaders
CreateBuildDirectory /Users/admin/builder/spi-builder-workspace/.derivedData/Build/Intermediates.noindex/ExplicitPrecompiledModules
cd /Users/admin/builder/spi-builder-workspace/.swiftpm/xcode
builtin-create-build-directory /Users/admin/builder/spi-builder-workspace/.derivedData/Build/Intermediates.noindex/ExplicitPrecompiledModules
CreateBuildDirectory /Users/admin/builder/spi-builder-workspace/.derivedData/Build/Intermediates.noindex/EagerLinkingTBDs/Debug-xros
cd /Users/admin/builder/spi-builder-workspace/.swiftpm/xcode
builtin-create-build-directory /Users/admin/builder/spi-builder-workspace/.derivedData/Build/Intermediates.noindex/EagerLinkingTBDs/Debug-xros
CreateBuildDirectory /Users/admin/builder/spi-builder-workspace/.derivedData/Build/Products/Debug-xros/PackageFrameworks
cd /Users/admin/builder/spi-builder-workspace/.swiftpm/xcode
builtin-create-build-directory /Users/admin/builder/spi-builder-workspace/.derivedData/Build/Products/Debug-xros/PackageFrameworks
WriteAuxiliaryFile /Users/admin/builder/spi-builder-workspace/.derivedData/Build/Intermediates.noindex/SwiftySnap.build/Debug-xros/SwiftySnap_SwiftySnap-b.build/SwiftySnap_SwiftySnap.DependencyStaticMetadataFileList (in target 'SwiftySnap_SwiftySnap' from project 'SwiftySnap')
cd /Users/admin/builder/spi-builder-workspace
write-file /Users/admin/builder/spi-builder-workspace/.derivedData/Build/Intermediates.noindex/SwiftySnap.build/Debug-xros/SwiftySnap_SwiftySnap-b.build/SwiftySnap_SwiftySnap.DependencyStaticMetadataFileList
WriteAuxiliaryFile /Users/admin/builder/spi-builder-workspace/.derivedData/Build/Intermediates.noindex/SwiftySnap.build/Debug-xros/SwiftySnap_SwiftySnap-b.build/SwiftySnap_SwiftySnap.DependencyMetadataFileList (in target 'SwiftySnap_SwiftySnap' from project 'SwiftySnap')
cd /Users/admin/builder/spi-builder-workspace
write-file /Users/admin/builder/spi-builder-workspace/.derivedData/Build/Intermediates.noindex/SwiftySnap.build/Debug-xros/SwiftySnap_SwiftySnap-b.build/SwiftySnap_SwiftySnap.DependencyMetadataFileList
WriteAuxiliaryFile /Users/admin/builder/spi-builder-workspace/.derivedData/Build/Intermediates.noindex/SwiftySnap.build/Debug-xros/SwiftySnap_SwiftySnap-b.build/empty-SwiftySnap_SwiftySnap.plist (in target 'SwiftySnap_SwiftySnap' from project 'SwiftySnap')
cd /Users/admin/builder/spi-builder-workspace
write-file /Users/admin/builder/spi-builder-workspace/.derivedData/Build/Intermediates.noindex/SwiftySnap.build/Debug-xros/SwiftySnap_SwiftySnap-b.build/empty-SwiftySnap_SwiftySnap.plist
WriteAuxiliaryFile /Users/admin/builder/spi-builder-workspace/.derivedData/Build/Intermediates.noindex/SwiftySnap.build/Debug-xros/SwiftySnap-t.build/SwiftySnap.DependencyMetadataFileList (in target 'SwiftySnap' from project 'SwiftySnap')
cd /Users/admin/builder/spi-builder-workspace
write-file /Users/admin/builder/spi-builder-workspace/.derivedData/Build/Intermediates.noindex/SwiftySnap.build/Debug-xros/SwiftySnap-t.build/SwiftySnap.DependencyMetadataFileList
WriteAuxiliaryFile /Users/admin/builder/spi-builder-workspace/.derivedData/Build/Intermediates.noindex/SwiftySnap.build/Debug-xros/SwiftySnap-t.build/SwiftySnap.modulemap (in target 'SwiftySnap' from project 'SwiftySnap')
cd /Users/admin/builder/spi-builder-workspace
write-file /Users/admin/builder/spi-builder-workspace/.derivedData/Build/Intermediates.noindex/SwiftySnap.build/Debug-xros/SwiftySnap-t.build/SwiftySnap.modulemap
WriteAuxiliaryFile /Users/admin/builder/spi-builder-workspace/.derivedData/Build/Intermediates.noindex/SwiftySnap.build/Debug-xros/SwiftySnap-t.build/SwiftySnap.DependencyStaticMetadataFileList (in target 'SwiftySnap' from project 'SwiftySnap')
cd /Users/admin/builder/spi-builder-workspace
write-file /Users/admin/builder/spi-builder-workspace/.derivedData/Build/Intermediates.noindex/SwiftySnap.build/Debug-xros/SwiftySnap-t.build/SwiftySnap.DependencyStaticMetadataFileList
WriteAuxiliaryFile /Users/admin/builder/spi-builder-workspace/.derivedData/Build/Intermediates.noindex/SwiftySnap.build/Debug-xros/SwiftySnap-t.build/Objects-normal/arm64/SwiftySnap.SwiftFileList (in target 'SwiftySnap' from project 'SwiftySnap')
cd /Users/admin/builder/spi-builder-workspace
write-file /Users/admin/builder/spi-builder-workspace/.derivedData/Build/Intermediates.noindex/SwiftySnap.build/Debug-xros/SwiftySnap-t.build/Objects-normal/arm64/SwiftySnap.SwiftFileList
WriteAuxiliaryFile /Users/admin/builder/spi-builder-workspace/.derivedData/Build/Intermediates.noindex/SwiftySnap.build/Debug-xros/SwiftySnap-t.build/Objects-normal/arm64/SwiftySnap.SwiftConstValuesFileList (in target 'SwiftySnap' from project 'SwiftySnap')
cd /Users/admin/builder/spi-builder-workspace
write-file /Users/admin/builder/spi-builder-workspace/.derivedData/Build/Intermediates.noindex/SwiftySnap.build/Debug-xros/SwiftySnap-t.build/Objects-normal/arm64/SwiftySnap.SwiftConstValuesFileList
WriteAuxiliaryFile /Users/admin/builder/spi-builder-workspace/.derivedData/Build/Intermediates.noindex/SwiftySnap.build/Debug-xros/SwiftySnap-t.build/Objects-normal/arm64/SwiftySnap_const_extract_protocols.json (in target 'SwiftySnap' from project 'SwiftySnap')
cd /Users/admin/builder/spi-builder-workspace
write-file /Users/admin/builder/spi-builder-workspace/.derivedData/Build/Intermediates.noindex/SwiftySnap.build/Debug-xros/SwiftySnap-t.build/Objects-normal/arm64/SwiftySnap_const_extract_protocols.json
WriteAuxiliaryFile /Users/admin/builder/spi-builder-workspace/.derivedData/Build/Intermediates.noindex/SwiftySnap.build/Debug-xros/SwiftySnap-t.build/Objects-normal/arm64/SwiftySnap.LinkFileList (in target 'SwiftySnap' from project 'SwiftySnap')
cd /Users/admin/builder/spi-builder-workspace
write-file /Users/admin/builder/spi-builder-workspace/.derivedData/Build/Intermediates.noindex/SwiftySnap.build/Debug-xros/SwiftySnap-t.build/Objects-normal/arm64/SwiftySnap.LinkFileList
WriteAuxiliaryFile /Users/admin/builder/spi-builder-workspace/.derivedData/Build/Intermediates.noindex/SwiftySnap.build/Debug-xros/SwiftySnap-t.build/Objects-normal/arm64/SwiftySnap-OutputFileMap.json (in target 'SwiftySnap' from project 'SwiftySnap')
cd /Users/admin/builder/spi-builder-workspace
write-file /Users/admin/builder/spi-builder-workspace/.derivedData/Build/Intermediates.noindex/SwiftySnap.build/Debug-xros/SwiftySnap-t.build/Objects-normal/arm64/SwiftySnap-OutputFileMap.json
MkDir /Users/admin/builder/spi-builder-workspace/.derivedData/Build/Products/Debug-xros/SwiftySnap_SwiftySnap.bundle (in target 'SwiftySnap_SwiftySnap' from project 'SwiftySnap')
cd /Users/admin/builder/spi-builder-workspace
/bin/mkdir -p /Users/admin/builder/spi-builder-workspace/.derivedData/Build/Products/Debug-xros/SwiftySnap_SwiftySnap.bundle
WriteAuxiliaryFile /Users/admin/builder/spi-builder-workspace/.derivedData/Build/Intermediates.noindex/SwiftySnap.build/Debug-xros/SwiftySnap-t.build/DerivedSources/resource_bundle_accessor.swift (in target 'SwiftySnap' from project 'SwiftySnap')
cd /Users/admin/builder/spi-builder-workspace
write-file /Users/admin/builder/spi-builder-workspace/.derivedData/Build/Intermediates.noindex/SwiftySnap.build/Debug-xros/SwiftySnap-t.build/DerivedSources/resource_bundle_accessor.swift
Copy /Users/admin/builder/spi-builder-workspace/.derivedData/Build/Intermediates.noindex/GeneratedModuleMaps-xros/SwiftySnap.modulemap /Users/admin/builder/spi-builder-workspace/.derivedData/Build/Intermediates.noindex/SwiftySnap.build/Debug-xros/SwiftySnap-t.build/SwiftySnap.modulemap (in target 'SwiftySnap' from project 'SwiftySnap')
cd /Users/admin/builder/spi-builder-workspace
builtin-copy -exclude .DS_Store -exclude CVS -exclude .svn -exclude .git -exclude .hg -resolve-src-symlinks /Users/admin/builder/spi-builder-workspace/.derivedData/Build/Intermediates.noindex/SwiftySnap.build/Debug-xros/SwiftySnap-t.build/SwiftySnap.modulemap /Users/admin/builder/spi-builder-workspace/.derivedData/Build/Intermediates.noindex/GeneratedModuleMaps-xros
GenerateAssetSymbols /Users/admin/builder/spi-builder-workspace/Sources/SwiftySnap/Assets/Media.xcassets (in target 'SwiftySnap' from project 'SwiftySnap')
cd /Users/admin/builder/spi-builder-workspace
/Applications/Xcode-27.0.0-Release.Candidate.app/Contents/Developer/usr/bin/actool /Users/admin/builder/spi-builder-workspace/Sources/SwiftySnap/Assets/Media.xcassets --compile /Users/admin/builder/spi-builder-workspace/.derivedData/Build/Products/Debug-xros --output-format human-readable-text --notices --warnings --export-dependency-info /Users/admin/builder/spi-builder-workspace/.derivedData/Build/Intermediates.noindex/SwiftySnap.build/Debug-xros/SwiftySnap-t.build/assetcatalog_dependencies --output-partial-info-plist /Users/admin/builder/spi-builder-workspace/.derivedData/Build/Intermediates.noindex/SwiftySnap.build/Debug-xros/SwiftySnap-t.build/assetcatalog_generated_info.plist --compress-pngs --enable-on-demand-resources NO --development-region en --target-device vision --minimum-deployment-target 1.0 --platform xros --bundle-identifier spi-builder-workspace.SwiftySnap --generate-swift-asset-symbol-extensions NO --generate-swift-asset-symbols /Users/admin/builder/spi-builder-workspace/.derivedData/Build/Intermediates.noindex/SwiftySnap.build/Debug-xros/SwiftySnap-t.build/DerivedSources/GeneratedAssetSymbols.swift --generate-objc-asset-symbols /Users/admin/builder/spi-builder-workspace/.derivedData/Build/Intermediates.noindex/SwiftySnap.build/Debug-xros/SwiftySnap-t.build/DerivedSources/GeneratedAssetSymbols.h --generate-asset-symbol-index /Users/admin/builder/spi-builder-workspace/.derivedData/Build/Intermediates.noindex/SwiftySnap.build/Debug-xros/SwiftySnap-t.build/DerivedSources/GeneratedAssetSymbols-Index.plist
/* com.apple.actool.compilation-results */
/Users/admin/builder/spi-builder-workspace/.derivedData/Build/Intermediates.noindex/SwiftySnap.build/Debug-xros/SwiftySnap-t.build/DerivedSources/GeneratedAssetSymbols-Index.plist
/Users/admin/builder/spi-builder-workspace/.derivedData/Build/Intermediates.noindex/SwiftySnap.build/Debug-xros/SwiftySnap-t.build/DerivedSources/GeneratedAssetSymbols.h
/Users/admin/builder/spi-builder-workspace/.derivedData/Build/Intermediates.noindex/SwiftySnap.build/Debug-xros/SwiftySnap-t.build/DerivedSources/GeneratedAssetSymbols.swift
CompileXIB /Users/admin/builder/spi-builder-workspace/Sources/SwiftySnap/Camera\ View/View/SwiftySnapViewController.xib (in target 'SwiftySnap_SwiftySnap' from project 'SwiftySnap')
cd /Users/admin/builder/spi-builder-workspace
/Applications/Xcode-27.0.0-Release.Candidate.app/Contents/Developer/usr/bin/ibtool --errors --warnings --notices --platform xros --module SwiftySnap_SwiftySnap --output-partial-info-plist /Users/admin/builder/spi-builder-workspace/.derivedData/Build/Intermediates.noindex/SwiftySnap.build/Debug-xros/SwiftySnap_SwiftySnap-b.build/SwiftySnapViewController-PartialInfo.plist --auto-activate-custom-fonts --target-device vision --minimum-deployment-target 1.0 --output-format human-readable-text --compile /Users/admin/builder/spi-builder-workspace/.derivedData/Build/Products/Debug-xros/SwiftySnap_SwiftySnap.bundle/SwiftySnapViewController.nib /Users/admin/builder/spi-builder-workspace/Sources/SwiftySnap/Camera\ View/View/SwiftySnapViewController.xib
/* com.apple.ibtool.document.warnings */
/Users/admin/builder/spi-builder-workspace/Sources/SwiftySnap/Camera View/View/SwiftySnapViewController.xib:global: warning: Compiling Interface Builder products for visionOS will not be supported in a future version of Xcode. [9]
/Users/admin/builder/spi-builder-workspace/Sources/SwiftySnap/Camera View/View/SwiftySnapViewController.xib:Z2v-Zl-leC: warning: SF Symbol 'circle.inset.filled' is deprecated, use 'inset.filled.circle' instead. [7]
/Users/admin/builder/spi-builder-workspace/Sources/SwiftySnap/Camera View/View/SwiftySnapViewController.xib:Qax-As-ucX: warning: SF Symbol 'camera.rotate' is deprecated, use 'arrow.trianglehead.2.clockwise.rotate.90.camera' instead. [7]
MkDir /Users/admin/builder/spi-builder-workspace/.derivedData/Build/Intermediates.noindex/SwiftySnap.build/Debug-xros/SwiftySnap_SwiftySnap-b.build/assetcatalog_output/thinned (in target 'SwiftySnap_SwiftySnap' from project 'SwiftySnap')
cd /Users/admin/builder/spi-builder-workspace
/bin/mkdir -p /Users/admin/builder/spi-builder-workspace/.derivedData/Build/Intermediates.noindex/SwiftySnap.build/Debug-xros/SwiftySnap_SwiftySnap-b.build/assetcatalog_output/thinned
MkDir /Users/admin/builder/spi-builder-workspace/.derivedData/Build/Intermediates.noindex/SwiftySnap.build/Debug-xros/SwiftySnap_SwiftySnap-b.build/assetcatalog_output/unthinned (in target 'SwiftySnap_SwiftySnap' from project 'SwiftySnap')
cd /Users/admin/builder/spi-builder-workspace
/bin/mkdir -p /Users/admin/builder/spi-builder-workspace/.derivedData/Build/Intermediates.noindex/SwiftySnap.build/Debug-xros/SwiftySnap_SwiftySnap-b.build/assetcatalog_output/unthinned
CompileAssetCatalogVariant thinned /Users/admin/builder/spi-builder-workspace/.derivedData/Build/Products/Debug-xros/SwiftySnap_SwiftySnap.bundle /Users/admin/builder/spi-builder-workspace/Sources/SwiftySnap/Assets/Media.xcassets (in target 'SwiftySnap_SwiftySnap' from project 'SwiftySnap')
cd /Users/admin/builder/spi-builder-workspace
/Applications/Xcode-27.0.0-Release.Candidate.app/Contents/Developer/usr/bin/actool /Users/admin/builder/spi-builder-workspace/Sources/SwiftySnap/Assets/Media.xcassets --compile /Users/admin/builder/spi-builder-workspace/.derivedData/Build/Intermediates.noindex/SwiftySnap.build/Debug-xros/SwiftySnap_SwiftySnap-b.build/assetcatalog_output/thinned --output-format human-readable-text --notices --warnings --export-dependency-info /Users/admin/builder/spi-builder-workspace/.derivedData/Build/Intermediates.noindex/SwiftySnap.build/Debug-xros/SwiftySnap_SwiftySnap-b.build/assetcatalog_dependencies_thinned --output-partial-info-plist /Users/admin/builder/spi-builder-workspace/.derivedData/Build/Intermediates.noindex/SwiftySnap.build/Debug-xros/SwiftySnap_SwiftySnap-b.build/assetcatalog_generated_info.plist_thinned --compress-pngs --enable-on-demand-resources NO --development-region en --target-device vision --minimum-deployment-target 1.0 --platform xros
/* com.apple.actool.compilation-results */
/Users/admin/builder/spi-builder-workspace/.derivedData/Build/Intermediates.noindex/SwiftySnap.build/Debug-xros/SwiftySnap_SwiftySnap-b.build/assetcatalog_generated_info.plist_thinned
/Users/admin/builder/spi-builder-workspace/.derivedData/Build/Intermediates.noindex/SwiftySnap.build/Debug-xros/SwiftySnap_SwiftySnap-b.build/assetcatalog_output/thinned/Assets.car
SwiftDriver SwiftySnap normal arm64 com.apple.xcode.tools.swift.compiler (in target 'SwiftySnap' from project 'SwiftySnap')
cd /Users/admin/builder/spi-builder-workspace/.swiftpm/xcode
builtin-SwiftDriver -- /Applications/Xcode-27.0.0-Release.Candidate.app/Contents/Developer/Toolchains/XcodeDefault.xctoolchain/usr/bin/swiftc -parse-as-library -module-name SwiftySnap -Onone @/Users/admin/builder/spi-builder-workspace/.derivedData/Build/Intermediates.noindex/SwiftySnap.build/Debug-xros/SwiftySnap-t.build/Objects-normal/arm64/SwiftySnap.SwiftFileList -DSWIFT_PACKAGE -DDEBUG -DSWIFT_MODULE_RESOURCE_BUNDLE_AVAILABLE -DXcode -plugin-path /Applications/Xcode-27.0.0-Release.Candidate.app/Contents/Developer/Toolchains/XcodeDefault.xctoolchain/usr/lib/swift/host/plugins/testing -enable-experimental-feature DebugDescriptionMacro -sdk /Applications/Xcode-27.0.0-Release.Candidate.app/Contents/Developer/Platforms/XROS.platform/Developer/SDKs/XROS27.0.sdk -target arm64-apple-xros1.0 -g -module-cache-path /Users/admin/builder/spi-builder-workspace/.derivedData/ModuleCache.noindex -Xfrontend -serialize-debugging-options -enable-testing -index-store-path /Users/admin/builder/spi-builder-workspace/.derivedData/Index.noindex/DataStore -Xcc -D_LIBCPP_HARDENING_MODE\=_LIBCPP_HARDENING_MODE_DEBUG -swift-version 6 -I /Users/admin/builder/spi-builder-workspace/.derivedData/Build/Products/Debug-xros -Isystem /Applications/Xcode-27.0.0-Release.Candidate.app/Contents/Developer/Platforms/XROS.platform/Developer/usr/lib -F /Users/admin/builder/spi-builder-workspace/.derivedData/Build/Products/Debug-xros -F /Applications/Xcode-27.0.0-Release.Candidate.app/Contents/Developer/Platforms/XROS.platform/Developer/Library/Frameworks -F /Applications/Xcode-27.0.0-Release.Candidate.app/Contents/Developer/Platforms/XROS.platform/Developer/SDKs/XROS27.0.sdk/Developer/Library/Frameworks -c -j10 -enable-batch-mode -incremental -Xcc -ivfsstatcache -Xcc /Users/admin/builder/spi-builder-workspace/.derivedData/SDKStatCaches.noindex/xros27.0-24M361-e829b21a6f8c9b70876ba0858053c044735bd543db762f57723cac368afd1ce4.sdkstatcache -output-file-map /Users/admin/builder/spi-builder-workspace/.derivedData/Build/Intermediates.noindex/SwiftySnap.build/Debug-xros/SwiftySnap-t.build/Objects-normal/arm64/SwiftySnap-OutputFileMap.json -save-temps -no-color-diagnostics -explicit-module-build -module-cache-path /Users/admin/builder/spi-builder-workspace/.derivedData/Build/Intermediates.noindex/SwiftExplicitPrecompiledModules -clang-scanner-module-cache-path /Users/admin/builder/spi-builder-workspace/.derivedData/ModuleCache.noindex -sdk-module-cache-path /Users/admin/builder/spi-builder-workspace/.derivedData/SDKExplicitPrecompiledModules -emit-dependencies -emit-module -emit-module-path /Users/admin/builder/spi-builder-workspace/.derivedData/Build/Intermediates.noindex/SwiftySnap.build/Debug-xros/SwiftySnap-t.build/Objects-normal/arm64/SwiftySnap.swiftmodule -serialize-diagnostics -dependency-scan-serialize-diagnostics-path /Users/admin/builder/spi-builder-workspace/.derivedData/Build/Intermediates.noindex/SwiftySnap.build/Debug-xros/SwiftySnap-t.build/Objects-normal/arm64/SwiftySnap-dependency-scan.dia -validate-clang-modules-once -clang-build-session-file /Users/admin/builder/spi-builder-workspace/.derivedData/ModuleCache.noindex/Session.modulevalidation -Xcc -fmodules-prune-interval\=86400 -Xcc -fmodules-prune-after\=345600 -package-name spi_builder_workspace -emit-const-values -const-gather-protocols-list /Users/admin/builder/spi-builder-workspace/.derivedData/Build/Intermediates.noindex/SwiftySnap.build/Debug-xros/SwiftySnap-t.build/Objects-normal/arm64/SwiftySnap_const_extract_protocols.json -Xcc -I/Users/admin/builder/spi-builder-workspace/.derivedData/Build/Products/Debug-xros/include -Xcc -I/Users/admin/builder/spi-builder-workspace/.derivedData/Build/Intermediates.noindex/SwiftySnap.build/Debug-xros/SwiftySnap-t.build/DerivedSources-normal/arm64 -Xcc -I/Users/admin/builder/spi-builder-workspace/.derivedData/Build/Intermediates.noindex/SwiftySnap.build/Debug-xros/SwiftySnap-t.build/DerivedSources/arm64 -Xcc -I/Users/admin/builder/spi-builder-workspace/.derivedData/Build/Intermediates.noindex/SwiftySnap.build/Debug-xros/SwiftySnap-t.build/DerivedSources -Xcc -DSWIFT_PACKAGE -Xcc -DDEBUG\=1 -emit-objc-header -emit-objc-header-path /Users/admin/builder/spi-builder-workspace/.derivedData/Build/Intermediates.noindex/SwiftySnap.build/Debug-xros/SwiftySnap-t.build/Objects-normal/arm64/SwiftySnap-Swift.h -working-directory /Users/admin/builder/spi-builder-workspace/.swiftpm/xcode -experimental-emit-module-separately -disable-cmo
LinkAssetCatalog /Users/admin/builder/spi-builder-workspace/Sources/SwiftySnap/Assets/Media.xcassets (in target 'SwiftySnap_SwiftySnap' from project 'SwiftySnap')
cd /Users/admin/builder/spi-builder-workspace
builtin-linkAssetCatalog --thinned /Users/admin/builder/spi-builder-workspace/.derivedData/Build/Intermediates.noindex/SwiftySnap.build/Debug-xros/SwiftySnap_SwiftySnap-b.build/assetcatalog_output/thinned --thinned-dependencies /Users/admin/builder/spi-builder-workspace/.derivedData/Build/Intermediates.noindex/SwiftySnap.build/Debug-xros/SwiftySnap_SwiftySnap-b.build/assetcatalog_dependencies_thinned --thinned-info-plist-content /Users/admin/builder/spi-builder-workspace/.derivedData/Build/Intermediates.noindex/SwiftySnap.build/Debug-xros/SwiftySnap_SwiftySnap-b.build/assetcatalog_generated_info.plist_thinned --unthinned /Users/admin/builder/spi-builder-workspace/.derivedData/Build/Intermediates.noindex/SwiftySnap.build/Debug-xros/SwiftySnap_SwiftySnap-b.build/assetcatalog_output/unthinned --unthinned-dependencies /Users/admin/builder/spi-builder-workspace/.derivedData/Build/Intermediates.noindex/SwiftySnap.build/Debug-xros/SwiftySnap_SwiftySnap-b.build/assetcatalog_dependencies_unthinned --unthinned-info-plist-content /Users/admin/builder/spi-builder-workspace/.derivedData/Build/Intermediates.noindex/SwiftySnap.build/Debug-xros/SwiftySnap_SwiftySnap-b.build/assetcatalog_generated_info.plist_unthinned --output /Users/admin/builder/spi-builder-workspace/.derivedData/Build/Products/Debug-xros/SwiftySnap_SwiftySnap.bundle --plist-output /Users/admin/builder/spi-builder-workspace/.derivedData/Build/Intermediates.noindex/SwiftySnap.build/Debug-xros/SwiftySnap_SwiftySnap-b.build/assetcatalog_generated_info.plist
note: Emplaced /Users/admin/builder/spi-builder-workspace/.derivedData/Build/Products/Debug-xros/SwiftySnap_SwiftySnap.bundle/Assets.car (in target 'SwiftySnap_SwiftySnap' from project 'SwiftySnap')
ProcessInfoPlistFile /Users/admin/builder/spi-builder-workspace/.derivedData/Build/Products/Debug-xros/SwiftySnap_SwiftySnap.bundle/Info.plist /Users/admin/builder/spi-builder-workspace/.derivedData/Build/Intermediates.noindex/SwiftySnap.build/Debug-xros/SwiftySnap_SwiftySnap-b.build/empty-SwiftySnap_SwiftySnap.plist (in target 'SwiftySnap_SwiftySnap' from project 'SwiftySnap')
cd /Users/admin/builder/spi-builder-workspace
builtin-infoPlistUtility /Users/admin/builder/spi-builder-workspace/.derivedData/Build/Intermediates.noindex/SwiftySnap.build/Debug-xros/SwiftySnap_SwiftySnap-b.build/empty-SwiftySnap_SwiftySnap.plist -producttype com.apple.product-type.bundle -expandbuildsettings -format binary -platform xros -additionalcontentfile /Users/admin/builder/spi-builder-workspace/.derivedData/Build/Intermediates.noindex/SwiftySnap.build/Debug-xros/SwiftySnap_SwiftySnap-b.build/SwiftySnapViewController-PartialInfo.plist -additionalcontentfile /Users/admin/builder/spi-builder-workspace/.derivedData/Build/Intermediates.noindex/SwiftySnap.build/Debug-xros/SwiftySnap_SwiftySnap-b.build/assetcatalog_generated_info.plist -o /Users/admin/builder/spi-builder-workspace/.derivedData/Build/Products/Debug-xros/SwiftySnap_SwiftySnap.bundle/Info.plist
RegisterExecutionPolicyException /Users/admin/builder/spi-builder-workspace/.derivedData/Build/Products/Debug-xros/SwiftySnap_SwiftySnap.bundle (in target 'SwiftySnap_SwiftySnap' from project 'SwiftySnap')
cd /Users/admin/builder/spi-builder-workspace
builtin-RegisterExecutionPolicyException /Users/admin/builder/spi-builder-workspace/.derivedData/Build/Products/Debug-xros/SwiftySnap_SwiftySnap.bundle
Touch /Users/admin/builder/spi-builder-workspace/.derivedData/Build/Products/Debug-xros/SwiftySnap_SwiftySnap.bundle (in target 'SwiftySnap_SwiftySnap' from project 'SwiftySnap')
cd /Users/admin/builder/spi-builder-workspace
/usr/bin/touch -c /Users/admin/builder/spi-builder-workspace/.derivedData/Build/Products/Debug-xros/SwiftySnap_SwiftySnap.bundle
SwiftExplicitDependencyGeneratePcm arm64 /Users/admin/builder/spi-builder-workspace/.derivedData/SDKExplicitPrecompiledModules/_AvailabilityInternal-6BH9T8OE123ARKKFOJFR111NS.pcm
SwiftExplicitDependencyGeneratePcm arm64 /Users/admin/builder/spi-builder-workspace/.derivedData/SDKExplicitPrecompiledModules/_Builtin_stddef-2IE0R9M96I5XG0WY72N2UIQ8V.pcm
SwiftExplicitDependencyGeneratePcm arm64 /Users/admin/builder/spi-builder-workspace/.derivedData/SDKExplicitPrecompiledModules/ptrauth-9Q1PN7OTQZN7B0Z9D7V7Q8UB1.pcm
SwiftExplicitDependencyGeneratePcm arm64 /Users/admin/builder/spi-builder-workspace/.derivedData/SDKExplicitPrecompiledModules/_Builtin_stdbool-1Q6BTYNEVHC9M74WL5O5GJ1ZM.pcm
SwiftExplicitDependencyGeneratePcm arm64 /Users/admin/builder/spi-builder-workspace/.derivedData/SDKExplicitPrecompiledModules/ptrcheck-98Y8DWD0HPCMRMDFKAEZCA81O.pcm
SwiftExplicitDependencyGeneratePcm arm64 /Users/admin/builder/spi-builder-workspace/.derivedData/SDKExplicitPrecompiledModules/_SwiftConcurrencyShims-9H7TQT237JM0VTD7TXCR6CNM9.pcm
SwiftExplicitDependencyGeneratePcm arm64 /Users/admin/builder/spi-builder-workspace/.derivedData/SDKExplicitPrecompiledModules/DeveloperToolsSupport-194HZPFNNCEHRVXIO6O8L9S0O.pcm
SwiftExplicitDependencyGeneratePcm arm64 /Users/admin/builder/spi-builder-workspace/.derivedData/SDKExplicitPrecompiledModules/_Builtin_float-1J8SO31WACP82RKV0LOTRKG39.pcm
SwiftExplicitDependencyGeneratePcm arm64 /Users/admin/builder/spi-builder-workspace/.derivedData/SDKExplicitPrecompiledModules/_Builtin_stdarg-62NPPE4D8O3BNLU35D74TGLVQ.pcm
SwiftExplicitDependencyGeneratePcm arm64 /Users/admin/builder/spi-builder-workspace/.derivedData/SDKExplicitPrecompiledModules/SwiftShims-2HAZ94YF1BA79JLFTAIV7APMW.pcm
SwiftExplicitDependencyGeneratePcm arm64 /Users/admin/builder/spi-builder-workspace/.derivedData/SDKExplicitPrecompiledModules/_DarwinFoundation1-AVZIQZ8HOAUXTT5CXVE5TNG7E.pcm
SwiftExplicitDependencyGeneratePcm arm64 /Users/admin/builder/spi-builder-workspace/.derivedData/SDKExplicitPrecompiledModules/_Builtin_limits-599EXAY0E7DPK78D1JASUXYCQ.pcm
SwiftExplicitDependencyGeneratePcm arm64 /Users/admin/builder/spi-builder-workspace/.derivedData/SDKExplicitPrecompiledModules/_DarwinFoundation2-E0NXA4K8N3W3XTJG0EDH15WR2.pcm
SwiftExplicitDependencyGeneratePcm arm64 /Users/admin/builder/spi-builder-workspace/.derivedData/SDKExplicitPrecompiledModules/_Builtin_tgmath-6A504NZTD9420A66PPDYUHISN.pcm
SwiftExplicitDependencyGeneratePcm arm64 /Users/admin/builder/spi-builder-workspace/.derivedData/SDKExplicitPrecompiledModules/string_h-BGPLTZ4H9HACR813QKF6VS72D.pcm
SwiftExplicitDependencyGeneratePcm arm64 /Users/admin/builder/spi-builder-workspace/.derivedData/SDKExplicitPrecompiledModules/sys_types-A3BBS6FJZK4C974FRQ5ZCTND7.pcm
SwiftExplicitDependencyGeneratePcm arm64 /Users/admin/builder/spi-builder-workspace/.derivedData/SDKExplicitPrecompiledModules/_Builtin_stdint-F1DLW8WMMSOC414RWOQWK8OS8.pcm
SwiftExplicitDependencyGeneratePcm arm64 /Users/admin/builder/spi-builder-workspace/.derivedData/SDKExplicitPrecompiledModules/_DarwinFoundation3-C1P0SZMW1CBYZ1956G2WPAGVQ.pcm
SwiftExplicitDependencyGeneratePcm arm64 /Users/admin/builder/spi-builder-workspace/.derivedData/SDKExplicitPrecompiledModules/_Builtin_intrinsics-3111M8ALPD4YFW0NUUUBCM0JD.pcm
SwiftExplicitDependencyGeneratePcm arm64 /Users/admin/builder/spi-builder-workspace/.derivedData/SDKExplicitPrecompiledModules/_Builtin_stdatomic-158FFQF46AB7DZCSEC3RCRTFC.pcm
SwiftExplicitDependencyGeneratePcm arm64 /Users/admin/builder/spi-builder-workspace/.derivedData/SDKExplicitPrecompiledModules/_Builtin_inttypes-9DU9NJC5HKVLIXJ97CZROETBU.pcm
SwiftExplicitDependencyGeneratePcm arm64 /Users/admin/builder/spi-builder-workspace/.derivedData/SDKExplicitPrecompiledModules/Darwin-ET1KOXI5QIB2QZ81K0LJ5SCNP.pcm
SwiftExplicitDependencyGeneratePcm arm64 /Users/admin/builder/spi-builder-workspace/.derivedData/SDKExplicitPrecompiledModules/simd-7J2M7D2SOHYQ7IO8MYH2RXTKH.pcm
SwiftExplicitDependencyGeneratePcm arm64 /Users/admin/builder/spi-builder-workspace/.derivedData/SDKExplicitPrecompiledModules/ObjectiveC-7UYOWV2RO2CMEGURP3Y7WLPAT.pcm
SwiftExplicitDependencyGeneratePcm arm64 /Users/admin/builder/spi-builder-workspace/.derivedData/SDKExplicitPrecompiledModules/MachO-6F2CAO15JWU9TP0S5ZC6PL9IB.pcm
SwiftExplicitDependencyGeneratePcm arm64 /Users/admin/builder/spi-builder-workspace/.derivedData/SDKExplicitPrecompiledModules/os_object-A49MUZWNB60JKCX0NMFXESEZD.pcm
SwiftExplicitDependencyGeneratePcm arm64 /Users/admin/builder/spi-builder-workspace/.derivedData/SDKExplicitPrecompiledModules/os_workgroup-1J3Q9ELSMX5271913GPIT75QV.pcm
SwiftExplicitDependencyGeneratePcm arm64 /Users/admin/builder/spi-builder-workspace/.derivedData/SDKExplicitPrecompiledModules/Dispatch-7TDXDXPVVCZ0IQLPT2W4Z1AW3.pcm
SwiftExplicitDependencyGeneratePcm arm64 /Users/admin/builder/spi-builder-workspace/.derivedData/SDKExplicitPrecompiledModules/Spatial-92H2FIVGSGXGN6Z0PM4QAD9U8.pcm
SwiftExplicitDependencyGeneratePcm arm64 /Users/admin/builder/spi-builder-workspace/.derivedData/SDKExplicitPrecompiledModules/XPC-1U8J3QOEPI1JREQTBJYCK4Z2Z.pcm
SwiftExplicitDependencyGeneratePcm arm64 /Users/admin/builder/spi-builder-workspace/.derivedData/SDKExplicitPrecompiledModules/dnssd-3O0RNR51LL3EG0N1T07ZFMALS.pcm
SwiftExplicitDependencyGeneratePcm arm64 /Users/admin/builder/spi-builder-workspace/.derivedData/SDKExplicitPrecompiledModules/CoreFoundation-5D49BF05JAG3T79HLXZS0QOEB.pcm
SwiftExplicitDependencyGeneratePcm arm64 /Users/admin/builder/spi-builder-workspace/.derivedData/SDKExplicitPrecompiledModules/os-7D3ZMGEZW9BBPJG5AFYWTJQLV.pcm
SwiftExplicitDependencyGeneratePcm arm64 /Users/admin/builder/spi-builder-workspace/.derivedData/SDKExplicitPrecompiledModules/Security-4BDO3J0PXFNR7ZRKSDSXCO6IM.pcm
SwiftExplicitDependencyGeneratePcm arm64 /Users/admin/builder/spi-builder-workspace/.derivedData/SDKExplicitPrecompiledModules/CoreGraphics-AY8OPKLJIGMHZ9MYROUT854WA.pcm
SwiftExplicitDependencyGeneratePcm arm64 /Users/admin/builder/spi-builder-workspace/.derivedData/SDKExplicitPrecompiledModules/CoreAudioTypes-312R5U71UD8UC735GBX55K3US.pcm
SwiftExplicitDependencyGeneratePcm arm64 /Users/admin/builder/spi-builder-workspace/.derivedData/SDKExplicitPrecompiledModules/CFNetwork-8XNJAT23SK5D0OET9NV9X387I.pcm
SwiftExplicitDependencyGeneratePcm arm64 /Users/admin/builder/spi-builder-workspace/.derivedData/SDKExplicitPrecompiledModules/CoreAudio-BNVVZ0H6VD0B9Q2N4KZUSB6RB.pcm
SwiftExplicitDependencyGeneratePcm arm64 /Users/admin/builder/spi-builder-workspace/.derivedData/SDKExplicitPrecompiledModules/Foundation-48S9SVOOX01R4NP8KF0LJG57Z.pcm
SwiftExplicitDependencyGeneratePcm arm64 /Users/admin/builder/spi-builder-workspace/.derivedData/SDKExplicitPrecompiledModules/CoreText-3Q9AYRR8Y0RMYX4VGST56EDCZ.pcm
SwiftExplicitDependencyGeneratePcm arm64 /Users/admin/builder/spi-builder-workspace/.derivedData/SDKExplicitPrecompiledModules/ImageIO-IAKQMD68GVR7DW77YOHGK8X7.pcm
SwiftExplicitDependencyGeneratePcm arm64 /Users/admin/builder/spi-builder-workspace/.derivedData/SDKExplicitPrecompiledModules/UniformTypeIdentifiers-9BPZRHV9PRGRSU35W243D89CW.pcm
SwiftExplicitDependencyGeneratePcm arm64 /Users/admin/builder/spi-builder-workspace/.derivedData/SDKExplicitPrecompiledModules/DataDetection-7LQD8Z3LW2FUEO4CR6TGECXW0.pcm
SwiftExplicitDependencyGeneratePcm arm64 /Users/admin/builder/spi-builder-workspace/.derivedData/SDKExplicitPrecompiledModules/Symbols-ECOU17NNJUYRSDVSZI1SX0DNL.pcm
SwiftExplicitDependencyGeneratePcm arm64 /Users/admin/builder/spi-builder-workspace/.derivedData/SDKExplicitPrecompiledModules/Accessibility-8QB8DU95K5GFNCPAUIMZLHBIU.pcm
SwiftExplicitDependencyGeneratePcm arm64 /Users/admin/builder/spi-builder-workspace/.derivedData/SDKExplicitPrecompiledModules/CoreMIDI-3PXS069A7G7J69W6C2O4U64TR.pcm
SwiftExplicitDependencyGeneratePcm arm64 /Users/admin/builder/spi-builder-workspace/.derivedData/SDKExplicitPrecompiledModules/OSLog-3CTW8AFBZNTJNTYU2CNXR306R.pcm
SwiftExplicitDependencyGeneratePcm arm64 /Users/admin/builder/spi-builder-workspace/.derivedData/SDKExplicitPrecompiledModules/FileProvider-C1CJK6EJC5IUBTWZU8FS47OM3.pcm
SwiftExplicitDependencyGeneratePcm arm64 /Users/admin/builder/spi-builder-workspace/.derivedData/SDKExplicitPrecompiledModules/_LocationEssentials-32JNDL0Y7WK6X17R1HPKJCQEE.pcm
SwiftExplicitDependencyGeneratePcm arm64 /Users/admin/builder/spi-builder-workspace/.derivedData/SDKExplicitPrecompiledModules/UserNotifications-6JIY9EEYAYYTJITYYQZF42LAH.pcm
SwiftExplicitDependencyGeneratePcm arm64 /Users/admin/builder/spi-builder-workspace/.derivedData/SDKExplicitPrecompiledModules/IOSurface-2D5KLETWRIPRMLT8HCRTTINH3.pcm
SwiftExplicitDependencyGeneratePcm arm64 /Users/admin/builder/spi-builder-workspace/.derivedData/SDKExplicitPrecompiledModules/UIUtilities-F3U0HSZMZSXCP772P753OT1G5.pcm
SwiftExplicitDependencyGeneratePcm arm64 /Users/admin/builder/spi-builder-workspace/.derivedData/SDKExplicitPrecompiledModules/Network-59OXS1WBU0E96MTVI1BQ4Y8O0.pcm
SwiftExplicitDependencyGeneratePcm arm64 /Users/admin/builder/spi-builder-workspace/.derivedData/SDKExplicitPrecompiledModules/CoreTransferable-EFMTSDPFE8WPPM5HOZ47P0KQO.pcm
SwiftExplicitDependencyGeneratePcm arm64 /Users/admin/builder/spi-builder-workspace/.derivedData/SDKExplicitPrecompiledModules/CoreLocation-E62WUNIY48I4BO5WNB3SVVIP8.pcm
SwiftExplicitDependencyGeneratePcm arm64 /Users/admin/builder/spi-builder-workspace/.derivedData/SDKExplicitPrecompiledModules/OpenGLES-CKJ9EEPIRPNP44Q12R6YOKS1E.pcm
SwiftExplicitDependencyGeneratePcm arm64 /Users/admin/builder/spi-builder-workspace/.derivedData/SDKExplicitPrecompiledModules/Metal-CAKGHYH5ACDACD017V00QOQC9.pcm
SwiftExplicitDependencyGeneratePcm arm64 /Users/admin/builder/spi-builder-workspace/.derivedData/SDKExplicitPrecompiledModules/AudioToolbox-BIB990ZQT6Y2YX7R0HKENKU6T.pcm
SwiftExplicitDependencyGeneratePcm arm64 /Users/admin/builder/spi-builder-workspace/.derivedData/SDKExplicitPrecompiledModules/CoreMotion-DCVNRIJ2COFK7QG37YNW48EGV.pcm
SwiftExplicitDependencyGeneratePcm arm64 /Users/admin/builder/spi-builder-workspace/.derivedData/SDKExplicitPrecompiledModules/AVRouting-A58BUG9HB1NCTPD2PCCO84ARM.pcm
SwiftExplicitDependencyGeneratePcm arm64 /Users/admin/builder/spi-builder-workspace/.derivedData/SDKExplicitPrecompiledModules/CoreVideo-4PK3Q849TG28PPFW9ON3UC1O9.pcm
SwiftExplicitDependencyGeneratePcm arm64 /Users/admin/builder/spi-builder-workspace/.derivedData/SDKExplicitPrecompiledModules/CoreMedia-X23SRPCPJE6SQFHHHYCZ7WVC.pcm
SwiftExplicitDependencyGeneratePcm arm64 /Users/admin/builder/spi-builder-workspace/.derivedData/SDKExplicitPrecompiledModules/CoreImage-9GN6OPXIJ356C54K347I7T417.pcm
SwiftExplicitDependencyGeneratePcm arm64 /Users/admin/builder/spi-builder-workspace/.derivedData/SDKExplicitPrecompiledModules/QuartzCore-6ZHUATRF8P4D51R22KZF8F6EG.pcm
SwiftExplicitDependencyGeneratePcm arm64 /Users/admin/builder/spi-builder-workspace/.derivedData/SDKExplicitPrecompiledModules/SwiftUICore-374BUSM2QWS9MQO694AHOADDT.pcm
SwiftExplicitDependencyGeneratePcm arm64 /Users/admin/builder/spi-builder-workspace/.derivedData/SDKExplicitPrecompiledModules/VideoToolbox-3P3B69YG5JT8YUFOCSUNDM59.pcm
SwiftExplicitDependencyGeneratePcm arm64 /Users/admin/builder/spi-builder-workspace/.derivedData/SDKExplicitPrecompiledModules/MediaToolbox-ANHHEHPC85W3ECWTCJ308UFOE.pcm
SwiftExplicitDependencyGeneratePcm arm64 /Users/admin/builder/spi-builder-workspace/.derivedData/SDKExplicitPrecompiledModules/AVFAudio-7A6YZTGYW2RLZD9E99CP5838N.pcm
SwiftExplicitDependencyGeneratePcm arm64 /Users/admin/builder/spi-builder-workspace/.derivedData/SDKExplicitPrecompiledModules/UIKit-1PV3XTOUQPUVY5I4MLPUAXR9J.pcm
SwiftExplicitDependencyGeneratePcm arm64 /Users/admin/builder/spi-builder-workspace/.derivedData/SDKExplicitPrecompiledModules/AVFoundation-81FTBCX2AZLM90X977V6F8213.pcm
SwiftEmitModule normal arm64 Emitting\ module\ for\ SwiftySnap (in target 'SwiftySnap' from project 'SwiftySnap')
/Users/admin/builder/spi-builder-workspace/Sources/SwiftySnap/Camera View/Controller/SwiftySnapViewController.swift:29:28: error: 'AVCaptureVideoPreviewLayer' is unavailable in visionOS
27 | // MARK: - Properties
28 | var captureSession: AVCaptureSession?
29 | var videoPreviewLayer: AVCaptureVideoPreviewLayer?
| `- error: 'AVCaptureVideoPreviewLayer' is unavailable in visionOS
30 | var photoOutput = AVCapturePhotoOutput()
31 | var movieOutput = AVCaptureMovieFileOutput()
/Applications/Xcode-27.0.0-Release.Candidate.app/Contents/Developer/Platforms/XROS.platform/Developer/SDKs/XROS27.0.sdk/System/Library/Frameworks/AVFoundation.framework/Headers/AVCaptureVideoPreviewLayer.h:33:12: note: 'AVCaptureVideoPreviewLayer' has been explicitly marked unavailable here
31 | */
32 | API_AVAILABLE(macos(10.7), ios(4.0), macCatalyst(14.0), tvos(17.0)) API_UNAVAILABLE(visionos) API_UNAVAILABLE(watchos)
33 | @interface AVCaptureVideoPreviewLayer : CALayer
| `- note: 'AVCaptureVideoPreviewLayer' has been explicitly marked unavailable here
34 | {
35 | @private
/Users/admin/builder/spi-builder-workspace/Sources/SwiftySnap/Camera View/Controller/SwiftySnapViewController.swift:30:23: error: 'AVCapturePhotoOutput' is unavailable in visionOS
28 | var captureSession: AVCaptureSession?
29 | var videoPreviewLayer: AVCaptureVideoPreviewLayer?
30 | var photoOutput = AVCapturePhotoOutput()
| `- error: 'AVCapturePhotoOutput' is unavailable in visionOS
31 | var movieOutput = AVCaptureMovieFileOutput()
32 | var activeCamera: AVCaptureDevice?
/Applications/Xcode-27.0.0-Release.Candidate.app/Contents/Developer/Platforms/XROS.platform/Developer/SDKs/XROS27.0.sdk/System/Library/Frameworks/AVFoundation.framework/Headers/AVCapturePhotoOutput.h:50:12: note: 'AVCapturePhotoOutput' has been explicitly marked unavailable here
48 | */
49 | API_AVAILABLE(macos(10.15), ios(10.0), macCatalyst(14.0), tvos(17.0)) API_UNAVAILABLE(visionos) API_UNAVAILABLE(watchos)
50 | @interface AVCapturePhotoOutput : AVCaptureOutput
| `- note: 'AVCapturePhotoOutput' has been explicitly marked unavailable here
51 | {
52 | @private
/Users/admin/builder/spi-builder-workspace/Sources/SwiftySnap/Camera View/Controller/SwiftySnapViewController.swift:31:23: error: 'AVCaptureMovieFileOutput' is unavailable in visionOS
29 | var videoPreviewLayer: AVCaptureVideoPreviewLayer?
30 | var photoOutput = AVCapturePhotoOutput()
31 | var movieOutput = AVCaptureMovieFileOutput()
| `- error: 'AVCaptureMovieFileOutput' is unavailable in visionOS
32 | var activeCamera: AVCaptureDevice?
33 |
/Applications/Xcode-27.0.0-Release.Candidate.app/Contents/Developer/Platforms/XROS.platform/Developer/SDKs/XROS27.0.sdk/System/Library/Frameworks/AVFoundation.framework/Headers/AVCaptureFileOutput.h:405:12: note: 'AVCaptureMovieFileOutput' has been explicitly marked unavailable here
403 | */
404 | API_AVAILABLE(macos(10.7), ios(4.0), macCatalyst(14.0), tvos(17.0)) API_UNAVAILABLE(visionos) API_UNAVAILABLE(watchos)
405 | @interface AVCaptureMovieFileOutput : AVCaptureFileOutput
| `- note: 'AVCaptureMovieFileOutput' has been explicitly marked unavailable here
406 | {
407 | @private
/Users/admin/builder/spi-builder-workspace/Sources/SwiftySnap/Camera View/Controller/SwiftySnapViewController.swift:34:43: error: 'FlashMode' is unavailable in visionOS
32 | var activeCamera: AVCaptureDevice?
33 |
34 | var currentFlashMode: AVCaptureDevice.FlashMode = .off
| `- error: 'FlashMode' is unavailable in visionOS
35 |
36 | var outputURL: URL?
/Applications/Xcode-27.0.0-Release.Candidate.app/Contents/Developer/Platforms/XROS.platform/Developer/SDKs/XROS27.0.sdk/System/Library/Frameworks/AVFoundation.framework/Headers/AVCaptureDevice.h:967:28: note: 'FlashMode' has been explicitly marked unavailable here
965 | Indicates that the flash should be used automatically depending on ambient light conditions.
966 | */
967 | typedef NS_ENUM(NSInteger, AVCaptureFlashMode) {
| `- note: 'FlashMode' has been explicitly marked unavailable here
968 | AVCaptureFlashModeOff = 0,
969 | AVCaptureFlashModeOn = 1,
/Users/admin/builder/spi-builder-workspace/Sources/SwiftySnap/Camera View/Controller/SwiftySnapViewController.swift:536:39: error: 'AVCapturePhotoOutput' is unavailable in visionOS
534 | extension SwiftySnapViewController: @preconcurrency AVCapturePhotoCaptureDelegate {
535 |
536 | public func photoOutput(_ output: AVCapturePhotoOutput, didFinishProcessingPhoto photo: AVCapturePhoto, error: Error?) {
| `- error: 'AVCapturePhotoOutput' is unavailable in visionOS
537 | guard let imageData = photo.fileDataRepresentation(), var image = UIImage(data: imageData) else { return }
538 |
/Applications/Xcode-27.0.0-Release.Candidate.app/Contents/Developer/Platforms/XROS.platform/Developer/SDKs/XROS27.0.sdk/System/Library/Frameworks/AVFoundation.framework/Headers/AVCapturePhotoOutput.h:50:12: note: 'AVCapturePhotoOutput' has been explicitly marked unavailable here
48 | */
49 | API_AVAILABLE(macos(10.15), ios(10.0), macCatalyst(14.0), tvos(17.0)) API_UNAVAILABLE(visionos) API_UNAVAILABLE(watchos)
50 | @interface AVCapturePhotoOutput : AVCaptureOutput
| `- note: 'AVCapturePhotoOutput' has been explicitly marked unavailable here
51 | {
52 | @private
/Users/admin/builder/spi-builder-workspace/Sources/SwiftySnap/Camera View/Controller/SwiftySnapViewController.swift:536:93: error: 'AVCapturePhoto' is unavailable in visionOS
534 | extension SwiftySnapViewController: @preconcurrency AVCapturePhotoCaptureDelegate {
535 |
536 | public func photoOutput(_ output: AVCapturePhotoOutput, didFinishProcessingPhoto photo: AVCapturePhoto, error: Error?) {
| `- error: 'AVCapturePhoto' is unavailable in visionOS
537 | guard let imageData = photo.fileDataRepresentation(), var image = UIImage(data: imageData) else { return }
538 |
/Applications/Xcode-27.0.0-Release.Candidate.app/Contents/Developer/Platforms/XROS.platform/Developer/SDKs/XROS27.0.sdk/System/Library/Frameworks/AVFoundation.framework/Headers/AVCapturePhotoOutput.h:1979:12: note: 'AVCapturePhoto' has been explicitly marked unavailable here
1977 | */
1978 | API_AVAILABLE(macos(10.15), ios(11.0), macCatalyst(14.0), tvos(17.0)) API_UNAVAILABLE(visionos) API_UNAVAILABLE(watchos)
1979 | @interface AVCapturePhoto : NSObject
| `- note: 'AVCapturePhoto' has been explicitly marked unavailable here
1980 | {
1981 | @private
/Users/admin/builder/spi-builder-workspace/Sources/SwiftySnap/Camera View/Controller/SwiftySnapViewController.swift:536:17: error: cannot override 'photoOutput' which has been marked unavailable
534 | extension SwiftySnapViewController: @preconcurrency AVCapturePhotoCaptureDelegate {
535 |
536 | public func photoOutput(_ output: AVCapturePhotoOutput, didFinishProcessingPhoto photo: AVCapturePhoto, error: Error?) {
| `- error: cannot override 'photoOutput' which has been marked unavailable
537 | guard let imageData = photo.fileDataRepresentation(), var image = UIImage(data: imageData) else { return }
538 |
/Applications/Xcode-27.0.0-Release.Candidate.app/Contents/Developer/Platforms/XROS.platform/Developer/SDKs/XROS27.0.sdk/System/Library/Frameworks/AVFoundation.framework/Headers/AVCapturePhotoOutput.h:1053:1: note: 'photoOutput(_:didFinishProcessingPhoto:error:)' has been explicitly marked unavailable here
1051 | This callback fires resolvedSettings.expectedPhotoCount number of times for a given capture request. Note that the photo parameter is always non nil, even if an error is returned. The delivered AVCapturePhoto's rawPhoto property can be queried to know if it's a RAW image or processed image.
1052 | */
1053 | - (void)captureOutput:(AVCapturePhotoOutput *)output didFinishProcessingPhoto:(AVCapturePhoto *)photo error:(nullable NSError *)error API_AVAILABLE(ios(11.0), macCatalyst(14.0), tvos(17.0)) API_UNAVAILABLE(visionos);
| `- note: 'photoOutput(_:didFinishProcessingPhoto:error:)' has been explicitly marked unavailable here
1054 |
1055 | /*!
/Users/admin/builder/spi-builder-workspace/Sources/SwiftySnap/Camera View/Controller/SwiftySnapViewController.swift:534:53: error: 'AVCapturePhotoCaptureDelegate' is unavailable in visionOS
532 |
533 | // MARK: - Photo Capture Delegate Methods
534 | extension SwiftySnapViewController: @preconcurrency AVCapturePhotoCaptureDelegate {
| `- error: 'AVCapturePhotoCaptureDelegate' is unavailable in visionOS
535 |
536 | public func photoOutput(_ output: AVCapturePhotoOutput, didFinishProcessingPhoto photo: AVCapturePhoto, error: Error?) {
/Applications/Xcode-27.0.0-Release.Candidate.app/Contents/Developer/Platforms/XROS.platform/Developer/SDKs/XROS27.0.sdk/System/Library/Frameworks/AVFoundation.framework/Headers/AVCapturePhotoOutput.h:990:11: note: 'AVCapturePhotoCaptureDelegate' has been explicitly marked unavailable here
988 | */
989 | API_AVAILABLE(macos(10.15), ios(10.0), macCatalyst(14.0), tvos(17.0)) API_UNAVAILABLE(visionos) API_UNAVAILABLE(watchos)
990 | @protocol AVCapturePhotoCaptureDelegate <NSObject>
| `- note: 'AVCapturePhotoCaptureDelegate' has been explicitly marked unavailable here
991 |
992 | @optional
/Users/admin/builder/spi-builder-workspace/Sources/SwiftySnap/Camera View/Controller/SwiftySnapViewController.swift:560:38: error: 'AVCaptureFileOutput' is unavailable in visionOS
558 | extension SwiftySnapViewController: @preconcurrency AVCaptureFileOutputRecordingDelegate {
559 |
560 | public func fileOutput(_ output: AVCaptureFileOutput, didFinishRecordingTo outputFileURL: URL, from connections: [AVCaptureConnection], error: Error?) {
| `- error: 'AVCaptureFileOutput' is unavailable in visionOS
561 | self.btnShutter.isUserInteractionEnabled = true
562 | if error == nil {
/Applications/Xcode-27.0.0-Release.Candidate.app/Contents/Developer/Platforms/XROS.platform/Developer/SDKs/XROS27.0.sdk/System/Library/Frameworks/AVFoundation.framework/Headers/AVCaptureFileOutput.h:36:12: note: 'AVCaptureFileOutput' has been explicitly marked unavailable here
34 | */
35 | API_AVAILABLE(macos(10.7), ios(4.0), macCatalyst(14.0), tvos(17.0)) API_UNAVAILABLE(visionos) API_UNAVAILABLE(watchos)
36 | @interface AVCaptureFileOutput : AVCaptureOutput
| `- note: 'AVCaptureFileOutput' has been explicitly marked unavailable here
37 | {
38 | @private
/Users/admin/builder/spi-builder-workspace/Sources/SwiftySnap/Camera View/Controller/SwiftySnapViewController.swift:558:53: error: 'AVCaptureFileOutputRecordingDelegate' is unavailable in visionOS
556 |
557 | // MARK: - Video Recording Delegate Methods
558 | extension SwiftySnapViewController: @preconcurrency AVCaptureFileOutputRecordingDelegate {
| `- error: 'AVCaptureFileOutputRecordingDelegate' is unavailable in visionOS
559 |
560 | public func fileOutput(_ output: AVCaptureFileOutput, didFinishRecordingTo outputFileURL: URL, from connections: [AVCaptureConnection], error: Error?) {
/Applications/Xcode-27.0.0-Release.Candidate.app/Contents/Developer/Platforms/XROS.platform/Developer/SDKs/XROS27.0.sdk/System/Library/Frameworks/AVFoundation.framework/Headers/AVCaptureFileOutput.h:206:11: note: 'AVCaptureFileOutputRecordingDelegate' has been explicitly marked unavailable here
204 | */
205 | API_AVAILABLE(macos(10.7), ios(4.0), macCatalyst(14.0), tvos(17.0)) API_UNAVAILABLE(visionos) API_UNAVAILABLE(watchos)
206 | @protocol AVCaptureFileOutputRecordingDelegate <NSObject>
| `- note: 'AVCaptureFileOutputRecordingDelegate' has been explicitly marked unavailable here
207 |
208 | @optional
Failed frontend command:
SwiftCompile normal arm64 (in target 'SwiftySnap' from project 'SwiftySnap')
cd /Users/admin/builder/spi-builder-workspace/.swiftpm/xcode
/Applications/Xcode-27.0.0-Release.Candidate.app/Contents/Developer/Toolchains/XcodeDefault.xctoolchain/usr/bin/swift-frontend -frontend -emit-module -experimental-skip-non-inlinable-function-bodies-without-types /Users/admin/builder/spi-builder-workspace/.derivedData/Build/Intermediates.noindex/SwiftySnap.build/Debug-xros/SwiftySnap-t.build/DerivedSources/resource_bundle_accessor.swift /Users/admin/builder/spi-builder-workspace/Sources/SwiftySnap/Camera\ View/Controller/SwiftySnapViewController.swift /Users/admin/builder/spi-builder-workspace/Sources/SwiftySnap/Camera\ View/Enums/SwiftySnapCameraType.swift /Users/admin/builder/spi-builder-workspace/Sources/SwiftySnap/Camera\ View/Protocols/SwiftySnapViewProtocol.swift /Users/admin/builder/spi-builder-workspace/Sources/SwiftySnap/Provider/Color\ Provider/DefaultSwiftySnapColors.swift /Users/admin/builder/spi-builder-workspace/Sources/SwiftySnap/Provider/Color\ Provider/SwiftySnapColorManager.swift /Users/admin/builder/spi-builder-workspace/Sources/SwiftySnap/Provider/Color\ Provider/SwiftySnapColorProviding.swift /Users/admin/builder/spi-builder-workspace/Sources/SwiftySnap/SwiftySnap.swift /Users/admin/builder/spi-builder-workspace/.derivedData/Build/Intermediates.noindex/SwiftySnap.build/Debug-xros/SwiftySnap-t.build/DerivedSources/GeneratedAssetSymbols.swift -target arm64-apple-xros1.0 -module-can-import-version DeveloperToolsSupport 24.0.24 24.0.24 -disable-cross-import-overlay-search -load-resolved-plugin /Applications/Xcode-27.0.0-Release.Candidate.app/Contents/Developer/Platforms/XROS.platform/Developer/usr/lib/swift/host/plugins/libFoundationMacros.dylib\#/Applications/Xcode-27.0.0-Release.Candidate.app/Contents/Developer/Platforms/XROS.platform/Developer/usr/bin/swift-plugin-server\#FoundationMacros -load-resolved-plugin /Applications/Xcode-27.0.0-Release.Candidate.app/Contents/Developer/Platforms/XROS.platform/Developer/usr/lib/swift/host/plugins/libObservationMacros.dylib\#/Applications/Xcode-27.0.0-Release.Candidate.app/Contents/Developer/Platforms/XROS.platform/Developer/usr/bin/swift-plugin-server\#ObservationMacros -load-resolved-plugin /Applications/Xcode-27.0.0-Release.Candidate.app/Contents/Developer/Platforms/XROS.platform/Developer/usr/lib/swift/host/plugins/libPreviewsMacros.dylib\#/Applications/Xcode-27.0.0-Release.Candidate.app/Contents/Developer/Platforms/XROS.platform/Developer/usr/bin/swift-plugin-server\#PreviewsMacros -load-resolved-plugin /Applications/Xcode-27.0.0-Release.Candidate.app/Contents/Developer/Platforms/XROS.platform/Developer/usr/lib/swift/host/plugins/libSwiftMacros.dylib\#/Applications/Xcode-27.0.0-Release.Candidate.app/Contents/Developer/Platforms/XROS.platform/Developer/usr/bin/swift-plugin-server\#SwiftMacros -load-resolved-plugin /Applications/Xcode-27.0.0-Release.Candidate.app/Contents/Developer/Platforms/XROS.platform/Developer/usr/lib/swift/host/plugins/libSwiftUIMacros.dylib\#/Applications/Xcode-27.0.0-Release.Candidate.app/Contents/Developer/Platforms/XROS.platform/Developer/usr/bin/swift-plugin-server\#SwiftUIMacros -disable-implicit-swift-modules -Xcc -fno-implicit-modules -Xcc -fno-implicit-module-maps -explicit-swift-module-map-file /Users/admin/builder/spi-builder-workspace/.derivedData/Build/Intermediates.noindex/SwiftySnap.build/Debug-xros/SwiftySnap-t.build/Objects-normal/arm64/SwiftySnap-dependencies-1.json -Xllvm -aarch64-use-tbi -enable-objc-interop -stack-check -sdk /Applications/Xcode-27.0.0-Release.Candidate.app/Contents/Developer/Platforms/XROS.platform/Developer/SDKs/XROS27.0.sdk -I /Users/admin/builder/spi-builder-workspace/.derivedData/Build/Products/Debug-xros -Isystem /Applications/Xcode-27.0.0-Release.Candidate.app/Contents/Developer/Platforms/XROS.platform/Developer/usr/lib -F /Users/admin/builder/spi-builder-workspace/.derivedData/Build/Products/Debug-xros -F /Applications/Xcode-27.0.0-Release.Candidate.app/Contents/Developer/Platforms/XROS.platform/Developer/Library/Frameworks -F /Applications/Xcode-27.0.0-Release.Candidate.app/Contents/Developer/Platforms/XROS.platform/Developer/SDKs/XROS27.0.sdk/Developer/Library/Frameworks -module-cache-path /Users/admin/builder/spi-builder-workspace/.derivedData/Build/Intermediates.noindex/SwiftExplicitPrecompiledModules -no-color-diagnostics -Xcc -fno-color-diagnostics -enable-testing -g -debug-info-format\=dwarf -dwarf-version\=4 -swift-version 6 -Onone -D SWIFT_PACKAGE -D DEBUG -D SWIFT_MODULE_RESOURCE_BUNDLE_AVAILABLE -D Xcode -serialize-debugging-options -enable-experimental-feature DebugDescriptionMacro -empty-abi-descriptor -validate-clang-modules-once -clang-build-session-file /Users/admin/builder/spi-builder-workspace/.derivedData/ModuleCache.noindex/Session.modulevalidation -Xcc -working-directory -Xcc /Users/admin/builder/spi-builder-workspace/.swiftpm/xcode -enable-anonymous-context-mangled-names -file-compilation-dir /Users/admin/builder/spi-builder-workspace/.swiftpm/xcode -Xcc -D_LIBCPP_HARDENING_MODE\=_LIBCPP_HARDENING_MODE_DEBUG -Xcc -ivfsstatcache -Xcc /Users/admin/builder/spi-builder-workspace/.derivedData/SDKStatCaches.noindex/xros27.0-24M361-e829b21a6f8c9b70876ba0858053c044735bd543db762f57723cac368afd1ce4.sdkstatcache -Xcc -fmodules-prune-interval\=86400 -Xcc -fmodules-prune-after\=345600 -Xcc -I/Users/admin/builder/spi-builder-workspace/.derivedData/Build/Products/Debug-xros/include -Xcc -I/Users/admin/builder/spi-builder-workspace/.derivedData/Build/Intermediates.noindex/SwiftySnap.build/Debug-xros/SwiftySnap-t.build/DerivedSources-normal/arm64 -Xcc -I/Users/admin/builder/spi-builder-workspace/.derivedData/Build/Intermediates.noindex/SwiftySnap.build/Debug-xros/SwiftySnap-t.build/DerivedSources/arm64 -Xcc -I/Users/admin/builder/spi-builder-workspace/.derivedData/Build/Intermediates.noindex/SwiftySnap.build/Debug-xros/SwiftySnap-t.build/DerivedSources -Xcc -DSWIFT_PACKAGE -Xcc -DDEBUG\=1 -no-auto-bridging-header-chaining -module-name SwiftySnap -package-name spi_builder_workspace -const-gather-protocols-file /Users/admin/builder/spi-builder-workspace/.derivedData/Build/Intermediates.noindex/SwiftySnap.build/Debug-xros/SwiftySnap-t.build/Objects-normal/arm64/SwiftySnap_const_extract_protocols.json -disable-clang-spi -clang-target arm64-apple-xros27.0 -target-sdk-version 27.0 -target-sdk-name xros27.0 -in-process-plugin-server-path /Applications/Xcode-27.0.0-Release.Candidate.app/Contents/Developer/Toolchains/XcodeDefault.xctoolchain/usr/lib/swift/host/libSwiftInProcPluginServer.dylib -emit-module-doc-path /Users/admin/builder/spi-builder-workspace/.derivedData/Build/Intermediates.noindex/SwiftySnap.build/Debug-xros/SwiftySnap-t.build/Objects-normal/arm64/SwiftySnap.swiftdoc -emit-module-source-info-path /Users/admin/builder/spi-builder-workspace/.derivedData/Build/Intermediates.noindex/SwiftySnap.build/Debug-xros/SwiftySnap-t.build/Objects-normal/arm64/SwiftySnap.swiftsourceinfo -emit-objc-header-path /Users/admin/builder/spi-builder-workspace/.derivedData/Build/Intermediates.noindex/SwiftySnap.build/Debug-xros/SwiftySnap-t.build/Objects-normal/arm64/SwiftySnap-Swift.h -serialize-diagnostics-path /Users/admin/builder/spi-builder-workspace/.derivedData/Build/Intermediates.noindex/SwiftySnap.build/Debug-xros/SwiftySnap-t.build/Objects-normal/arm64/SwiftySnap-primary-emit-module.dia -emit-dependencies-path /Users/admin/builder/spi-builder-workspace/.derivedData/Build/Intermediates.noindex/SwiftySnap.build/Debug-xros/SwiftySnap-t.build/Objects-normal/arm64/SwiftySnap-primary-emit-module.d -parse-as-library -o /Users/admin/builder/spi-builder-workspace/.derivedData/Build/Intermediates.noindex/SwiftySnap.build/Debug-xros/SwiftySnap-t.build/Objects-normal/arm64/SwiftySnap.swiftmodule -emit-abi-descriptor-path /Users/admin/builder/spi-builder-workspace/.derivedData/Build/Intermediates.noindex/SwiftySnap.build/Debug-xros/SwiftySnap-t.build/Objects-normal/arm64/SwiftySnap.abi.json
SwiftCompile normal arm64 Compiling\ GeneratedAssetSymbols.swift /Users/admin/builder/spi-builder-workspace/.derivedData/Build/Intermediates.noindex/SwiftySnap.build/Debug-xros/SwiftySnap-t.build/DerivedSources/GeneratedAssetSymbols.swift (in target 'SwiftySnap' from project 'SwiftySnap')
SwiftCompile normal arm64 /Users/admin/builder/spi-builder-workspace/.derivedData/Build/Intermediates.noindex/SwiftySnap.build/Debug-xros/SwiftySnap-t.build/DerivedSources/GeneratedAssetSymbols.swift (in target 'SwiftySnap' from project 'SwiftySnap')
cd /Users/admin/builder/spi-builder-workspace/.swiftpm/xcode
builtin-SwiftPerFileCompile GeneratedAssetSymbols.swift
SwiftCompile normal arm64 Compiling\ SwiftySnap.swift /Users/admin/builder/spi-builder-workspace/Sources/SwiftySnap/SwiftySnap.swift (in target 'SwiftySnap' from project 'SwiftySnap')
SwiftCompile normal arm64 /Users/admin/builder/spi-builder-workspace/Sources/SwiftySnap/SwiftySnap.swift (in target 'SwiftySnap' from project 'SwiftySnap')
cd /Users/admin/builder/spi-builder-workspace/.swiftpm/xcode
builtin-SwiftPerFileCompile SwiftySnap.swift
SwiftCompile normal arm64 Compiling\ SwiftySnapCameraType.swift /Users/admin/builder/spi-builder-workspace/Sources/SwiftySnap/Camera\ View/Enums/SwiftySnapCameraType.swift (in target 'SwiftySnap' from project 'SwiftySnap')
SwiftCompile normal arm64 /Users/admin/builder/spi-builder-workspace/Sources/SwiftySnap/Camera\ View/Enums/SwiftySnapCameraType.swift (in target 'SwiftySnap' from project 'SwiftySnap')
cd /Users/admin/builder/spi-builder-workspace/.swiftpm/xcode
builtin-SwiftPerFileCompile SwiftySnapCameraType.swift
SwiftCompile normal arm64 Compiling\ SwiftySnapColorManager.swift /Users/admin/builder/spi-builder-workspace/Sources/SwiftySnap/Provider/Color\ Provider/SwiftySnapColorManager.swift (in target 'SwiftySnap' from project 'SwiftySnap')
SwiftCompile normal arm64 /Users/admin/builder/spi-builder-workspace/Sources/SwiftySnap/Provider/Color\ Provider/SwiftySnapColorManager.swift (in target 'SwiftySnap' from project 'SwiftySnap')
cd /Users/admin/builder/spi-builder-workspace/.swiftpm/xcode
builtin-SwiftPerFileCompile SwiftySnapColorManager.swift
SwiftCompile normal arm64 Compiling\ SwiftySnapViewProtocol.swift /Users/admin/builder/spi-builder-workspace/Sources/SwiftySnap/Camera\ View/Protocols/SwiftySnapViewProtocol.swift (in target 'SwiftySnap' from project 'SwiftySnap')
SwiftCompile normal arm64 /Users/admin/builder/spi-builder-workspace/Sources/SwiftySnap/Camera\ View/Protocols/SwiftySnapViewProtocol.swift (in target 'SwiftySnap' from project 'SwiftySnap')
cd /Users/admin/builder/spi-builder-workspace/.swiftpm/xcode
builtin-SwiftPerFileCompile SwiftySnapViewProtocol.swift
SwiftCompile normal arm64 Compiling\ DefaultSwiftySnapColors.swift /Users/admin/builder/spi-builder-workspace/Sources/SwiftySnap/Provider/Color\ Provider/DefaultSwiftySnapColors.swift (in target 'SwiftySnap' from project 'SwiftySnap')
SwiftCompile normal arm64 /Users/admin/builder/spi-builder-workspace/Sources/SwiftySnap/Provider/Color\ Provider/DefaultSwiftySnapColors.swift (in target 'SwiftySnap' from project 'SwiftySnap')
cd /Users/admin/builder/spi-builder-workspace/.swiftpm/xcode
builtin-SwiftPerFileCompile DefaultSwiftySnapColors.swift
SwiftCompile normal arm64 Compiling\ resource_bundle_accessor.swift /Users/admin/builder/spi-builder-workspace/.derivedData/Build/Intermediates.noindex/SwiftySnap.build/Debug-xros/SwiftySnap-t.build/DerivedSources/resource_bundle_accessor.swift (in target 'SwiftySnap' from project 'SwiftySnap')
SwiftCompile normal arm64 /Users/admin/builder/spi-builder-workspace/.derivedData/Build/Intermediates.noindex/SwiftySnap.build/Debug-xros/SwiftySnap-t.build/DerivedSources/resource_bundle_accessor.swift (in target 'SwiftySnap' from project 'SwiftySnap')
cd /Users/admin/builder/spi-builder-workspace/.swiftpm/xcode
builtin-SwiftPerFileCompile resource_bundle_accessor.swift
SwiftCompile normal arm64 Compiling\ SwiftySnapColorProviding.swift /Users/admin/builder/spi-builder-workspace/Sources/SwiftySnap/Provider/Color\ Provider/SwiftySnapColorProviding.swift (in target 'SwiftySnap' from project 'SwiftySnap')
SwiftCompile normal arm64 /Users/admin/builder/spi-builder-workspace/Sources/SwiftySnap/Provider/Color\ Provider/SwiftySnapColorProviding.swift (in target 'SwiftySnap' from project 'SwiftySnap')
cd /Users/admin/builder/spi-builder-workspace/.swiftpm/xcode
builtin-SwiftPerFileCompile SwiftySnapColorProviding.swift
SwiftCompile normal arm64 Compiling\ SwiftySnapViewController.swift /Users/admin/builder/spi-builder-workspace/Sources/SwiftySnap/Camera\ View/Controller/SwiftySnapViewController.swift (in target 'SwiftySnap' from project 'SwiftySnap')
/Users/admin/builder/spi-builder-workspace/Sources/SwiftySnap/Camera View/Controller/SwiftySnapViewController.swift:29:28: error: 'AVCaptureVideoPreviewLayer' is unavailable in visionOS
27 | // MARK: - Properties
28 | var captureSession: AVCaptureSession?
29 | var videoPreviewLayer: AVCaptureVideoPreviewLayer?
| `- error: 'AVCaptureVideoPreviewLayer' is unavailable in visionOS
30 | var photoOutput = AVCapturePhotoOutput()
31 | var movieOutput = AVCaptureMovieFileOutput()
/Applications/Xcode-27.0.0-Release.Candidate.app/Contents/Developer/Platforms/XROS.platform/Developer/SDKs/XROS27.0.sdk/System/Library/Frameworks/AVFoundation.framework/Headers/AVCaptureVideoPreviewLayer.h:33:12: note: 'AVCaptureVideoPreviewLayer' has been explicitly marked unavailable here
31 | */
32 | API_AVAILABLE(macos(10.7), ios(4.0), macCatalyst(14.0), tvos(17.0)) API_UNAVAILABLE(visionos) API_UNAVAILABLE(watchos)
33 | @interface AVCaptureVideoPreviewLayer : CALayer
| `- note: 'AVCaptureVideoPreviewLayer' has been explicitly marked unavailable here
34 | {
35 | @private
/Users/admin/builder/spi-builder-workspace/Sources/SwiftySnap/Camera View/Controller/SwiftySnapViewController.swift:30:23: error: 'AVCapturePhotoOutput' is unavailable in visionOS
28 | var captureSession: AVCaptureSession?
29 | var videoPreviewLayer: AVCaptureVideoPreviewLayer?
30 | var photoOutput = AVCapturePhotoOutput()
| `- error: 'AVCapturePhotoOutput' is unavailable in visionOS
31 | var movieOutput = AVCaptureMovieFileOutput()
32 | var activeCamera: AVCaptureDevice?
/Applications/Xcode-27.0.0-Release.Candidate.app/Contents/Developer/Platforms/XROS.platform/Developer/SDKs/XROS27.0.sdk/System/Library/Frameworks/AVFoundation.framework/Headers/AVCapturePhotoOutput.h:50:12: note: 'AVCapturePhotoOutput' has been explicitly marked unavailable here
48 | */
49 | API_AVAILABLE(macos(10.15), ios(10.0), macCatalyst(14.0), tvos(17.0)) API_UNAVAILABLE(visionos) API_UNAVAILABLE(watchos)
50 | @interface AVCapturePhotoOutput : AVCaptureOutput
| `- note: 'AVCapturePhotoOutput' has been explicitly marked unavailable here
51 | {
52 | @private
/Users/admin/builder/spi-builder-workspace/Sources/SwiftySnap/Camera View/Controller/SwiftySnapViewController.swift:31:23: error: 'AVCaptureMovieFileOutput' is unavailable in visionOS
29 | var videoPreviewLayer: AVCaptureVideoPreviewLayer?
30 | var photoOutput = AVCapturePhotoOutput()
31 | var movieOutput = AVCaptureMovieFileOutput()
| `- error: 'AVCaptureMovieFileOutput' is unavailable in visionOS
32 | var activeCamera: AVCaptureDevice?
33 |
/Applications/Xcode-27.0.0-Release.Candidate.app/Contents/Developer/Platforms/XROS.platform/Developer/SDKs/XROS27.0.sdk/System/Library/Frameworks/AVFoundation.framework/Headers/AVCaptureFileOutput.h:405:12: note: 'AVCaptureMovieFileOutput' has been explicitly marked unavailable here
403 | */
404 | API_AVAILABLE(macos(10.7), ios(4.0), macCatalyst(14.0), tvos(17.0)) API_UNAVAILABLE(visionos) API_UNAVAILABLE(watchos)
405 | @interface AVCaptureMovieFileOutput : AVCaptureFileOutput
| `- note: 'AVCaptureMovieFileOutput' has been explicitly marked unavailable here
406 | {
407 | @private
/Users/admin/builder/spi-builder-workspace/Sources/SwiftySnap/Camera View/Controller/SwiftySnapViewController.swift:34:43: error: 'FlashMode' is unavailable in visionOS
32 | var activeCamera: AVCaptureDevice?
33 |
34 | var currentFlashMode: AVCaptureDevice.FlashMode = .off
| `- error: 'FlashMode' is unavailable in visionOS
35 |
36 | var outputURL: URL?
/Applications/Xcode-27.0.0-Release.Candidate.app/Contents/Developer/Platforms/XROS.platform/Developer/SDKs/XROS27.0.sdk/System/Library/Frameworks/AVFoundation.framework/Headers/AVCaptureDevice.h:967:28: note: 'FlashMode' has been explicitly marked unavailable here
965 | Indicates that the flash should be used automatically depending on ambient light conditions.
966 | */
967 | typedef NS_ENUM(NSInteger, AVCaptureFlashMode) {
| `- note: 'FlashMode' has been explicitly marked unavailable here
968 | AVCaptureFlashModeOff = 0,
969 | AVCaptureFlashModeOn = 1,
/Users/admin/builder/spi-builder-workspace/Sources/SwiftySnap/Camera View/Controller/SwiftySnapViewController.swift:536:39: error: 'AVCapturePhotoOutput' is unavailable in visionOS
534 | extension SwiftySnapViewController: @preconcurrency AVCapturePhotoCaptureDelegate {
535 |
536 | public func photoOutput(_ output: AVCapturePhotoOutput, didFinishProcessingPhoto photo: AVCapturePhoto, error: Error?) {
| `- error: 'AVCapturePhotoOutput' is unavailable in visionOS
537 | guard let imageData = photo.fileDataRepresentation(), var image = UIImage(data: imageData) else { return }
538 |
/Applications/Xcode-27.0.0-Release.Candidate.app/Contents/Developer/Platforms/XROS.platform/Developer/SDKs/XROS27.0.sdk/System/Library/Frameworks/AVFoundation.framework/Headers/AVCapturePhotoOutput.h:50:12: note: 'AVCapturePhotoOutput' has been explicitly marked unavailable here
48 | */
49 | API_AVAILABLE(macos(10.15), ios(10.0), macCatalyst(14.0), tvos(17.0)) API_UNAVAILABLE(visionos) API_UNAVAILABLE(watchos)
50 | @interface AVCapturePhotoOutput : AVCaptureOutput
| `- note: 'AVCapturePhotoOutput' has been explicitly marked unavailable here
51 | {
52 | @private
/Users/admin/builder/spi-builder-workspace/Sources/SwiftySnap/Camera View/Controller/SwiftySnapViewController.swift:536:93: error: 'AVCapturePhoto' is unavailable in visionOS
534 | extension SwiftySnapViewController: @preconcurrency AVCapturePhotoCaptureDelegate {
535 |
536 | public func photoOutput(_ output: AVCapturePhotoOutput, didFinishProcessingPhoto photo: AVCapturePhoto, error: Error?) {
| `- error: 'AVCapturePhoto' is unavailable in visionOS
537 | guard let imageData = photo.fileDataRepresentation(), var image = UIImage(data: imageData) else { return }
538 |
/Applications/Xcode-27.0.0-Release.Candidate.app/Contents/Developer/Platforms/XROS.platform/Developer/SDKs/XROS27.0.sdk/System/Library/Frameworks/AVFoundation.framework/Headers/AVCapturePhotoOutput.h:1979:12: note: 'AVCapturePhoto' has been explicitly marked unavailable here
1977 | */
1978 | API_AVAILABLE(macos(10.15), ios(11.0), macCatalyst(14.0), tvos(17.0)) API_UNAVAILABLE(visionos) API_UNAVAILABLE(watchos)
1979 | @interface AVCapturePhoto : NSObject
| `- note: 'AVCapturePhoto' has been explicitly marked unavailable here
1980 | {
1981 | @private
/Users/admin/builder/spi-builder-workspace/Sources/SwiftySnap/Camera View/Controller/SwiftySnapViewController.swift:536:17: error: cannot override 'photoOutput' which has been marked unavailable
534 | extension SwiftySnapViewController: @preconcurrency AVCapturePhotoCaptureDelegate {
535 |
536 | public func photoOutput(_ output: AVCapturePhotoOutput, didFinishProcessingPhoto photo: AVCapturePhoto, error: Error?) {
| `- error: cannot override 'photoOutput' which has been marked unavailable
537 | guard let imageData = photo.fileDataRepresentation(), var image = UIImage(data: imageData) else { return }
538 |
/Applications/Xcode-27.0.0-Release.Candidate.app/Contents/Developer/Platforms/XROS.platform/Developer/SDKs/XROS27.0.sdk/System/Library/Frameworks/AVFoundation.framework/Headers/AVCapturePhotoOutput.h:1053:1: note: 'photoOutput(_:didFinishProcessingPhoto:error:)' has been explicitly marked unavailable here
1051 | This callback fires resolvedSettings.expectedPhotoCount number of times for a given capture request. Note that the photo parameter is always non nil, even if an error is returned. The delivered AVCapturePhoto's rawPhoto property can be queried to know if it's a RAW image or processed image.
1052 | */
1053 | - (void)captureOutput:(AVCapturePhotoOutput *)output didFinishProcessingPhoto:(AVCapturePhoto *)photo error:(nullable NSError *)error API_AVAILABLE(ios(11.0), macCatalyst(14.0), tvos(17.0)) API_UNAVAILABLE(visionos);
| `- note: 'photoOutput(_:didFinishProcessingPhoto:error:)' has been explicitly marked unavailable here
1054 |
1055 | /*!
/Users/admin/builder/spi-builder-workspace/Sources/SwiftySnap/Camera View/Controller/SwiftySnapViewController.swift:534:53: error: 'AVCapturePhotoCaptureDelegate' is unavailable in visionOS
532 |
533 | // MARK: - Photo Capture Delegate Methods
534 | extension SwiftySnapViewController: @preconcurrency AVCapturePhotoCaptureDelegate {
| `- error: 'AVCapturePhotoCaptureDelegate' is unavailable in visionOS
535 |
536 | public func photoOutput(_ output: AVCapturePhotoOutput, didFinishProcessingPhoto photo: AVCapturePhoto, error: Error?) {
/Applications/Xcode-27.0.0-Release.Candidate.app/Contents/Developer/Platforms/XROS.platform/Developer/SDKs/XROS27.0.sdk/System/Library/Frameworks/AVFoundation.framework/Headers/AVCapturePhotoOutput.h:990:11: note: 'AVCapturePhotoCaptureDelegate' has been explicitly marked unavailable here
988 | */
989 | API_AVAILABLE(macos(10.15), ios(10.0), macCatalyst(14.0), tvos(17.0)) API_UNAVAILABLE(visionos) API_UNAVAILABLE(watchos)
990 | @protocol AVCapturePhotoCaptureDelegate <NSObject>
| `- note: 'AVCapturePhotoCaptureDelegate' has been explicitly marked unavailable here
991 |
992 | @optional
/Users/admin/builder/spi-builder-workspace/Sources/SwiftySnap/Camera View/Controller/SwiftySnapViewController.swift:560:38: error: 'AVCaptureFileOutput' is unavailable in visionOS
558 | extension SwiftySnapViewController: @preconcurrency AVCaptureFileOutputRecordingDelegate {
559 |
560 | public func fileOutput(_ output: AVCaptureFileOutput, didFinishRecordingTo outputFileURL: URL, from connections: [AVCaptureConnection], error: Error?) {
| `- error: 'AVCaptureFileOutput' is unavailable in visionOS
561 | self.btnShutter.isUserInteractionEnabled = true
562 | if error == nil {
/Applications/Xcode-27.0.0-Release.Candidate.app/Contents/Developer/Platforms/XROS.platform/Developer/SDKs/XROS27.0.sdk/System/Library/Frameworks/AVFoundation.framework/Headers/AVCaptureFileOutput.h:36:12: note: 'AVCaptureFileOutput' has been explicitly marked unavailable here
34 | */
35 | API_AVAILABLE(macos(10.7), ios(4.0), macCatalyst(14.0), tvos(17.0)) API_UNAVAILABLE(visionos) API_UNAVAILABLE(watchos)
36 | @interface AVCaptureFileOutput : AVCaptureOutput
| `- note: 'AVCaptureFileOutput' has been explicitly marked unavailable here
37 | {
38 | @private
/Users/admin/builder/spi-builder-workspace/Sources/SwiftySnap/Camera View/Controller/SwiftySnapViewController.swift:558:53: error: 'AVCaptureFileOutputRecordingDelegate' is unavailable in visionOS
556 |
557 | // MARK: - Video Recording Delegate Methods
558 | extension SwiftySnapViewController: @preconcurrency AVCaptureFileOutputRecordingDelegate {
| `- error: 'AVCaptureFileOutputRecordingDelegate' is unavailable in visionOS
559 |
560 | public func fileOutput(_ output: AVCaptureFileOutput, didFinishRecordingTo outputFileURL: URL, from connections: [AVCaptureConnection], error: Error?) {
/Applications/Xcode-27.0.0-Release.Candidate.app/Contents/Developer/Platforms/XROS.platform/Developer/SDKs/XROS27.0.sdk/System/Library/Frameworks/AVFoundation.framework/Headers/AVCaptureFileOutput.h:206:11: note: 'AVCaptureFileOutputRecordingDelegate' has been explicitly marked unavailable here
204 | */
205 | API_AVAILABLE(macos(10.7), ios(4.0), macCatalyst(14.0), tvos(17.0)) API_UNAVAILABLE(visionos) API_UNAVAILABLE(watchos)
206 | @protocol AVCaptureFileOutputRecordingDelegate <NSObject>
| `- note: 'AVCaptureFileOutputRecordingDelegate' has been explicitly marked unavailable here
207 |
208 | @optional
SwiftCompile normal arm64 /Users/admin/builder/spi-builder-workspace/Sources/SwiftySnap/Camera\ View/Controller/SwiftySnapViewController.swift (in target 'SwiftySnap' from project 'SwiftySnap')
cd /Users/admin/builder/spi-builder-workspace/.swiftpm/xcode
builtin-SwiftPerFileCompile SwiftySnapViewController.swift
PruneExplicitPrecompiledModules /Users/admin/builder/spi-builder-workspace/.derivedData/Build/Intermediates.noindex/ExplicitPrecompiledModules
PruneExplicitPrecompiledModules /Users/admin/builder/spi-builder-workspace/.derivedData/Build/Intermediates.noindex/SwiftExplicitPrecompiledModules
PruneExplicitPrecompiledModules /Users/admin/builder/spi-builder-workspace/.derivedData/SDKExplicitPrecompiledModules
2026-09-22 04:43:34.624 xcodebuild[627:3876] [MT] IDERunDestination: Supported platforms for the buildables in the current scheme is empty.
** BUILD FAILED **
The following build commands failed:
SwiftCompile normal arm64 (in target 'SwiftySnap' from project 'SwiftySnap')
SwiftEmitModule normal arm64 Emitting\ module\ for\ SwiftySnap (in target 'SwiftySnap' from project 'SwiftySnap')
Building workspace SwiftySnap with scheme SwiftySnap
(3 failures)
Command line invocation:
/Applications/Xcode-27.0.0-Release.Candidate.app/Contents/Developer/usr/bin/xcodebuild -IDEClonedSourcePackagesDirPathOverride=/Users/admin/builder/spi-builder-workspace/.dependencies -resolvePackageDependencies
Resolve Package Graph
Resolved source packages:
SwiftySnap: /Users/admin/builder/spi-builder-workspace
resolved source packages: SwiftySnap
2026-09-22 04:43:43.887 xcodebuild[768:4563] [MT] IDERunDestination: Supported platforms for the buildables in the current scheme is empty.
{
"dependencies" : [
],
"manifest_display_name" : "SwiftySnap",
"name" : "SwiftySnap",
"path" : "/Users/admin/builder/spi-builder-workspace",
"platforms" : [
{
"name" : "ios",
"version" : "13.0"
}
],
"products" : [
{
"name" : "SwiftySnap",
"targets" : [
"SwiftySnap"
],
"type" : {
"library" : [
"automatic"
]
}
}
],
"targets" : [
{
"c99name" : "SwiftySnap",
"module_type" : "SwiftTarget",
"name" : "SwiftySnap",
"path" : "Sources/SwiftySnap",
"product_memberships" : [
"SwiftySnap"
],
"resources" : [
{
"path" : "/Users/admin/builder/spi-builder-workspace/Sources/SwiftySnap/Assets/Media.xcassets",
"rule" : {
"process" : {
}
}
},
{
"path" : "/Users/admin/builder/spi-builder-workspace/Sources/SwiftySnap/Camera View/View/SwiftySnapViewController.xib",
"rule" : {
"process" : {
}
}
}
],
"sources" : [
"Camera View/Controller/SwiftySnapViewController.swift",
"Camera View/Enums/SwiftySnapCameraType.swift",
"Camera View/Protocols/SwiftySnapViewProtocol.swift",
"Provider/Color Provider/DefaultSwiftySnapColors.swift",
"Provider/Color Provider/SwiftySnapColorManager.swift",
"Provider/Color Provider/SwiftySnapColorProviding.swift",
"SwiftySnap.swift"
],
"type" : "library"
}
],
"tools_version" : "6.0"
}
{
"workspace" : {
"name" : "SwiftySnap",
"schemes" : [
"SwiftySnap"
]
}
}
2026-09-22 04:43:45.110 xcodebuild[776:4627] [MT] IDERunDestination: Supported platforms for the buildables in the current scheme is empty.
Running build ...
env DEVELOPER_DIR=/Applications/Xcode-27.0.0-Release.Candidate.app xcrun xcodebuild -IDEClonedSourcePackagesDirPathOverride=$PWD/.dependencies -skipMacroValidation -skipPackagePluginValidation -derivedDataPath $PWD/.derivedData build -scheme SwiftySnap -destination generic/platform=xrOS
Command line invocation:
/Applications/Xcode-27.0.0-Release.Candidate.app/Contents/Developer/usr/bin/xcodebuild -IDEClonedSourcePackagesDirPathOverride=/Users/admin/builder/spi-builder-workspace/.dependencies -skipMacroValidation -skipPackagePluginValidation -derivedDataPath /Users/admin/builder/spi-builder-workspace/.derivedData build -scheme SwiftySnap -destination generic/platform=xrOS
Resolve Package Graph
Resolved source packages:
SwiftySnap: /Users/admin/builder/spi-builder-workspace
ComputePackagePrebuildTargetDependencyGraph
Prepare packages
CreateBuildRequest
SendProjectDescription
CreateBuildOperation
ComputeTargetDependencyGraph
note: Building targets in dependency order
note: Target dependency graph (3 targets)
Target 'SwiftySnap-product' in project 'SwiftySnap'
➜ Explicit dependency on target 'SwiftySnap' in project 'SwiftySnap'
➜ Explicit dependency on target 'SwiftySnap_SwiftySnap' in project 'SwiftySnap'
Target 'SwiftySnap' in project 'SwiftySnap'
➜ Explicit dependency on target 'SwiftySnap_SwiftySnap' in project 'SwiftySnap'
Target 'SwiftySnap_SwiftySnap' in project 'SwiftySnap' (no dependencies)
GatherProvisioningInputs
CreateBuildDescription
ClangStatCache /Applications/Xcode-27.0.0-Release.Candidate.app/Contents/Developer/Toolchains/XcodeDefault.xctoolchain/usr/bin/clang-stat-cache /Applications/Xcode-27.0.0-Release.Candidate.app/Contents/Developer/Platforms/XROS.platform/Developer/SDKs/XROS27.0.sdk /Users/admin/builder/spi-builder-workspace/.derivedData/SDKStatCaches.noindex/xros27.0-24M361-e829b21a6f8c9b70876ba0858053c044735bd543db762f57723cac368afd1ce4.sdkstatcache
cd /Users/admin/builder/spi-builder-workspace/.swiftpm/xcode
/Applications/Xcode-27.0.0-Release.Candidate.app/Contents/Developer/Toolchains/XcodeDefault.xctoolchain/usr/bin/clang-stat-cache /Applications/Xcode-27.0.0-Release.Candidate.app/Contents/Developer/Platforms/XROS.platform/Developer/SDKs/XROS27.0.sdk -o /Users/admin/builder/spi-builder-workspace/.derivedData/SDKStatCaches.noindex/xros27.0-24M361-e829b21a6f8c9b70876ba0858053c044735bd543db762f57723cac368afd1ce4.sdkstatcache
SwiftDriver SwiftySnap normal arm64 com.apple.xcode.tools.swift.compiler (in target 'SwiftySnap' from project 'SwiftySnap')
cd /Users/admin/builder/spi-builder-workspace/.swiftpm/xcode
builtin-SwiftDriver -- /Applications/Xcode-27.0.0-Release.Candidate.app/Contents/Developer/Toolchains/XcodeDefault.xctoolchain/usr/bin/swiftc -parse-as-library -module-name SwiftySnap -Onone @/Users/admin/builder/spi-builder-workspace/.derivedData/Build/Intermediates.noindex/SwiftySnap.build/Debug-xros/SwiftySnap-t.build/Objects-normal/arm64/SwiftySnap.SwiftFileList -DSWIFT_PACKAGE -DDEBUG -DSWIFT_MODULE_RESOURCE_BUNDLE_AVAILABLE -DXcode -plugin-path /Applications/Xcode-27.0.0-Release.Candidate.app/Contents/Developer/Toolchains/XcodeDefault.xctoolchain/usr/lib/swift/host/plugins/testing -enable-experimental-feature DebugDescriptionMacro -sdk /Applications/Xcode-27.0.0-Release.Candidate.app/Contents/Developer/Platforms/XROS.platform/Developer/SDKs/XROS27.0.sdk -target arm64-apple-xros1.0 -g -module-cache-path /Users/admin/builder/spi-builder-workspace/.derivedData/ModuleCache.noindex -Xfrontend -serialize-debugging-options -enable-testing -index-store-path /Users/admin/builder/spi-builder-workspace/.derivedData/Index.noindex/DataStore -Xcc -D_LIBCPP_HARDENING_MODE\=_LIBCPP_HARDENING_MODE_DEBUG -swift-version 6 -I /Users/admin/builder/spi-builder-workspace/.derivedData/Build/Products/Debug-xros -Isystem /Applications/Xcode-27.0.0-Release.Candidate.app/Contents/Developer/Platforms/XROS.platform/Developer/usr/lib -F /Users/admin/builder/spi-builder-workspace/.derivedData/Build/Products/Debug-xros -F /Applications/Xcode-27.0.0-Release.Candidate.app/Contents/Developer/Platforms/XROS.platform/Developer/Library/Frameworks -F /Applications/Xcode-27.0.0-Release.Candidate.app/Contents/Developer/Platforms/XROS.platform/Developer/SDKs/XROS27.0.sdk/Developer/Library/Frameworks -c -j10 -enable-batch-mode -incremental -Xcc -ivfsstatcache -Xcc /Users/admin/builder/spi-builder-workspace/.derivedData/SDKStatCaches.noindex/xros27.0-24M361-e829b21a6f8c9b70876ba0858053c044735bd543db762f57723cac368afd1ce4.sdkstatcache -output-file-map /Users/admin/builder/spi-builder-workspace/.derivedData/Build/Intermediates.noindex/SwiftySnap.build/Debug-xros/SwiftySnap-t.build/Objects-normal/arm64/SwiftySnap-OutputFileMap.json -save-temps -no-color-diagnostics -explicit-module-build -module-cache-path /Users/admin/builder/spi-builder-workspace/.derivedData/Build/Intermediates.noindex/SwiftExplicitPrecompiledModules -clang-scanner-module-cache-path /Users/admin/builder/spi-builder-workspace/.derivedData/ModuleCache.noindex -sdk-module-cache-path /Users/admin/builder/spi-builder-workspace/.derivedData/SDKExplicitPrecompiledModules -emit-dependencies -emit-module -emit-module-path /Users/admin/builder/spi-builder-workspace/.derivedData/Build/Intermediates.noindex/SwiftySnap.build/Debug-xros/SwiftySnap-t.build/Objects-normal/arm64/SwiftySnap.swiftmodule -serialize-diagnostics -dependency-scan-serialize-diagnostics-path /Users/admin/builder/spi-builder-workspace/.derivedData/Build/Intermediates.noindex/SwiftySnap.build/Debug-xros/SwiftySnap-t.build/Objects-normal/arm64/SwiftySnap-dependency-scan.dia -validate-clang-modules-once -clang-build-session-file /Users/admin/builder/spi-builder-workspace/.derivedData/ModuleCache.noindex/Session.modulevalidation -Xcc -fmodules-prune-interval\=86400 -Xcc -fmodules-prune-after\=345600 -package-name spi_builder_workspace -emit-const-values -const-gather-protocols-list /Users/admin/builder/spi-builder-workspace/.derivedData/Build/Intermediates.noindex/SwiftySnap.build/Debug-xros/SwiftySnap-t.build/Objects-normal/arm64/SwiftySnap_const_extract_protocols.json -Xcc -I/Users/admin/builder/spi-builder-workspace/.derivedData/Build/Products/Debug-xros/include -Xcc -I/Users/admin/builder/spi-builder-workspace/.derivedData/Build/Intermediates.noindex/SwiftySnap.build/Debug-xros/SwiftySnap-t.build/DerivedSources-normal/arm64 -Xcc -I/Users/admin/builder/spi-builder-workspace/.derivedData/Build/Intermediates.noindex/SwiftySnap.build/Debug-xros/SwiftySnap-t.build/DerivedSources/arm64 -Xcc -I/Users/admin/builder/spi-builder-workspace/.derivedData/Build/Intermediates.noindex/SwiftySnap.build/Debug-xros/SwiftySnap-t.build/DerivedSources -Xcc -DSWIFT_PACKAGE -Xcc -DDEBUG\=1 -emit-objc-header -emit-objc-header-path /Users/admin/builder/spi-builder-workspace/.derivedData/Build/Intermediates.noindex/SwiftySnap.build/Debug-xros/SwiftySnap-t.build/Objects-normal/arm64/SwiftySnap-Swift.h -working-directory /Users/admin/builder/spi-builder-workspace/.swiftpm/xcode -experimental-emit-module-separately -disable-cmo
SwiftCompile normal arm64 Compiling\ SwiftySnapCameraType.swift /Users/admin/builder/spi-builder-workspace/Sources/SwiftySnap/Camera\ View/Enums/SwiftySnapCameraType.swift (in target 'SwiftySnap' from project 'SwiftySnap')
SwiftCompile normal arm64 /Users/admin/builder/spi-builder-workspace/Sources/SwiftySnap/Camera\ View/Enums/SwiftySnapCameraType.swift (in target 'SwiftySnap' from project 'SwiftySnap')
cd /Users/admin/builder/spi-builder-workspace/.swiftpm/xcode
builtin-SwiftPerFileCompile SwiftySnapCameraType.swift
SwiftCompile normal arm64 Compiling\ SwiftySnapViewController.swift /Users/admin/builder/spi-builder-workspace/Sources/SwiftySnap/Camera\ View/Controller/SwiftySnapViewController.swift (in target 'SwiftySnap' from project 'SwiftySnap')
/Users/admin/builder/spi-builder-workspace/Sources/SwiftySnap/Camera View/Controller/SwiftySnapViewController.swift:29:28: error: 'AVCaptureVideoPreviewLayer' is unavailable in visionOS
27 | // MARK: - Properties
28 | var captureSession: AVCaptureSession?
29 | var videoPreviewLayer: AVCaptureVideoPreviewLayer?
| `- error: 'AVCaptureVideoPreviewLayer' is unavailable in visionOS
30 | var photoOutput = AVCapturePhotoOutput()
31 | var movieOutput = AVCaptureMovieFileOutput()
/Applications/Xcode-27.0.0-Release.Candidate.app/Contents/Developer/Platforms/XROS.platform/Developer/SDKs/XROS27.0.sdk/System/Library/Frameworks/AVFoundation.framework/Headers/AVCaptureVideoPreviewLayer.h:33:12: note: 'AVCaptureVideoPreviewLayer' has been explicitly marked unavailable here
31 | */
32 | API_AVAILABLE(macos(10.7), ios(4.0), macCatalyst(14.0), tvos(17.0)) API_UNAVAILABLE(visionos) API_UNAVAILABLE(watchos)
33 | @interface AVCaptureVideoPreviewLayer : CALayer
| `- note: 'AVCaptureVideoPreviewLayer' has been explicitly marked unavailable here
34 | {
35 | @private
/Users/admin/builder/spi-builder-workspace/Sources/SwiftySnap/Camera View/Controller/SwiftySnapViewController.swift:30:23: error: 'AVCapturePhotoOutput' is unavailable in visionOS
28 | var captureSession: AVCaptureSession?
29 | var videoPreviewLayer: AVCaptureVideoPreviewLayer?
30 | var photoOutput = AVCapturePhotoOutput()
| `- error: 'AVCapturePhotoOutput' is unavailable in visionOS
31 | var movieOutput = AVCaptureMovieFileOutput()
32 | var activeCamera: AVCaptureDevice?
/Applications/Xcode-27.0.0-Release.Candidate.app/Contents/Developer/Platforms/XROS.platform/Developer/SDKs/XROS27.0.sdk/System/Library/Frameworks/AVFoundation.framework/Headers/AVCapturePhotoOutput.h:50:12: note: 'AVCapturePhotoOutput' has been explicitly marked unavailable here
48 | */
49 | API_AVAILABLE(macos(10.15), ios(10.0), macCatalyst(14.0), tvos(17.0)) API_UNAVAILABLE(visionos) API_UNAVAILABLE(watchos)
50 | @interface AVCapturePhotoOutput : AVCaptureOutput
| `- note: 'AVCapturePhotoOutput' has been explicitly marked unavailable here
51 | {
52 | @private
/Users/admin/builder/spi-builder-workspace/Sources/SwiftySnap/Camera View/Controller/SwiftySnapViewController.swift:31:23: error: 'AVCaptureMovieFileOutput' is unavailable in visionOS
29 | var videoPreviewLayer: AVCaptureVideoPreviewLayer?
30 | var photoOutput = AVCapturePhotoOutput()
31 | var movieOutput = AVCaptureMovieFileOutput()
| `- error: 'AVCaptureMovieFileOutput' is unavailable in visionOS
32 | var activeCamera: AVCaptureDevice?
33 |
/Applications/Xcode-27.0.0-Release.Candidate.app/Contents/Developer/Platforms/XROS.platform/Developer/SDKs/XROS27.0.sdk/System/Library/Frameworks/AVFoundation.framework/Headers/AVCaptureFileOutput.h:405:12: note: 'AVCaptureMovieFileOutput' has been explicitly marked unavailable here
403 | */
404 | API_AVAILABLE(macos(10.7), ios(4.0), macCatalyst(14.0), tvos(17.0)) API_UNAVAILABLE(visionos) API_UNAVAILABLE(watchos)
405 | @interface AVCaptureMovieFileOutput : AVCaptureFileOutput
| `- note: 'AVCaptureMovieFileOutput' has been explicitly marked unavailable here
406 | {
407 | @private
/Users/admin/builder/spi-builder-workspace/Sources/SwiftySnap/Camera View/Controller/SwiftySnapViewController.swift:34:43: error: 'FlashMode' is unavailable in visionOS
32 | var activeCamera: AVCaptureDevice?
33 |
34 | var currentFlashMode: AVCaptureDevice.FlashMode = .off
| `- error: 'FlashMode' is unavailable in visionOS
35 |
36 | var outputURL: URL?
/Applications/Xcode-27.0.0-Release.Candidate.app/Contents/Developer/Platforms/XROS.platform/Developer/SDKs/XROS27.0.sdk/System/Library/Frameworks/AVFoundation.framework/Headers/AVCaptureDevice.h:967:28: note: 'FlashMode' has been explicitly marked unavailable here
965 | Indicates that the flash should be used automatically depending on ambient light conditions.
966 | */
967 | typedef NS_ENUM(NSInteger, AVCaptureFlashMode) {
| `- note: 'FlashMode' has been explicitly marked unavailable here
968 | AVCaptureFlashModeOff = 0,
969 | AVCaptureFlashModeOn = 1,
/Users/admin/builder/spi-builder-workspace/Sources/SwiftySnap/Camera View/Controller/SwiftySnapViewController.swift:536:39: error: 'AVCapturePhotoOutput' is unavailable in visionOS
534 | extension SwiftySnapViewController: @preconcurrency AVCapturePhotoCaptureDelegate {
535 |
536 | public func photoOutput(_ output: AVCapturePhotoOutput, didFinishProcessingPhoto photo: AVCapturePhoto, error: Error?) {
| `- error: 'AVCapturePhotoOutput' is unavailable in visionOS
537 | guard let imageData = photo.fileDataRepresentation(), var image = UIImage(data: imageData) else { return }
538 |
/Applications/Xcode-27.0.0-Release.Candidate.app/Contents/Developer/Platforms/XROS.platform/Developer/SDKs/XROS27.0.sdk/System/Library/Frameworks/AVFoundation.framework/Headers/AVCapturePhotoOutput.h:50:12: note: 'AVCapturePhotoOutput' has been explicitly marked unavailable here
48 | */
49 | API_AVAILABLE(macos(10.15), ios(10.0), macCatalyst(14.0), tvos(17.0)) API_UNAVAILABLE(visionos) API_UNAVAILABLE(watchos)
50 | @interface AVCapturePhotoOutput : AVCaptureOutput
| `- note: 'AVCapturePhotoOutput' has been explicitly marked unavailable here
51 | {
52 | @private
/Users/admin/builder/spi-builder-workspace/Sources/SwiftySnap/Camera View/Controller/SwiftySnapViewController.swift:536:93: error: 'AVCapturePhoto' is unavailable in visionOS
534 | extension SwiftySnapViewController: @preconcurrency AVCapturePhotoCaptureDelegate {
535 |
536 | public func photoOutput(_ output: AVCapturePhotoOutput, didFinishProcessingPhoto photo: AVCapturePhoto, error: Error?) {
| `- error: 'AVCapturePhoto' is unavailable in visionOS
537 | guard let imageData = photo.fileDataRepresentation(), var image = UIImage(data: imageData) else { return }
538 |
/Applications/Xcode-27.0.0-Release.Candidate.app/Contents/Developer/Platforms/XROS.platform/Developer/SDKs/XROS27.0.sdk/System/Library/Frameworks/AVFoundation.framework/Headers/AVCapturePhotoOutput.h:1979:12: note: 'AVCapturePhoto' has been explicitly marked unavailable here
1977 | */
1978 | API_AVAILABLE(macos(10.15), ios(11.0), macCatalyst(14.0), tvos(17.0)) API_UNAVAILABLE(visionos) API_UNAVAILABLE(watchos)
1979 | @interface AVCapturePhoto : NSObject
| `- note: 'AVCapturePhoto' has been explicitly marked unavailable here
1980 | {
1981 | @private
/Users/admin/builder/spi-builder-workspace/Sources/SwiftySnap/Camera View/Controller/SwiftySnapViewController.swift:536:17: error: cannot override 'photoOutput' which has been marked unavailable
534 | extension SwiftySnapViewController: @preconcurrency AVCapturePhotoCaptureDelegate {
535 |
536 | public func photoOutput(_ output: AVCapturePhotoOutput, didFinishProcessingPhoto photo: AVCapturePhoto, error: Error?) {
| `- error: cannot override 'photoOutput' which has been marked unavailable
537 | guard let imageData = photo.fileDataRepresentation(), var image = UIImage(data: imageData) else { return }
538 |
/Applications/Xcode-27.0.0-Release.Candidate.app/Contents/Developer/Platforms/XROS.platform/Developer/SDKs/XROS27.0.sdk/System/Library/Frameworks/AVFoundation.framework/Headers/AVCapturePhotoOutput.h:1053:1: note: 'photoOutput(_:didFinishProcessingPhoto:error:)' has been explicitly marked unavailable here
1051 | This callback fires resolvedSettings.expectedPhotoCount number of times for a given capture request. Note that the photo parameter is always non nil, even if an error is returned. The delivered AVCapturePhoto's rawPhoto property can be queried to know if it's a RAW image or processed image.
1052 | */
1053 | - (void)captureOutput:(AVCapturePhotoOutput *)output didFinishProcessingPhoto:(AVCapturePhoto *)photo error:(nullable NSError *)error API_AVAILABLE(ios(11.0), macCatalyst(14.0), tvos(17.0)) API_UNAVAILABLE(visionos);
| `- note: 'photoOutput(_:didFinishProcessingPhoto:error:)' has been explicitly marked unavailable here
1054 |
1055 | /*!
/Users/admin/builder/spi-builder-workspace/Sources/SwiftySnap/Camera View/Controller/SwiftySnapViewController.swift:534:53: error: 'AVCapturePhotoCaptureDelegate' is unavailable in visionOS
532 |
533 | // MARK: - Photo Capture Delegate Methods
534 | extension SwiftySnapViewController: @preconcurrency AVCapturePhotoCaptureDelegate {
| `- error: 'AVCapturePhotoCaptureDelegate' is unavailable in visionOS
535 |
536 | public func photoOutput(_ output: AVCapturePhotoOutput, didFinishProcessingPhoto photo: AVCapturePhoto, error: Error?) {
/Applications/Xcode-27.0.0-Release.Candidate.app/Contents/Developer/Platforms/XROS.platform/Developer/SDKs/XROS27.0.sdk/System/Library/Frameworks/AVFoundation.framework/Headers/AVCapturePhotoOutput.h:990:11: note: 'AVCapturePhotoCaptureDelegate' has been explicitly marked unavailable here
988 | */
989 | API_AVAILABLE(macos(10.15), ios(10.0), macCatalyst(14.0), tvos(17.0)) API_UNAVAILABLE(visionos) API_UNAVAILABLE(watchos)
990 | @protocol AVCapturePhotoCaptureDelegate <NSObject>
| `- note: 'AVCapturePhotoCaptureDelegate' has been explicitly marked unavailable here
991 |
992 | @optional
SwiftCompile normal arm64 /Users/admin/builder/spi-builder-workspace/Sources/SwiftySnap/Camera\ View/Controller/SwiftySnapViewController.swift (in target 'SwiftySnap' from project 'SwiftySnap')
cd /Users/admin/builder/spi-builder-workspace/.swiftpm/xcode
builtin-SwiftPerFileCompile SwiftySnapViewController.swift
/Users/admin/builder/spi-builder-workspace/Sources/SwiftySnap/Camera View/Controller/SwiftySnapViewController.swift:560:38: error: 'AVCaptureFileOutput' is unavailable in visionOS
558 | extension SwiftySnapViewController: @preconcurrency AVCaptureFileOutputRecordingDelegate {
559 |
560 | public func fileOutput(_ output: AVCaptureFileOutput, didFinishRecordingTo outputFileURL: URL, from connections: [AVCaptureConnection], error: Error?) {
| `- error: 'AVCaptureFileOutput' is unavailable in visionOS
561 | self.btnShutter.isUserInteractionEnabled = true
562 | if error == nil {
/Applications/Xcode-27.0.0-Release.Candidate.app/Contents/Developer/Platforms/XROS.platform/Developer/SDKs/XROS27.0.sdk/System/Library/Frameworks/AVFoundation.framework/Headers/AVCaptureFileOutput.h:36:12: note: 'AVCaptureFileOutput' has been explicitly marked unavailable here
34 | */
35 | API_AVAILABLE(macos(10.7), ios(4.0), macCatalyst(14.0), tvos(17.0)) API_UNAVAILABLE(visionos) API_UNAVAILABLE(watchos)
36 | @interface AVCaptureFileOutput : AVCaptureOutput
| `- note: 'AVCaptureFileOutput' has been explicitly marked unavailable here
37 | {
38 | @private
/Users/admin/builder/spi-builder-workspace/Sources/SwiftySnap/Camera View/Controller/SwiftySnapViewController.swift:558:53: error: 'AVCaptureFileOutputRecordingDelegate' is unavailable in visionOS
556 |
557 | // MARK: - Video Recording Delegate Methods
558 | extension SwiftySnapViewController: @preconcurrency AVCaptureFileOutputRecordingDelegate {
| `- error: 'AVCaptureFileOutputRecordingDelegate' is unavailable in visionOS
559 |
560 | public func fileOutput(_ output: AVCaptureFileOutput, didFinishRecordingTo outputFileURL: URL, from connections: [AVCaptureConnection], error: Error?) {
/Applications/Xcode-27.0.0-Release.Candidate.app/Contents/Developer/Platforms/XROS.platform/Developer/SDKs/XROS27.0.sdk/System/Library/Frameworks/AVFoundation.framework/Headers/AVCaptureFileOutput.h:206:11: note: 'AVCaptureFileOutputRecordingDelegate' has been explicitly marked unavailable here
204 | */
205 | API_AVAILABLE(macos(10.7), ios(4.0), macCatalyst(14.0), tvos(17.0)) API_UNAVAILABLE(visionos) API_UNAVAILABLE(watchos)
206 | @protocol AVCaptureFileOutputRecordingDelegate <NSObject>
| `- note: 'AVCaptureFileOutputRecordingDelegate' has been explicitly marked unavailable here
207 |
208 | @optional
SwiftCompile normal arm64 Compiling\ resource_bundle_accessor.swift /Users/admin/builder/spi-builder-workspace/.derivedData/Build/Intermediates.noindex/SwiftySnap.build/Debug-xros/SwiftySnap-t.build/DerivedSources/resource_bundle_accessor.swift (in target 'SwiftySnap' from project 'SwiftySnap')
SwiftCompile normal arm64 /Users/admin/builder/spi-builder-workspace/.derivedData/Build/Intermediates.noindex/SwiftySnap.build/Debug-xros/SwiftySnap-t.build/DerivedSources/resource_bundle_accessor.swift (in target 'SwiftySnap' from project 'SwiftySnap')
cd /Users/admin/builder/spi-builder-workspace/.swiftpm/xcode
builtin-SwiftPerFileCompile resource_bundle_accessor.swift
SwiftCompile normal arm64 Compiling\ SwiftySnapViewProtocol.swift /Users/admin/builder/spi-builder-workspace/Sources/SwiftySnap/Camera\ View/Protocols/SwiftySnapViewProtocol.swift (in target 'SwiftySnap' from project 'SwiftySnap')
SwiftCompile normal arm64 /Users/admin/builder/spi-builder-workspace/Sources/SwiftySnap/Camera\ View/Protocols/SwiftySnapViewProtocol.swift (in target 'SwiftySnap' from project 'SwiftySnap')
cd /Users/admin/builder/spi-builder-workspace/.swiftpm/xcode
builtin-SwiftPerFileCompile SwiftySnapViewProtocol.swift
SwiftCompile normal arm64 Compiling\ SwiftySnapColorManager.swift /Users/admin/builder/spi-builder-workspace/Sources/SwiftySnap/Provider/Color\ Provider/SwiftySnapColorManager.swift (in target 'SwiftySnap' from project 'SwiftySnap')
SwiftCompile normal arm64 /Users/admin/builder/spi-builder-workspace/Sources/SwiftySnap/Provider/Color\ Provider/SwiftySnapColorManager.swift (in target 'SwiftySnap' from project 'SwiftySnap')
cd /Users/admin/builder/spi-builder-workspace/.swiftpm/xcode
builtin-SwiftPerFileCompile SwiftySnapColorManager.swift
SwiftCompile normal arm64 Compiling\ SwiftySnapColorProviding.swift /Users/admin/builder/spi-builder-workspace/Sources/SwiftySnap/Provider/Color\ Provider/SwiftySnapColorProviding.swift (in target 'SwiftySnap' from project 'SwiftySnap')
SwiftCompile normal arm64 /Users/admin/builder/spi-builder-workspace/Sources/SwiftySnap/Provider/Color\ Provider/SwiftySnapColorProviding.swift (in target 'SwiftySnap' from project 'SwiftySnap')
cd /Users/admin/builder/spi-builder-workspace/.swiftpm/xcode
builtin-SwiftPerFileCompile SwiftySnapColorProviding.swift
SwiftEmitModule normal arm64 Emitting\ module\ for\ SwiftySnap (in target 'SwiftySnap' from project 'SwiftySnap')
/Users/admin/builder/spi-builder-workspace/Sources/SwiftySnap/Camera View/Controller/SwiftySnapViewController.swift:29:28: error: 'AVCaptureVideoPreviewLayer' is unavailable in visionOS
27 | // MARK: - Properties
28 | var captureSession: AVCaptureSession?
29 | var videoPreviewLayer: AVCaptureVideoPreviewLayer?
| `- error: 'AVCaptureVideoPreviewLayer' is unavailable in visionOS
30 | var photoOutput = AVCapturePhotoOutput()
31 | var movieOutput = AVCaptureMovieFileOutput()
/Applications/Xcode-27.0.0-Release.Candidate.app/Contents/Developer/Platforms/XROS.platform/Developer/SDKs/XROS27.0.sdk/System/Library/Frameworks/AVFoundation.framework/Headers/AVCaptureVideoPreviewLayer.h:33:12: note: 'AVCaptureVideoPreviewLayer' has been explicitly marked unavailable here
31 | */
32 | API_AVAILABLE(macos(10.7), ios(4.0), macCatalyst(14.0), tvos(17.0)) API_UNAVAILABLE(visionos) API_UNAVAILABLE(watchos)
33 | @interface AVCaptureVideoPreviewLayer : CALayer
| `- note: 'AVCaptureVideoPreviewLayer' has been explicitly marked unavailable here
34 | {
35 | @private
/Users/admin/builder/spi-builder-workspace/Sources/SwiftySnap/Camera View/Controller/SwiftySnapViewController.swift:30:23: error: 'AVCapturePhotoOutput' is unavailable in visionOS
28 | var captureSession: AVCaptureSession?
29 | var videoPreviewLayer: AVCaptureVideoPreviewLayer?
30 | var photoOutput = AVCapturePhotoOutput()
| `- error: 'AVCapturePhotoOutput' is unavailable in visionOS
31 | var movieOutput = AVCaptureMovieFileOutput()
32 | var activeCamera: AVCaptureDevice?
/Applications/Xcode-27.0.0-Release.Candidate.app/Contents/Developer/Platforms/XROS.platform/Developer/SDKs/XROS27.0.sdk/System/Library/Frameworks/AVFoundation.framework/Headers/AVCapturePhotoOutput.h:50:12: note: 'AVCapturePhotoOutput' has been explicitly marked unavailable here
48 | */
49 | API_AVAILABLE(macos(10.15), ios(10.0), macCatalyst(14.0), tvos(17.0)) API_UNAVAILABLE(visionos) API_UNAVAILABLE(watchos)
50 | @interface AVCapturePhotoOutput : AVCaptureOutput
| `- note: 'AVCapturePhotoOutput' has been explicitly marked unavailable here
51 | {
52 | @private
/Users/admin/builder/spi-builder-workspace/Sources/SwiftySnap/Camera View/Controller/SwiftySnapViewController.swift:31:23: error: 'AVCaptureMovieFileOutput' is unavailable in visionOS
29 | var videoPreviewLayer: AVCaptureVideoPreviewLayer?
30 | var photoOutput = AVCapturePhotoOutput()
31 | var movieOutput = AVCaptureMovieFileOutput()
| `- error: 'AVCaptureMovieFileOutput' is unavailable in visionOS
32 | var activeCamera: AVCaptureDevice?
33 |
/Applications/Xcode-27.0.0-Release.Candidate.app/Contents/Developer/Platforms/XROS.platform/Developer/SDKs/XROS27.0.sdk/System/Library/Frameworks/AVFoundation.framework/Headers/AVCaptureFileOutput.h:405:12: note: 'AVCaptureMovieFileOutput' has been explicitly marked unavailable here
403 | */
404 | API_AVAILABLE(macos(10.7), ios(4.0), macCatalyst(14.0), tvos(17.0)) API_UNAVAILABLE(visionos) API_UNAVAILABLE(watchos)
405 | @interface AVCaptureMovieFileOutput : AVCaptureFileOutput
| `- note: 'AVCaptureMovieFileOutput' has been explicitly marked unavailable here
406 | {
407 | @private
/Users/admin/builder/spi-builder-workspace/Sources/SwiftySnap/Camera View/Controller/SwiftySnapViewController.swift:34:43: error: 'FlashMode' is unavailable in visionOS
32 | var activeCamera: AVCaptureDevice?
33 |
34 | var currentFlashMode: AVCaptureDevice.FlashMode = .off
| `- error: 'FlashMode' is unavailable in visionOS
35 |
36 | var outputURL: URL?
/Applications/Xcode-27.0.0-Release.Candidate.app/Contents/Developer/Platforms/XROS.platform/Developer/SDKs/XROS27.0.sdk/System/Library/Frameworks/AVFoundation.framework/Headers/AVCaptureDevice.h:967:28: note: 'FlashMode' has been explicitly marked unavailable here
965 | Indicates that the flash should be used automatically depending on ambient light conditions.
966 | */
967 | typedef NS_ENUM(NSInteger, AVCaptureFlashMode) {
| `- note: 'FlashMode' has been explicitly marked unavailable here
968 | AVCaptureFlashModeOff = 0,
969 | AVCaptureFlashModeOn = 1,
/Users/admin/builder/spi-builder-workspace/Sources/SwiftySnap/Camera View/Controller/SwiftySnapViewController.swift:536:39: error: 'AVCapturePhotoOutput' is unavailable in visionOS
534 | extension SwiftySnapViewController: @preconcurrency AVCapturePhotoCaptureDelegate {
535 |
536 | public func photoOutput(_ output: AVCapturePhotoOutput, didFinishProcessingPhoto photo: AVCapturePhoto, error: Error?) {
| `- error: 'AVCapturePhotoOutput' is unavailable in visionOS
537 | guard let imageData = photo.fileDataRepresentation(), var image = UIImage(data: imageData) else { return }
538 |
/Applications/Xcode-27.0.0-Release.Candidate.app/Contents/Developer/Platforms/XROS.platform/Developer/SDKs/XROS27.0.sdk/System/Library/Frameworks/AVFoundation.framework/Headers/AVCapturePhotoOutput.h:50:12: note: 'AVCapturePhotoOutput' has been explicitly marked unavailable here
48 | */
49 | API_AVAILABLE(macos(10.15), ios(10.0), macCatalyst(14.0), tvos(17.0)) API_UNAVAILABLE(visionos) API_UNAVAILABLE(watchos)
50 | @interface AVCapturePhotoOutput : AVCaptureOutput
| `- note: 'AVCapturePhotoOutput' has been explicitly marked unavailable here
51 | {
52 | @private
/Users/admin/builder/spi-builder-workspace/Sources/SwiftySnap/Camera View/Controller/SwiftySnapViewController.swift:536:93: error: 'AVCapturePhoto' is unavailable in visionOS
534 | extension SwiftySnapViewController: @preconcurrency AVCapturePhotoCaptureDelegate {
535 |
536 | public func photoOutput(_ output: AVCapturePhotoOutput, didFinishProcessingPhoto photo: AVCapturePhoto, error: Error?) {
| `- error: 'AVCapturePhoto' is unavailable in visionOS
537 | guard let imageData = photo.fileDataRepresentation(), var image = UIImage(data: imageData) else { return }
538 |
/Applications/Xcode-27.0.0-Release.Candidate.app/Contents/Developer/Platforms/XROS.platform/Developer/SDKs/XROS27.0.sdk/System/Library/Frameworks/AVFoundation.framework/Headers/AVCapturePhotoOutput.h:1979:12: note: 'AVCapturePhoto' has been explicitly marked unavailable here
1977 | */
1978 | API_AVAILABLE(macos(10.15), ios(11.0), macCatalyst(14.0), tvos(17.0)) API_UNAVAILABLE(visionos) API_UNAVAILABLE(watchos)
1979 | @interface AVCapturePhoto : NSObject
| `- note: 'AVCapturePhoto' has been explicitly marked unavailable here
1980 | {
1981 | @private
/Users/admin/builder/spi-builder-workspace/Sources/SwiftySnap/Camera View/Controller/SwiftySnapViewController.swift:536:17: error: cannot override 'photoOutput' which has been marked unavailable
534 | extension SwiftySnapViewController: @preconcurrency AVCapturePhotoCaptureDelegate {
535 |
536 | public func photoOutput(_ output: AVCapturePhotoOutput, didFinishProcessingPhoto photo: AVCapturePhoto, error: Error?) {
| `- error: cannot override 'photoOutput' which has been marked unavailable
537 | guard let imageData = photo.fileDataRepresentation(), var image = UIImage(data: imageData) else { return }
538 |
/Applications/Xcode-27.0.0-Release.Candidate.app/Contents/Developer/Platforms/XROS.platform/Developer/SDKs/XROS27.0.sdk/System/Library/Frameworks/AVFoundation.framework/Headers/AVCapturePhotoOutput.h:1053:1: note: 'photoOutput(_:didFinishProcessingPhoto:error:)' has been explicitly marked unavailable here
1051 | This callback fires resolvedSettings.expectedPhotoCount number of times for a given capture request. Note that the photo parameter is always non nil, even if an error is returned. The delivered AVCapturePhoto's rawPhoto property can be queried to know if it's a RAW image or processed image.
1052 | */
1053 | - (void)captureOutput:(AVCapturePhotoOutput *)output didFinishProcessingPhoto:(AVCapturePhoto *)photo error:(nullable NSError *)error API_AVAILABLE(ios(11.0), macCatalyst(14.0), tvos(17.0)) API_UNAVAILABLE(visionos);
| `- note: 'photoOutput(_:didFinishProcessingPhoto:error:)' has been explicitly marked unavailable here
1054 |
1055 | /*!
/Users/admin/builder/spi-builder-workspace/Sources/SwiftySnap/Camera View/Controller/SwiftySnapViewController.swift:534:53: error: 'AVCapturePhotoCaptureDelegate' is unavailable in visionOS
532 |
533 | // MARK: - Photo Capture Delegate Methods
534 | extension SwiftySnapViewController: @preconcurrency AVCapturePhotoCaptureDelegate {
| `- error: 'AVCapturePhotoCaptureDelegate' is unavailable in visionOS
535 |
536 | public func photoOutput(_ output: AVCapturePhotoOutput, didFinishProcessingPhoto photo: AVCapturePhoto, error: Error?) {
/Applications/Xcode-27.0.0-Release.Candidate.app/Contents/Developer/Platforms/XROS.platform/Developer/SDKs/XROS27.0.sdk/System/Library/Frameworks/AVFoundation.framework/Headers/AVCapturePhotoOutput.h:990:11: note: 'AVCapturePhotoCaptureDelegate' has been explicitly marked unavailable here
988 | */
989 | API_AVAILABLE(macos(10.15), ios(10.0), macCatalyst(14.0), tvos(17.0)) API_UNAVAILABLE(visionos) API_UNAVAILABLE(watchos)
990 | @protocol AVCapturePhotoCaptureDelegate <NSObject>
| `- note: 'AVCapturePhotoCaptureDelegate' has been explicitly marked unavailable here
991 |
992 | @optional
/Users/admin/builder/spi-builder-workspace/Sources/SwiftySnap/Camera View/Controller/SwiftySnapViewController.swift:560:38: error: 'AVCaptureFileOutput' is unavailable in visionOS
558 | extension SwiftySnapViewController: @preconcurrency AVCaptureFileOutputRecordingDelegate {
559 |
560 | public func fileOutput(_ output: AVCaptureFileOutput, didFinishRecordingTo outputFileURL: URL, from connections: [AVCaptureConnection], error: Error?) {
| `- error: 'AVCaptureFileOutput' is unavailable in visionOS
561 | self.btnShutter.isUserInteractionEnabled = true
562 | if error == nil {
/Applications/Xcode-27.0.0-Release.Candidate.app/Contents/Developer/Platforms/XROS.platform/Developer/SDKs/XROS27.0.sdk/System/Library/Frameworks/AVFoundation.framework/Headers/AVCaptureFileOutput.h:36:12: note: 'AVCaptureFileOutput' has been explicitly marked unavailable here
34 | */
35 | API_AVAILABLE(macos(10.7), ios(4.0), macCatalyst(14.0), tvos(17.0)) API_UNAVAILABLE(visionos) API_UNAVAILABLE(watchos)
36 | @interface AVCaptureFileOutput : AVCaptureOutput
| `- note: 'AVCaptureFileOutput' has been explicitly marked unavailable here
37 | {
38 | @private
/Users/admin/builder/spi-builder-workspace/Sources/SwiftySnap/Camera View/Controller/SwiftySnapViewController.swift:558:53: error: 'AVCaptureFileOutputRecordingDelegate' is unavailable in visionOS
556 |
557 | // MARK: - Video Recording Delegate Methods
558 | extension SwiftySnapViewController: @preconcurrency AVCaptureFileOutputRecordingDelegate {
| `- error: 'AVCaptureFileOutputRecordingDelegate' is unavailable in visionOS
559 |
560 | public func fileOutput(_ output: AVCaptureFileOutput, didFinishRecordingTo outputFileURL: URL, from connections: [AVCaptureConnection], error: Error?) {
/Applications/Xcode-27.0.0-Release.Candidate.app/Contents/Developer/Platforms/XROS.platform/Developer/SDKs/XROS27.0.sdk/System/Library/Frameworks/AVFoundation.framework/Headers/AVCaptureFileOutput.h:206:11: note: 'AVCaptureFileOutputRecordingDelegate' has been explicitly marked unavailable here
204 | */
205 | API_AVAILABLE(macos(10.7), ios(4.0), macCatalyst(14.0), tvos(17.0)) API_UNAVAILABLE(visionos) API_UNAVAILABLE(watchos)
206 | @protocol AVCaptureFileOutputRecordingDelegate <NSObject>
| `- note: 'AVCaptureFileOutputRecordingDelegate' has been explicitly marked unavailable here
207 |
208 | @optional
Failed frontend command:
/Applications/Xcode-27.0.0-Release.Candidate.app/Contents/Developer/Toolchains/XcodeDefault.xctoolchain/usr/bin/swift-frontend -frontend -emit-module -experimental-skip-non-inlinable-function-bodies-without-types /Users/admin/builder/spi-builder-workspace/.derivedData/Build/Intermediates.noindex/SwiftySnap.build/Debug-xros/SwiftySnap-t.build/DerivedSources/resource_bundle_accessor.swift /Users/admin/builder/spi-builder-workspace/Sources/SwiftySnap/Camera\ View/Controller/SwiftySnapViewController.swift /Users/admin/builder/spi-builder-workspace/Sources/SwiftySnap/Camera\ View/Enums/SwiftySnapCameraType.swift /Users/admin/builder/spi-builder-workspace/Sources/SwiftySnap/Camera\ View/Protocols/SwiftySnapViewProtocol.swift /Users/admin/builder/spi-builder-workspace/Sources/SwiftySnap/Provider/Color\ Provider/DefaultSwiftySnapColors.swift /Users/admin/builder/spi-builder-workspace/Sources/SwiftySnap/Provider/Color\ Provider/SwiftySnapColorManager.swift /Users/admin/builder/spi-builder-workspace/Sources/SwiftySnap/Provider/Color\ Provider/SwiftySnapColorProviding.swift /Users/admin/builder/spi-builder-workspace/Sources/SwiftySnap/SwiftySnap.swift /Users/admin/builder/spi-builder-workspace/.derivedData/Build/Intermediates.noindex/SwiftySnap.build/Debug-xros/SwiftySnap-t.build/DerivedSources/GeneratedAssetSymbols.swift -target arm64-apple-xros1.0 -module-can-import-version DeveloperToolsSupport 24.0.24 24.0.24 -disable-cross-import-overlay-search -load-resolved-plugin /Applications/Xcode-27.0.0-Release.Candidate.app/Contents/Developer/Platforms/XROS.platform/Developer/usr/lib/swift/host/plugins/libFoundationMacros.dylib\#/Applications/Xcode-27.0.0-Release.Candidate.app/Contents/Developer/Platforms/XROS.platform/Developer/usr/bin/swift-plugin-server\#FoundationMacros -load-resolved-plugin /Applications/Xcode-27.0.0-Release.Candidate.app/Contents/Developer/Platforms/XROS.platform/Developer/usr/lib/swift/host/plugins/libObservationMacros.dylib\#/Applications/Xcode-27.0.0-Release.Candidate.app/Contents/Developer/Platforms/XROS.platform/Developer/usr/bin/swift-plugin-server\#ObservationMacros -load-resolved-plugin /Applications/Xcode-27.0.0-Release.Candidate.app/Contents/Developer/Platforms/XROS.platform/Developer/usr/lib/swift/host/plugins/libPreviewsMacros.dylib\#/Applications/Xcode-27.0.0-Release.Candidate.app/Contents/Developer/Platforms/XROS.platform/Developer/usr/bin/swift-plugin-server\#PreviewsMacros -load-resolved-plugin /Applications/Xcode-27.0.0-Release.Candidate.app/Contents/Developer/Platforms/XROS.platform/Developer/usr/lib/swift/host/plugins/libSwiftMacros.dylib\#/Applications/Xcode-27.0.0-Release.Candidate.app/Contents/Developer/Platforms/XROS.platform/Developer/usr/bin/swift-plugin-server\#SwiftMacros -load-resolved-plugin /Applications/Xcode-27.0.0-Release.Candidate.app/Contents/Developer/Platforms/XROS.platform/Developer/usr/lib/swift/host/plugins/libSwiftUIMacros.dylib\#/Applications/Xcode-27.0.0-Release.Candidate.app/Contents/Developer/Platforms/XROS.platform/Developer/usr/bin/swift-plugin-server\#SwiftUIMacros -disable-implicit-swift-modules -Xcc -fno-implicit-modules -Xcc -fno-implicit-module-maps -explicit-swift-module-map-file /Users/admin/builder/spi-builder-workspace/.derivedData/Build/Intermediates.noindex/SwiftySnap.build/Debug-xros/SwiftySnap-t.build/Objects-normal/arm64/SwiftySnap-dependencies-1.json -Xllvm -aarch64-use-tbi -enable-objc-interop -stack-check -sdk /Applications/Xcode-27.0.0-Release.Candidate.app/Contents/Developer/Platforms/XROS.platform/Developer/SDKs/XROS27.0.sdk -I /Users/admin/builder/spi-builder-workspace/.derivedData/Build/Products/Debug-xros -Isystem /Applications/Xcode-27.0.0-Release.Candidate.app/Contents/Developer/Platforms/XROS.platform/Developer/usr/lib -F /Users/admin/builder/spi-builder-workspace/.derivedData/Build/Products/Debug-xros -F /Applications/Xcode-27.0.0-Release.Candidate.app/Contents/Developer/Platforms/XROS.platform/Developer/Library/Frameworks -F /Applications/Xcode-27.0.0-Release.Candidate.app/Contents/Developer/Platforms/XROS.platform/Developer/SDKs/XROS27.0.sdk/Developer/Library/Frameworks -module-cache-path /Users/admin/builder/spi-builder-workspace/.derivedData/Build/Intermediates.noindex/SwiftExplicitPrecompiledModules -no-color-diagnostics -Xcc -fno-color-diagnostics -enable-testing -g -debug-info-format\=dwarf -dwarf-version\=4 -swift-version 6 -Onone -D SWIFT_PACKAGE -D DEBUG -D SWIFT_MODULE_RESOURCE_BUNDLE_AVAILABLE -D Xcode -serialize-debugging-options -enable-experimental-feature DebugDescriptionMacro -empty-abi-descriptor -validate-clang-modules-once -clang-build-session-file /Users/admin/builder/spi-builder-workspace/.derivedData/ModuleCache.noindex/Session.modulevalidation -Xcc -working-directory -Xcc /Users/admin/builder/spi-builder-workspace/.swiftpm/xcode -enable-anonymous-context-mangled-names -file-compilation-dir /Users/admin/builder/spi-builder-workspace/.swiftpm/xcode -Xcc -D_LIBCPP_HARDENING_MODE\=_LIBCPP_HARDENING_MODE_DEBUG -Xcc -ivfsstatcache -Xcc /Users/admin/builder/spi-builder-workspace/.derivedData/SDKStatCaches.noindex/xros27.0-24M361-e829b21a6f8c9b70876ba0858053c044735bd543db762f57723cac368afd1ce4.sdkstatcache -Xcc -fmodules-prune-interval\=86400 -Xcc -fmodules-prune-after\=345600 -Xcc -I/Users/admin/builder/spi-builder-workspace/.derivedData/Build/Products/Debug-xros/include -Xcc -I/Users/admin/builder/spi-builder-workspace/.derivedData/Build/Intermediates.noindex/SwiftySnap.build/Debug-xros/SwiftySnap-t.build/DerivedSources-normal/arm64 -Xcc -I/Users/admin/builder/spi-builder-workspace/.derivedData/Build/Intermediates.noindex/SwiftySnap.build/Debug-xros/SwiftySnap-t.build/DerivedSources/arm64 -Xcc -I/Users/admin/builder/spi-builder-workspace/.derivedData/Build/Intermediates.noindex/SwiftySnap.build/Debug-xros/SwiftySnap-t.build/DerivedSources -Xcc -DSWIFT_PACKAGE -Xcc -DDEBUG\=1 -no-auto-bridging-header-chaining -module-name SwiftySnap -package-name spi_builder_workspace -const-gather-protocols-file /Users/admin/builder/spi-builder-workspace/.derivedData/Build/Intermediates.noindex/SwiftySnap.build/Debug-xros/SwiftySnap-t.build/Objects-normal/arm64/SwiftySnap_const_extract_protocols.json -disable-clang-spi -clang-target arm64-apple-xros27.0 -target-sdk-version 27.0 -target-sdk-name xros27.0 -in-process-plugin-server-path /Applications/Xcode-27.0.0-Release.Candidate.app/Contents/Developer/Toolchains/XcodeDefault.xctoolchain/usr/lib/swift/host/libSwiftInProcPluginServer.dylib -emit-module-doc-path /Users/admin/builder/spi-builder-workspace/.derivedData/Build/Intermediates.noindex/SwiftySnap.build/Debug-xros/SwiftySnap-t.build/Objects-normal/arm64/SwiftySnap.swiftdoc -emit-module-source-info-path /Users/admin/builder/spi-builder-workspace/.derivedData/Build/Intermediates.noindex/SwiftySnap.build/Debug-xros/SwiftySnap-t.build/Objects-normal/arm64/SwiftySnap.swiftsourceinfo -emit-objc-header-path /Users/admin/builder/spi-builder-workspace/.derivedData/Build/Intermediates.noindex/SwiftySnap.build/Debug-xros/SwiftySnap-t.build/Objects-normal/arm64/SwiftySnap-Swift.h -serialize-diagnostics-path /Users/admin/builder/spi-builder-workspace/.derivedData/Build/Intermediates.noindex/SwiftySnap.build/Debug-xros/SwiftySnap-t.build/Objects-normal/arm64/SwiftySnap-primary-emit-module.dia -emit-dependencies-path /Users/admin/builder/spi-builder-workspace/.derivedData/Build/Intermediates.noindex/SwiftySnap.build/Debug-xros/SwiftySnap-t.build/Objects-normal/arm64/SwiftySnap-primary-emit-module.d -parse-as-library -o /Users/admin/builder/spi-builder-workspace/.derivedData/Build/Intermediates.noindex/SwiftySnap.build/Debug-xros/SwiftySnap-t.build/Objects-normal/arm64/SwiftySnap.swiftmodule -emit-abi-descriptor-path /Users/admin/builder/spi-builder-workspace/.derivedData/Build/Intermediates.noindex/SwiftySnap.build/Debug-xros/SwiftySnap-t.build/Objects-normal/arm64/SwiftySnap.abi.json
SwiftCompile normal arm64 (in target 'SwiftySnap' from project 'SwiftySnap')
cd /Users/admin/builder/spi-builder-workspace/.swiftpm/xcode
SwiftCompile normal arm64 Compiling\ SwiftySnap.swift /Users/admin/builder/spi-builder-workspace/Sources/SwiftySnap/SwiftySnap.swift (in target 'SwiftySnap' from project 'SwiftySnap')
SwiftCompile normal arm64 /Users/admin/builder/spi-builder-workspace/Sources/SwiftySnap/SwiftySnap.swift (in target 'SwiftySnap' from project 'SwiftySnap')
cd /Users/admin/builder/spi-builder-workspace/.swiftpm/xcode
builtin-SwiftPerFileCompile SwiftySnap.swift
SwiftCompile normal arm64 Compiling\ GeneratedAssetSymbols.swift /Users/admin/builder/spi-builder-workspace/.derivedData/Build/Intermediates.noindex/SwiftySnap.build/Debug-xros/SwiftySnap-t.build/DerivedSources/GeneratedAssetSymbols.swift (in target 'SwiftySnap' from project 'SwiftySnap')
SwiftCompile normal arm64 /Users/admin/builder/spi-builder-workspace/.derivedData/Build/Intermediates.noindex/SwiftySnap.build/Debug-xros/SwiftySnap-t.build/DerivedSources/GeneratedAssetSymbols.swift (in target 'SwiftySnap' from project 'SwiftySnap')
cd /Users/admin/builder/spi-builder-workspace/.swiftpm/xcode
builtin-SwiftPerFileCompile GeneratedAssetSymbols.swift
SwiftCompile normal arm64 Compiling\ DefaultSwiftySnapColors.swift /Users/admin/builder/spi-builder-workspace/Sources/SwiftySnap/Provider/Color\ Provider/DefaultSwiftySnapColors.swift (in target 'SwiftySnap' from project 'SwiftySnap')
SwiftCompile normal arm64 /Users/admin/builder/spi-builder-workspace/Sources/SwiftySnap/Provider/Color\ Provider/DefaultSwiftySnapColors.swift (in target 'SwiftySnap' from project 'SwiftySnap')
cd /Users/admin/builder/spi-builder-workspace/.swiftpm/xcode
builtin-SwiftPerFileCompile DefaultSwiftySnapColors.swift
PruneExplicitPrecompiledModules /Users/admin/builder/spi-builder-workspace/.derivedData/SDKExplicitPrecompiledModules
PruneExplicitPrecompiledModules /Users/admin/builder/spi-builder-workspace/.derivedData/Build/Intermediates.noindex/ExplicitPrecompiledModules
PruneExplicitPrecompiledModules /Users/admin/builder/spi-builder-workspace/.derivedData/Build/Intermediates.noindex/SwiftExplicitPrecompiledModules
2026-09-22 04:43:46.086 xcodebuild[777:4656] [MT] IDERunDestination: Supported platforms for the buildables in the current scheme is empty.
** BUILD FAILED **
The following build commands failed:
SwiftEmitModule normal arm64 Emitting\ module\ for\ SwiftySnap (in target 'SwiftySnap' from project 'SwiftySnap')
SwiftCompile normal arm64 (in target 'SwiftySnap' from project 'SwiftySnap')
Building workspace SwiftySnap with scheme SwiftySnap
(3 failures)
BUILD FAILURE 6.4 visionOS