Build Information
Failed to build SociableWeaver, reference 0.1.12 (dd8368), with Swift 6.4 for watchOS using Xcode 27.0 on 18 Sep 2026 07:18:40 UTC.
Build Command
env DEVELOPER_DIR=/Applications/Xcode-27.0.0-Release.Candidate.app xcrun xcodebuild -IDEClonedSourcePackagesDirPathOverride=$PWD/.dependencies -skipMacroValidation -skipPackagePluginValidation -derivedDataPath $PWD/.derivedData build -scheme SociableWeaver-Package -destination generic/platform=watchOSBuild Log
========================================
RunAll
========================================
Builder version: 5.1.0
Interrupt handler set up.
========================================
Checkout
========================================
Clone URL: https://github.com/NicholasBellucci/SociableWeaver.git
Reference: 0.1.12
Initialized empty Git repository in /Users/admin/builder/spi-builder-workspace/.git/
From https://github.com/NicholasBellucci/SociableWeaver
* tag 0.1.12 -> FETCH_HEAD
HEAD is now at dd8368f Merge pull request #46 from quentinfasquel/feature/remove-functionBuilder-warnings
Cloned https://github.com/NicholasBellucci/SociableWeaver.git
Revision (git rev-parse @):
dd8368fcf1f8fef5d672ea64775dc6f7b02d7a92
SUCCESS checkout https://github.com/NicholasBellucci/SociableWeaver.git at 0.1.12
========================================
Build
========================================
Selected platform: watchOS
Swift version: 6.4
Building package at path: $PWD
https://github.com/NicholasBellucci/SociableWeaver.git
Command line invocation:
/Applications/Xcode-27.0.0-Release.Candidate.app/Contents/Developer/usr/bin/xcodebuild -IDEClonedSourcePackagesDirPathOverride=/Users/admin/builder/spi-builder-workspace/.dependencies -resolvePackageDependencies
resolved source packages:
{
"dependencies" : [
],
"manifest_display_name" : "SociableWeaver",
"name" : "SociableWeaver",
"path" : "/Users/admin/builder/spi-builder-workspace",
"platforms" : [
],
"products" : [
{
"name" : "SociableWeaver",
"targets" : [
"SociableWeaver"
],
"type" : {
"library" : [
"automatic"
]
}
}
],
"targets" : [
{
"c99name" : "SociableWeaverTests",
"module_type" : "SwiftTarget",
"name" : "SociableWeaverTests",
"path" : "Tests/SociableWeaverTests",
"sources" : [
"Models/Author.swift",
"Models/Comment.swift",
"Models/PageInfo.swift",
"Models/Post.swift",
"SociableWeaverBuilderTests.swift",
"SociableWeaverGeneralTests.swift",
"SociableWeaverMutationTests.swift",
"SociableWeaverQueryTests.swift",
"SociableWeaverSingleComponentTests.swift",
"XCTestManifests.swift"
],
"target_dependencies" : [
"SociableWeaver"
],
"type" : "test"
},
{
"c99name" : "SociableWeaver",
"module_type" : "SwiftTarget",
"name" : "SociableWeaver",
"path" : "Sources/SociableWeaver",
"product_memberships" : [
"SociableWeaver"
],
"sources" : [
"Enumerations/CaseStyleOption.swift",
"Enumerations/OperationType.swift",
"Extensions/Array+Argument.swift",
"Extensions/String+Utils.swift",
"FunctionBuilders/ObjectBuilder.swift",
"FunctionBuilders/OperationBuilder.swift",
"Helpers/Field.swift",
"Helpers/ForEachWeavable.swift",
"Helpers/Fragment/Fragment.swift",
"Helpers/Fragment/FragmentBuilder.swift",
"Helpers/Fragment/FragmentReference.swift",
"Helpers/Fragment/InlineFragment.swift",
"Helpers/MetaField.swift",
"Helpers/Object/Object.swift",
"Helpers/Object/PageInfoModel.swift",
"Helpers/Object/Slice.swift",
"Helpers/Weave.swift",
"Protocols/Argument.swift",
"Protocols/Directive.swift",
"Protocols/Removable.swift",
"Protocols/Weavable.swift",
"Utils/FieldFormatter.swift"
],
"type" : "library"
}
],
"tools_version" : "5.4"
}
{
"project" : {
"configurations" : [
"Debug",
"Release"
],
"name" : "SociableWeaver",
"schemes" : [
"SociableWeaver-Package",
"SociableWeaverTests"
],
"targets" : [
"SociableWeaver",
"SociableWeaverPackageDescription",
"SociableWeaverPackageTests",
"SociableWeaverTests"
]
}
}
Running build ...
env DEVELOPER_DIR=/Applications/Xcode-27.0.0-Release.Candidate.app xcrun xcodebuild -IDEClonedSourcePackagesDirPathOverride=$PWD/.dependencies -skipMacroValidation -skipPackagePluginValidation -derivedDataPath $PWD/.derivedData build -scheme SociableWeaver-Package -destination generic/platform=watchOS
Command line invocation:
/Applications/Xcode-27.0.0-Release.Candidate.app/Contents/Developer/usr/bin/xcodebuild -IDEClonedSourcePackagesDirPathOverride=/Users/admin/builder/spi-builder-workspace/.dependencies -skipMacroValidation -skipPackagePluginValidation -derivedDataPath /Users/admin/builder/spi-builder-workspace/.derivedData build -scheme SociableWeaver-Package -destination generic/platform=watchOS
ComputePackagePrebuildTargetDependencyGraph
Prepare packages
CreateBuildRequest
SendProjectDescription
CreateBuildOperation
ComputeTargetDependencyGraph
note: Building targets in dependency order
note: Target dependency graph (1 target)
Target 'SociableWeaver' in project 'SociableWeaver' (no dependencies)
GatherProvisioningInputs
CreateBuildDescription
ExecuteExternalTool /Applications/Xcode-27.0.0-Release.Candidate.app/Contents/Developer/Toolchains/XcodeDefault.xctoolchain/usr/bin/clang -v -E -dM -isysroot /Applications/Xcode-27.0.0-Release.Candidate.app/Contents/Developer/Platforms/WatchOS.platform/Developer/SDKs/WatchOS27.0.sdk -x c -c /dev/null
ExecuteExternalTool /Applications/Xcode-27.0.0-Release.Candidate.app/Contents/Developer/Toolchains/XcodeDefault.xctoolchain/usr/bin/swiftc --version
ExecuteExternalTool /Applications/Xcode-27.0.0-Release.Candidate.app/Contents/Developer/Toolchains/XcodeDefault.xctoolchain/usr/bin/ld -version_details
Build description signature: 7495cf17e5e7ea434e32e78082dcf246
Build description path: /Users/admin/builder/spi-builder-workspace/.derivedData/Build/Intermediates.noindex/XCBuildData/7495cf17e5e7ea434e32e78082dcf246.xcbuilddata
/Users/admin/builder/spi-builder-workspace/SociableWeaver.xcodeproj: error: The watchOS deployment target 'WATCHOS_DEPLOYMENT_TARGET' is set to 2.0, but the range of supported deployment target versions is 9.0 to 27.0.x. (in target 'SociableWeaver' from project 'SociableWeaver')
error: The armv7k architecture is deprecated. You should update your ARCHS build setting to remove the armv7k architecture. (in target 'SociableWeaver' from project 'SociableWeaver')
** BUILD FAILED **
The following build commands failed:
Building project SociableWeaver with scheme SociableWeaver-Package
(1 failure)
Command line invocation:
/Applications/Xcode-27.0.0-Release.Candidate.app/Contents/Developer/usr/bin/xcodebuild -IDEClonedSourcePackagesDirPathOverride=/Users/admin/builder/spi-builder-workspace/.dependencies -resolvePackageDependencies
resolved source packages:
{
"dependencies" : [
],
"manifest_display_name" : "SociableWeaver",
"name" : "SociableWeaver",
"path" : "/Users/admin/builder/spi-builder-workspace",
"platforms" : [
],
"products" : [
{
"name" : "SociableWeaver",
"targets" : [
"SociableWeaver"
],
"type" : {
"library" : [
"automatic"
]
}
}
],
"targets" : [
{
"c99name" : "SociableWeaverTests",
"module_type" : "SwiftTarget",
"name" : "SociableWeaverTests",
"path" : "Tests/SociableWeaverTests",
"sources" : [
"Models/Author.swift",
"Models/Comment.swift",
"Models/PageInfo.swift",
"Models/Post.swift",
"SociableWeaverBuilderTests.swift",
"SociableWeaverGeneralTests.swift",
"SociableWeaverMutationTests.swift",
"SociableWeaverQueryTests.swift",
"SociableWeaverSingleComponentTests.swift",
"XCTestManifests.swift"
],
"target_dependencies" : [
"SociableWeaver"
],
"type" : "test"
},
{
"c99name" : "SociableWeaver",
"module_type" : "SwiftTarget",
"name" : "SociableWeaver",
"path" : "Sources/SociableWeaver",
"product_memberships" : [
"SociableWeaver"
],
"sources" : [
"Enumerations/CaseStyleOption.swift",
"Enumerations/OperationType.swift",
"Extensions/Array+Argument.swift",
"Extensions/String+Utils.swift",
"FunctionBuilders/ObjectBuilder.swift",
"FunctionBuilders/OperationBuilder.swift",
"Helpers/Field.swift",
"Helpers/ForEachWeavable.swift",
"Helpers/Fragment/Fragment.swift",
"Helpers/Fragment/FragmentBuilder.swift",
"Helpers/Fragment/FragmentReference.swift",
"Helpers/Fragment/InlineFragment.swift",
"Helpers/MetaField.swift",
"Helpers/Object/Object.swift",
"Helpers/Object/PageInfoModel.swift",
"Helpers/Object/Slice.swift",
"Helpers/Weave.swift",
"Protocols/Argument.swift",
"Protocols/Directive.swift",
"Protocols/Removable.swift",
"Protocols/Weavable.swift",
"Utils/FieldFormatter.swift"
],
"type" : "library"
}
],
"tools_version" : "5.4"
}
{
"project" : {
"configurations" : [
"Debug",
"Release"
],
"name" : "SociableWeaver",
"schemes" : [
"SociableWeaver-Package",
"SociableWeaverTests"
],
"targets" : [
"SociableWeaver",
"SociableWeaverPackageDescription",
"SociableWeaverPackageTests",
"SociableWeaverTests"
]
}
}
Running build ...
env DEVELOPER_DIR=/Applications/Xcode-27.0.0-Release.Candidate.app xcrun xcodebuild -IDEClonedSourcePackagesDirPathOverride=$PWD/.dependencies -skipMacroValidation -skipPackagePluginValidation -derivedDataPath $PWD/.derivedData build -scheme SociableWeaver-Package -destination generic/platform=watchOS
Command line invocation:
/Applications/Xcode-27.0.0-Release.Candidate.app/Contents/Developer/usr/bin/xcodebuild -IDEClonedSourcePackagesDirPathOverride=/Users/admin/builder/spi-builder-workspace/.dependencies -skipMacroValidation -skipPackagePluginValidation -derivedDataPath /Users/admin/builder/spi-builder-workspace/.derivedData build -scheme SociableWeaver-Package -destination generic/platform=watchOS
ComputePackagePrebuildTargetDependencyGraph
Prepare packages
CreateBuildRequest
SendProjectDescription
CreateBuildOperation
ComputeTargetDependencyGraph
note: Building targets in dependency order
note: Target dependency graph (1 target)
Target 'SociableWeaver' in project 'SociableWeaver' (no dependencies)
GatherProvisioningInputs
CreateBuildDescription
error: The armv7k architecture is deprecated. You should update your ARCHS build setting to remove the armv7k architecture. (in target 'SociableWeaver' from project 'SociableWeaver')
/Users/admin/builder/spi-builder-workspace/SociableWeaver.xcodeproj: error: The watchOS deployment target 'WATCHOS_DEPLOYMENT_TARGET' is set to 2.0, but the range of supported deployment target versions is 9.0 to 27.0.x. (in target 'SociableWeaver' from project 'SociableWeaver')
** BUILD FAILED **
The following build commands failed:
Building project SociableWeaver with scheme SociableWeaver-Package
(1 failure)
BUILD FAILURE 6.4 watchOS