The Swift Package Index logo.Swift Package Index

Build Information

Failed to build Csv2Img, reference main (7263de), with Swift 6.1 for Android on 16 Aug 2026 09:26:16 UTC.

Build Command

bash -c docker run --pull=always --rm -v "checkouts-53886770-1":/host -w "$PWD" -e JAVA_HOME="/root/.sdkman/candidates/java/current" -e SPI_BUILD="1" -e SPI_PROCESSING="1" registry.gitlab.com/saguaro1/spi-images:android-6.1-latest swift build --swift-sdk aarch64-unknown-linux-android24 2>&1

Build Log

========================================
RunAll
========================================
Builder version: 5.0.1
Interrupt handler set up.
========================================
Checkout
========================================
Clone URL: https://github.com/fummicc1/csv2img.git
Reference: main
Initialized empty Git repository in /host/spi-builder-workspace/.git/
hint: Using 'master' as the name for the initial branch. This default branch name
hint: is subject to change. To configure the initial branch name to use in all
hint: of your new repositories, which will suppress this warning, call:
hint:
hint: 	git config --global init.defaultBranch <name>
hint:
hint: Names commonly chosen instead of 'master' are 'main', 'trunk' and
hint: 'development'. The just-created branch can be renamed via this command:
hint:
hint: 	git branch -m <name>
From https://github.com/fummicc1/csv2img
 * branch            main       -> FETCH_HEAD
 * [new branch]      main       -> origin/main
HEAD is now at 7263de6 ci: Post the coupling report as a PR comment
Cloned https://github.com/fummicc1/csv2img.git
Revision (git rev-parse @):
7263de60b676fe5c3feafd256107c219ffbc2506
SUCCESS checkout https://github.com/fummicc1/csv2img.git at main
========================================
Build
========================================
Selected platform:         android
Swift version:             6.1
Building package at path:  $PWD
https://github.com/fummicc1/csv2img.git
https://github.com/fummicc1/csv2img.git
WARNING: environment variable SUPPRESS_SWIFT_6_FLAGS is not set
Running build ...
bash -c docker run --pull=always --rm -v "checkouts-53886770-1":/host -w "$PWD" -e JAVA_HOME="/root/.sdkman/candidates/java/current" -e SPI_BUILD="1" -e SPI_PROCESSING="1" registry.gitlab.com/saguaro1/spi-images:android-6.1-latest swift build --swift-sdk aarch64-unknown-linux-android24 -Xswiftc -Xfrontend -Xswiftc -stats-output-dir -Xswiftc -Xfrontend -Xswiftc .stats -Xswiftc -strict-concurrency=complete -Xswiftc -enable-upcoming-feature -Xswiftc StrictConcurrency -Xswiftc -enable-upcoming-feature -Xswiftc DisableOutwardActorInference -Xswiftc -enable-upcoming-feature -Xswiftc GlobalActorIsolatedTypesUsability -Xswiftc -enable-upcoming-feature -Xswiftc InferSendableFromCaptures 2>&1
android-6.1-latest: Pulling from saguaro1/spi-images
Digest: sha256:0cd0efb458d677a6de9b5e028d30e2aa1d1b247c2277202ba317a28ce9e867e0
Status: Image is up to date for registry.gitlab.com/saguaro1/spi-images:android-6.1-latest
Fetching https://github.com/swiftlang/swift-syntax
Fetching https://github.com/apple/swift-argument-parser
Fetching https://github.com/swiftlang/swift-docc-plugin
[1/2345] Fetching swift-docc-plugin
[2346/20649] Fetching swift-docc-plugin, swift-argument-parser
Fetched https://github.com/swiftlang/swift-docc-plugin from cache (0.82s)
[1/76472] Fetching swift-syntax
Fetched https://github.com/apple/swift-argument-parser from cache (3.24s)
Fetched https://github.com/swiftlang/swift-syntax from cache (3.25s)
Computing version for https://github.com/swiftlang/swift-syntax
Computed https://github.com/swiftlang/swift-syntax at 510.0.3 (4.25s)
Computing version for https://github.com/swiftlang/swift-docc-plugin
Computed https://github.com/swiftlang/swift-docc-plugin at 1.5.0 (0.25s)
Fetching https://github.com/swiftlang/swift-docc-symbolkit
[1/3809] Fetching swift-docc-symbolkit
Fetched https://github.com/swiftlang/swift-docc-symbolkit from cache (0.62s)
Computing version for https://github.com/swiftlang/swift-docc-symbolkit
Computed https://github.com/swiftlang/swift-docc-symbolkit at 1.0.0 (0.89s)
Computing version for https://github.com/apple/swift-argument-parser
Computed https://github.com/apple/swift-argument-parser at 1.1.4 (0.24s)
Creating working copy for https://github.com/swiftlang/swift-syntax
Working copy of https://github.com/swiftlang/swift-syntax resolved at 510.0.3
Creating working copy for https://github.com/apple/swift-argument-parser
Working copy of https://github.com/apple/swift-argument-parser resolved at 1.1.4
Creating working copy for https://github.com/swiftlang/swift-docc-symbolkit
Working copy of https://github.com/swiftlang/swift-docc-symbolkit resolved at 1.0.0
Creating working copy for https://github.com/swiftlang/swift-docc-plugin
Working copy of https://github.com/swiftlang/swift-docc-plugin resolved at 1.5.0
[1/1] Compiling plugin Swift-DocC Preview
[2/2] Compiling plugin Swift-DocC
[3/3] Compiling plugin GenerateManualPlugin
Building for debugging...
[3/19] Write sources
[12/19] Write swift-version-24593BA9C3E375BF.txt
[14/40] Compiling SwiftSyntax509 Empty.swift
[15/40] Emitting module SwiftSyntax509
[17/41] Emitting module ArgumentParserToolInfo
[18/41] Compiling ArgumentParserToolInfo ToolInfo.swift
[19/42] Wrapping AST for ArgumentParserToolInfo for debugging
[21/42] Compiling SwiftSyntax510 Empty.swift
[22/42] Emitting module SwiftSyntax510
[24/139] Compiling SwiftSyntax MissingNodeInitializers.swift
/host/spi-builder-workspace/.build/checkouts/swift-argument-parser/Sources/ArgumentParser/Parsable Properties/Errors.swift:63:40: error: cannot find 'EXIT_SUCCESS' in scope
 61 |
 62 |   /// An exit code that indicates successful completion of a command.
 63 |   public static let success = ExitCode(EXIT_SUCCESS)
    |                                        `- error: cannot find 'EXIT_SUCCESS' in scope
 64 |
 65 |   /// An exit code that indicates that the command failed.
/host/spi-builder-workspace/.build/checkouts/swift-argument-parser/Sources/ArgumentParser/Parsable Properties/Errors.swift:66:40: error: cannot find 'EXIT_FAILURE' in scope
 64 |
 65 |   /// An exit code that indicates that the command failed.
 66 |   public static let failure = ExitCode(EXIT_FAILURE)
    |                                        `- error: cannot find 'EXIT_FAILURE' in scope
 67 |
 68 |   /// An exit code that indicates that the user provided invalid input.
/host/spi-builder-workspace/.build/checkouts/swift-argument-parser/Sources/ArgumentParser/Parsable Properties/Errors.swift:74:50: error: cannot find 'EX_USAGE' in scope
 72 |   public static let validationFailure = ExitCode(EXIT_FAILURE)
 73 | #else
 74 |   public static let validationFailure = ExitCode(EX_USAGE)
    |                                                  `- error: cannot find 'EX_USAGE' in scope
 75 | #endif
 76 |
[25/139] Compiling SwiftSyntax SyntaxArena.swift
/host/spi-builder-workspace/.build/checkouts/swift-argument-parser/Sources/ArgumentParser/Parsable Properties/Errors.swift:63:40: error: cannot find 'EXIT_SUCCESS' in scope
 61 |
 62 |   /// An exit code that indicates successful completion of a command.
 63 |   public static let success = ExitCode(EXIT_SUCCESS)
    |                                        `- error: cannot find 'EXIT_SUCCESS' in scope
 64 |
 65 |   /// An exit code that indicates that the command failed.
/host/spi-builder-workspace/.build/checkouts/swift-argument-parser/Sources/ArgumentParser/Parsable Properties/Errors.swift:66:40: error: cannot find 'EXIT_FAILURE' in scope
 64 |
 65 |   /// An exit code that indicates that the command failed.
 66 |   public static let failure = ExitCode(EXIT_FAILURE)
    |                                        `- error: cannot find 'EXIT_FAILURE' in scope
 67 |
 68 |   /// An exit code that indicates that the user provided invalid input.
/host/spi-builder-workspace/.build/checkouts/swift-argument-parser/Sources/ArgumentParser/Parsable Properties/Errors.swift:74:50: error: cannot find 'EX_USAGE' in scope
 72 |   public static let validationFailure = ExitCode(EXIT_FAILURE)
 73 | #else
 74 |   public static let validationFailure = ExitCode(EX_USAGE)
    |                                                  `- error: cannot find 'EX_USAGE' in scope
 75 | #endif
 76 |
[26/139] Compiling SwiftSyntax SyntaxChildren.swift
/host/spi-builder-workspace/.build/checkouts/swift-argument-parser/Sources/ArgumentParser/Parsable Properties/Errors.swift:63:40: error: cannot find 'EXIT_SUCCESS' in scope
 61 |
 62 |   /// An exit code that indicates successful completion of a command.
 63 |   public static let success = ExitCode(EXIT_SUCCESS)
    |                                        `- error: cannot find 'EXIT_SUCCESS' in scope
 64 |
 65 |   /// An exit code that indicates that the command failed.
/host/spi-builder-workspace/.build/checkouts/swift-argument-parser/Sources/ArgumentParser/Parsable Properties/Errors.swift:66:40: error: cannot find 'EXIT_FAILURE' in scope
 64 |
 65 |   /// An exit code that indicates that the command failed.
 66 |   public static let failure = ExitCode(EXIT_FAILURE)
    |                                        `- error: cannot find 'EXIT_FAILURE' in scope
 67 |
 68 |   /// An exit code that indicates that the user provided invalid input.
/host/spi-builder-workspace/.build/checkouts/swift-argument-parser/Sources/ArgumentParser/Parsable Properties/Errors.swift:74:50: error: cannot find 'EX_USAGE' in scope
 72 |   public static let validationFailure = ExitCode(EXIT_FAILURE)
 73 | #else
 74 |   public static let validationFailure = ExitCode(EX_USAGE)
    |                                                  `- error: cannot find 'EX_USAGE' in scope
 75 | #endif
 76 |
[27/139] Compiling SwiftSyntax SyntaxCollection.swift
/host/spi-builder-workspace/.build/checkouts/swift-argument-parser/Sources/ArgumentParser/Parsable Properties/Errors.swift:63:40: error: cannot find 'EXIT_SUCCESS' in scope
 61 |
 62 |   /// An exit code that indicates successful completion of a command.
 63 |   public static let success = ExitCode(EXIT_SUCCESS)
    |                                        `- error: cannot find 'EXIT_SUCCESS' in scope
 64 |
 65 |   /// An exit code that indicates that the command failed.
/host/spi-builder-workspace/.build/checkouts/swift-argument-parser/Sources/ArgumentParser/Parsable Properties/Errors.swift:66:40: error: cannot find 'EXIT_FAILURE' in scope
 64 |
 65 |   /// An exit code that indicates that the command failed.
 66 |   public static let failure = ExitCode(EXIT_FAILURE)
    |                                        `- error: cannot find 'EXIT_FAILURE' in scope
 67 |
 68 |   /// An exit code that indicates that the user provided invalid input.
/host/spi-builder-workspace/.build/checkouts/swift-argument-parser/Sources/ArgumentParser/Parsable Properties/Errors.swift:74:50: error: cannot find 'EX_USAGE' in scope
 72 |   public static let validationFailure = ExitCode(EXIT_FAILURE)
 73 | #else
 74 |   public static let validationFailure = ExitCode(EX_USAGE)
    |                                                  `- error: cannot find 'EX_USAGE' in scope
 75 | #endif
 76 |
[28/139] Compiling SwiftSyntax SyntaxHashable.swift
/host/spi-builder-workspace/.build/checkouts/swift-argument-parser/Sources/ArgumentParser/Parsable Properties/Errors.swift:63:40: error: cannot find 'EXIT_SUCCESS' in scope
 61 |
 62 |   /// An exit code that indicates successful completion of a command.
 63 |   public static let success = ExitCode(EXIT_SUCCESS)
    |                                        `- error: cannot find 'EXIT_SUCCESS' in scope
 64 |
 65 |   /// An exit code that indicates that the command failed.
/host/spi-builder-workspace/.build/checkouts/swift-argument-parser/Sources/ArgumentParser/Parsable Properties/Errors.swift:66:40: error: cannot find 'EXIT_FAILURE' in scope
 64 |
 65 |   /// An exit code that indicates that the command failed.
 66 |   public static let failure = ExitCode(EXIT_FAILURE)
    |                                        `- error: cannot find 'EXIT_FAILURE' in scope
 67 |
 68 |   /// An exit code that indicates that the user provided invalid input.
/host/spi-builder-workspace/.build/checkouts/swift-argument-parser/Sources/ArgumentParser/Parsable Properties/Errors.swift:74:50: error: cannot find 'EX_USAGE' in scope
 72 |   public static let validationFailure = ExitCode(EXIT_FAILURE)
 73 | #else
 74 |   public static let validationFailure = ExitCode(EX_USAGE)
    |                                                  `- error: cannot find 'EX_USAGE' in scope
 75 | #endif
 76 |
[29/143] Compiling SwiftSyntax SyntaxIdentifier.swift
/host/spi-builder-workspace/.build/checkouts/swift-argument-parser/Sources/ArgumentParser/Completions/CompletionsGenerator.swift:51:26: error: cannot find 'getenv' in scope
 49 | #else
 50 |     // FIXME: This retrieves the user's preferred shell, not necessarily the one currently in use.
 51 |     guard let shellVar = getenv("SHELL") else { return nil }
    |                          `- error: cannot find 'getenv' in scope
 52 |     let shellParts = String(cString: shellVar).split(separator: "/")
 53 |     return CompletionShell(rawValue: String(shellParts.last ?? ""))
[30/143] Compiling SwiftSyntax SyntaxNodeStructure.swift
/host/spi-builder-workspace/.build/checkouts/swift-argument-parser/Sources/ArgumentParser/Completions/CompletionsGenerator.swift:51:26: error: cannot find 'getenv' in scope
 49 | #else
 50 |     // FIXME: This retrieves the user's preferred shell, not necessarily the one currently in use.
 51 |     guard let shellVar = getenv("SHELL") else { return nil }
    |                          `- error: cannot find 'getenv' in scope
 52 |     let shellParts = String(cString: shellVar).split(separator: "/")
 53 |     return CompletionShell(rawValue: String(shellParts.last ?? ""))
[31/143] Compiling SwiftSyntax SyntaxProtocol.swift
/host/spi-builder-workspace/.build/checkouts/swift-argument-parser/Sources/ArgumentParser/Completions/CompletionsGenerator.swift:51:26: error: cannot find 'getenv' in scope
 49 | #else
 50 |     // FIXME: This retrieves the user's preferred shell, not necessarily the one currently in use.
 51 |     guard let shellVar = getenv("SHELL") else { return nil }
    |                          `- error: cannot find 'getenv' in scope
 52 |     let shellParts = String(cString: shellVar).split(separator: "/")
 53 |     return CompletionShell(rawValue: String(shellParts.last ?? ""))
[32/143] Compiling SwiftSyntax SyntaxText.swift
/host/spi-builder-workspace/.build/checkouts/swift-argument-parser/Sources/ArgumentParser/Completions/CompletionsGenerator.swift:51:26: error: cannot find 'getenv' in scope
 49 | #else
 50 |     // FIXME: This retrieves the user's preferred shell, not necessarily the one currently in use.
 51 |     guard let shellVar = getenv("SHELL") else { return nil }
    |                          `- error: cannot find 'getenv' in scope
 52 |     let shellParts = String(cString: shellVar).split(separator: "/")
 53 |     return CompletionShell(rawValue: String(shellParts.last ?? ""))
[33/143] Compiling SwiftSyntax SyntaxTreeViewMode.swift
/host/spi-builder-workspace/.build/checkouts/swift-argument-parser/Sources/ArgumentParser/Completions/CompletionsGenerator.swift:51:26: error: cannot find 'getenv' in scope
 49 | #else
 50 |     // FIXME: This retrieves the user's preferred shell, not necessarily the one currently in use.
 51 |     guard let shellVar = getenv("SHELL") else { return nil }
    |                          `- error: cannot find 'getenv' in scope
 52 |     let shellParts = String(cString: shellVar).split(separator: "/")
 53 |     return CompletionShell(rawValue: String(shellParts.last ?? ""))
[34/143] Compiling ArgumentParser CollectionExtensions.swift
[35/143] Compiling ArgumentParser SequenceExtensions.swift
[36/143] Compiling ArgumentParser StringExtensions.swift
[37/143] Compiling ArgumentParser Tree.swift
error: emit-module command failed with exit code 1 (use -v to see invocation)
[38/143] Emitting module ArgumentParser
/host/spi-builder-workspace/.build/checkouts/swift-argument-parser/Sources/ArgumentParser/Parsable Properties/Errors.swift:63:40: error: cannot find 'EXIT_SUCCESS' in scope
 61 |
 62 |   /// An exit code that indicates successful completion of a command.
 63 |   public static let success = ExitCode(EXIT_SUCCESS)
    |                                        `- error: cannot find 'EXIT_SUCCESS' in scope
 64 |
 65 |   /// An exit code that indicates that the command failed.
/host/spi-builder-workspace/.build/checkouts/swift-argument-parser/Sources/ArgumentParser/Parsable Properties/Errors.swift:66:40: error: cannot find 'EXIT_FAILURE' in scope
 64 |
 65 |   /// An exit code that indicates that the command failed.
 66 |   public static let failure = ExitCode(EXIT_FAILURE)
    |                                        `- error: cannot find 'EXIT_FAILURE' in scope
 67 |
 68 |   /// An exit code that indicates that the user provided invalid input.
/host/spi-builder-workspace/.build/checkouts/swift-argument-parser/Sources/ArgumentParser/Parsable Properties/Errors.swift:74:50: error: cannot find 'EX_USAGE' in scope
 72 |   public static let validationFailure = ExitCode(EXIT_FAILURE)
 73 | #else
 74 |   public static let validationFailure = ExitCode(EX_USAGE)
    |                                                  `- error: cannot find 'EX_USAGE' in scope
 75 | #endif
 76 |
[39/143] Compiling SwiftSyntax RawSyntax.swift
[40/143] Compiling SwiftSyntax RawSyntaxLayoutView.swift
[41/143] Compiling SwiftSyntax RawSyntaxNodeProtocol.swift
[42/143] Compiling SwiftSyntax RawSyntaxTokenView.swift
[43/143] Compiling SwiftSyntax SourceLength.swift
/host/spi-builder-workspace/Sources/Csv2ImgCore/Csv.swift:1:8: error: no such module 'Combine'
  1 | import Combine
    |        `- error: no such module 'Combine'
  2 | import CoreGraphics
  3 | import Foundation
/host/spi-builder-workspace/Sources/Csv2ImgCore/Csv.swift:1:8: error: no such module 'Combine'
  1 | import Combine
    |        `- error: no such module 'Combine'
  2 | import CoreGraphics
  3 | import Foundation
[46/145] Compiling SwiftSyntax Syntax.swift
/host/spi-builder-workspace/Sources/Csv2ImgCore/Csv.swift:1:8: error: no such module 'Combine'
  1 | import Combine
    |        `- error: no such module 'Combine'
  2 | import CoreGraphics
  3 | import Foundation
[47/145] Compiling SwiftSyntax RenamedNodesCompatibility.swift
/host/spi-builder-workspace/Sources/Csv2ImgCore/Csv.swift:1:8: error: no such module 'Combine'
  1 | import Combine
    |        `- error: no such module 'Combine'
  2 | import CoreGraphics
  3 | import Foundation
error: emit-module command failed with exit code 1 (use -v to see invocation)
[48/145] Emitting module Csv2ImgCore
/host/spi-builder-workspace/Sources/Csv2ImgCore/Csv.swift:1:8: error: no such module 'Combine'
  1 | import Combine
    |        `- error: no such module 'Combine'
  2 | import CoreGraphics
  3 | import Foundation
/host/spi-builder-workspace/Sources/Csv2ImgCore/Csv.swift:1:8: error: no such module 'Combine'
  1 | import Combine
    |        `- error: no such module 'Combine'
  2 | import CoreGraphics
  3 | import Foundation
[50/145] Compiling SwiftSyntax SourceLocation.swift
/host/spi-builder-workspace/Sources/Csv2ImgCore/Csv.swift:1:8: error: no such module 'Combine'
  1 | import Combine
    |        `- error: no such module 'Combine'
  2 | import CoreGraphics
  3 | import Foundation
/host/spi-builder-workspace/Sources/Csv2ImgCore/Csv.swift:1:8: error: no such module 'Combine'
  1 | import Combine
    |        `- error: no such module 'Combine'
  2 | import CoreGraphics
  3 | import Foundation
/host/spi-builder-workspace/Sources/Csv2ImgCore/Csv.swift:1:8: error: no such module 'Combine'
  1 | import Combine
    |        `- error: no such module 'Combine'
  2 | import CoreGraphics
  3 | import Foundation
[53/145] Compiling SwiftSyntax Assert.swift
[54/145] Compiling SwiftSyntax BumpPtrAllocator.swift
[55/145] Compiling SwiftSyntax CommonAncestor.swift
[56/145] Compiling SwiftSyntax Convenience.swift
[57/145] Compiling SwiftSyntax MemoryLayout.swift
[58/145] Compiling Csv2ImgCore TypeConvertible.swift
[59/145] Compiling SwiftSyntax SyntaxTraits.swift
[60/145] Compiling SwiftSyntax AbsolutePosition.swift
[61/145] Compiling SwiftSyntax AbsoluteRawSyntax.swift
[62/145] Compiling SwiftSyntax AbsoluteSyntaxInfo.swift
[63/145] Compiling SwiftSyntax SyntaxAnyVisitor.swift
/host/spi-builder-workspace/.build/checkouts/swift-argument-parser/Sources/ArgumentParser/Parsable Types/ParsableArguments.swift:65:31: error: cannot find 'putc' in scope
 63 | struct StandardError: TextOutputStream {
 64 |   mutating func write(_ string: String) {
 65 |     for byte in string.utf8 { putc(numericCast(byte), stderr) }
    |                               `- error: cannot find 'putc' in scope
 66 |   }
 67 | }
/host/spi-builder-workspace/.build/checkouts/swift-argument-parser/Sources/ArgumentParser/Parsable Types/ParsableArguments.swift:65:55: error: cannot find 'stderr' in scope
 63 | struct StandardError: TextOutputStream {
 64 |   mutating func write(_ string: String) {
 65 |     for byte in string.utf8 { putc(numericCast(byte), stderr) }
    |                                                       `- error: cannot find 'stderr' in scope
 66 |   }
 67 | }
/host/spi-builder-workspace/.build/checkouts/swift-argument-parser/Sources/ArgumentParser/Parsable Types/ParsableArguments.swift:65:36: error: generic parameter 'U' could not be inferred
 63 | struct StandardError: TextOutputStream {
 64 |   mutating func write(_ string: String) {
 65 |     for byte in string.utf8 { putc(numericCast(byte), stderr) }
    |                                    `- error: generic parameter 'U' could not be inferred
 66 |   }
 67 | }
Swift.numericCast:1:24: note: in call to function 'numericCast'
1 | @inlinable public func numericCast<T, U>(_ x: T) -> U where T : BinaryInteger, U : BinaryInteger
  |                        `- note: in call to function 'numericCast'
/host/spi-builder-workspace/.build/checkouts/swift-argument-parser/Sources/ArgumentParser/Parsable Types/ParsableArguments.swift:211:7: error: cannot find '_exit' in scope
209 |   ) -> Never {
210 |     guard let error = error else {
211 |       _exit(ExitCode.success.rawValue)
    |       `- error: cannot find '_exit' in scope
212 |     }
213 |
/host/spi-builder-workspace/.build/checkouts/swift-argument-parser/Sources/ArgumentParser/Parsable Properties/Errors.swift:63:40: error: cannot find 'EXIT_SUCCESS' in scope
 61 |
 62 |   /// An exit code that indicates successful completion of a command.
 63 |   public static let success = ExitCode(EXIT_SUCCESS)
    |                                        `- error: cannot find 'EXIT_SUCCESS' in scope
 64 |
 65 |   /// An exit code that indicates that the command failed.
/host/spi-builder-workspace/.build/checkouts/swift-argument-parser/Sources/ArgumentParser/Parsable Types/ParsableArguments.swift:223:5: error: cannot find '_exit' in scope
221 |       }
222 |     }
223 |     _exit(messageInfo.exitCode.rawValue)
    |     `- error: cannot find '_exit' in scope
224 |   }
225 |
[64/145] Compiling SwiftSyntax SyntaxBaseNodes.swift
/host/spi-builder-workspace/.build/checkouts/swift-argument-parser/Sources/ArgumentParser/Parsable Types/ParsableArguments.swift:65:31: error: cannot find 'putc' in scope
 63 | struct StandardError: TextOutputStream {
 64 |   mutating func write(_ string: String) {
 65 |     for byte in string.utf8 { putc(numericCast(byte), stderr) }
    |                               `- error: cannot find 'putc' in scope
 66 |   }
 67 | }
/host/spi-builder-workspace/.build/checkouts/swift-argument-parser/Sources/ArgumentParser/Parsable Types/ParsableArguments.swift:65:55: error: cannot find 'stderr' in scope
 63 | struct StandardError: TextOutputStream {
 64 |   mutating func write(_ string: String) {
 65 |     for byte in string.utf8 { putc(numericCast(byte), stderr) }
    |                                                       `- error: cannot find 'stderr' in scope
 66 |   }
 67 | }
/host/spi-builder-workspace/.build/checkouts/swift-argument-parser/Sources/ArgumentParser/Parsable Types/ParsableArguments.swift:65:36: error: generic parameter 'U' could not be inferred
 63 | struct StandardError: TextOutputStream {
 64 |   mutating func write(_ string: String) {
 65 |     for byte in string.utf8 { putc(numericCast(byte), stderr) }
    |                                    `- error: generic parameter 'U' could not be inferred
 66 |   }
 67 | }
Swift.numericCast:1:24: note: in call to function 'numericCast'
1 | @inlinable public func numericCast<T, U>(_ x: T) -> U where T : BinaryInteger, U : BinaryInteger
  |                        `- note: in call to function 'numericCast'
/host/spi-builder-workspace/.build/checkouts/swift-argument-parser/Sources/ArgumentParser/Parsable Types/ParsableArguments.swift:211:7: error: cannot find '_exit' in scope
209 |   ) -> Never {
210 |     guard let error = error else {
211 |       _exit(ExitCode.success.rawValue)
    |       `- error: cannot find '_exit' in scope
212 |     }
213 |
/host/spi-builder-workspace/.build/checkouts/swift-argument-parser/Sources/ArgumentParser/Parsable Properties/Errors.swift:63:40: error: cannot find 'EXIT_SUCCESS' in scope
 61 |
 62 |   /// An exit code that indicates successful completion of a command.
 63 |   public static let success = ExitCode(EXIT_SUCCESS)
    |                                        `- error: cannot find 'EXIT_SUCCESS' in scope
 64 |
 65 |   /// An exit code that indicates that the command failed.
/host/spi-builder-workspace/.build/checkouts/swift-argument-parser/Sources/ArgumentParser/Parsable Types/ParsableArguments.swift:223:5: error: cannot find '_exit' in scope
221 |       }
222 |     }
223 |     _exit(messageInfo.exitCode.rawValue)
    |     `- error: cannot find '_exit' in scope
224 |   }
225 |
[65/145] Compiling SwiftSyntax SyntaxCollections.swift
/host/spi-builder-workspace/.build/checkouts/swift-argument-parser/Sources/ArgumentParser/Parsable Types/ParsableArguments.swift:65:31: error: cannot find 'putc' in scope
 63 | struct StandardError: TextOutputStream {
 64 |   mutating func write(_ string: String) {
 65 |     for byte in string.utf8 { putc(numericCast(byte), stderr) }
    |                               `- error: cannot find 'putc' in scope
 66 |   }
 67 | }
/host/spi-builder-workspace/.build/checkouts/swift-argument-parser/Sources/ArgumentParser/Parsable Types/ParsableArguments.swift:65:55: error: cannot find 'stderr' in scope
 63 | struct StandardError: TextOutputStream {
 64 |   mutating func write(_ string: String) {
 65 |     for byte in string.utf8 { putc(numericCast(byte), stderr) }
    |                                                       `- error: cannot find 'stderr' in scope
 66 |   }
 67 | }
/host/spi-builder-workspace/.build/checkouts/swift-argument-parser/Sources/ArgumentParser/Parsable Types/ParsableArguments.swift:65:36: error: generic parameter 'U' could not be inferred
 63 | struct StandardError: TextOutputStream {
 64 |   mutating func write(_ string: String) {
 65 |     for byte in string.utf8 { putc(numericCast(byte), stderr) }
    |                                    `- error: generic parameter 'U' could not be inferred
 66 |   }
 67 | }
Swift.numericCast:1:24: note: in call to function 'numericCast'
1 | @inlinable public func numericCast<T, U>(_ x: T) -> U where T : BinaryInteger, U : BinaryInteger
  |                        `- note: in call to function 'numericCast'
/host/spi-builder-workspace/.build/checkouts/swift-argument-parser/Sources/ArgumentParser/Parsable Types/ParsableArguments.swift:211:7: error: cannot find '_exit' in scope
209 |   ) -> Never {
210 |     guard let error = error else {
211 |       _exit(ExitCode.success.rawValue)
    |       `- error: cannot find '_exit' in scope
212 |     }
213 |
/host/spi-builder-workspace/.build/checkouts/swift-argument-parser/Sources/ArgumentParser/Parsable Properties/Errors.swift:63:40: error: cannot find 'EXIT_SUCCESS' in scope
 61 |
 62 |   /// An exit code that indicates successful completion of a command.
 63 |   public static let success = ExitCode(EXIT_SUCCESS)
    |                                        `- error: cannot find 'EXIT_SUCCESS' in scope
 64 |
 65 |   /// An exit code that indicates that the command failed.
/host/spi-builder-workspace/.build/checkouts/swift-argument-parser/Sources/ArgumentParser/Parsable Types/ParsableArguments.swift:223:5: error: cannot find '_exit' in scope
221 |       }
222 |     }
223 |     _exit(messageInfo.exitCode.rawValue)
    |     `- error: cannot find '_exit' in scope
224 |   }
225 |
[66/145] Compiling SwiftSyntax SyntaxEnum.swift
/host/spi-builder-workspace/.build/checkouts/swift-argument-parser/Sources/ArgumentParser/Parsable Types/ParsableArguments.swift:65:31: error: cannot find 'putc' in scope
 63 | struct StandardError: TextOutputStream {
 64 |   mutating func write(_ string: String) {
 65 |     for byte in string.utf8 { putc(numericCast(byte), stderr) }
    |                               `- error: cannot find 'putc' in scope
 66 |   }
 67 | }
/host/spi-builder-workspace/.build/checkouts/swift-argument-parser/Sources/ArgumentParser/Parsable Types/ParsableArguments.swift:65:55: error: cannot find 'stderr' in scope
 63 | struct StandardError: TextOutputStream {
 64 |   mutating func write(_ string: String) {
 65 |     for byte in string.utf8 { putc(numericCast(byte), stderr) }
    |                                                       `- error: cannot find 'stderr' in scope
 66 |   }
 67 | }
/host/spi-builder-workspace/.build/checkouts/swift-argument-parser/Sources/ArgumentParser/Parsable Types/ParsableArguments.swift:65:36: error: generic parameter 'U' could not be inferred
 63 | struct StandardError: TextOutputStream {
 64 |   mutating func write(_ string: String) {
 65 |     for byte in string.utf8 { putc(numericCast(byte), stderr) }
    |                                    `- error: generic parameter 'U' could not be inferred
 66 |   }
 67 | }
Swift.numericCast:1:24: note: in call to function 'numericCast'
1 | @inlinable public func numericCast<T, U>(_ x: T) -> U where T : BinaryInteger, U : BinaryInteger
  |                        `- note: in call to function 'numericCast'
/host/spi-builder-workspace/.build/checkouts/swift-argument-parser/Sources/ArgumentParser/Parsable Types/ParsableArguments.swift:211:7: error: cannot find '_exit' in scope
209 |   ) -> Never {
210 |     guard let error = error else {
211 |       _exit(ExitCode.success.rawValue)
    |       `- error: cannot find '_exit' in scope
212 |     }
213 |
/host/spi-builder-workspace/.build/checkouts/swift-argument-parser/Sources/ArgumentParser/Parsable Properties/Errors.swift:63:40: error: cannot find 'EXIT_SUCCESS' in scope
 61 |
 62 |   /// An exit code that indicates successful completion of a command.
 63 |   public static let success = ExitCode(EXIT_SUCCESS)
    |                                        `- error: cannot find 'EXIT_SUCCESS' in scope
 64 |
 65 |   /// An exit code that indicates that the command failed.
/host/spi-builder-workspace/.build/checkouts/swift-argument-parser/Sources/ArgumentParser/Parsable Types/ParsableArguments.swift:223:5: error: cannot find '_exit' in scope
221 |       }
222 |     }
223 |     _exit(messageInfo.exitCode.rawValue)
    |     `- error: cannot find '_exit' in scope
224 |   }
225 |
[67/145] Compiling Csv2ImgCore String+Ex.swift
/host/spi-builder-workspace/.build/checkouts/swift-argument-parser/Sources/ArgumentParser/Parsable Types/ParsableArguments.swift:65:31: error: cannot find 'putc' in scope
 63 | struct StandardError: TextOutputStream {
 64 |   mutating func write(_ string: String) {
 65 |     for byte in string.utf8 { putc(numericCast(byte), stderr) }
    |                               `- error: cannot find 'putc' in scope
 66 |   }
 67 | }
/host/spi-builder-workspace/.build/checkouts/swift-argument-parser/Sources/ArgumentParser/Parsable Types/ParsableArguments.swift:65:55: error: cannot find 'stderr' in scope
 63 | struct StandardError: TextOutputStream {
 64 |   mutating func write(_ string: String) {
 65 |     for byte in string.utf8 { putc(numericCast(byte), stderr) }
    |                                                       `- error: cannot find 'stderr' in scope
 66 |   }
 67 | }
/host/spi-builder-workspace/.build/checkouts/swift-argument-parser/Sources/ArgumentParser/Parsable Types/ParsableArguments.swift:65:36: error: generic parameter 'U' could not be inferred
 63 | struct StandardError: TextOutputStream {
 64 |   mutating func write(_ string: String) {
 65 |     for byte in string.utf8 { putc(numericCast(byte), stderr) }
    |                                    `- error: generic parameter 'U' could not be inferred
 66 |   }
 67 | }
Swift.numericCast:1:24: note: in call to function 'numericCast'
1 | @inlinable public func numericCast<T, U>(_ x: T) -> U where T : BinaryInteger, U : BinaryInteger
  |                        `- note: in call to function 'numericCast'
/host/spi-builder-workspace/.build/checkouts/swift-argument-parser/Sources/ArgumentParser/Parsable Types/ParsableArguments.swift:211:7: error: cannot find '_exit' in scope
209 |   ) -> Never {
210 |     guard let error = error else {
211 |       _exit(ExitCode.success.rawValue)
    |       `- error: cannot find '_exit' in scope
212 |     }
213 |
/host/spi-builder-workspace/.build/checkouts/swift-argument-parser/Sources/ArgumentParser/Parsable Properties/Errors.swift:63:40: error: cannot find 'EXIT_SUCCESS' in scope
 61 |
 62 |   /// An exit code that indicates successful completion of a command.
 63 |   public static let success = ExitCode(EXIT_SUCCESS)
    |                                        `- error: cannot find 'EXIT_SUCCESS' in scope
 64 |
 65 |   /// An exit code that indicates that the command failed.
/host/spi-builder-workspace/.build/checkouts/swift-argument-parser/Sources/ArgumentParser/Parsable Types/ParsableArguments.swift:223:5: error: cannot find '_exit' in scope
221 |       }
222 |     }
223 |     _exit(messageInfo.exitCode.rawValue)
    |     `- error: cannot find '_exit' in scope
224 |   }
225 |
/host/spi-builder-workspace/.build/checkouts/swift-argument-parser/Sources/ArgumentParser/Usage/HelpGenerator.swift:384:11: error: cannot find 'winsize' in scope
382 |           height: Int(csbi.srWindow.Bottom - csbi.srWindow.Top) + 1)
383 | #else
384 |   var w = winsize()
    |           `- error: cannot find 'winsize' in scope
385 | #if os(OpenBSD)
386 |   // TIOCGWINSZ is a complex macro, so we need the flattened value.
/host/spi-builder-workspace/.build/checkouts/swift-argument-parser/Sources/ArgumentParser/Usage/HelpGenerator.swift:390:13: error: cannot find 'ioctl' in scope
388 |   let err = ioctl(STDOUT_FILENO, tiocgwinsz, &w)
389 | #else
390 |   let err = ioctl(STDOUT_FILENO, TIOCGWINSZ, &w)
    |             `- error: cannot find 'ioctl' in scope
391 | #endif
392 |   let width = Int(w.ws_col)
/host/spi-builder-workspace/.build/checkouts/swift-argument-parser/Sources/ArgumentParser/Usage/HelpGenerator.swift:390:19: error: cannot find 'STDOUT_FILENO' in scope
388 |   let err = ioctl(STDOUT_FILENO, tiocgwinsz, &w)
389 | #else
390 |   let err = ioctl(STDOUT_FILENO, TIOCGWINSZ, &w)
    |                   `- error: cannot find 'STDOUT_FILENO' in scope
391 | #endif
392 |   let width = Int(w.ws_col)
/host/spi-builder-workspace/.build/checkouts/swift-argument-parser/Sources/ArgumentParser/Usage/HelpGenerator.swift:390:34: error: cannot find 'TIOCGWINSZ' in scope
388 |   let err = ioctl(STDOUT_FILENO, tiocgwinsz, &w)
389 | #else
390 |   let err = ioctl(STDOUT_FILENO, TIOCGWINSZ, &w)
    |                                  `- error: cannot find 'TIOCGWINSZ' in scope
391 | #endif
392 |   let width = Int(w.ws_col)
/host/spi-builder-workspace/.build/checkouts/swift-argument-parser/Sources/ArgumentParser/Parsable Properties/Errors.swift:63:40: error: cannot find 'EXIT_SUCCESS' in scope
 61 |
 62 |   /// An exit code that indicates successful completion of a command.
 63 |   public static let success = ExitCode(EXIT_SUCCESS)
    |                                        `- error: cannot find 'EXIT_SUCCESS' in scope
 64 |
 65 |   /// An exit code that indicates that the command failed.
/host/spi-builder-workspace/.build/checkouts/swift-argument-parser/Sources/ArgumentParser/Parsable Properties/Errors.swift:74:50: error: cannot find 'EX_USAGE' in scope
 72 |   public static let validationFailure = ExitCode(EXIT_FAILURE)
 73 | #else
 74 |   public static let validationFailure = ExitCode(EX_USAGE)
    |                                                  `- error: cannot find 'EX_USAGE' in scope
 75 | #endif
 76 |
[69/145] Compiling SwiftSyntax SourcePresence.swift
/host/spi-builder-workspace/.build/checkouts/swift-argument-parser/Sources/ArgumentParser/Usage/HelpGenerator.swift:384:11: error: cannot find 'winsize' in scope
382 |           height: Int(csbi.srWindow.Bottom - csbi.srWindow.Top) + 1)
383 | #else
384 |   var w = winsize()
    |           `- error: cannot find 'winsize' in scope
385 | #if os(OpenBSD)
386 |   // TIOCGWINSZ is a complex macro, so we need the flattened value.
/host/spi-builder-workspace/.build/checkouts/swift-argument-parser/Sources/ArgumentParser/Usage/HelpGenerator.swift:390:13: error: cannot find 'ioctl' in scope
388 |   let err = ioctl(STDOUT_FILENO, tiocgwinsz, &w)
389 | #else
390 |   let err = ioctl(STDOUT_FILENO, TIOCGWINSZ, &w)
    |             `- error: cannot find 'ioctl' in scope
391 | #endif
392 |   let width = Int(w.ws_col)
/host/spi-builder-workspace/.build/checkouts/swift-argument-parser/Sources/ArgumentParser/Usage/HelpGenerator.swift:390:19: error: cannot find 'STDOUT_FILENO' in scope
388 |   let err = ioctl(STDOUT_FILENO, tiocgwinsz, &w)
389 | #else
390 |   let err = ioctl(STDOUT_FILENO, TIOCGWINSZ, &w)
    |                   `- error: cannot find 'STDOUT_FILENO' in scope
391 | #endif
392 |   let width = Int(w.ws_col)
/host/spi-builder-workspace/.build/checkouts/swift-argument-parser/Sources/ArgumentParser/Usage/HelpGenerator.swift:390:34: error: cannot find 'TIOCGWINSZ' in scope
388 |   let err = ioctl(STDOUT_FILENO, tiocgwinsz, &w)
389 | #else
390 |   let err = ioctl(STDOUT_FILENO, TIOCGWINSZ, &w)
    |                                  `- error: cannot find 'TIOCGWINSZ' in scope
391 | #endif
392 |   let width = Int(w.ws_col)
/host/spi-builder-workspace/.build/checkouts/swift-argument-parser/Sources/ArgumentParser/Parsable Properties/Errors.swift:63:40: error: cannot find 'EXIT_SUCCESS' in scope
 61 |
 62 |   /// An exit code that indicates successful completion of a command.
 63 |   public static let success = ExitCode(EXIT_SUCCESS)
    |                                        `- error: cannot find 'EXIT_SUCCESS' in scope
 64 |
 65 |   /// An exit code that indicates that the command failed.
/host/spi-builder-workspace/.build/checkouts/swift-argument-parser/Sources/ArgumentParser/Parsable Properties/Errors.swift:74:50: error: cannot find 'EX_USAGE' in scope
 72 |   public static let validationFailure = ExitCode(EXIT_FAILURE)
 73 | #else
 74 |   public static let validationFailure = ExitCode(EX_USAGE)
    |                                                  `- error: cannot find 'EX_USAGE' in scope
 75 | #endif
 76 |
[70/145] Compiling SwiftSyntax SwiftSyntaxCompatibility.swift
/host/spi-builder-workspace/.build/checkouts/swift-argument-parser/Sources/ArgumentParser/Usage/HelpGenerator.swift:384:11: error: cannot find 'winsize' in scope
382 |           height: Int(csbi.srWindow.Bottom - csbi.srWindow.Top) + 1)
383 | #else
384 |   var w = winsize()
    |           `- error: cannot find 'winsize' in scope
385 | #if os(OpenBSD)
386 |   // TIOCGWINSZ is a complex macro, so we need the flattened value.
/host/spi-builder-workspace/.build/checkouts/swift-argument-parser/Sources/ArgumentParser/Usage/HelpGenerator.swift:390:13: error: cannot find 'ioctl' in scope
388 |   let err = ioctl(STDOUT_FILENO, tiocgwinsz, &w)
389 | #else
390 |   let err = ioctl(STDOUT_FILENO, TIOCGWINSZ, &w)
    |             `- error: cannot find 'ioctl' in scope
391 | #endif
392 |   let width = Int(w.ws_col)
/host/spi-builder-workspace/.build/checkouts/swift-argument-parser/Sources/ArgumentParser/Usage/HelpGenerator.swift:390:19: error: cannot find 'STDOUT_FILENO' in scope
388 |   let err = ioctl(STDOUT_FILENO, tiocgwinsz, &w)
389 | #else
390 |   let err = ioctl(STDOUT_FILENO, TIOCGWINSZ, &w)
    |                   `- error: cannot find 'STDOUT_FILENO' in scope
391 | #endif
392 |   let width = Int(w.ws_col)
/host/spi-builder-workspace/.build/checkouts/swift-argument-parser/Sources/ArgumentParser/Usage/HelpGenerator.swift:390:34: error: cannot find 'TIOCGWINSZ' in scope
388 |   let err = ioctl(STDOUT_FILENO, tiocgwinsz, &w)
389 | #else
390 |   let err = ioctl(STDOUT_FILENO, TIOCGWINSZ, &w)
    |                                  `- error: cannot find 'TIOCGWINSZ' in scope
391 | #endif
392 |   let width = Int(w.ws_col)
/host/spi-builder-workspace/.build/checkouts/swift-argument-parser/Sources/ArgumentParser/Parsable Properties/Errors.swift:63:40: error: cannot find 'EXIT_SUCCESS' in scope
 61 |
 62 |   /// An exit code that indicates successful completion of a command.
 63 |   public static let success = ExitCode(EXIT_SUCCESS)
    |                                        `- error: cannot find 'EXIT_SUCCESS' in scope
 64 |
 65 |   /// An exit code that indicates that the command failed.
/host/spi-builder-workspace/.build/checkouts/swift-argument-parser/Sources/ArgumentParser/Parsable Properties/Errors.swift:74:50: error: cannot find 'EX_USAGE' in scope
 72 |   public static let validationFailure = ExitCode(EXIT_FAILURE)
 73 | #else
 74 |   public static let validationFailure = ExitCode(EX_USAGE)
    |                                                  `- error: cannot find 'EX_USAGE' in scope
 75 | #endif
 76 |
/host/spi-builder-workspace/.build/checkouts/swift-argument-parser/Sources/ArgumentParser/Usage/HelpGenerator.swift:384:11: error: cannot find 'winsize' in scope
382 |           height: Int(csbi.srWindow.Bottom - csbi.srWindow.Top) + 1)
383 | #else
384 |   var w = winsize()
    |           `- error: cannot find 'winsize' in scope
385 | #if os(OpenBSD)
386 |   // TIOCGWINSZ is a complex macro, so we need the flattened value.
/host/spi-builder-workspace/.build/checkouts/swift-argument-parser/Sources/ArgumentParser/Usage/HelpGenerator.swift:390:13: error: cannot find 'ioctl' in scope
388 |   let err = ioctl(STDOUT_FILENO, tiocgwinsz, &w)
389 | #else
390 |   let err = ioctl(STDOUT_FILENO, TIOCGWINSZ, &w)
    |             `- error: cannot find 'ioctl' in scope
391 | #endif
392 |   let width = Int(w.ws_col)
/host/spi-builder-workspace/.build/checkouts/swift-argument-parser/Sources/ArgumentParser/Usage/HelpGenerator.swift:390:19: error: cannot find 'STDOUT_FILENO' in scope
388 |   let err = ioctl(STDOUT_FILENO, tiocgwinsz, &w)
389 | #else
390 |   let err = ioctl(STDOUT_FILENO, TIOCGWINSZ, &w)
    |                   `- error: cannot find 'STDOUT_FILENO' in scope
391 | #endif
392 |   let width = Int(w.ws_col)
/host/spi-builder-workspace/.build/checkouts/swift-argument-parser/Sources/ArgumentParser/Usage/HelpGenerator.swift:390:34: error: cannot find 'TIOCGWINSZ' in scope
388 |   let err = ioctl(STDOUT_FILENO, tiocgwinsz, &w)
389 | #else
390 |   let err = ioctl(STDOUT_FILENO, TIOCGWINSZ, &w)
    |                                  `- error: cannot find 'TIOCGWINSZ' in scope
391 | #endif
392 |   let width = Int(w.ws_col)
/host/spi-builder-workspace/.build/checkouts/swift-argument-parser/Sources/ArgumentParser/Parsable Properties/Errors.swift:63:40: error: cannot find 'EXIT_SUCCESS' in scope
 61 |
 62 |   /// An exit code that indicates successful completion of a command.
 63 |   public static let success = ExitCode(EXIT_SUCCESS)
    |                                        `- error: cannot find 'EXIT_SUCCESS' in scope
 64 |
 65 |   /// An exit code that indicates that the command failed.
/host/spi-builder-workspace/.build/checkouts/swift-argument-parser/Sources/ArgumentParser/Parsable Properties/Errors.swift:74:50: error: cannot find 'EX_USAGE' in scope
 72 |   public static let validationFailure = ExitCode(EXIT_FAILURE)
 73 | #else
 74 |   public static let validationFailure = ExitCode(EX_USAGE)
    |                                                  `- error: cannot find 'EX_USAGE' in scope
 75 | #endif
 76 |
/host/spi-builder-workspace/.build/checkouts/swift-argument-parser/Sources/ArgumentParser/Usage/HelpGenerator.swift:384:11: error: cannot find 'winsize' in scope
382 |           height: Int(csbi.srWindow.Bottom - csbi.srWindow.Top) + 1)
383 | #else
384 |   var w = winsize()
    |           `- error: cannot find 'winsize' in scope
385 | #if os(OpenBSD)
386 |   // TIOCGWINSZ is a complex macro, so we need the flattened value.
/host/spi-builder-workspace/.build/checkouts/swift-argument-parser/Sources/ArgumentParser/Usage/HelpGenerator.swift:390:13: error: cannot find 'ioctl' in scope
388 |   let err = ioctl(STDOUT_FILENO, tiocgwinsz, &w)
389 | #else
390 |   let err = ioctl(STDOUT_FILENO, TIOCGWINSZ, &w)
    |             `- error: cannot find 'ioctl' in scope
391 | #endif
392 |   let width = Int(w.ws_col)
/host/spi-builder-workspace/.build/checkouts/swift-argument-parser/Sources/ArgumentParser/Usage/HelpGenerator.swift:390:19: error: cannot find 'STDOUT_FILENO' in scope
388 |   let err = ioctl(STDOUT_FILENO, tiocgwinsz, &w)
389 | #else
390 |   let err = ioctl(STDOUT_FILENO, TIOCGWINSZ, &w)
    |                   `- error: cannot find 'STDOUT_FILENO' in scope
391 | #endif
392 |   let width = Int(w.ws_col)
/host/spi-builder-workspace/.build/checkouts/swift-argument-parser/Sources/ArgumentParser/Usage/HelpGenerator.swift:390:34: error: cannot find 'TIOCGWINSZ' in scope
388 |   let err = ioctl(STDOUT_FILENO, tiocgwinsz, &w)
389 | #else
390 |   let err = ioctl(STDOUT_FILENO, TIOCGWINSZ, &w)
    |                                  `- error: cannot find 'TIOCGWINSZ' in scope
391 | #endif
392 |   let width = Int(w.ws_col)
/host/spi-builder-workspace/.build/checkouts/swift-argument-parser/Sources/ArgumentParser/Parsable Properties/Errors.swift:63:40: error: cannot find 'EXIT_SUCCESS' in scope
 61 |
 62 |   /// An exit code that indicates successful completion of a command.
 63 |   public static let success = ExitCode(EXIT_SUCCESS)
    |                                        `- error: cannot find 'EXIT_SUCCESS' in scope
 64 |
 65 |   /// An exit code that indicates that the command failed.
/host/spi-builder-workspace/.build/checkouts/swift-argument-parser/Sources/ArgumentParser/Parsable Properties/Errors.swift:74:50: error: cannot find 'EX_USAGE' in scope
 72 |   public static let validationFailure = ExitCode(EXIT_FAILURE)
 73 | #else
 74 |   public static let validationFailure = ExitCode(EX_USAGE)
    |                                                  `- error: cannot find 'EX_USAGE' in scope
 75 | #endif
 76 |
/host/spi-builder-workspace/Sources/Csv2ImgCore/Csv.swift:1:8: error: no such module 'Combine'
  1 | import Combine
    |        `- error: no such module 'Combine'
  2 | import CoreGraphics
  3 | import Foundation
/host/spi-builder-workspace/Sources/Csv2ImgCore/Csv.swift:1:8: error: no such module 'Combine'
  1 | import Combine
    |        `- error: no such module 'Combine'
  2 | import CoreGraphics
  3 | import Foundation
/host/spi-builder-workspace/Sources/Csv2ImgCore/Csv.swift:1:8: error: no such module 'Combine'
  1 | import Combine
    |        `- error: no such module 'Combine'
  2 | import CoreGraphics
  3 | import Foundation
/host/spi-builder-workspace/Sources/Csv2ImgCore/Csv.swift:1:8: error: no such module 'Combine'
  1 | import Combine
    |        `- error: no such module 'Combine'
  2 | import CoreGraphics
  3 | import Foundation
/host/spi-builder-workspace/Sources/Csv2ImgCore/Csv.swift:1:8: error: no such module 'Combine'
  1 | import Combine
    |        `- error: no such module 'Combine'
  2 | import CoreGraphics
  3 | import Foundation
/host/spi-builder-workspace/Sources/Csv2ImgCore/Csv.swift:1:8: error: no such module 'Combine'
  1 | import Combine
    |        `- error: no such module 'Combine'
  2 | import CoreGraphics
  3 | import Foundation
Running build ...
bash -c docker run --pull=always --rm -v "checkouts-53886770-1":/host -w "$PWD" -e JAVA_HOME="/root/.sdkman/candidates/java/current" -e SPI_BUILD="1" -e SPI_PROCESSING="1" registry.gitlab.com/saguaro1/spi-images:android-6.1-latest swift build --swift-sdk aarch64-unknown-linux-android24 2>&1
android-6.1-latest: Pulling from saguaro1/spi-images
Digest: sha256:0cd0efb458d677a6de9b5e028d30e2aa1d1b247c2277202ba317a28ce9e867e0
Status: Image is up to date for registry.gitlab.com/saguaro1/spi-images:android-6.1-latest
[0/1] Planning build
[1/1] Compiling plugin Swift-DocC Preview
[2/2] Compiling plugin Swift-DocC
[3/3] Compiling plugin GenerateManualPlugin
Building for debugging...
[3/10] Write swift-version-24593BA9C3E375BF.txt
[5/31] Compiling SwiftSyntax509 Empty.swift
[6/31] Emitting module SwiftSyntax509
[7/32] Compiling SwiftSyntax510 Empty.swift
[8/32] Emitting module SwiftSyntax510
[11/93] Emitting module ArgumentParserToolInfo
[12/93] Compiling ArgumentParserToolInfo ToolInfo.swift
[14/129] Compiling ArgumentParser ArgumentHelp.swift
/host/spi-builder-workspace/.build/checkouts/swift-argument-parser/Sources/ArgumentParser/Parsable Properties/Errors.swift:63:40: error: cannot find 'EXIT_SUCCESS' in scope
 61 |
 62 |   /// An exit code that indicates successful completion of a command.
 63 |   public static let success = ExitCode(EXIT_SUCCESS)
    |                                        `- error: cannot find 'EXIT_SUCCESS' in scope
 64 |
 65 |   /// An exit code that indicates that the command failed.
/host/spi-builder-workspace/.build/checkouts/swift-argument-parser/Sources/ArgumentParser/Parsable Properties/Errors.swift:66:40: error: cannot find 'EXIT_FAILURE' in scope
 64 |
 65 |   /// An exit code that indicates that the command failed.
 66 |   public static let failure = ExitCode(EXIT_FAILURE)
    |                                        `- error: cannot find 'EXIT_FAILURE' in scope
 67 |
 68 |   /// An exit code that indicates that the user provided invalid input.
/host/spi-builder-workspace/.build/checkouts/swift-argument-parser/Sources/ArgumentParser/Parsable Properties/Errors.swift:74:50: error: cannot find 'EX_USAGE' in scope
 72 |   public static let validationFailure = ExitCode(EXIT_FAILURE)
 73 | #else
 74 |   public static let validationFailure = ExitCode(EX_USAGE)
    |                                                  `- error: cannot find 'EX_USAGE' in scope
 75 | #endif
 76 |
[15/129] Compiling ArgumentParser ArgumentVisibility.swift
/host/spi-builder-workspace/.build/checkouts/swift-argument-parser/Sources/ArgumentParser/Parsable Properties/Errors.swift:63:40: error: cannot find 'EXIT_SUCCESS' in scope
 61 |
 62 |   /// An exit code that indicates successful completion of a command.
 63 |   public static let success = ExitCode(EXIT_SUCCESS)
    |                                        `- error: cannot find 'EXIT_SUCCESS' in scope
 64 |
 65 |   /// An exit code that indicates that the command failed.
/host/spi-builder-workspace/.build/checkouts/swift-argument-parser/Sources/ArgumentParser/Parsable Properties/Errors.swift:66:40: error: cannot find 'EXIT_FAILURE' in scope
 64 |
 65 |   /// An exit code that indicates that the command failed.
 66 |   public static let failure = ExitCode(EXIT_FAILURE)
    |                                        `- error: cannot find 'EXIT_FAILURE' in scope
 67 |
 68 |   /// An exit code that indicates that the user provided invalid input.
/host/spi-builder-workspace/.build/checkouts/swift-argument-parser/Sources/ArgumentParser/Parsable Properties/Errors.swift:74:50: error: cannot find 'EX_USAGE' in scope
 72 |   public static let validationFailure = ExitCode(EXIT_FAILURE)
 73 | #else
 74 |   public static let validationFailure = ExitCode(EX_USAGE)
    |                                                  `- error: cannot find 'EX_USAGE' in scope
 75 | #endif
 76 |
[16/129] Compiling ArgumentParser CompletionKind.swift
/host/spi-builder-workspace/.build/checkouts/swift-argument-parser/Sources/ArgumentParser/Parsable Properties/Errors.swift:63:40: error: cannot find 'EXIT_SUCCESS' in scope
 61 |
 62 |   /// An exit code that indicates successful completion of a command.
 63 |   public static let success = ExitCode(EXIT_SUCCESS)
    |                                        `- error: cannot find 'EXIT_SUCCESS' in scope
 64 |
 65 |   /// An exit code that indicates that the command failed.
/host/spi-builder-workspace/.build/checkouts/swift-argument-parser/Sources/ArgumentParser/Parsable Properties/Errors.swift:66:40: error: cannot find 'EXIT_FAILURE' in scope
 64 |
 65 |   /// An exit code that indicates that the command failed.
 66 |   public static let failure = ExitCode(EXIT_FAILURE)
    |                                        `- error: cannot find 'EXIT_FAILURE' in scope
 67 |
 68 |   /// An exit code that indicates that the user provided invalid input.
/host/spi-builder-workspace/.build/checkouts/swift-argument-parser/Sources/ArgumentParser/Parsable Properties/Errors.swift:74:50: error: cannot find 'EX_USAGE' in scope
 72 |   public static let validationFailure = ExitCode(EXIT_FAILURE)
 73 | #else
 74 |   public static let validationFailure = ExitCode(EX_USAGE)
    |                                                  `- error: cannot find 'EX_USAGE' in scope
 75 | #endif
 76 |
[17/129] Compiling ArgumentParser Errors.swift
/host/spi-builder-workspace/.build/checkouts/swift-argument-parser/Sources/ArgumentParser/Parsable Properties/Errors.swift:63:40: error: cannot find 'EXIT_SUCCESS' in scope
 61 |
 62 |   /// An exit code that indicates successful completion of a command.
 63 |   public static let success = ExitCode(EXIT_SUCCESS)
    |                                        `- error: cannot find 'EXIT_SUCCESS' in scope
 64 |
 65 |   /// An exit code that indicates that the command failed.
/host/spi-builder-workspace/.build/checkouts/swift-argument-parser/Sources/ArgumentParser/Parsable Properties/Errors.swift:66:40: error: cannot find 'EXIT_FAILURE' in scope
 64 |
 65 |   /// An exit code that indicates that the command failed.
 66 |   public static let failure = ExitCode(EXIT_FAILURE)
    |                                        `- error: cannot find 'EXIT_FAILURE' in scope
 67 |
 68 |   /// An exit code that indicates that the user provided invalid input.
/host/spi-builder-workspace/.build/checkouts/swift-argument-parser/Sources/ArgumentParser/Parsable Properties/Errors.swift:74:50: error: cannot find 'EX_USAGE' in scope
 72 |   public static let validationFailure = ExitCode(EXIT_FAILURE)
 73 | #else
 74 |   public static let validationFailure = ExitCode(EX_USAGE)
    |                                                  `- error: cannot find 'EX_USAGE' in scope
 75 | #endif
 76 |
[18/129] Compiling ArgumentParser Flag.swift
/host/spi-builder-workspace/.build/checkouts/swift-argument-parser/Sources/ArgumentParser/Parsable Properties/Errors.swift:63:40: error: cannot find 'EXIT_SUCCESS' in scope
 61 |
 62 |   /// An exit code that indicates successful completion of a command.
 63 |   public static let success = ExitCode(EXIT_SUCCESS)
    |                                        `- error: cannot find 'EXIT_SUCCESS' in scope
 64 |
 65 |   /// An exit code that indicates that the command failed.
/host/spi-builder-workspace/.build/checkouts/swift-argument-parser/Sources/ArgumentParser/Parsable Properties/Errors.swift:66:40: error: cannot find 'EXIT_FAILURE' in scope
 64 |
 65 |   /// An exit code that indicates that the command failed.
 66 |   public static let failure = ExitCode(EXIT_FAILURE)
    |                                        `- error: cannot find 'EXIT_FAILURE' in scope
 67 |
 68 |   /// An exit code that indicates that the user provided invalid input.
/host/spi-builder-workspace/.build/checkouts/swift-argument-parser/Sources/ArgumentParser/Parsable Properties/Errors.swift:74:50: error: cannot find 'EX_USAGE' in scope
 72 |   public static let validationFailure = ExitCode(EXIT_FAILURE)
 73 | #else
 74 |   public static let validationFailure = ExitCode(EX_USAGE)
    |                                                  `- error: cannot find 'EX_USAGE' in scope
 75 | #endif
 76 |
error: emit-module command failed with exit code 1 (use -v to see invocation)
[19/133] Emitting module ArgumentParser
/host/spi-builder-workspace/.build/checkouts/swift-argument-parser/Sources/ArgumentParser/Parsable Properties/Errors.swift:63:40: error: cannot find 'EXIT_SUCCESS' in scope
 61 |
 62 |   /// An exit code that indicates successful completion of a command.
 63 |   public static let success = ExitCode(EXIT_SUCCESS)
    |                                        `- error: cannot find 'EXIT_SUCCESS' in scope
 64 |
 65 |   /// An exit code that indicates that the command failed.
/host/spi-builder-workspace/.build/checkouts/swift-argument-parser/Sources/ArgumentParser/Parsable Properties/Errors.swift:66:40: error: cannot find 'EXIT_FAILURE' in scope
 64 |
 65 |   /// An exit code that indicates that the command failed.
 66 |   public static let failure = ExitCode(EXIT_FAILURE)
    |                                        `- error: cannot find 'EXIT_FAILURE' in scope
 67 |
 68 |   /// An exit code that indicates that the user provided invalid input.
/host/spi-builder-workspace/.build/checkouts/swift-argument-parser/Sources/ArgumentParser/Parsable Properties/Errors.swift:74:50: error: cannot find 'EX_USAGE' in scope
 72 |   public static let validationFailure = ExitCode(EXIT_FAILURE)
 73 | #else
 74 |   public static let validationFailure = ExitCode(EX_USAGE)
    |                                                  `- error: cannot find 'EX_USAGE' in scope
 75 | #endif
 76 |
[20/133] Compiling ArgumentParser BashCompletionsGenerator.swift
/host/spi-builder-workspace/.build/checkouts/swift-argument-parser/Sources/ArgumentParser/Completions/CompletionsGenerator.swift:51:26: error: cannot find 'getenv' in scope
 49 | #else
 50 |     // FIXME: This retrieves the user's preferred shell, not necessarily the one currently in use.
 51 |     guard let shellVar = getenv("SHELL") else { return nil }
    |                          `- error: cannot find 'getenv' in scope
 52 |     let shellParts = String(cString: shellVar).split(separator: "/")
 53 |     return CompletionShell(rawValue: String(shellParts.last ?? ""))
[21/133] Compiling ArgumentParser CompletionsGenerator.swift
/host/spi-builder-workspace/.build/checkouts/swift-argument-parser/Sources/ArgumentParser/Completions/CompletionsGenerator.swift:51:26: error: cannot find 'getenv' in scope
 49 | #else
 50 |     // FIXME: This retrieves the user's preferred shell, not necessarily the one currently in use.
 51 |     guard let shellVar = getenv("SHELL") else { return nil }
    |                          `- error: cannot find 'getenv' in scope
 52 |     let shellParts = String(cString: shellVar).split(separator: "/")
 53 |     return CompletionShell(rawValue: String(shellParts.last ?? ""))
[22/133] Compiling ArgumentParser FishCompletionsGenerator.swift
/host/spi-builder-workspace/.build/checkouts/swift-argument-parser/Sources/ArgumentParser/Completions/CompletionsGenerator.swift:51:26: error: cannot find 'getenv' in scope
 49 | #else
 50 |     // FIXME: This retrieves the user's preferred shell, not necessarily the one currently in use.
 51 |     guard let shellVar = getenv("SHELL") else { return nil }
    |                          `- error: cannot find 'getenv' in scope
 52 |     let shellParts = String(cString: shellVar).split(separator: "/")
 53 |     return CompletionShell(rawValue: String(shellParts.last ?? ""))
[23/133] Compiling ArgumentParser ZshCompletionsGenerator.swift
/host/spi-builder-workspace/.build/checkouts/swift-argument-parser/Sources/ArgumentParser/Completions/CompletionsGenerator.swift:51:26: error: cannot find 'getenv' in scope
 49 | #else
 50 |     // FIXME: This retrieves the user's preferred shell, not necessarily the one currently in use.
 51 |     guard let shellVar = getenv("SHELL") else { return nil }
    |                          `- error: cannot find 'getenv' in scope
 52 |     let shellParts = String(cString: shellVar).split(separator: "/")
 53 |     return CompletionShell(rawValue: String(shellParts.last ?? ""))
[24/133] Compiling ArgumentParser Argument.swift
/host/spi-builder-workspace/.build/checkouts/swift-argument-parser/Sources/ArgumentParser/Completions/CompletionsGenerator.swift:51:26: error: cannot find 'getenv' in scope
 49 | #else
 50 |     // FIXME: This retrieves the user's preferred shell, not necessarily the one currently in use.
 51 |     guard let shellVar = getenv("SHELL") else { return nil }
    |                          `- error: cannot find 'getenv' in scope
 52 |     let shellParts = String(cString: shellVar).split(separator: "/")
 53 |     return CompletionShell(rawValue: String(shellParts.last ?? ""))
[25/133] Compiling ArgumentParser NameSpecification.swift
[26/133] Compiling ArgumentParser Option.swift
[27/133] Compiling ArgumentParser OptionGroup.swift
[28/133] Compiling ArgumentParser AsyncParsableCommand.swift
[29/133] Compiling ArgumentParser CommandConfiguration.swift
/host/spi-builder-workspace/Sources/Csv2ImgCore/Csv.swift:1:8: error: no such module 'Combine'
  1 | import Combine
    |        `- error: no such module 'Combine'
  2 | import CoreGraphics
  3 | import Foundation
/host/spi-builder-workspace/Sources/Csv2ImgCore/Csv.swift:1:8: error: no such module 'Combine'
  1 | import Combine
    |        `- error: no such module 'Combine'
  2 | import CoreGraphics
  3 | import Foundation
/host/spi-builder-workspace/Sources/Csv2ImgCore/Csv.swift:1:8: error: no such module 'Combine'
  1 | import Combine
    |        `- error: no such module 'Combine'
  2 | import CoreGraphics
  3 | import Foundation
/host/spi-builder-workspace/Sources/Csv2ImgCore/Csv.swift:1:8: error: no such module 'Combine'
  1 | import Combine
    |        `- error: no such module 'Combine'
  2 | import CoreGraphics
  3 | import Foundation
error: emit-module command failed with exit code 1 (use -v to see invocation)
[34/133] Emitting module Csv2ImgCore
/host/spi-builder-workspace/Sources/Csv2ImgCore/Csv.swift:1:8: error: no such module 'Combine'
  1 | import Combine
    |        `- error: no such module 'Combine'
  2 | import CoreGraphics
  3 | import Foundation
[35/135] Compiling Csv2ImgCore TypeConvertible.swift
[36/135] Compiling ArgumentParser Parsed.swift
[37/135] Compiling ArgumentParser ParsedValues.swift
[38/135] Compiling ArgumentParser ParserError.swift
[39/135] Compiling ArgumentParser SplitArguments.swift
[40/135] Compiling ArgumentParser DumpHelpGenerator.swift
/host/spi-builder-workspace/.build/checkouts/swift-argument-parser/Sources/ArgumentParser/Usage/HelpGenerator.swift:384:11: error: cannot find 'winsize' in scope
382 |           height: Int(csbi.srWindow.Bottom - csbi.srWindow.Top) + 1)
383 | #else
384 |   var w = winsize()
    |           `- error: cannot find 'winsize' in scope
385 | #if os(OpenBSD)
386 |   // TIOCGWINSZ is a complex macro, so we need the flattened value.
/host/spi-builder-workspace/.build/checkouts/swift-argument-parser/Sources/ArgumentParser/Usage/HelpGenerator.swift:390:13: error: cannot find 'ioctl' in scope
388 |   let err = ioctl(STDOUT_FILENO, tiocgwinsz, &w)
389 | #else
390 |   let err = ioctl(STDOUT_FILENO, TIOCGWINSZ, &w)
    |             `- error: cannot find 'ioctl' in scope
391 | #endif
392 |   let width = Int(w.ws_col)
/host/spi-builder-workspace/.build/checkouts/swift-argument-parser/Sources/ArgumentParser/Usage/HelpGenerator.swift:390:19: error: cannot find 'STDOUT_FILENO' in scope
388 |   let err = ioctl(STDOUT_FILENO, tiocgwinsz, &w)
389 | #else
390 |   let err = ioctl(STDOUT_FILENO, TIOCGWINSZ, &w)
    |                   `- error: cannot find 'STDOUT_FILENO' in scope
391 | #endif
392 |   let width = Int(w.ws_col)
/host/spi-builder-workspace/.build/checkouts/swift-argument-parser/Sources/ArgumentParser/Usage/HelpGenerator.swift:390:34: error: cannot find 'TIOCGWINSZ' in scope
388 |   let err = ioctl(STDOUT_FILENO, tiocgwinsz, &w)
389 | #else
390 |   let err = ioctl(STDOUT_FILENO, TIOCGWINSZ, &w)
    |                                  `- error: cannot find 'TIOCGWINSZ' in scope
391 | #endif
392 |   let width = Int(w.ws_col)
/host/spi-builder-workspace/.build/checkouts/swift-argument-parser/Sources/ArgumentParser/Parsable Properties/Errors.swift:63:40: error: cannot find 'EXIT_SUCCESS' in scope
 61 |
 62 |   /// An exit code that indicates successful completion of a command.
 63 |   public static let success = ExitCode(EXIT_SUCCESS)
    |                                        `- error: cannot find 'EXIT_SUCCESS' in scope
 64 |
 65 |   /// An exit code that indicates that the command failed.
/host/spi-builder-workspace/.build/checkouts/swift-argument-parser/Sources/ArgumentParser/Parsable Properties/Errors.swift:74:50: error: cannot find 'EX_USAGE' in scope
 72 |   public static let validationFailure = ExitCode(EXIT_FAILURE)
 73 | #else
 74 |   public static let validationFailure = ExitCode(EX_USAGE)
    |                                                  `- error: cannot find 'EX_USAGE' in scope
 75 | #endif
 76 |
[41/135] Compiling ArgumentParser HelpCommand.swift
/host/spi-builder-workspace/.build/checkouts/swift-argument-parser/Sources/ArgumentParser/Usage/HelpGenerator.swift:384:11: error: cannot find 'winsize' in scope
382 |           height: Int(csbi.srWindow.Bottom - csbi.srWindow.Top) + 1)
383 | #else
384 |   var w = winsize()
    |           `- error: cannot find 'winsize' in scope
385 | #if os(OpenBSD)
386 |   // TIOCGWINSZ is a complex macro, so we need the flattened value.
/host/spi-builder-workspace/.build/checkouts/swift-argument-parser/Sources/ArgumentParser/Usage/HelpGenerator.swift:390:13: error: cannot find 'ioctl' in scope
388 |   let err = ioctl(STDOUT_FILENO, tiocgwinsz, &w)
389 | #else
390 |   let err = ioctl(STDOUT_FILENO, TIOCGWINSZ, &w)
    |             `- error: cannot find 'ioctl' in scope
391 | #endif
392 |   let width = Int(w.ws_col)
/host/spi-builder-workspace/.build/checkouts/swift-argument-parser/Sources/ArgumentParser/Usage/HelpGenerator.swift:390:19: error: cannot find 'STDOUT_FILENO' in scope
388 |   let err = ioctl(STDOUT_FILENO, tiocgwinsz, &w)
389 | #else
390 |   let err = ioctl(STDOUT_FILENO, TIOCGWINSZ, &w)
    |                   `- error: cannot find 'STDOUT_FILENO' in scope
391 | #endif
392 |   let width = Int(w.ws_col)
/host/spi-builder-workspace/.build/checkouts/swift-argument-parser/Sources/ArgumentParser/Usage/HelpGenerator.swift:390:34: error: cannot find 'TIOCGWINSZ' in scope
388 |   let err = ioctl(STDOUT_FILENO, tiocgwinsz, &w)
389 | #else
390 |   let err = ioctl(STDOUT_FILENO, TIOCGWINSZ, &w)
    |                                  `- error: cannot find 'TIOCGWINSZ' in scope
391 | #endif
392 |   let width = Int(w.ws_col)
/host/spi-builder-workspace/.build/checkouts/swift-argument-parser/Sources/ArgumentParser/Parsable Properties/Errors.swift:63:40: error: cannot find 'EXIT_SUCCESS' in scope
 61 |
 62 |   /// An exit code that indicates successful completion of a command.
 63 |   public static let success = ExitCode(EXIT_SUCCESS)
    |                                        `- error: cannot find 'EXIT_SUCCESS' in scope
 64 |
 65 |   /// An exit code that indicates that the command failed.
/host/spi-builder-workspace/.build/checkouts/swift-argument-parser/Sources/ArgumentParser/Parsable Properties/Errors.swift:74:50: error: cannot find 'EX_USAGE' in scope
 72 |   public static let validationFailure = ExitCode(EXIT_FAILURE)
 73 | #else
 74 |   public static let validationFailure = ExitCode(EX_USAGE)
    |                                                  `- error: cannot find 'EX_USAGE' in scope
 75 | #endif
 76 |
[42/135] Compiling ArgumentParser HelpGenerator.swift
/host/spi-builder-workspace/.build/checkouts/swift-argument-parser/Sources/ArgumentParser/Usage/HelpGenerator.swift:384:11: error: cannot find 'winsize' in scope
382 |           height: Int(csbi.srWindow.Bottom - csbi.srWindow.Top) + 1)
383 | #else
384 |   var w = winsize()
    |           `- error: cannot find 'winsize' in scope
385 | #if os(OpenBSD)
386 |   // TIOCGWINSZ is a complex macro, so we need the flattened value.
/host/spi-builder-workspace/.build/checkouts/swift-argument-parser/Sources/ArgumentParser/Usage/HelpGenerator.swift:390:13: error: cannot find 'ioctl' in scope
388 |   let err = ioctl(STDOUT_FILENO, tiocgwinsz, &w)
389 | #else
390 |   let err = ioctl(STDOUT_FILENO, TIOCGWINSZ, &w)
    |             `- error: cannot find 'ioctl' in scope
391 | #endif
392 |   let width = Int(w.ws_col)
/host/spi-builder-workspace/.build/checkouts/swift-argument-parser/Sources/ArgumentParser/Usage/HelpGenerator.swift:390:19: error: cannot find 'STDOUT_FILENO' in scope
388 |   let err = ioctl(STDOUT_FILENO, tiocgwinsz, &w)
389 | #else
390 |   let err = ioctl(STDOUT_FILENO, TIOCGWINSZ, &w)
    |                   `- error: cannot find 'STDOUT_FILENO' in scope
391 | #endif
392 |   let width = Int(w.ws_col)
/host/spi-builder-workspace/.build/checkouts/swift-argument-parser/Sources/ArgumentParser/Usage/HelpGenerator.swift:390:34: error: cannot find 'TIOCGWINSZ' in scope
388 |   let err = ioctl(STDOUT_FILENO, tiocgwinsz, &w)
389 | #else
390 |   let err = ioctl(STDOUT_FILENO, TIOCGWINSZ, &w)
    |                                  `- error: cannot find 'TIOCGWINSZ' in scope
391 | #endif
392 |   let width = Int(w.ws_col)
/host/spi-builder-workspace/.build/checkouts/swift-argument-parser/Sources/ArgumentParser/Parsable Properties/Errors.swift:63:40: error: cannot find 'EXIT_SUCCESS' in scope
 61 |
 62 |   /// An exit code that indicates successful completion of a command.
 63 |   public static let success = ExitCode(EXIT_SUCCESS)
    |                                        `- error: cannot find 'EXIT_SUCCESS' in scope
 64 |
 65 |   /// An exit code that indicates that the command failed.
/host/spi-builder-workspace/.build/checkouts/swift-argument-parser/Sources/ArgumentParser/Parsable Properties/Errors.swift:74:50: error: cannot find 'EX_USAGE' in scope
 72 |   public static let validationFailure = ExitCode(EXIT_FAILURE)
 73 | #else
 74 |   public static let validationFailure = ExitCode(EX_USAGE)
    |                                                  `- error: cannot find 'EX_USAGE' in scope
 75 | #endif
 76 |
[43/135] Compiling ArgumentParser MessageInfo.swift
/host/spi-builder-workspace/.build/checkouts/swift-argument-parser/Sources/ArgumentParser/Usage/HelpGenerator.swift:384:11: error: cannot find 'winsize' in scope
382 |           height: Int(csbi.srWindow.Bottom - csbi.srWindow.Top) + 1)
383 | #else
384 |   var w = winsize()
    |           `- error: cannot find 'winsize' in scope
385 | #if os(OpenBSD)
386 |   // TIOCGWINSZ is a complex macro, so we need the flattened value.
/host/spi-builder-workspace/.build/checkouts/swift-argument-parser/Sources/ArgumentParser/Usage/HelpGenerator.swift:390:13: error: cannot find 'ioctl' in scope
388 |   let err = ioctl(STDOUT_FILENO, tiocgwinsz, &w)
389 | #else
390 |   let err = ioctl(STDOUT_FILENO, TIOCGWINSZ, &w)
    |             `- error: cannot find 'ioctl' in scope
391 | #endif
392 |   let width = Int(w.ws_col)
/host/spi-builder-workspace/.build/checkouts/swift-argument-parser/Sources/ArgumentParser/Usage/HelpGenerator.swift:390:19: error: cannot find 'STDOUT_FILENO' in scope
388 |   let err = ioctl(STDOUT_FILENO, tiocgwinsz, &w)
389 | #else
390 |   let err = ioctl(STDOUT_FILENO, TIOCGWINSZ, &w)
    |                   `- error: cannot find 'STDOUT_FILENO' in scope
391 | #endif
392 |   let width = Int(w.ws_col)
/host/spi-builder-workspace/.build/checkouts/swift-argument-parser/Sources/ArgumentParser/Usage/HelpGenerator.swift:390:34: error: cannot find 'TIOCGWINSZ' in scope
388 |   let err = ioctl(STDOUT_FILENO, tiocgwinsz, &w)
389 | #else
390 |   let err = ioctl(STDOUT_FILENO, TIOCGWINSZ, &w)
    |                                  `- error: cannot find 'TIOCGWINSZ' in scope
391 | #endif
392 |   let width = Int(w.ws_col)
/host/spi-builder-workspace/.build/checkouts/swift-argument-parser/Sources/ArgumentParser/Parsable Properties/Errors.swift:63:40: error: cannot find 'EXIT_SUCCESS' in scope
 61 |
 62 |   /// An exit code that indicates successful completion of a command.
 63 |   public static let success = ExitCode(EXIT_SUCCESS)
    |                                        `- error: cannot find 'EXIT_SUCCESS' in scope
 64 |
 65 |   /// An exit code that indicates that the command failed.
/host/spi-builder-workspace/.build/checkouts/swift-argument-parser/Sources/ArgumentParser/Parsable Properties/Errors.swift:74:50: error: cannot find 'EX_USAGE' in scope
 72 |   public static let validationFailure = ExitCode(EXIT_FAILURE)
 73 | #else
 74 |   public static let validationFailure = ExitCode(EX_USAGE)
    |                                                  `- error: cannot find 'EX_USAGE' in scope
 75 | #endif
 76 |
[44/135] Compiling ArgumentParser UsageGenerator.swift
/host/spi-builder-workspace/.build/checkouts/swift-argument-parser/Sources/ArgumentParser/Usage/HelpGenerator.swift:384:11: error: cannot find 'winsize' in scope
382 |           height: Int(csbi.srWindow.Bottom - csbi.srWindow.Top) + 1)
383 | #else
384 |   var w = winsize()
    |           `- error: cannot find 'winsize' in scope
385 | #if os(OpenBSD)
386 |   // TIOCGWINSZ is a complex macro, so we need the flattened value.
/host/spi-builder-workspace/.build/checkouts/swift-argument-parser/Sources/ArgumentParser/Usage/HelpGenerator.swift:390:13: error: cannot find 'ioctl' in scope
388 |   let err = ioctl(STDOUT_FILENO, tiocgwinsz, &w)
389 | #else
390 |   let err = ioctl(STDOUT_FILENO, TIOCGWINSZ, &w)
    |             `- error: cannot find 'ioctl' in scope
391 | #endif
392 |   let width = Int(w.ws_col)
/host/spi-builder-workspace/.build/checkouts/swift-argument-parser/Sources/ArgumentParser/Usage/HelpGenerator.swift:390:19: error: cannot find 'STDOUT_FILENO' in scope
388 |   let err = ioctl(STDOUT_FILENO, tiocgwinsz, &w)
389 | #else
390 |   let err = ioctl(STDOUT_FILENO, TIOCGWINSZ, &w)
    |                   `- error: cannot find 'STDOUT_FILENO' in scope
391 | #endif
392 |   let width = Int(w.ws_col)
/host/spi-builder-workspace/.build/checkouts/swift-argument-parser/Sources/ArgumentParser/Usage/HelpGenerator.swift:390:34: error: cannot find 'TIOCGWINSZ' in scope
388 |   let err = ioctl(STDOUT_FILENO, tiocgwinsz, &w)
389 | #else
390 |   let err = ioctl(STDOUT_FILENO, TIOCGWINSZ, &w)
    |                                  `- error: cannot find 'TIOCGWINSZ' in scope
391 | #endif
392 |   let width = Int(w.ws_col)
/host/spi-builder-workspace/.build/checkouts/swift-argument-parser/Sources/ArgumentParser/Parsable Properties/Errors.swift:63:40: error: cannot find 'EXIT_SUCCESS' in scope
 61 |
 62 |   /// An exit code that indicates successful completion of a command.
 63 |   public static let success = ExitCode(EXIT_SUCCESS)
    |                                        `- error: cannot find 'EXIT_SUCCESS' in scope
 64 |
 65 |   /// An exit code that indicates that the command failed.
/host/spi-builder-workspace/.build/checkouts/swift-argument-parser/Sources/ArgumentParser/Parsable Properties/Errors.swift:74:50: error: cannot find 'EX_USAGE' in scope
 72 |   public static let validationFailure = ExitCode(EXIT_FAILURE)
 73 | #else
 74 |   public static let validationFailure = ExitCode(EX_USAGE)
    |                                                  `- error: cannot find 'EX_USAGE' in scope
 75 | #endif
 76 |
[45/135] Compiling Csv2ImgCore String+Ex.swift
/host/spi-builder-workspace/Sources/Csv2ImgCore/Csv.swift:1:8: error: no such module 'Combine'
  1 | import Combine
    |        `- error: no such module 'Combine'
  2 | import CoreGraphics
  3 | import Foundation
/host/spi-builder-workspace/Sources/Csv2ImgCore/Csv.swift:1:8: error: no such module 'Combine'
  1 | import Combine
    |        `- error: no such module 'Combine'
  2 | import CoreGraphics
  3 | import Foundation
[47/135] Compiling ArgumentParser CollectionExtensions.swift
[48/135] Compiling ArgumentParser SequenceExtensions.swift
[49/135] Compiling ArgumentParser StringExtensions.swift
[50/135] Compiling ArgumentParser Tree.swift
[51/135] Compiling SwiftSyntax SyntaxArena.swift
[52/135] Compiling SwiftSyntax SyntaxChildren.swift
[53/135] Compiling SwiftSyntax SyntaxCollection.swift
[54/135] Compiling SwiftSyntax SyntaxHashable.swift
[55/135] Compiling SwiftSyntax SyntaxIdentifier.swift
[56/135] Compiling SwiftSyntax SyntaxNodeStructure.swift
[57/135] Compiling SwiftSyntax SyntaxProtocol.swift
[58/135] Compiling SwiftSyntax SyntaxText.swift
[59/135] Compiling SwiftSyntax SyntaxTreeViewMode.swift
[60/143] Compiling ArgumentParser ArgumentDecoder.swift
[61/143] Compiling ArgumentParser ArgumentDefinition.swift
[62/143] Compiling ArgumentParser ArgumentSet.swift
[63/143] Compiling ArgumentParser CommandParser.swift
[64/143] Compiling ArgumentParser InputOrigin.swift
[65/143] Compiling ArgumentParser EnumerableFlag.swift
/host/spi-builder-workspace/.build/checkouts/swift-argument-parser/Sources/ArgumentParser/Parsable Types/ParsableArguments.swift:65:31: error: cannot find 'putc' in scope
 63 | struct StandardError: TextOutputStream {
 64 |   mutating func write(_ string: String) {
 65 |     for byte in string.utf8 { putc(numericCast(byte), stderr) }
    |                               `- error: cannot find 'putc' in scope
 66 |   }
 67 | }
/host/spi-builder-workspace/.build/checkouts/swift-argument-parser/Sources/ArgumentParser/Parsable Types/ParsableArguments.swift:65:55: error: cannot find 'stderr' in scope
 63 | struct StandardError: TextOutputStream {
 64 |   mutating func write(_ string: String) {
 65 |     for byte in string.utf8 { putc(numericCast(byte), stderr) }
    |                                                       `- error: cannot find 'stderr' in scope
 66 |   }
 67 | }
/host/spi-builder-workspace/.build/checkouts/swift-argument-parser/Sources/ArgumentParser/Parsable Types/ParsableArguments.swift:65:36: error: generic parameter 'U' could not be inferred
 63 | struct StandardError: TextOutputStream {
 64 |   mutating func write(_ string: String) {
 65 |     for byte in string.utf8 { putc(numericCast(byte), stderr) }
    |                                    `- error: generic parameter 'U' could not be inferred
 66 |   }
 67 | }
Swift.numericCast:1:24: note: in call to function 'numericCast'
1 | @inlinable public func numericCast<T, U>(_ x: T) -> U where T : BinaryInteger, U : BinaryInteger
  |                        `- note: in call to function 'numericCast'
/host/spi-builder-workspace/.build/checkouts/swift-argument-parser/Sources/ArgumentParser/Parsable Types/ParsableArguments.swift:211:7: error: cannot find '_exit' in scope
209 |   ) -> Never {
210 |     guard let error = error else {
211 |       _exit(ExitCode.success.rawValue)
    |       `- error: cannot find '_exit' in scope
212 |     }
213 |
/host/spi-builder-workspace/.build/checkouts/swift-argument-parser/Sources/ArgumentParser/Parsable Properties/Errors.swift:63:40: error: cannot find 'EXIT_SUCCESS' in scope
 61 |
 62 |   /// An exit code that indicates successful completion of a command.
 63 |   public static let success = ExitCode(EXIT_SUCCESS)
    |                                        `- error: cannot find 'EXIT_SUCCESS' in scope
 64 |
 65 |   /// An exit code that indicates that the command failed.
/host/spi-builder-workspace/.build/checkouts/swift-argument-parser/Sources/ArgumentParser/Parsable Types/ParsableArguments.swift:223:5: error: cannot find '_exit' in scope
221 |       }
222 |     }
223 |     _exit(messageInfo.exitCode.rawValue)
    |     `- error: cannot find '_exit' in scope
224 |   }
225 |
[66/143] Compiling ArgumentParser ExpressibleByArgument.swift
/host/spi-builder-workspace/.build/checkouts/swift-argument-parser/Sources/ArgumentParser/Parsable Types/ParsableArguments.swift:65:31: error: cannot find 'putc' in scope
 63 | struct StandardError: TextOutputStream {
 64 |   mutating func write(_ string: String) {
 65 |     for byte in string.utf8 { putc(numericCast(byte), stderr) }
    |                               `- error: cannot find 'putc' in scope
 66 |   }
 67 | }
/host/spi-builder-workspace/.build/checkouts/swift-argument-parser/Sources/ArgumentParser/Parsable Types/ParsableArguments.swift:65:55: error: cannot find 'stderr' in scope
 63 | struct StandardError: TextOutputStream {
 64 |   mutating func write(_ string: String) {
 65 |     for byte in string.utf8 { putc(numericCast(byte), stderr) }
    |                                                       `- error: cannot find 'stderr' in scope
 66 |   }
 67 | }
/host/spi-builder-workspace/.build/checkouts/swift-argument-parser/Sources/ArgumentParser/Parsable Types/ParsableArguments.swift:65:36: error: generic parameter 'U' could not be inferred
 63 | struct StandardError: TextOutputStream {
 64 |   mutating func write(_ string: String) {
 65 |     for byte in string.utf8 { putc(numericCast(byte), stderr) }
    |                                    `- error: generic parameter 'U' could not be inferred
 66 |   }
 67 | }
Swift.numericCast:1:24: note: in call to function 'numericCast'
1 | @inlinable public func numericCast<T, U>(_ x: T) -> U where T : BinaryInteger, U : BinaryInteger
  |                        `- note: in call to function 'numericCast'
/host/spi-builder-workspace/.build/checkouts/swift-argument-parser/Sources/ArgumentParser/Parsable Types/ParsableArguments.swift:211:7: error: cannot find '_exit' in scope
209 |   ) -> Never {
210 |     guard let error = error else {
211 |       _exit(ExitCode.success.rawValue)
    |       `- error: cannot find '_exit' in scope
212 |     }
213 |
/host/spi-builder-workspace/.build/checkouts/swift-argument-parser/Sources/ArgumentParser/Parsable Properties/Errors.swift:63:40: error: cannot find 'EXIT_SUCCESS' in scope
 61 |
 62 |   /// An exit code that indicates successful completion of a command.
 63 |   public static let success = ExitCode(EXIT_SUCCESS)
    |                                        `- error: cannot find 'EXIT_SUCCESS' in scope
 64 |
 65 |   /// An exit code that indicates that the command failed.
/host/spi-builder-workspace/.build/checkouts/swift-argument-parser/Sources/ArgumentParser/Parsable Types/ParsableArguments.swift:223:5: error: cannot find '_exit' in scope
221 |       }
222 |     }
223 |     _exit(messageInfo.exitCode.rawValue)
    |     `- error: cannot find '_exit' in scope
224 |   }
225 |
[67/143] Compiling ArgumentParser ParsableArguments.swift
/host/spi-builder-workspace/.build/checkouts/swift-argument-parser/Sources/ArgumentParser/Parsable Types/ParsableArguments.swift:65:31: error: cannot find 'putc' in scope
 63 | struct StandardError: TextOutputStream {
 64 |   mutating func write(_ string: String) {
 65 |     for byte in string.utf8 { putc(numericCast(byte), stderr) }
    |                               `- error: cannot find 'putc' in scope
 66 |   }
 67 | }
/host/spi-builder-workspace/.build/checkouts/swift-argument-parser/Sources/ArgumentParser/Parsable Types/ParsableArguments.swift:65:55: error: cannot find 'stderr' in scope
 63 | struct StandardError: TextOutputStream {
 64 |   mutating func write(_ string: String) {
 65 |     for byte in string.utf8 { putc(numericCast(byte), stderr) }
    |                                                       `- error: cannot find 'stderr' in scope
 66 |   }
 67 | }
/host/spi-builder-workspace/.build/checkouts/swift-argument-parser/Sources/ArgumentParser/Parsable Types/ParsableArguments.swift:65:36: error: generic parameter 'U' could not be inferred
 63 | struct StandardError: TextOutputStream {
 64 |   mutating func write(_ string: String) {
 65 |     for byte in string.utf8 { putc(numericCast(byte), stderr) }
    |                                    `- error: generic parameter 'U' could not be inferred
 66 |   }
 67 | }
Swift.numericCast:1:24: note: in call to function 'numericCast'
1 | @inlinable public func numericCast<T, U>(_ x: T) -> U where T : BinaryInteger, U : BinaryInteger
  |                        `- note: in call to function 'numericCast'
/host/spi-builder-workspace/.build/checkouts/swift-argument-parser/Sources/ArgumentParser/Parsable Types/ParsableArguments.swift:211:7: error: cannot find '_exit' in scope
209 |   ) -> Never {
210 |     guard let error = error else {
211 |       _exit(ExitCode.success.rawValue)
    |       `- error: cannot find '_exit' in scope
212 |     }
213 |
/host/spi-builder-workspace/.build/checkouts/swift-argument-parser/Sources/ArgumentParser/Parsable Properties/Errors.swift:63:40: error: cannot find 'EXIT_SUCCESS' in scope
 61 |
 62 |   /// An exit code that indicates successful completion of a command.
 63 |   public static let success = ExitCode(EXIT_SUCCESS)
    |                                        `- error: cannot find 'EXIT_SUCCESS' in scope
 64 |
 65 |   /// An exit code that indicates that the command failed.
/host/spi-builder-workspace/.build/checkouts/swift-argument-parser/Sources/ArgumentParser/Parsable Types/ParsableArguments.swift:223:5: error: cannot find '_exit' in scope
221 |       }
222 |     }
223 |     _exit(messageInfo.exitCode.rawValue)
    |     `- error: cannot find '_exit' in scope
224 |   }
225 |
[68/143] Compiling ArgumentParser ParsableArgumentsValidation.swift
/host/spi-builder-workspace/.build/checkouts/swift-argument-parser/Sources/ArgumentParser/Parsable Types/ParsableArguments.swift:65:31: error: cannot find 'putc' in scope
 63 | struct StandardError: TextOutputStream {
 64 |   mutating func write(_ string: String) {
 65 |     for byte in string.utf8 { putc(numericCast(byte), stderr) }
    |                               `- error: cannot find 'putc' in scope
 66 |   }
 67 | }
/host/spi-builder-workspace/.build/checkouts/swift-argument-parser/Sources/ArgumentParser/Parsable Types/ParsableArguments.swift:65:55: error: cannot find 'stderr' in scope
 63 | struct StandardError: TextOutputStream {
 64 |   mutating func write(_ string: String) {
 65 |     for byte in string.utf8 { putc(numericCast(byte), stderr) }
    |                                                       `- error: cannot find 'stderr' in scope
 66 |   }
 67 | }
/host/spi-builder-workspace/.build/checkouts/swift-argument-parser/Sources/ArgumentParser/Parsable Types/ParsableArguments.swift:65:36: error: generic parameter 'U' could not be inferred
 63 | struct StandardError: TextOutputStream {
 64 |   mutating func write(_ string: String) {
 65 |     for byte in string.utf8 { putc(numericCast(byte), stderr) }
    |                                    `- error: generic parameter 'U' could not be inferred
 66 |   }
 67 | }
Swift.numericCast:1:24: note: in call to function 'numericCast'
1 | @inlinable public func numericCast<T, U>(_ x: T) -> U where T : BinaryInteger, U : BinaryInteger
  |                        `- note: in call to function 'numericCast'
/host/spi-builder-workspace/.build/checkouts/swift-argument-parser/Sources/ArgumentParser/Parsable Types/ParsableArguments.swift:211:7: error: cannot find '_exit' in scope
209 |   ) -> Never {
210 |     guard let error = error else {
211 |       _exit(ExitCode.success.rawValue)
    |       `- error: cannot find '_exit' in scope
212 |     }
213 |
/host/spi-builder-workspace/.build/checkouts/swift-argument-parser/Sources/ArgumentParser/Parsable Properties/Errors.swift:63:40: error: cannot find 'EXIT_SUCCESS' in scope
 61 |
 62 |   /// An exit code that indicates successful completion of a command.
 63 |   public static let success = ExitCode(EXIT_SUCCESS)
    |                                        `- error: cannot find 'EXIT_SUCCESS' in scope
 64 |
 65 |   /// An exit code that indicates that the command failed.
/host/spi-builder-workspace/.build/checkouts/swift-argument-parser/Sources/ArgumentParser/Parsable Types/ParsableArguments.swift:223:5: error: cannot find '_exit' in scope
221 |       }
222 |     }
223 |     _exit(messageInfo.exitCode.rawValue)
    |     `- error: cannot find '_exit' in scope
224 |   }
225 |
[69/143] Compiling ArgumentParser ParsableCommand.swift
/host/spi-builder-workspace/.build/checkouts/swift-argument-parser/Sources/ArgumentParser/Parsable Types/ParsableArguments.swift:65:31: error: cannot find 'putc' in scope
 63 | struct StandardError: TextOutputStream {
 64 |   mutating func write(_ string: String) {
 65 |     for byte in string.utf8 { putc(numericCast(byte), stderr) }
    |                               `- error: cannot find 'putc' in scope
 66 |   }
 67 | }
/host/spi-builder-workspace/.build/checkouts/swift-argument-parser/Sources/ArgumentParser/Parsable Types/ParsableArguments.swift:65:55: error: cannot find 'stderr' in scope
 63 | struct StandardError: TextOutputStream {
 64 |   mutating func write(_ string: String) {
 65 |     for byte in string.utf8 { putc(numericCast(byte), stderr) }
    |                                                       `- error: cannot find 'stderr' in scope
 66 |   }
 67 | }
/host/spi-builder-workspace/.build/checkouts/swift-argument-parser/Sources/ArgumentParser/Parsable Types/ParsableArguments.swift:65:36: error: generic parameter 'U' could not be inferred
 63 | struct StandardError: TextOutputStream {
 64 |   mutating func write(_ string: String) {
 65 |     for byte in string.utf8 { putc(numericCast(byte), stderr) }
    |                                    `- error: generic parameter 'U' could not be inferred
 66 |   }
 67 | }
Swift.numericCast:1:24: note: in call to function 'numericCast'
1 | @inlinable public func numericCast<T, U>(_ x: T) -> U where T : BinaryInteger, U : BinaryInteger
  |                        `- note: in call to function 'numericCast'
/host/spi-builder-workspace/.build/checkouts/swift-argument-parser/Sources/ArgumentParser/Parsable Types/ParsableArguments.swift:211:7: error: cannot find '_exit' in scope
209 |   ) -> Never {
210 |     guard let error = error else {
211 |       _exit(ExitCode.success.rawValue)
    |       `- error: cannot find '_exit' in scope
212 |     }
213 |
/host/spi-builder-workspace/.build/checkouts/swift-argument-parser/Sources/ArgumentParser/Parsable Properties/Errors.swift:63:40: error: cannot find 'EXIT_SUCCESS' in scope
 61 |
 62 |   /// An exit code that indicates successful completion of a command.
 63 |   public static let success = ExitCode(EXIT_SUCCESS)
    |                                        `- error: cannot find 'EXIT_SUCCESS' in scope
 64 |
 65 |   /// An exit code that indicates that the command failed.
/host/spi-builder-workspace/.build/checkouts/swift-argument-parser/Sources/ArgumentParser/Parsable Types/ParsableArguments.swift:223:5: error: cannot find '_exit' in scope
221 |       }
222 |     }
223 |     _exit(messageInfo.exitCode.rawValue)
    |     `- error: cannot find '_exit' in scope
224 |   }
225 |
BUILD FAILURE 6.1 android