The Swift Package Index logo.Swift Package Index

Build Information

Failed to build sebbu-c-libuv, reference 1.48.0 (25cb76), with Swift 6.4 for Android on 21 Sep 2026 01:45:36 UTC.

Build Command

bash -c docker run --pull=always --rm -v "checkouts-53886770-1":/host -w "$PWD" -e JAVA_HOME="/root/.sdkman/candidates/java/current" -e SPI_BUILD="1" -e SPI_PROCESSING="1" registry.gitlab.com/saguaro1/spi-images:android-6.4-latest swift build --swift-sdk aarch64-unknown-linux-android28 2>&1

Build Log

========================================
RunAll
========================================
Builder version: 5.1.0
Interrupt handler set up.
========================================
Checkout
========================================
Clone URL: https://github.com/MarSe32m/sebbu-c-libuv.git
Reference: 1.48.0
Initialized empty Git repository in /host/spi-builder-workspace/.git/
hint: Using 'master' as the name for the initial branch. This default branch name
hint: is subject to change. To configure the initial branch name to use in all
hint: of your new repositories, which will suppress this warning, call:
hint:
hint: 	git config --global init.defaultBranch <name>
hint:
hint: Names commonly chosen instead of 'master' are 'main', 'trunk' and
hint: 'development'. The just-created branch can be renamed via this command:
hint:
hint: 	git branch -m <name>
From https://github.com/MarSe32m/sebbu-c-libuv
 * tag               1.48.0     -> FETCH_HEAD
HEAD is now at 25cb766 Moved SebbuLibUV to sebbu-networking
Cloned https://github.com/MarSe32m/sebbu-c-libuv.git
Revision (git rev-parse @):
25cb76606cfc2eb4ad65206239177692c6614768
SUCCESS checkout https://github.com/MarSe32m/sebbu-c-libuv.git at 1.48.0
========================================
Build
========================================
Selected platform:         android
Swift version:             6.4
Building package at path:  $PWD
https://github.com/MarSe32m/sebbu-c-libuv.git
Running build ...
bash -c docker run --pull=always --rm -v "checkouts-53886770-1":/host -w "$PWD" -e JAVA_HOME="/root/.sdkman/candidates/java/current" -e SPI_BUILD="1" -e SPI_PROCESSING="1" registry.gitlab.com/saguaro1/spi-images:android-6.4-latest swift build --swift-sdk aarch64-unknown-linux-android28 2>&1
android-6.4-latest: Pulling from saguaro1/spi-images
Digest: sha256:abadcff584c273feba50641b454858d377ba30b35ea7287a94f45ebd8afd0ea0
Status: Image is up to date for registry.gitlab.com/saguaro1/spi-images:android-6.4-latest
Building for debugging...
[Planning deferred tasks]
[25 / 51] SebbuCLibUV
/host/spi-builder-workspace/Sources/SebbuCLibUV/src/unix/thread.c:188:3: error: use of undeclared identifier 'cpu_set_t'
  188 |   uv__cpu_set_t cpuset;
      |   ^~~~~~~~~~~~~
/host/spi-builder-workspace/Sources/SebbuCLibUV/src/unix/thread.c:46:24: note: expanded from macro 'uv__cpu_set_t'
   46 | # define uv__cpu_set_t cpu_set_t
      |                        ^~~~~~~~~
/host/spi-builder-workspace/Sources/SebbuCLibUV/src/unix/thread.c:203:3: error: call to undeclared function 'CPU_ZERO'; ISO C99 and later do not support implicit function declarations [-Wimplicit-function-declaration]
  203 |   CPU_ZERO(&cpuset);
      |   ^
/host/spi-builder-workspace/Sources/SebbuCLibUV/src/unix/thread.c:203:13: error: use of undeclared identifier 'cpuset'
  203 |   CPU_ZERO(&cpuset);
      |             ^~~~~~
/host/spi-builder-workspace/Sources/SebbuCLibUV/src/unix/thread.c:206:7: error: call to undeclared function 'CPU_SET'; ISO C99 and later do not support implicit function declarations [-Wimplicit-function-declaration]
  206 |       CPU_SET(i, &cpuset);
      |       ^
/host/spi-builder-workspace/Sources/SebbuCLibUV/src/unix/thread.c:206:19: error: use of undeclared identifier 'cpuset'
  206 |       CPU_SET(i, &cpuset);
      |                   ^~~~~~
/host/spi-builder-workspace/Sources/SebbuCLibUV/src/unix/thread.c:209:7: error: call to undeclared function 'sched_setaffinity'; ISO C99 and later do not support implicit function declarations [-Wimplicit-function-declaration]
  209 |   if (sched_setaffinity(pthread_gettid_np(*tid), sizeof(cpuset), &cpuset))
      |       ^
/host/spi-builder-workspace/Sources/SebbuCLibUV/src/unix/thread.c:209:57: error: use of undeclared identifier 'cpuset'
  209 |   if (sched_setaffinity(pthread_gettid_np(*tid), sizeof(cpuset), &cpuset))
      |                                                         ^~~~~~
/host/spi-builder-workspace/Sources/SebbuCLibUV/src/unix/thread.c:209:67: error: use of undeclared identifier 'cpuset'
  209 |   if (sched_setaffinity(pthread_gettid_np(*tid), sizeof(cpuset), &cpuset))
      |                                                                   ^~~~~~
/host/spi-builder-workspace/Sources/SebbuCLibUV/src/unix/thread.c:226:3: error: use of undeclared identifier 'cpu_set_t'
  226 |   uv__cpu_set_t cpuset;
      |   ^~~~~~~~~~~~~
/host/spi-builder-workspace/Sources/SebbuCLibUV/src/unix/thread.c:46:24: note: expanded from macro 'uv__cpu_set_t'
   46 | # define uv__cpu_set_t cpu_set_t
      |                        ^~~~~~~~~
/host/spi-builder-workspace/Sources/SebbuCLibUV/src/unix/thread.c:235:3: error: call to undeclared function 'CPU_ZERO'; ISO C99 and later do not support implicit function declarations [-Wimplicit-function-declaration]
  235 |   CPU_ZERO(&cpuset);
      |   ^
/host/spi-builder-workspace/Sources/SebbuCLibUV/src/unix/thread.c:235:13: error: use of undeclared identifier 'cpuset'
  235 |   CPU_ZERO(&cpuset);
      |             ^~~~~~
/host/spi-builder-workspace/Sources/SebbuCLibUV/src/unix/thread.c:237:7: error: call to undeclared function 'sched_getaffinity'; ISO C99 and later do not support implicit function declarations [-Wimplicit-function-declaration]
  237 |   if (sched_getaffinity(pthread_gettid_np(*tid), sizeof(cpuset), &cpuset))
      |       ^
/host/spi-builder-workspace/Sources/SebbuCLibUV/src/unix/thread.c:237:57: error: use of undeclared identifier 'cpuset'
  237 |   if (sched_getaffinity(pthread_gettid_np(*tid), sizeof(cpuset), &cpuset))
      |                                                         ^~~~~~
/host/spi-builder-workspace/Sources/SebbuCLibUV/src/unix/thread.c:237:67: error: use of undeclared identifier 'cpuset'
  237 |   if (sched_getaffinity(pthread_gettid_np(*tid), sizeof(cpuset), &cpuset))
      |                                                                   ^~~~~~
/host/spi-builder-workspace/Sources/SebbuCLibUV/src/unix/thread.c:247:20: error: call to undeclared function 'CPU_ISSET'; ISO C99 and later do not support implicit function declarations [-Wimplicit-function-declaration]
  247 |     cpumask[i] = !!CPU_ISSET(i, &cpuset);
      |                    ^
/host/spi-builder-workspace/Sources/SebbuCLibUV/src/unix/thread.c:247:34: error: use of undeclared identifier 'cpuset'
  247 |     cpumask[i] = !!CPU_ISSET(i, &cpuset);
      |                                  ^~~~~~
/host/spi-builder-workspace/Sources/SebbuCLibUV/src/unix/thread.c:271:9: error: call to undeclared function 'sched_getcpu'; ISO C99 and later do not support implicit function declarations [-Wimplicit-function-declaration]
  271 |   cpu = sched_getcpu();
      |         ^
17 errors generated.
error: CompileC /host/spi-builder-workspace/.build/out/Intermediates.noindex/sebbu-c-libuv.build/Debug-android-aarch64/SebbuCLibUV-t.build/Objects-normal/aarch64/thread.o /host/spi-builder-workspace/Sources/SebbuCLibUV/src/unix/thread.c normal aarch64 c com.apple.compilers.llvm.clang.1_0.compiler failed with a nonzero exit code. Command line:     cd /host

    Using response file: /host/spi-builder-workspace/.build/out/Intermediates.noindex/sebbu-c-libuv.build/Debug-android-aarch64/SebbuCLibUV-t.build/Objects-normal/aarch64/9f65232cb83f8421e3a495a5062eba382369c975104ee97bafc405ab795bfc5e-common-args.resp

    /root/.local/share/swiftly/toolchains/6.4.x-snapshot-2026-09-04/usr/bin/clang -x c -target aarch64-unknown-linux-android28 -fmessage-length\=0 -fdiagnostics-show-note-include-stack -fmacro-backtrace-limit\=0 -fcolor-diagnostics -Wno-trigraphs -Wno-missing-field-initializers -Wno-missing-prototypes -Wno-return-type -Wno-missing-braces -Wparentheses -Wswitch -Wno-unused-function -Wno-unused-label -Wno-unused-parameter -Wno-unused-variable -Wunused-value -Wno-empty-body -Wno-uninitialized -Wno-unknown-pragmas -Wno-shadow -Wno-four-char-constants -Wno-conversion -Wno-constant-conversion -Wno-int-conversion -Wno-bool-conversion -Wno-enum-conversion -Wno-float-conversion -Wno-non-literal-null-conversion -Wno-objc-literal-conversion -Wno-shorten-64-to-32 -Wpointer-sign -Wno-newline-eof -Wno-implicit-fallthrough -fstrict-aliasing -Wdeprecated-declarations -Wno-sign-conversion -Wno-infinite-recursion -Wno-comma -Wno-block-capture-autoreleasing -Wno-strict-prototypes -Wno-semicolon-before-method-body --sysroot /android-ndk/android-ndk-r27d/toolchains/llvm/prebuilt/linux-x86_64/sysroot @/host/spi-builder-workspace/.build/out/Intermediates.noindex/sebbu-c-libuv.build/Debug-android-aarch64/SebbuCLibUV-t.build/Objects-normal/aarch64/9f65232cb83f8421e3a495a5062eba382369c975104ee97bafc405ab795bfc5e-common-args.resp -MMD -MT dependencies -MF /host/spi-builder-workspace/.build/out/Intermediates.noindex/sebbu-c-libuv.build/Debug-android-aarch64/SebbuCLibUV-t.build/Objects-normal/aarch64/thread.d --serialize-diagnostics /host/spi-builder-workspace/.build/out/Intermediates.noindex/sebbu-c-libuv.build/Debug-android-aarch64/SebbuCLibUV-t.build/Objects-normal/aarch64/thread.dia -c /host/spi-builder-workspace/Sources/SebbuCLibUV/src/unix/thread.c -o /host/spi-builder-workspace/.build/out/Intermediates.noindex/sebbu-c-libuv.build/Debug-android-aarch64/SebbuCLibUV-t.build/Objects-normal/aarch64/thread.o
error: Build failed
BUILD FAILURE 6.4 android