Build Information
Failed to build TruoraValidationsSDK, reference 1.3.3 (a82e2f), with Swift 6.1 for Linux on 20 Aug 2026 15:50:45 UTC.
Build Command
bash -c docker run --pull=always --rm -v "checkouts-53886770-0":/host -w "$PWD" -e JAVA_HOME="/root/.sdkman/candidates/java/current" -e SPI_BUILD="1" -e SPI_PROCESSING="1" registry.gitlab.com/saguaro1/spi-images:basic-6.1-latest swift build --triple x86_64-unknown-linux-gnu 2>&1Build Log
========================================
RunAll
========================================
Builder version: 5.0.2
Interrupt handler set up.
========================================
Checkout
========================================
Clone URL: https://github.com/truora/truora-validations-sdk.git
Reference: 1.3.3
Initialized empty Git repository in /host/spi-builder-workspace/.git/
hint: Using 'master' as the name for the initial branch. This default branch name
hint: is subject to change. To configure the initial branch name to use in all
hint: of your new repositories, which will suppress this warning, call:
hint:
hint: git config --global init.defaultBranch <name>
hint:
hint: Names commonly chosen instead of 'master' are 'main', 'trunk' and
hint: 'development'. The just-created branch can be renamed via this command:
hint:
hint: git branch -m <name>
From https://github.com/truora/truora-validations-sdk
* tag 1.3.3 -> FETCH_HEAD
HEAD is now at a82e2ff Release 1.3.3
Cloned https://github.com/truora/truora-validations-sdk.git
Revision (git rev-parse @):
a82e2ff8148eed85dbeb98e5ca1b074202cae724
SUCCESS checkout https://github.com/truora/truora-validations-sdk.git at 1.3.3
========================================
Build
========================================
Selected platform: linux
Swift version: 6.1
Building package at path: $PWD
https://github.com/truora/truora-validations-sdk.git
https://github.com/truora/truora-validations-sdk.git
WARNING: environment variable SUPPRESS_SWIFT_6_FLAGS is not set
Running build ...
bash -c docker run --pull=always --rm -v "checkouts-53886770-0":/host -w "$PWD" -e JAVA_HOME="/root/.sdkman/candidates/java/current" -e SPI_BUILD="1" -e SPI_PROCESSING="1" registry.gitlab.com/saguaro1/spi-images:basic-6.1-latest swift build --triple x86_64-unknown-linux-gnu -Xswiftc -Xfrontend -Xswiftc -stats-output-dir -Xswiftc -Xfrontend -Xswiftc .stats -Xswiftc -strict-concurrency=complete -Xswiftc -enable-upcoming-feature -Xswiftc StrictConcurrency -Xswiftc -enable-upcoming-feature -Xswiftc DisableOutwardActorInference -Xswiftc -enable-upcoming-feature -Xswiftc GlobalActorIsolatedTypesUsability -Xswiftc -enable-upcoming-feature -Xswiftc InferSendableFromCaptures 2>&1
basic-6.1-latest: Pulling from saguaro1/spi-images
Digest: sha256:dff62030f4387a2d827d2b365d39a91716bd1d13650763ccbcbfe23419000563
Status: Image is up to date for registry.gitlab.com/saguaro1/spi-images:basic-6.1-latest
warning: 'spi-builder-workspace': found 102 file(s) which are unhandled; explicitly declare them as resources or exclude from the target
/host/spi-builder-workspace/ios/validations/TruoraValidationsSDK/Tests/ThermalMonitorTests.swift
/host/spi-builder-workspace/ios/validations/TruoraValidationsSDK/Tests/AuthorizationTests.swift
/host/spi-builder-workspace/ios/validations/TruoraValidationsSDK/Tests/TruoraProcessRequestsTests.swift
/host/spi-builder-workspace/ios/validations/TruoraValidationsSDK/Tests/InjectionDetection/Native/NativeDetectionBridgeTests.swift
/host/spi-builder-workspace/ios/validations/TruoraValidationsSDK/Tests/InvoiceInstructionsInteractorTests.swift
/host/spi-builder-workspace/ios/validations/TruoraValidationsSDK/Tests/TruoraProcessAPIClientTests.swift
/host/spi-builder-workspace/ios/validations/TruoraValidationsSDK/Tests/DocumentFeedbackPresenterTests.swift
/host/spi-builder-workspace/ios/validations/TruoraValidationsSDK/Tests/InjectionDetection/Native/MockDetectionBridge.swift
/host/spi-builder-workspace/ios/validations/TruoraValidationsSDK/Tests/PassiveCaptureInteractorTests.swift
/host/spi-builder-workspace/ios/validations/TruoraValidationsSDK/Tests/ConsentTermsAPIClientTests.swift
/host/spi-builder-workspace/ios/validations/TruoraValidationsSDK/Tests/TruoraErrorTests.swift
/host/spi-builder-workspace/ios/validations/TruoraValidationsSDK/Tests/ValidationConfigLogoTests.swift
/host/spi-builder-workspace/ios/validations/TruoraValidationsSDK/Tests/VideoCompressorTests.swift
/host/spi-builder-workspace/ios/validations/TruoraValidationsSDK/Tests/DocumentIntroInteractorTests.swift
/host/spi-builder-workspace/ios/validations/TruoraValidationsSDK/Tests/Process/StepLoopTests.swift
/host/spi-builder-workspace/ios/validations/TruoraValidationsSDK/Tests/Process/PollingControllerTests.swift
/host/spi-builder-workspace/ios/validations/TruoraValidationsSDK/Tests/TruoraSessionConfigurationTests.swift
/host/spi-builder-workspace/ios/validations/TruoraValidationsSDK/Tests/ApiKey/ApiKeyManagerTests.swift
/host/spi-builder-workspace/ios/validations/TruoraValidationsSDK/Tests/InjectionDetection/EnvironmentCheckerTests.swift
/host/spi-builder-workspace/ios/validations/TruoraValidationsSDK/Tests/TruoraValidationResult+MediaTypeTests.swift
/host/spi-builder-workspace/ios/validations/TruoraValidationsSDK/Tests/AuthorizationConsentLoaderTests.swift
/host/spi-builder-workspace/ios/validations/TruoraValidationsSDK/Tests/TruoraLoggerTests.swift
/host/spi-builder-workspace/ios/validations/TruoraValidationsSDK/Tests/MockTimeProvider.swift
/host/spi-builder-workspace/ios/validations/TruoraValidationsSDK/Tests/ResultPresenterTests.swift
/host/spi-builder-workspace/ios/validations/TruoraValidationsSDK/Tests/ApiKey/JwtDecoderTests.swift
/host/spi-builder-workspace/ios/validations/TruoraValidationsSDK/Tests/InjectionDetection/CameraCheckerTests.swift
/host/spi-builder-workspace/ios/validations/TruoraValidationsSDK/Tests/InjectionDetection/InjectionDetectorTests.swift
/host/spi-builder-workspace/ios/validations/TruoraValidationsSDK/Tests/ResultViewModelTests.swift
/host/spi-builder-workspace/ios/validations/TruoraValidationsSDK/Tests/AuthorizationHydrationTests.swift
/host/spi-builder-workspace/ios/validations/TruoraValidationsSDK/Tests/DocumentCaptureConfiguratorTests.swift
/host/spi-builder-workspace/ios/validations/TruoraValidationsSDK/Tests/PassiveCapturePresenterTests.swift
/host/spi-builder-workspace/ios/validations/TruoraValidationsSDK/Tests/ReferenceFaceTests.swift
/host/spi-builder-workspace/ios/validations/TruoraValidationsSDK/Tests/TruoraAPIClientTests.swift
/host/spi-builder-workspace/ios/validations/TruoraValidationsSDK/Tests/TruoraProcessErrorMapperTests.swift
/host/spi-builder-workspace/ios/validations/TruoraValidationsSDK/Tests/TruoraProcessManagerTests.swift
/host/spi-builder-workspace/ios/validations/TruoraValidationsSDK/Tests/TruoraLanguageTests.swift
/host/spi-builder-workspace/ios/validations/TruoraValidationsSDK/Tests/InjectionDetection/Native/DetectionReporterTests.swift
/host/spi-builder-workspace/ios/validations/TruoraValidationsSDK/Tests/ValidationConfigTests.swift
/host/spi-builder-workspace/ios/validations/TruoraValidationsSDK/Tests/ImageTests.swift
/host/spi-builder-workspace/ios/validations/TruoraValidationsSDK/Tests/DocumentSelectionViewModelTests.swift
/host/spi-builder-workspace/ios/validations/TruoraValidationsSDK/Tests/ResultInteractorTests.swift
/host/spi-builder-workspace/ios/validations/TruoraValidationsSDK/Tests/ValidationRouterTests.swift
/host/spi-builder-workspace/ios/validations/TruoraValidationsSDK/Tests/PassiveCaptureFeedbackViewTests.swift
/host/spi-builder-workspace/ios/validations/TruoraValidationsSDK/Tests/PassiveIntroPresenterTests.swift
/host/spi-builder-workspace/ios/validations/TruoraValidationsSDK/Tests/TruoraProcessManagerLoggingTests.swift
/host/spi-builder-workspace/ios/validations/TruoraValidationsSDK/Tests/InvoiceFeedbackPresenterTests.swift
/host/spi-builder-workspace/ios/validations/TruoraValidationsSDK/Tests/InjectionDetection/Attestation/AttestationStatusMapperTests.swift
/host/spi-builder-workspace/ios/validations/TruoraValidationsSDK/Tests/InvoicePreviewGeneratorTests.swift
/host/spi-builder-workspace/ios/validations/TruoraValidationsSDK/Tests/CancelTests.swift
/host/spi-builder-workspace/ios/validations/TruoraValidationsSDK/Tests/InferenceLatencyTrackerTests.swift
/host/spi-builder-workspace/ios/validations/TruoraValidationsSDK/Tests/InjectionDetection/Native/BitmaskEncoderTests.swift
/host/spi-builder-workspace/ios/validations/TruoraValidationsSDK/Tests/InjectionDetection/Attestation/NoOpAttestationProviderTests.swift
/host/spi-builder-workspace/ios/validations/TruoraValidationsSDK/Tests/NativeEnumTests.swift
/host/spi-builder-workspace/ios/validations/TruoraValidationsSDK/Tests/SpyLogger.swift
/host/spi-builder-workspace/ios/validations/TruoraValidationsSDK/Tests/TruoraValidationResult+CapturedMediaTests.swift
/host/spi-builder-workspace/ios/validations/TruoraValidationsSDK/Tests/InvoiceInstructionsViewModelTests.swift
/host/spi-builder-workspace/ios/validations/TruoraValidationsSDK/Tests/DocumentSelectionInteractorTests.swift
/host/spi-builder-workspace/ios/validations/TruoraValidationsSDK/Tests/InjectionDetection/Attestation/MockAttestationProvider.swift
/host/spi-builder-workspace/ios/validations/TruoraValidationsSDK/Tests/TruoraProcessEnvironmentTests.swift
/host/spi-builder-workspace/ios/validations/TruoraValidationsSDK/Tests/InjectionDetection/JailbreakCheckerTests.swift
/host/spi-builder-workspace/ios/validations/TruoraValidationsSDK/Tests/PassiveIntroInteractorTests.swift
/host/spi-builder-workspace/ios/validations/TruoraValidationsSDK/Tests/ValidationResultHelperTests.swift
/host/spi-builder-workspace/ios/validations/TruoraValidationsSDK/Tests/InjectionDetection/Attestation/AppAttestProviderTests.swift
/host/spi-builder-workspace/ios/validations/TruoraValidationsSDK/Tests/LogoDownloaderTests.swift
/host/spi-builder-workspace/ios/validations/TruoraValidationsSDK/Tests/FaceValidationConfigTests.swift
/host/spi-builder-workspace/ios/validations/TruoraValidationsSDK/Tests/InjectionDetection/Attestation/MockAppAttestService.swift
/host/spi-builder-workspace/ios/validations/TruoraValidationsSDK/Tests/DocumentCaptureInteractorTests.swift
/host/spi-builder-workspace/ios/validations/TruoraValidationsSDK/Tests/TruoraProcessRequestExecutorTests.swift
/host/spi-builder-workspace/ios/validations/TruoraValidationsSDK/Tests/TestHelpers.swift
/host/spi-builder-workspace/ios/validations/TruoraValidationsSDK/Tests/EventLogTests.swift
/host/spi-builder-workspace/ios/validations/TruoraValidationsSDK/Tests/TruoraProcessModelsTests.swift
/host/spi-builder-workspace/ios/validations/TruoraValidationsSDK/Tests/TruoraValidationBuilderTests.swift
/host/spi-builder-workspace/ios/validations/TruoraValidationsSDK/Tests/UploadUrlValidatorTests.swift
/host/spi-builder-workspace/ios/validations/TruoraValidationsSDK/Tests/InjectionDetection/Attestation/SecItemKeychainStoreTests.swift
/host/spi-builder-workspace/ios/validations/TruoraValidationsSDK/Tests/InvoiceFilePickerDelegateTests.swift
/host/spi-builder-workspace/ios/validations/TruoraValidationsSDK/Tests/TruoraLocalizationTests.swift
/host/spi-builder-workspace/ios/validations/TruoraValidationsSDK/Tests/ConsentMarkupTests.swift
/host/spi-builder-workspace/ios/validations/TruoraValidationsSDK/Tests/InjectionDetection/E2E/InjectionDetectorE2ETests.swift
/host/spi-builder-workspace/ios/validations/TruoraValidationsSDK/Tests/InvoiceCountryContentTests.swift
/host/spi-builder-workspace/ios/validations/TruoraValidationsSDK/Tests/PerformanceSignalsTests.swift
/host/spi-builder-workspace/ios/validations/TruoraValidationsSDK/Tests/Process/StepLoopLoggingTests.swift
/host/spi-builder-workspace/ios/validations/TruoraValidationsSDK/Tests/TruoraValidationResult+CaptureMetadataTests.swift
/host/spi-builder-workspace/ios/validations/TruoraValidationsSDK/Tests/PerformanceAdvisorTests.swift
/host/spi-builder-workspace/ios/validations/TruoraValidationsSDK/Tests/InvoiceCameraDelegateTests.swift
/host/spi-builder-workspace/ios/validations/TruoraValidationsSDK/Tests/MockLogger.swift
/host/spi-builder-workspace/ios/validations/TruoraValidationsSDK/Tests/TruoraProcessLoggingE2ETests.swift
/host/spi-builder-workspace/ios/validations/TruoraValidationsSDK/Tests/TruoraValidationResultTests.swift
/host/spi-builder-workspace/ios/validations/TruoraValidationsSDK/Tests/InvoiceInstructionsPresenterTests.swift
/host/spi-builder-workspace/ios/validations/TruoraValidationsSDK/Tests/DocumentCapturePresenterTests.swift
/host/spi-builder-workspace/ios/validations/TruoraValidationsSDK/Tests/DocumentIntroPresenterTests.swift
/host/spi-builder-workspace/ios/validations/TruoraValidationsSDK/Tests/UIConfigTests.swift
/host/spi-builder-workspace/ios/validations/TruoraValidationsSDK/Tests/InvoiceFeedbackViewModelTests.swift
/host/spi-builder-workspace/ios/validations/TruoraValidationsSDK/Tests/InjectionDetection/Attestation/InMemoryKeychainStore.swift
/host/spi-builder-workspace/ios/validations/TruoraValidationsSDK/Tests/InjectionDetection/MockSystemInfoProvider.swift
/host/spi-builder-workspace/ios/validations/TruoraValidationsSDK/Tests/Process/StepTypeRouterTests.swift
/host/spi-builder-workspace/ios/validations/TruoraValidationsSDK/Tests/TruoraProcessRetryPolicyTests.swift
/host/spi-builder-workspace/ios/validations/TruoraValidationsSDK/Tests/PassiveCaptureUploadHeaderViewTests.swift
/host/spi-builder-workspace/ios/validations/TruoraValidationsSDK/ARCHITECTURE.md
/host/spi-builder-workspace/ios/validations/TruoraValidationsSDK/Tests/DocumentSelectionPresenterTests.swift
/host/spi-builder-workspace/ios/validations/TruoraValidationsSDK/Tests/DocumentValidationConfigTests.swift
/host/spi-builder-workspace/ios/validations/TruoraValidationsSDK/Tests/Process/MediaUploadTests.swift
/host/spi-builder-workspace/ios/validations/TruoraValidationsSDK/Tests/InjectionDetection/MockCameraInfoProvider.swift
Building for debugging...
[0/34] Write sources
[0/34] Copying Info.plist
[0/34] Copying models.json
[0/34] Write sources
[0/34] Copying Localizable.strings
[6/34] Copying rotate_document.gif
[6/34] Copying Localizable.strings
[9/34] Copying audio_pt_place_the_front.mp3
[9/34] Copying audio_pt_rotate_document.mp3
[9/34] Copying audio_pt_place_the_back.mp3
[9/34] Copying document_loading_icon.gif
[9/34] Copying audio_es_sv_rotate_document.mp3
[9/34] Copying audio_pt_document_not_found.mp3
[9/34] Copying audio_es_mx_place_the_front.mp3
[9/34] Copying face_loading_icon.gif
[9/34] Copying invoice_loading_icon.gif
[9/34] Copying audio_es_mx_rotate_document.mp3
[9/34] Copying audio_es_mx_place_the_back.mp3
[10/34] Copying audio_es_co_rotate_document.mp3
[10/34] Copying audio_es_mx_document_not_found.mp3
[10/34] Copying audio_es_co_place_the_front.mp3
[17/34] Copying audio_es_co_place_the_back.mp3
[22/34] Copying Info.plist
[25/34] Copying audio_en_rotate_document.mp3
[25/34] Copying audio_en_document_not_found.mp3
[25/34] Copying Localizable.strings
[25/34] Copying audio_en_place_the_front.mp3
[29/34] Copying audio_es_co_document_not_found.mp3
[29/34] Copying audio_en_place_the_back.mp3
[29/34] Copying general_int8.tflite
[32/34] Copying Assets.xcassets
[33/34] Write swift-version-24593BA9C3E375BF.txt
error: emit-module command failed with exit code 1 (use -v to see invocation)
[35/43] Emitting module TensorFlowLite
/host/spi-builder-workspace/ios/validations/TensorFlowLite/Sources/Delegate.swift:15:8: error: no such module 'TensorFlowLiteC'
13 | // limitations under the License.
14 |
15 | import TensorFlowLiteC
| `- error: no such module 'TensorFlowLiteC'
16 |
17 | /// A delegate that the `Interpreter` uses to perform TensorFlow Lite model computations.
[36/44] Compiling TensorFlowLite TensorFlowLite.swift
/host/spi-builder-workspace/ios/validations/TensorFlowLite/Sources/Delegate.swift:15:8: error: no such module 'TensorFlowLiteC'
13 | // limitations under the License.
14 |
15 | import TensorFlowLiteC
| `- error: no such module 'TensorFlowLiteC'
16 |
17 | /// A delegate that the `Interpreter` uses to perform TensorFlow Lite model computations.
[37/44] Compiling TensorFlowLite Tensor.swift
/host/spi-builder-workspace/ios/validations/TensorFlowLite/Sources/Delegate.swift:15:8: error: no such module 'TensorFlowLiteC'
13 | // limitations under the License.
14 |
15 | import TensorFlowLiteC
| `- error: no such module 'TensorFlowLiteC'
16 |
17 | /// A delegate that the `Interpreter` uses to perform TensorFlow Lite model computations.
[38/44] Compiling TensorFlowLite SignatureRunnerError.swift
/host/spi-builder-workspace/ios/validations/TensorFlowLite/Sources/Delegate.swift:15:8: error: no such module 'TensorFlowLiteC'
13 | // limitations under the License.
14 |
15 | import TensorFlowLiteC
| `- error: no such module 'TensorFlowLiteC'
16 |
17 | /// A delegate that the `Interpreter` uses to perform TensorFlow Lite model computations.
[39/44] Compiling TensorFlowLite Delegate.swift
/host/spi-builder-workspace/ios/validations/TensorFlowLite/Sources/Delegate.swift:15:8: error: no such module 'TensorFlowLiteC'
13 | // limitations under the License.
14 |
15 | import TensorFlowLiteC
| `- error: no such module 'TensorFlowLiteC'
16 |
17 | /// A delegate that the `Interpreter` uses to perform TensorFlow Lite model computations.
[40/44] Compiling TensorFlowLite Interpreter.swift
/host/spi-builder-workspace/ios/validations/TensorFlowLite/Sources/Delegate.swift:15:8: error: no such module 'TensorFlowLiteC'
13 | // limitations under the License.
14 |
15 | import TensorFlowLiteC
| `- error: no such module 'TensorFlowLiteC'
16 |
17 | /// A delegate that the `Interpreter` uses to perform TensorFlow Lite model computations.
[41/44] Compiling TensorFlowLite InterpreterError.swift
/host/spi-builder-workspace/ios/validations/TensorFlowLite/Sources/Delegate.swift:15:8: error: no such module 'TensorFlowLiteC'
13 | // limitations under the License.
14 |
15 | import TensorFlowLiteC
| `- error: no such module 'TensorFlowLiteC'
16 |
17 | /// A delegate that the `Interpreter` uses to perform TensorFlow Lite model computations.
[42/44] Compiling TensorFlowLite SignatureRunner.swift
/host/spi-builder-workspace/ios/validations/TensorFlowLite/Sources/Delegate.swift:15:8: error: no such module 'TensorFlowLiteC'
13 | // limitations under the License.
14 |
15 | import TensorFlowLiteC
| `- error: no such module 'TensorFlowLiteC'
16 |
17 | /// A delegate that the `Interpreter` uses to perform TensorFlow Lite model computations.
[43/44] Compiling TensorFlowLite Model.swift
/host/spi-builder-workspace/ios/validations/TensorFlowLite/Sources/Delegate.swift:15:8: error: no such module 'TensorFlowLiteC'
13 | // limitations under the License.
14 |
15 | import TensorFlowLiteC
| `- error: no such module 'TensorFlowLiteC'
16 |
17 | /// A delegate that the `Interpreter` uses to perform TensorFlow Lite model computations.
[44/44] Compiling TensorFlowLite QuantizationParameters.swift
/host/spi-builder-workspace/ios/validations/TensorFlowLite/Sources/Delegate.swift:15:8: error: no such module 'TensorFlowLiteC'
13 | // limitations under the License.
14 |
15 | import TensorFlowLiteC
| `- error: no such module 'TensorFlowLiteC'
16 |
17 | /// A delegate that the `Interpreter` uses to perform TensorFlow Lite model computations.
Running build ...
bash -c docker run --pull=always --rm -v "checkouts-53886770-0":/host -w "$PWD" -e JAVA_HOME="/root/.sdkman/candidates/java/current" -e SPI_BUILD="1" -e SPI_PROCESSING="1" registry.gitlab.com/saguaro1/spi-images:basic-6.1-latest swift build --triple x86_64-unknown-linux-gnu 2>&1
basic-6.1-latest: Pulling from saguaro1/spi-images
Digest: sha256:dff62030f4387a2d827d2b365d39a91716bd1d13650763ccbcbfe23419000563
Status: Image is up to date for registry.gitlab.com/saguaro1/spi-images:basic-6.1-latest
warning: 'spi-builder-workspace': found 102 file(s) which are unhandled; explicitly declare them as resources or exclude from the target
/host/spi-builder-workspace/ios/validations/TruoraValidationsSDK/Tests/TruoraAPIClientTests.swift
/host/spi-builder-workspace/ios/validations/TruoraValidationsSDK/Tests/TruoraValidationResult+CaptureMetadataTests.swift
/host/spi-builder-workspace/ios/validations/TruoraValidationsSDK/Tests/FaceValidationConfigTests.swift
/host/spi-builder-workspace/ios/validations/TruoraValidationsSDK/Tests/DocumentCapturePresenterTests.swift
/host/spi-builder-workspace/ios/validations/TruoraValidationsSDK/Tests/ConsentTermsAPIClientTests.swift
/host/spi-builder-workspace/ios/validations/TruoraValidationsSDK/Tests/TruoraLocalizationTests.swift
/host/spi-builder-workspace/ios/validations/TruoraValidationsSDK/Tests/ApiKey/ApiKeyManagerTests.swift
/host/spi-builder-workspace/ios/validations/TruoraValidationsSDK/Tests/DocumentSelectionPresenterTests.swift
/host/spi-builder-workspace/ios/validations/TruoraValidationsSDK/Tests/TruoraProcessAPIClientTests.swift
/host/spi-builder-workspace/ios/validations/TruoraValidationsSDK/Tests/TruoraErrorTests.swift
/host/spi-builder-workspace/ios/validations/TruoraValidationsSDK/Tests/TruoraProcessRetryPolicyTests.swift
/host/spi-builder-workspace/ios/validations/TruoraValidationsSDK/Tests/ImageTests.swift
/host/spi-builder-workspace/ios/validations/TruoraValidationsSDK/Tests/InjectionDetection/MockSystemInfoProvider.swift
/host/spi-builder-workspace/ios/validations/TruoraValidationsSDK/Tests/InvoiceInstructionsPresenterTests.swift
/host/spi-builder-workspace/ios/validations/TruoraValidationsSDK/Tests/PassiveIntroPresenterTests.swift
/host/spi-builder-workspace/ios/validations/TruoraValidationsSDK/Tests/CancelTests.swift
/host/spi-builder-workspace/ios/validations/TruoraValidationsSDK/Tests/TruoraProcessLoggingE2ETests.swift
/host/spi-builder-workspace/ios/validations/TruoraValidationsSDK/Tests/InjectionDetection/E2E/InjectionDetectorE2ETests.swift
/host/spi-builder-workspace/ios/validations/TruoraValidationsSDK/Tests/ConsentMarkupTests.swift
/host/spi-builder-workspace/ios/validations/TruoraValidationsSDK/Tests/InjectionDetection/CameraCheckerTests.swift
/host/spi-builder-workspace/ios/validations/TruoraValidationsSDK/Tests/InjectionDetection/Native/MockDetectionBridge.swift
/host/spi-builder-workspace/ios/validations/TruoraValidationsSDK/Tests/InvoiceCameraDelegateTests.swift
/host/spi-builder-workspace/ios/validations/TruoraValidationsSDK/Tests/EventLogTests.swift
/host/spi-builder-workspace/ios/validations/TruoraValidationsSDK/Tests/TruoraValidationResultTests.swift
/host/spi-builder-workspace/ios/validations/TruoraValidationsSDK/Tests/Process/MediaUploadTests.swift
/host/spi-builder-workspace/ios/validations/TruoraValidationsSDK/Tests/DocumentSelectionInteractorTests.swift
/host/spi-builder-workspace/ios/validations/TruoraValidationsSDK/Tests/TruoraValidationResult+MediaTypeTests.swift
/host/spi-builder-workspace/ios/validations/TruoraValidationsSDK/Tests/PassiveCaptureFeedbackViewTests.swift
/host/spi-builder-workspace/ios/validations/TruoraValidationsSDK/Tests/TruoraProcessRequestsTests.swift
/host/spi-builder-workspace/ios/validations/TruoraValidationsSDK/Tests/InvoiceFilePickerDelegateTests.swift
/host/spi-builder-workspace/ios/validations/TruoraValidationsSDK/Tests/VideoCompressorTests.swift
/host/spi-builder-workspace/ios/validations/TruoraValidationsSDK/Tests/AuthorizationConsentLoaderTests.swift
/host/spi-builder-workspace/ios/validations/TruoraValidationsSDK/Tests/DocumentSelectionViewModelTests.swift
/host/spi-builder-workspace/ios/validations/TruoraValidationsSDK/Tests/DocumentValidationConfigTests.swift
/host/spi-builder-workspace/ios/validations/TruoraValidationsSDK/Tests/TruoraProcessManagerTests.swift
/host/spi-builder-workspace/ios/validations/TruoraValidationsSDK/Tests/TruoraProcessModelsTests.swift
/host/spi-builder-workspace/ios/validations/TruoraValidationsSDK/Tests/DocumentCaptureInteractorTests.swift
/host/spi-builder-workspace/ios/validations/TruoraValidationsSDK/Tests/InjectionDetection/MockCameraInfoProvider.swift
/host/spi-builder-workspace/ios/validations/TruoraValidationsSDK/Tests/Process/StepLoopLoggingTests.swift
/host/spi-builder-workspace/ios/validations/TruoraValidationsSDK/Tests/PerformanceAdvisorTests.swift
/host/spi-builder-workspace/ios/validations/TruoraValidationsSDK/Tests/TruoraValidationResult+CapturedMediaTests.swift
/host/spi-builder-workspace/ios/validations/TruoraValidationsSDK/Tests/TruoraValidationBuilderTests.swift
/host/spi-builder-workspace/ios/validations/TruoraValidationsSDK/Tests/InvoiceInstructionsViewModelTests.swift
/host/spi-builder-workspace/ios/validations/TruoraValidationsSDK/Tests/PassiveIntroInteractorTests.swift
/host/spi-builder-workspace/ios/validations/TruoraValidationsSDK/Tests/PassiveCapturePresenterTests.swift
/host/spi-builder-workspace/ios/validations/TruoraValidationsSDK/Tests/InjectionDetection/Attestation/AttestationStatusMapperTests.swift
/host/spi-builder-workspace/ios/validations/TruoraValidationsSDK/Tests/InvoiceInstructionsInteractorTests.swift
/host/spi-builder-workspace/ios/validations/TruoraValidationsSDK/Tests/PassiveCaptureUploadHeaderViewTests.swift
/host/spi-builder-workspace/ios/validations/TruoraValidationsSDK/Tests/TruoraProcessEnvironmentTests.swift
/host/spi-builder-workspace/ios/validations/TruoraValidationsSDK/Tests/InjectionDetection/JailbreakCheckerTests.swift
/host/spi-builder-workspace/ios/validations/TruoraValidationsSDK/Tests/InjectionDetection/Attestation/NoOpAttestationProviderTests.swift
/host/spi-builder-workspace/ios/validations/TruoraValidationsSDK/Tests/InvoicePreviewGeneratorTests.swift
/host/spi-builder-workspace/ios/validations/TruoraValidationsSDK/Tests/LogoDownloaderTests.swift
/host/spi-builder-workspace/ios/validations/TruoraValidationsSDK/Tests/PassiveCaptureInteractorTests.swift
/host/spi-builder-workspace/ios/validations/TruoraValidationsSDK/Tests/AuthorizationTests.swift
/host/spi-builder-workspace/ios/validations/TruoraValidationsSDK/Tests/InjectionDetection/EnvironmentCheckerTests.swift
/host/spi-builder-workspace/ios/validations/TruoraValidationsSDK/Tests/Process/StepTypeRouterTests.swift
/host/spi-builder-workspace/ios/validations/TruoraValidationsSDK/Tests/ResultInteractorTests.swift
/host/spi-builder-workspace/ios/validations/TruoraValidationsSDK/Tests/TestHelpers.swift
/host/spi-builder-workspace/ios/validations/TruoraValidationsSDK/Tests/ResultViewModelTests.swift
/host/spi-builder-workspace/ios/validations/TruoraValidationsSDK/Tests/InjectionDetection/Attestation/InMemoryKeychainStore.swift
/host/spi-builder-workspace/ios/validations/TruoraValidationsSDK/Tests/TruoraLanguageTests.swift
/host/spi-builder-workspace/ios/validations/TruoraValidationsSDK/Tests/DocumentCaptureConfiguratorTests.swift
/host/spi-builder-workspace/ios/validations/TruoraValidationsSDK/Tests/InvoiceFeedbackViewModelTests.swift
/host/spi-builder-workspace/ios/validations/TruoraValidationsSDK/ARCHITECTURE.md
/host/spi-builder-workspace/ios/validations/TruoraValidationsSDK/Tests/Process/PollingControllerTests.swift
/host/spi-builder-workspace/ios/validations/TruoraValidationsSDK/Tests/TruoraLoggerTests.swift
/host/spi-builder-workspace/ios/validations/TruoraValidationsSDK/Tests/DocumentIntroPresenterTests.swift
/host/spi-builder-workspace/ios/validations/TruoraValidationsSDK/Tests/ValidationConfigLogoTests.swift
/host/spi-builder-workspace/ios/validations/TruoraValidationsSDK/Tests/TruoraProcessErrorMapperTests.swift
/host/spi-builder-workspace/ios/validations/TruoraValidationsSDK/Tests/ValidationResultHelperTests.swift
/host/spi-builder-workspace/ios/validations/TruoraValidationsSDK/Tests/ResultPresenterTests.swift
/host/spi-builder-workspace/ios/validations/TruoraValidationsSDK/Tests/NativeEnumTests.swift
/host/spi-builder-workspace/ios/validations/TruoraValidationsSDK/Tests/ReferenceFaceTests.swift
/host/spi-builder-workspace/ios/validations/TruoraValidationsSDK/Tests/Process/StepLoopTests.swift
/host/spi-builder-workspace/ios/validations/TruoraValidationsSDK/Tests/DocumentFeedbackPresenterTests.swift
/host/spi-builder-workspace/ios/validations/TruoraValidationsSDK/Tests/DocumentIntroInteractorTests.swift
/host/spi-builder-workspace/ios/validations/TruoraValidationsSDK/Tests/TruoraSessionConfigurationTests.swift
/host/spi-builder-workspace/ios/validations/TruoraValidationsSDK/Tests/ApiKey/JwtDecoderTests.swift
/host/spi-builder-workspace/ios/validations/TruoraValidationsSDK/Tests/ValidationConfigTests.swift
/host/spi-builder-workspace/ios/validations/TruoraValidationsSDK/Tests/ValidationRouterTests.swift
/host/spi-builder-workspace/ios/validations/TruoraValidationsSDK/Tests/InjectionDetection/Attestation/AppAttestProviderTests.swift
/host/spi-builder-workspace/ios/validations/TruoraValidationsSDK/Tests/InjectionDetection/Native/NativeDetectionBridgeTests.swift
/host/spi-builder-workspace/ios/validations/TruoraValidationsSDK/Tests/InjectionDetection/Attestation/SecItemKeychainStoreTests.swift
/host/spi-builder-workspace/ios/validations/TruoraValidationsSDK/Tests/InjectionDetection/Attestation/MockAppAttestService.swift
/host/spi-builder-workspace/ios/validations/TruoraValidationsSDK/Tests/UIConfigTests.swift
/host/spi-builder-workspace/ios/validations/TruoraValidationsSDK/Tests/InvoiceFeedbackPresenterTests.swift
/host/spi-builder-workspace/ios/validations/TruoraValidationsSDK/Tests/InvoiceCountryContentTests.swift
/host/spi-builder-workspace/ios/validations/TruoraValidationsSDK/Tests/SpyLogger.swift
/host/spi-builder-workspace/ios/validations/TruoraValidationsSDK/Tests/UploadUrlValidatorTests.swift
/host/spi-builder-workspace/ios/validations/TruoraValidationsSDK/Tests/PerformanceSignalsTests.swift
/host/spi-builder-workspace/ios/validations/TruoraValidationsSDK/Tests/InjectionDetection/Attestation/MockAttestationProvider.swift
/host/spi-builder-workspace/ios/validations/TruoraValidationsSDK/Tests/InjectionDetection/InjectionDetectorTests.swift
/host/spi-builder-workspace/ios/validations/TruoraValidationsSDK/Tests/InjectionDetection/Native/DetectionReporterTests.swift
/host/spi-builder-workspace/ios/validations/TruoraValidationsSDK/Tests/MockTimeProvider.swift
/host/spi-builder-workspace/ios/validations/TruoraValidationsSDK/Tests/TruoraProcessManagerLoggingTests.swift
/host/spi-builder-workspace/ios/validations/TruoraValidationsSDK/Tests/InjectionDetection/Native/BitmaskEncoderTests.swift
/host/spi-builder-workspace/ios/validations/TruoraValidationsSDK/Tests/TruoraProcessRequestExecutorTests.swift
/host/spi-builder-workspace/ios/validations/TruoraValidationsSDK/Tests/InferenceLatencyTrackerTests.swift
/host/spi-builder-workspace/ios/validations/TruoraValidationsSDK/Tests/ThermalMonitorTests.swift
/host/spi-builder-workspace/ios/validations/TruoraValidationsSDK/Tests/MockLogger.swift
/host/spi-builder-workspace/ios/validations/TruoraValidationsSDK/Tests/AuthorizationHydrationTests.swift
[0/1] Planning build
Building for debugging...
[0/1] Write swift-version-24593BA9C3E375BF.txt
[2/10] Compiling TensorFlowLite Tensor.swift
/host/spi-builder-workspace/ios/validations/TensorFlowLite/Sources/Delegate.swift:15:8: error: no such module 'TensorFlowLiteC'
13 | // limitations under the License.
14 |
15 | import TensorFlowLiteC
| `- error: no such module 'TensorFlowLiteC'
16 |
17 | /// A delegate that the `Interpreter` uses to perform TensorFlow Lite model computations.
[3/10] Compiling TensorFlowLite SignatureRunnerError.swift
/host/spi-builder-workspace/ios/validations/TensorFlowLite/Sources/Delegate.swift:15:8: error: no such module 'TensorFlowLiteC'
13 | // limitations under the License.
14 |
15 | import TensorFlowLiteC
| `- error: no such module 'TensorFlowLiteC'
16 |
17 | /// A delegate that the `Interpreter` uses to perform TensorFlow Lite model computations.
[4/11] Compiling TensorFlowLite TensorFlowLite.swift
/host/spi-builder-workspace/ios/validations/TensorFlowLite/Sources/Delegate.swift:15:8: error: no such module 'TensorFlowLiteC'
13 | // limitations under the License.
14 |
15 | import TensorFlowLiteC
| `- error: no such module 'TensorFlowLiteC'
16 |
17 | /// A delegate that the `Interpreter` uses to perform TensorFlow Lite model computations.
[5/11] Compiling TensorFlowLite SignatureRunner.swift
/host/spi-builder-workspace/ios/validations/TensorFlowLite/Sources/Delegate.swift:15:8: error: no such module 'TensorFlowLiteC'
13 | // limitations under the License.
14 |
15 | import TensorFlowLiteC
| `- error: no such module 'TensorFlowLiteC'
16 |
17 | /// A delegate that the `Interpreter` uses to perform TensorFlow Lite model computations.
[6/11] Compiling TensorFlowLite QuantizationParameters.swift
/host/spi-builder-workspace/ios/validations/TensorFlowLite/Sources/Delegate.swift:15:8: error: no such module 'TensorFlowLiteC'
13 | // limitations under the License.
14 |
15 | import TensorFlowLiteC
| `- error: no such module 'TensorFlowLiteC'
16 |
17 | /// A delegate that the `Interpreter` uses to perform TensorFlow Lite model computations.
[7/11] Compiling TensorFlowLite Model.swift
/host/spi-builder-workspace/ios/validations/TensorFlowLite/Sources/Delegate.swift:15:8: error: no such module 'TensorFlowLiteC'
13 | // limitations under the License.
14 |
15 | import TensorFlowLiteC
| `- error: no such module 'TensorFlowLiteC'
16 |
17 | /// A delegate that the `Interpreter` uses to perform TensorFlow Lite model computations.
error: emit-module command failed with exit code 1 (use -v to see invocation)
[8/11] Emitting module TensorFlowLite
/host/spi-builder-workspace/ios/validations/TensorFlowLite/Sources/Delegate.swift:15:8: error: no such module 'TensorFlowLiteC'
13 | // limitations under the License.
14 |
15 | import TensorFlowLiteC
| `- error: no such module 'TensorFlowLiteC'
16 |
17 | /// A delegate that the `Interpreter` uses to perform TensorFlow Lite model computations.
[9/11] Compiling TensorFlowLite InterpreterError.swift
/host/spi-builder-workspace/ios/validations/TensorFlowLite/Sources/Delegate.swift:15:8: error: no such module 'TensorFlowLiteC'
13 | // limitations under the License.
14 |
15 | import TensorFlowLiteC
| `- error: no such module 'TensorFlowLiteC'
16 |
17 | /// A delegate that the `Interpreter` uses to perform TensorFlow Lite model computations.
[10/11] Compiling TensorFlowLite Delegate.swift
/host/spi-builder-workspace/ios/validations/TensorFlowLite/Sources/Delegate.swift:15:8: error: no such module 'TensorFlowLiteC'
13 | // limitations under the License.
14 |
15 | import TensorFlowLiteC
| `- error: no such module 'TensorFlowLiteC'
16 |
17 | /// A delegate that the `Interpreter` uses to perform TensorFlow Lite model computations.
[11/11] Compiling TensorFlowLite Interpreter.swift
/host/spi-builder-workspace/ios/validations/TensorFlowLite/Sources/Delegate.swift:15:8: error: no such module 'TensorFlowLiteC'
13 | // limitations under the License.
14 |
15 | import TensorFlowLiteC
| `- error: no such module 'TensorFlowLiteC'
16 |
17 | /// A delegate that the `Interpreter` uses to perform TensorFlow Lite model computations.
BUILD FAILURE 6.1 linux