Build Information
Failed to build SwiftZarr, reference v0.1.5 (fa3861), with Swift 6.1 for Wasm on 17 Jul 2026 02:34:22 UTC.
Build Command
bash -c docker run --pull=always --rm -v "checkouts-54344847-1":/host -w "$PWD" -e JAVA_HOME="/root/.sdkman/candidates/java/current" -e SPI_BUILD="1" -e SPI_PROCESSING="1" registry.gitlab.com/saguaro1/spi-images:wasm-6.1-latest swift build --swift-sdk wasm32-unknown-wasi 2>&1Build Log
========================================
RunAll
========================================
Builder version: 333316120c8b89ed7d21f1b34865290794301d91
Interrupt handler set up.
========================================
Checkout
========================================
Clone URL: https://github.com/open-meteo/swift-zarr.git
Reference: v0.1.5
Initialized empty Git repository in /host/spi-builder-workspace/.git/
hint: Using 'master' as the name for the initial branch. This default branch name
hint: is subject to change. To configure the initial branch name to use in all
hint: of your new repositories, which will suppress this warning, call:
hint:
hint: git config --global init.defaultBranch <name>
hint:
hint: Names commonly chosen instead of 'master' are 'main', 'trunk' and
hint: 'development'. The just-created branch can be renamed via this command:
hint:
hint: git branch -m <name>
From https://github.com/open-meteo/swift-zarr
* tag v0.1.5 -> FETCH_HEAD
HEAD is now at fa3861c chore(main): release 0.1.5 (#14)
Submodule path 'Sources/CBlosc/deps/c-blosc': checked out 'c8072c21dcce8daf6dd19a0bbae8c53458ad68cc'
Submodule 'Sources/CBlosc/deps/c-blosc' (https://github.com/Blosc/c-blosc.git) registered for path 'Sources/CBlosc/deps/c-blosc'
Cloning into '/host/spi-builder-workspace/Sources/CBlosc/deps/c-blosc'...
Cloned https://github.com/open-meteo/swift-zarr.git
Revision (git rev-parse @):
fa3861c69cf6f03871c83fc0a543ff63292433ce
SUCCESS checkout https://github.com/open-meteo/swift-zarr.git at v0.1.5
========================================
Build
========================================
Selected platform: wasm
Swift version: 6.1
Building package at path: $PWD
https://github.com/open-meteo/swift-zarr.git
https://github.com/open-meteo/swift-zarr.git
WARNING: environment variable SUPPRESS_SWIFT_6_FLAGS is not set
Running build ...
bash -c docker run --pull=always --rm -v "checkouts-54344847-1":/host -w "$PWD" -e JAVA_HOME="/root/.sdkman/candidates/java/current" -e SPI_BUILD="1" -e SPI_PROCESSING="1" registry.gitlab.com/saguaro1/spi-images:wasm-6.1-latest swift build --swift-sdk wasm32-unknown-wasi -Xswiftc -Xfrontend -Xswiftc -stats-output-dir -Xswiftc -Xfrontend -Xswiftc .stats -Xswiftc -strict-concurrency=complete -Xswiftc -enable-upcoming-feature -Xswiftc StrictConcurrency -Xswiftc -enable-upcoming-feature -Xswiftc DisableOutwardActorInference -Xswiftc -enable-upcoming-feature -Xswiftc GlobalActorIsolatedTypesUsability -Xswiftc -enable-upcoming-feature -Xswiftc InferSendableFromCaptures 2>&1
wasm-6.1-latest: Pulling from saguaro1/spi-images
Digest: sha256:1ad245dad3d2ae0004e1afbc92334bd39884ed9ca587cf04d0a8d5f640fb02e9
Status: Image is up to date for registry.gitlab.com/saguaro1/spi-images:wasm-6.1-latest
Fetching https://github.com/tsolomko/SWCompression
Fetching https://github.com/swift-server/async-http-client
Fetching https://github.com/apple/swift-log
[1/7773] Fetching swift-log
[4277/25851] Fetching swift-log, swcompression
[15186/41871] Fetching swift-log, swcompression, async-http-client
Fetched https://github.com/apple/swift-log from cache (1.31s)
Fetched https://github.com/swift-server/async-http-client from cache (1.43s)
Fetched https://github.com/tsolomko/SWCompression from cache (1.44s)
Computing version for https://github.com/tsolomko/SWCompression
Computed https://github.com/tsolomko/SWCompression at 4.9.1 (1.69s)
Fetching https://github.com/tsolomko/BitByteData
[1/3281] Fetching bitbytedata
Fetched https://github.com/tsolomko/BitByteData from cache (0.42s)
Computing version for https://github.com/tsolomko/BitByteData
Computed https://github.com/tsolomko/BitByteData at 2.1.0 (0.64s)
Computing version for https://github.com/swift-server/async-http-client
Computed https://github.com/swift-server/async-http-client at 1.35.0 (0.25s)
Fetching https://github.com/apple/swift-distributed-tracing.git
Fetching https://github.com/apple/swift-algorithms.git
Fetching https://github.com/apple/swift-atomics.git
Fetching https://github.com/apple/swift-nio-http2.git
Fetching https://github.com/apple/swift-nio-transport-services.git
Fetching https://github.com/apple/swift-nio-extras.git
[1/1868] Fetching swift-atomics
[450/4728] Fetching swift-atomics, swift-nio-transport-services
[2642/11326] Fetching swift-atomics, swift-nio-transport-services, swift-nio-extras
[3504/17191] Fetching swift-atomics, swift-nio-transport-services, swift-nio-extras, swift-distributed-tracing
[5435/23267] Fetching swift-atomics, swift-nio-transport-services, swift-nio-extras, swift-distributed-tracing, swift-algorithms
[18955/35423] Fetching swift-atomics, swift-nio-transport-services, swift-nio-extras, swift-distributed-tracing, swift-algorithms, swift-nio-http2
Fetched https://github.com/apple/swift-atomics.git from cache (0.99s)
Fetched https://github.com/apple/swift-nio-transport-services.git from cache (0.99s)
Fetched https://github.com/apple/swift-algorithms.git from cache (0.99s)
Fetched https://github.com/apple/swift-nio-extras.git from cache (0.99s)
Fetching https://github.com/apple/swift-nio-ssl.git
Fetched https://github.com/apple/swift-distributed-tracing.git from cache (0.99s)
Fetching https://github.com/apple/swift-nio.git
Fetched https://github.com/apple/swift-nio-http2.git from cache (0.99s)
[1/15597] Fetching swift-nio-ssl
[1873/100130] Fetching swift-nio-ssl, swift-nio
Fetched https://github.com/apple/swift-nio-ssl.git from cache (1.44s)
[46494/84533] Fetching swift-nio
Fetched https://github.com/apple/swift-nio.git from cache (3.21s)
Computing version for https://github.com/apple/swift-distributed-tracing.git
Computed https://github.com/apple/swift-distributed-tracing.git at 1.4.1 (4.43s)
Fetching https://github.com/apple/swift-service-context.git
[1/1307] Fetching swift-service-context
Fetched https://github.com/apple/swift-service-context.git from cache (0.48s)
Computing version for https://github.com/apple/swift-algorithms.git
Computed https://github.com/apple/swift-algorithms.git at 1.2.1 (1.41s)
Fetching https://github.com/apple/swift-numerics.git
[1/6441] Fetching swift-numerics
Fetched https://github.com/apple/swift-numerics.git from cache (0.47s)
Computing version for https://github.com/apple/swift-service-context.git
Computed https://github.com/apple/swift-service-context.git at 1.3.0 (0.69s)
Computing version for https://github.com/apple/swift-nio.git
Computed https://github.com/apple/swift-nio.git at 2.101.3 (0.43s)
Fetching https://github.com/apple/swift-collections.git
Fetching https://github.com/apple/swift-system.git
[1/26103] Fetching swift-collections
[1829/32327] Fetching swift-collections, swift-system
Fetched https://github.com/apple/swift-system.git from cache (1.02s)
Fetched https://github.com/apple/swift-collections.git from cache (1.03s)
Computing version for https://github.com/apple/swift-atomics.git
Computed https://github.com/apple/swift-atomics.git at 1.3.1 (1.24s)
Computing version for https://github.com/apple/swift-numerics.git
Computed https://github.com/apple/swift-numerics.git at 1.1.1 (0.23s)
Computing version for https://github.com/apple/swift-nio-transport-services.git
Computed https://github.com/apple/swift-nio-transport-services.git at 1.28.0 (0.23s)
Computing version for https://github.com/apple/swift-nio-http2.git
Computed https://github.com/apple/swift-nio-http2.git at 1.44.0 (0.26s)
Computing version for https://github.com/apple/swift-nio-ssl.git
Computed https://github.com/apple/swift-nio-ssl.git at 2.37.2 (0.25s)
Computing version for https://github.com/apple/swift-log
Computed https://github.com/apple/swift-log at 1.14.0 (0.22s)
Computing version for https://github.com/apple/swift-collections.git
Computed https://github.com/apple/swift-collections.git at 1.6.0 (0.32s)
Computing version for https://github.com/apple/swift-system.git
Computed https://github.com/apple/swift-system.git at 1.7.4 (0.25s)
Computing version for https://github.com/apple/swift-nio-extras.git
Computed https://github.com/apple/swift-nio-extras.git at 1.34.3 (1.01s)
Fetching https://github.com/apple/swift-http-types.git
Fetching https://github.com/swift-server/swift-service-lifecycle.git
Fetching https://github.com/apple/swift-asn1.git
Fetching https://github.com/apple/swift-certificates.git
Fetching https://github.com/apple/swift-async-algorithms.git
Fetching https://github.com/apple/swift-http-structured-headers.git
[1/1914] Fetching swift-asn1
[97/3133] Fetching swift-asn1, swift-http-types
[160/5908] Fetching swift-asn1, swift-http-types, swift-service-lifecycle
[802/7157] Fetching swift-asn1, swift-http-types, swift-service-lifecycle, swift-http-structured-headers
Fetched https://github.com/apple/swift-asn1.git from cache (0.41s)
[1/7405] Fetching swift-certificates
[1927/14004] Fetching swift-certificates, swift-async-algorithms
Fetched https://github.com/apple/swift-http-types.git from cache (0.57s)
Fetched https://github.com/apple/swift-http-structured-headers.git from cache (0.57s)
Fetched https://github.com/swift-server/swift-service-lifecycle.git from cache (0.57s)
Fetched https://github.com/apple/swift-async-algorithms.git from cache (0.57s)
Fetched https://github.com/apple/swift-certificates.git from cache (0.57s)
Computing version for https://github.com/swift-server/swift-service-lifecycle.git
Computed https://github.com/swift-server/swift-service-lifecycle.git at 2.11.0 (0.80s)
Computing version for https://github.com/apple/swift-async-algorithms.git
Computed https://github.com/apple/swift-async-algorithms.git at 1.1.5 (0.25s)
Computing version for https://github.com/apple/swift-http-types.git
Computed https://github.com/apple/swift-http-types.git at 1.6.0 (0.22s)
Computing version for https://github.com/apple/swift-asn1.git
Computed https://github.com/apple/swift-asn1.git at 1.7.1 (0.25s)
Computing version for https://github.com/apple/swift-http-structured-headers.git
Computed https://github.com/apple/swift-http-structured-headers.git at 1.7.0 (0.21s)
Computing version for https://github.com/apple/swift-certificates.git
Computed https://github.com/apple/swift-certificates.git at 1.19.3 (0.27s)
Fetching https://github.com/apple/swift-crypto.git
[1/17803] Fetching swift-crypto
Fetched https://github.com/apple/swift-crypto.git from cache (2.01s)
Computing version for https://github.com/apple/swift-crypto.git
Computed https://github.com/apple/swift-crypto.git at 4.5.1 (2.79s)
Creating working copy for https://github.com/swift-server/async-http-client
Working copy of https://github.com/swift-server/async-http-client resolved at 1.35.0
Creating working copy for https://github.com/apple/swift-nio-http2.git
Working copy of https://github.com/apple/swift-nio-http2.git resolved at 1.44.0
Creating working copy for https://github.com/apple/swift-system.git
Working copy of https://github.com/apple/swift-system.git resolved at 1.7.4
Creating working copy for https://github.com/apple/swift-nio.git
Working copy of https://github.com/apple/swift-nio.git resolved at 2.101.3
Creating working copy for https://github.com/tsolomko/BitByteData
Working copy of https://github.com/tsolomko/BitByteData resolved at 2.1.0
Creating working copy for https://github.com/apple/swift-service-context.git
Working copy of https://github.com/apple/swift-service-context.git resolved at 1.3.0
Creating working copy for https://github.com/apple/swift-async-algorithms.git
Working copy of https://github.com/apple/swift-async-algorithms.git resolved at 1.1.5
Creating working copy for https://github.com/apple/swift-http-types.git
Working copy of https://github.com/apple/swift-http-types.git resolved at 1.6.0
Creating working copy for https://github.com/apple/swift-collections.git
Working copy of https://github.com/apple/swift-collections.git resolved at 1.6.0
Creating working copy for https://github.com/apple/swift-asn1.git
Working copy of https://github.com/apple/swift-asn1.git resolved at 1.7.1
Creating working copy for https://github.com/apple/swift-nio-ssl.git
Working copy of https://github.com/apple/swift-nio-ssl.git resolved at 2.37.2
Creating working copy for https://github.com/apple/swift-numerics.git
Working copy of https://github.com/apple/swift-numerics.git resolved at 1.1.1
Creating working copy for https://github.com/swift-server/swift-service-lifecycle.git
Working copy of https://github.com/swift-server/swift-service-lifecycle.git resolved at 2.11.0
Creating working copy for https://github.com/tsolomko/SWCompression
Working copy of https://github.com/tsolomko/SWCompression resolved at 4.9.1
Creating working copy for https://github.com/apple/swift-algorithms.git
Working copy of https://github.com/apple/swift-algorithms.git resolved at 1.2.1
Creating working copy for https://github.com/apple/swift-log
Working copy of https://github.com/apple/swift-log resolved at 1.14.0
Creating working copy for https://github.com/apple/swift-nio-extras.git
Working copy of https://github.com/apple/swift-nio-extras.git resolved at 1.34.3
Creating working copy for https://github.com/apple/swift-nio-transport-services.git
Working copy of https://github.com/apple/swift-nio-transport-services.git resolved at 1.28.0
Creating working copy for https://github.com/apple/swift-certificates.git
Working copy of https://github.com/apple/swift-certificates.git resolved at 1.19.3
Creating working copy for https://github.com/apple/swift-atomics.git
Working copy of https://github.com/apple/swift-atomics.git resolved at 1.3.1
Creating working copy for https://github.com/apple/swift-http-structured-headers.git
Working copy of https://github.com/apple/swift-http-structured-headers.git resolved at 1.7.0
Creating working copy for https://github.com/apple/swift-crypto.git
Working copy of https://github.com/apple/swift-crypto.git resolved at 4.5.1
Creating working copy for https://github.com/apple/swift-distributed-tracing.git
Working copy of https://github.com/apple/swift-distributed-tracing.git resolved at 1.4.1
Building for debugging...
[0/470] Write sources
[5/470] Copying PrivacyInfo.xcprivacy
[7/470] Write sources
[26/470] Compiling CNIOWindows WSAStartup.c
[26/470] Compiling _CWASI _CWASI.c
[28/470] Compiling _NumericsShims _NumericsShims.c
[29/470] Compiling CNIOWindows shim.c
[30/470] Compiling _AtomicsShims.c
[31/470] Compiling CNIOOpenBSD shim.c
[32/470] Compiling CNIOWASI CNIOWASI.c
[33/470] Compiling CNIOPosix event_loop_id.c
[34/470] Compiling CNIOLinux shim.c
[35/470] Compiling CNIOLinux liburing_shims.c
[36/470] Compiling CNIOFreeBSD shim.c
[37/470] Compiling CNIOLLHTTP c_nio_http.c
[38/470] Compiling CNIOExtrasZlib zutil.c
[39/470] Compiling CNIOLLHTTP c_nio_api.c
[40/470] Compiling CNIOExtrasZlib trees.c
[41/470] Compiling CNIOExtrasZlib inftrees.c
[42/470] Compiling CNIOExtrasZlib inffast.c
[43/470] Compiling CNIOExtrasZlib inflate.c
[44/470] Compiling CNIODarwin shim.c
[45/470] Compiling CNIOExtrasZlib adler32.c
[46/470] Compiling CNIOExtrasZlib crc32.c
[47/470] Compiling fiat_p256_adx_sqr.S
[48/470] Compiling fiat_p256_adx_mul.S
[48/470] Compiling CNIOExtrasZlib deflate.c
[50/470] Compiling fiat_curve25519_adx_square.S
[51/470] Compiling fiat_curve25519_adx_mul.S
[52/470] Compiling CNIOBoringSSLShims shims.c
[53/470] Compiling lz4hc.c
[53/470] Write swift-version-24593BA9C3E375BF.txt
[55/470] Compiling lz4.c
[56/470] Compiling CNIOLLHTTP c_nio_llhttp.c
In file included from /host/spi-builder-workspace/.build/checkouts/swift-nio-ssl/Sources/CNIOBoringSSL/ssl/tls13_server.cc:32:
/host/spi-builder-workspace/.build/checkouts/swift-nio-ssl/Sources/CNIOBoringSSL/ssl/../crypto/internal.h:32:10: fatal error: 'pthread.h' file not found
32 | #include <pthread.h>
| ^~~~~~~~~~~
1 error generated.
[57/476] Compiling tls13_server.cc
[57/476] Compiling tls13_both.cc
In file included from /host/spi-builder-workspace/.build/checkouts/swift-nio-ssl/Sources/CNIOBoringSSL/ssl/tls_method.cc:17:
/host/spi-builder-workspace/.build/checkouts/swift-nio-ssl/Sources/CNIOBoringSSL/ssl/../crypto/internal.h:32:10: fatal error: 'pthread.h' file not found
32 | #include <pthread.h>
| ^~~~~~~~~~~
[57/476] Compiling tls_method.cc
<unknown>:0: warning: upcoming feature 'InferSendableFromCaptures' is already enabled as of Swift version 6
<unknown>:0: warning: upcoming feature 'GlobalActorIsolatedTypesUsability' is already enabled as of Swift version 6
<unknown>:0: warning: upcoming feature 'DisableOutwardActorInference' is already enabled as of Swift version 6
[57/476] Compiling tls13_client.cc
[57/476] Compiling tls_record.cc
<unknown>:0: warning: upcoming feature 'InferSendableFromCaptures' is already enabled as of Swift version 6
<unknown>:0: warning: upcoming feature 'GlobalActorIsolatedTypesUsability' is already enabled as of Swift version 6
<unknown>:0: warning: upcoming feature 'DisableOutwardActorInference' is already enabled as of Swift version 6
[57/476] Compiling tls13_enc.cc
Running build ...
bash -c docker run --pull=always --rm -v "checkouts-54344847-1":/host -w "$PWD" -e JAVA_HOME="/root/.sdkman/candidates/java/current" -e SPI_BUILD="1" -e SPI_PROCESSING="1" registry.gitlab.com/saguaro1/spi-images:wasm-6.1-latest swift build --swift-sdk wasm32-unknown-wasi 2>&1
wasm-6.1-latest: Pulling from saguaro1/spi-images
Digest: sha256:1ad245dad3d2ae0004e1afbc92334bd39884ed9ca587cf04d0a8d5f640fb02e9
Status: Image is up to date for registry.gitlab.com/saguaro1/spi-images:wasm-6.1-latest
[0/1] Planning build
Building for debugging...
[0/413] Write sources
[0/413] Copying PrivacyInfo.xcprivacy
[0/413] Write sources
In file included from /host/spi-builder-workspace/.build/checkouts/swift-nio-ssl/Sources/CNIOBoringSSL/ssl/t1_enc.cc:28:
/host/spi-builder-workspace/.build/checkouts/swift-nio-ssl/Sources/CNIOBoringSSL/ssl/../crypto/internal.h:32:10: fatal error: 'pthread.h' file not found
32 | #include <pthread.h>
| ^~~~~~~~~~~
1 error generated.
[3/414] Compiling t1_enc.cc
In file included from /host/spi-builder-workspace/.build/checkouts/swift-nio-ssl/Sources/CNIOBoringSSL/ssl/tls13_server.cc:32:
/host/spi-builder-workspace/.build/checkouts/swift-nio-ssl/Sources/CNIOBoringSSL/ssl/../crypto/internal.h:32:10: fatal error: 'pthread.h' file not found
32 | #include <pthread.h>
| ^~~~~~~~~~~
1 error generated.
[3/414] Compiling tls13_server.cc
In file included from /host/spi-builder-workspace/.build/checkouts/swift-nio-ssl/Sources/CNIOBoringSSL/ssl/tls_method.cc:17:
/host/spi-builder-workspace/.build/checkouts/swift-nio-ssl/Sources/CNIOBoringSSL/ssl/../crypto/internal.h:32:10: fatal error: 'pthread.h' file not found
32 | #include <pthread.h>
| ^~~~~~~~~~~
[3/414] Compiling tls_method.cc
In file included from /host/spi-builder-workspace/.build/checkouts/swift-nio-ssl/Sources/CNIOBoringSSL/ssl/tls_record.cc:19:
/host/spi-builder-workspace/.build/checkouts/swift-nio-ssl/Sources/CNIOBoringSSL/ssl/../crypto/internal.h:32:10: fatal error: 'pthread.h' file not found
32 | #include <pthread.h>
| ^~~~~~~~~~~
In file included from /host/spi-builder-workspace/.build/checkouts/swift-nio-ssl/Sources/CNIOBoringSSL/ssl/tls13_client.cc:30:
/host/spi-builder-workspace/.build/checkouts/swift-nio-ssl/Sources/CNIOBoringSSL/ssl/../crypto/internal.h:32:10: fatal error: 'pthread.h' file not found
32 | #include <pthread.h>
| ^~~~~~~~~~~
[3/414] Compiling tls13_client.cc
[3/414] Compiling tls_record.cc
In file included from /host/spi-builder-workspace/.build/checkouts/swift-nio-ssl/Sources/CNIOBoringSSL/ssl/ssl_x509.cc:23:
/host/spi-builder-workspace/.build/checkouts/swift-nio-ssl/Sources/CNIOBoringSSL/ssl/../crypto/internal.h:32:10: fatal error: 'pthread.h' file not found
32 | #include <pthread.h>
| ^~~~~~~~~~~
[3/414] Compiling ssl_x509.cc
In file included from /host/spi-builder-workspace/.build/checkouts/swift-nio-ssl/Sources/CNIOBoringSSL/ssl/tls13_both.cc:29:
/host/spi-builder-workspace/.build/checkouts/swift-nio-ssl/Sources/CNIOBoringSSL/ssl/../crypto/internal.h:32:10: fatal error: 'pthread.h' file not found
32 | #include <pthread.h>
| ^~~~~~~~~~~
[3/414] Compiling tls13_both.cc
In file included from /host/spi-builder-workspace/.build/checkouts/swift-nio-ssl/Sources/CNIOBoringSSL/ssl/tls13_enc.cc:34:
/host/spi-builder-workspace/.build/checkouts/swift-nio-ssl/Sources/CNIOBoringSSL/ssl/../crypto/internal.h:32:10: fatal error: 'pthread.h' file not found
32 | #include <pthread.h>
| ^~~~~~~~~~~
1 error generated.
[3/414] Compiling tls13_enc.cc
BUILD FAILURE 6.1 wasm