The Swift Package Index logo.Swift Package Index

Build Information

Failed to build GoogleScholarSwift, reference main (3c7b00), with Swift 6.4 for Linux on 21 Sep 2026 02:13:02 UTC.

Build Command

bash -c docker run --pull=always --rm -v "checkouts-53886769-0":/host -w "$PWD" -e JAVA_HOME="/root/.sdkman/candidates/java/current" -e SPI_BUILD="1" -e SPI_PROCESSING="1" registry.gitlab.com/saguaro1/spi-images:basic-6.4-latest swift build --triple x86_64-unknown-linux-gnu 2>&1

Build Log

========================================
RunAll
========================================
Builder version: 5.1.0
Interrupt handler set up.
========================================
Checkout
========================================
Clone URL: https://github.com/ezefranca/GoogleScholarSwift.git
Reference: main
Initialized empty Git repository in /host/spi-builder-workspace/.git/
hint: Using 'master' as the name for the initial branch. This default branch name
hint: is subject to change. To configure the initial branch name to use in all
hint: of your new repositories, which will suppress this warning, call:
hint:
hint: 	git config --global init.defaultBranch <name>
hint:
hint: Names commonly chosen instead of 'master' are 'main', 'trunk' and
hint: 'development'. The just-created branch can be renamed via this command:
hint:
hint: 	git branch -m <name>
From https://github.com/ezefranca/GoogleScholarSwift
 * branch            main       -> FETCH_HEAD
 * [new branch]      main       -> origin/main
HEAD is now at 3c7b005 Adjustments to V1.2
Cloned https://github.com/ezefranca/GoogleScholarSwift.git
Revision (git rev-parse @):
3c7b0054008736eaa287bcba776c4acedb12f89c
SUCCESS checkout https://github.com/ezefranca/GoogleScholarSwift.git at main
========================================
Build
========================================
Selected platform:         linux
Swift version:             6.4
Building package at path:  $PWD
https://github.com/ezefranca/GoogleScholarSwift.git
Running build ...
bash -c docker run --pull=always --rm -v "checkouts-53886769-0":/host -w "$PWD" -e JAVA_HOME="/root/.sdkman/candidates/java/current" -e SPI_BUILD="1" -e SPI_PROCESSING="1" registry.gitlab.com/saguaro1/spi-images:basic-6.4-latest swift build --triple x86_64-unknown-linux-gnu 2>&1
basic-6.4-latest: Pulling from saguaro1/spi-images
Digest: sha256:c77fcce225e223ac0fafed844619173fc6de8d62dd560eeb28db3182af6a282b
Status: Image is up to date for registry.gitlab.com/saguaro1/spi-images:basic-6.4-latest
Fetching https://github.com/scinfu/SwiftSoup.git
Fetching https://github.com/apple/swift-docc-plugin.git
[1/2345] Fetching swift-docc-plugin
Fetched https://github.com/apple/swift-docc-plugin.git (0.59s)
[1/6454] Fetching swiftsoup
Fetched https://github.com/scinfu/SwiftSoup.git (0.84s)
Computing version for https://github.com/apple/swift-docc-plugin.git
Computed https://github.com/apple/swift-docc-plugin.git at 1.5.0 (1.89s)
Fetching https://github.com/swiftlang/swift-docc-symbolkit
[1/3824] Fetching swift-docc-symbolkit
Fetched https://github.com/swiftlang/swift-docc-symbolkit (0.62s)
Computing version for https://github.com/swiftlang/swift-docc-symbolkit
Computed https://github.com/swiftlang/swift-docc-symbolkit at 1.0.0 (0.85s)
Computing version for https://github.com/scinfu/SwiftSoup.git
Computed https://github.com/scinfu/SwiftSoup.git at 2.13.9 (0.16s)
Creating working copy for https://github.com/apple/swift-docc-plugin.git
Working copy of https://github.com/apple/swift-docc-plugin.git resolved at 1.5.0
Creating working copy for https://github.com/swiftlang/swift-docc-symbolkit
Working copy of https://github.com/swiftlang/swift-docc-symbolkit resolved at 1.0.0
Creating working copy for https://github.com/scinfu/SwiftSoup.git
Working copy of https://github.com/scinfu/SwiftSoup.git resolved at 2.13.9
Building for debugging...
[Pre-planning 1 / 96]
[34 / 49] SwiftSoup
[35 / 49] SwiftSoup
[45 / 59] GoogleScholarSwift
[48 / 59] GoogleScholarSwift
error: SwiftCompile normal x86_64 failed with a nonzero exit code. Command line:     cd /host

/host/spi-builder-workspace/Sources/GoogleScholarSwift/Impl/NetworkService.swift:8:40: error: type 'URLSession' (aka 'AnyObject') has no member 'shared'
 6 |     private let session: URLSession
 7 |
 8 |     public init(session: URLSession = .shared) {
   |                                        `- error: type 'URLSession' (aka 'AnyObject') has no member 'shared'
 9 |         self.session = session
10 |     }
/host/spi-builder-workspace/Sources/GoogleScholarSwift/Impl/NetworkService.swift:8:40: error: value of type '_' expected to be instance of class or class-constrained type
 6 |     private let session: URLSession
 7 |
 8 |     public init(session: URLSession = .shared) {
   |                                        `- error: value of type '_' expected to be instance of class or class-constrained type
 9 |         self.session = session
10 |     }
/host/spi-builder-workspace/Sources/GoogleScholarSwift/Impl/NetworkService.swift:6:26: error: 'URLSession' is unavailable: This type has moved to the FoundationNetworking module. Import that module to use it.
 4 | public class NetworkService {
 5 |
 6 |     private let session: URLSession
   |                          `- error: 'URLSession' is unavailable: This type has moved to the FoundationNetworking module. Import that module to use it.
 7 |
 8 |     public init(session: URLSession = .shared) {
Foundation.URLSession:2:18: note: 'URLSession' has been explicitly marked unavailable here
1 | @available(*, unavailable, message: "This type has moved to the FoundationNetworking module. Import that module to use it.")
2 | public typealias URLSession = AnyObject
  |                  `- note: 'URLSession' has been explicitly marked unavailable here
/host/spi-builder-workspace/Sources/GoogleScholarSwift/Impl/NetworkService.swift:8:26: error: 'URLSession' is unavailable: This type has moved to the FoundationNetworking module. Import that module to use it.
 6 |     private let session: URLSession
 7 |
 8 |     public init(session: URLSession = .shared) {
   |                          `- error: 'URLSession' is unavailable: This type has moved to the FoundationNetworking module. Import that module to use it.
 9 |         self.session = session
10 |     }
Foundation.URLSession:2:18: note: 'URLSession' has been explicitly marked unavailable here
1 | @available(*, unavailable, message: "This type has moved to the FoundationNetworking module. Import that module to use it.")
2 | public typealias URLSession = AnyObject
  |                  `- note: 'URLSession' has been explicitly marked unavailable here
/host/spi-builder-workspace/Sources/GoogleScholarSwift/Impl/NetworkService.swift:73:53: error: cannot find type 'URLRequest' in scope
71 |     }
72 |
73 |     private func configureRequest(with url: URL) -> URLRequest {
   |                                                     `- error: cannot find type 'URLRequest' in scope
74 |         var request = URLRequest(url: url)
75 |         request.addValue(Constants.randomUserAgent(), forHTTPHeaderField: "User-Agent")
Failed frontend command:
/usr/bin/swift-frontend -frontend -emit-module -experimental-skip-non-inlinable-function-bodies-without-types /host/spi-builder-workspace/Sources/GoogleScholarSwift/Constants/Constants.swift /host/spi-builder-workspace/Sources/GoogleScholarSwift/Enums/FetchQuantity.swift /host/spi-builder-workspace/Sources/GoogleScholarSwift/Enums/SortBy.swift /host/spi-builder-workspace/Sources/GoogleScholarSwift/Impl/CacheService.swift /host/spi-builder-workspace/Sources/GoogleScholarSwift/Impl/GoogleScholarFetcher.swift /host/spi-builder-workspace/Sources/GoogleScholarSwift/Impl/HTMLParser.swift /host/spi-builder-workspace/Sources/GoogleScholarSwift/Impl/NetworkService.swift /host/spi-builder-workspace/Sources/GoogleScholarSwift/Models/Article.swift /host/spi-builder-workspace/Sources/GoogleScholarSwift/Models/ArticleLink.swift /host/spi-builder-workspace/Sources/GoogleScholarSwift/Models/Author.swift /host/spi-builder-workspace/Sources/GoogleScholarSwift/Models/AuthorMetrics.swift /host/spi-builder-workspace/Sources/GoogleScholarSwift/Models/CitationMetrics.swift /host/spi-builder-workspace/Sources/GoogleScholarSwift/Models/CoAuthor.swift /host/spi-builder-workspace/Sources/GoogleScholarSwift/Models/GoogleScholarCacheConfig.swift /host/spi-builder-workspace/Sources/GoogleScholarSwift/Models/GoogleScholarID.swift /host/spi-builder-workspace/Sources/GoogleScholarSwift/Models/Publication.swift -target x86_64-unknown-linux-gnu -disable-objc-interop -I /host/spi-builder-workspace/.build/out/Products/Debug-linux-x86_64 -module-cache-path /host/spi-builder-workspace/.build/out/ModuleCache.noindex -color-diagnostics -Xcc -fcolor-diagnostics -enable-testing -g -debug-info-format\=dwarf -dwarf-version\=4 -swift-version 5 -Onone -D SWIFT_PACKAGE -D DEBUG -D SWIFT_MODULE_RESOURCE_BUNDLE_UNAVAILABLE -D Xcode -serialize-debugging-options -enable-experimental-feature DebugDescriptionMacro -empty-abi-descriptor -external-plugin-path /usr/lib/swift/host/plugins/testing\#/usr/bin/swift-plugin-server -validate-clang-modules-once -clang-build-session-file /host/spi-builder-workspace/.build/out/ModuleCache.noindex/Session.modulevalidation -Xcc -working-directory -Xcc /host -enable-anonymous-context-mangled-names -file-compilation-dir /host -Xcc -fno-omit-frame-pointer -Xcc -D_LIBCPP_HARDENING_MODE\=_LIBCPP_HARDENING_MODE_DEBUG -Xcc -fmodules-prune-interval\=86400 -Xcc -fmodules-prune-after\=345600 -Xcc -I/host/spi-builder-workspace/.build/out/Products/Debug-linux-x86_64/include -Xcc -I/host/spi-builder-workspace/.build/out/Intermediates.noindex/GoogleScholarSwift.build/Debug-linux-x86_64/GoogleScholarSwift-t.build/DerivedSources-normal/x86_64 -Xcc -I/host/spi-builder-workspace/.build/out/Intermediates.noindex/GoogleScholarSwift.build/Debug-linux-x86_64/GoogleScholarSwift-t.build/DerivedSources/x86_64 -Xcc -I/host/spi-builder-workspace/.build/out/Intermediates.noindex/GoogleScholarSwift.build/Debug-linux-x86_64/GoogleScholarSwift-t.build/DerivedSources -Xcc -DSWIFT_PACKAGE -Xcc -DDEBUG\=1 -no-auto-bridging-header-chaining -module-name GoogleScholarSwift -package-name spi_builder_workspace -const-gather-protocols-file /host/spi-builder-workspace/.build/out/Intermediates.noindex/GoogleScholarSwift.build/Debug-linux-x86_64/GoogleScholarSwift-t.build/Objects-normal/x86_64/GoogleScholarSwift_const_extract_protocols.json -in-process-plugin-server-path /usr/lib/swift/host/libSwiftInProcPluginServer.so -plugin-path /usr/lib/swift/host/plugins -plugin-path /usr/local/lib/swift/host/plugins -emit-module-doc-path /host/spi-builder-workspace/.build/out/Intermediates.noindex/GoogleScholarSwift.build/Debug-linux-x86_64/GoogleScholarSwift-t.build/Objects-normal/x86_64/Modules/GoogleScholarSwift.swiftdoc -emit-module-source-info-path /host/spi-builder-workspace/.build/out/Intermediates.noindex/GoogleScholarSwift.build/Debug-linux-x86_64/GoogleScholarSwift-t.build/Objects-normal/x86_64/Modules/GoogleScholarSwift.swiftsourceinfo -emit-objc-header-path /host/spi-builder-workspace/.build/out/Intermediates.noindex/GoogleScholarSwift.build/Debug-linux-x86_64/GoogleScholarSwift-t.build/Objects-normal/x86_64/GoogleScholarSwift-Swift.h -serialize-diagnostics-path /host/spi-builder-workspace/.build/out/Intermediates.noindex/GoogleScholarSwift.build/Debug-linux-x86_64/GoogleScholarSwift-t.build/Objects-normal/x86_64/GoogleScholarSwift-primary-emit-module.dia -emit-dependencies-path /host/spi-builder-workspace/.build/out/Intermediates.noindex/GoogleScholarSwift.build/Debug-linux-x86_64/GoogleScholarSwift-t.build/Objects-normal/x86_64/GoogleScholarSwift-primary-emit-module.d -parse-as-library -o /host/spi-builder-workspace/.build/out/Intermediates.noindex/GoogleScholarSwift.build/Debug-linux-x86_64/GoogleScholarSwift-t.build/Objects-normal/x86_64/Modules/GoogleScholarSwift.swiftmodule
[48 / 60] GoogleScholarSwift
error: Build failed
BUILD FAILURE 6.4 linux