The Swift Package Index logo.Swift Package Index

Build Information

Failed to build swift-html-rendering, reference 0.1.15 (2ff2b3), with Swift 6.2 for watchOS using Xcode 26.3 on 3 Sep 2026 22:21:39 UTC.

Build Command

No build command. This typically means the build failed at an early stage where we determine the build command.

Build Log

========================================
RunAll
========================================
Builder version: 5.0.2
Interrupt handler set up.
========================================
Checkout
========================================
Clone URL: https://github.com/swift-compositions/swift-html-render.git
Reference: 0.1.15
Initialized empty Git repository in /Users/admin/builder/spi-builder-workspace/.git/
From https://github.com/swift-compositions/swift-html-render
 * tag               0.1.15     -> FETCH_HEAD
HEAD is now at 2ff2b39 Switch to swift-async-algorithms-fork and update swift-renderable to 3.2.2
Cloned https://github.com/swift-compositions/swift-html-render.git
Revision (git rev-parse @):
2ff2b3985ed6c32dc385f69f8b778701f1dec428
SUCCESS checkout https://github.com/swift-compositions/swift-html-render.git at 0.1.15
========================================
Build
========================================
Selected platform:         watchOS
Swift version:             6.2
Building package at path:  $PWD
https://github.com/swift-compositions/swift-html-render.git
Command line invocation:
    /Applications/Xcode-26.3.0.app/Contents/Developer/usr/bin/xcodebuild -IDEClonedSourcePackagesDirPathOverride=/Users/admin/builder/spi-builder-workspace/.dependencies -resolvePackageDependencies
Resolve Package Graph
Fetching from https://github.com/apple/swift-collections.git
Fetching from https://github.com/pointfreeco/swift-snapshot-testing.git
Fetching from https://github.com/swift-standards/swift-incits-4-1986
Fetching from https://github.com/swift-standards/swift-html-standard
Fetching from https://github.com/swift-standards/swift-iso-9899
Fetching from https://github.com/swift-standards/swift-w3c-css
skipping cache due to an error: Failed to clone repository https://github.com/swift-standards/swift-w3c-css:
    Cloning into bare repository '/Users/admin/Library/Caches/org.swift.swiftpm/repositories/swift-w3c-css-d1b3b533'...
    fatal: could not read Username for 'https://github.com': terminal prompts disabled
Fetching from https://github.com/swift-standards/swift-standards
Fetching from https://github.com/coenttb/swift-async-algorithms-fork.git
skipping cache due to an error: Failed to clone repository https://github.com/coenttb/swift-async-algorithms-fork.git:
    Cloning into bare repository '/Users/admin/Library/Caches/org.swift.swiftpm/repositories/swift-async-algorithms-fork-24102691'...
    fatal: could not read Username for 'https://github.com': terminal prompts disabled
Fetching from https://github.com/coenttb/swift-renderable
Resolve Package Graph
Updating from https://github.com/swift-standards/swift-standards
Updating from https://github.com/swift-standards/swift-iso-9899
Updating from https://github.com/swift-standards/swift-incits-4-1986
Updating from https://github.com/coenttb/swift-renderable
Updating from https://github.com/pointfreeco/swift-snapshot-testing.git
Updating from https://github.com/swift-standards/swift-html-standard
Updating from https://github.com/apple/swift-collections.git
Resolved source packages:
  spi-builder-workspace: (null)
2026-09-03 18:21:37.382 xcodebuild[538:3110] Writing error result bundle to /var/folders/xq/y_g06wb113726d38xsyx71_h0000gn/T/ResultBundle_2026-03-09_18-21-0037.xcresult
xcodebuild: error: Could not resolve package dependencies:
  Failed to clone repository https://github.com/coenttb/swift-async-algorithms-fork.git:
    Cloning into bare repository '/Users/admin/builder/spi-builder-workspace/.dependencies/repositories/swift-async-algorithms-fork-24102691'...
    fatal: could not read Username for 'https://github.com': terminal prompts disabled
Command line invocation:
    /Applications/Xcode-26.3.0.app/Contents/Developer/usr/bin/xcodebuild -IDEClonedSourcePackagesDirPathOverride=/Users/admin/builder/spi-builder-workspace/.dependencies -resolvePackageDependencies
Resolve Package Graph
Fetching from https://github.com/swift-standards/swift-w3c-css
skipping cache due to an error: Failed to clone repository https://github.com/swift-standards/swift-w3c-css:
    Cloning into bare repository '/Users/admin/Library/Caches/org.swift.swiftpm/repositories/swift-w3c-css-d1b3b533'...
    fatal: could not read Username for 'https://github.com': terminal prompts disabled
Updating from https://github.com/swift-standards/swift-standards
Updating from https://github.com/swift-standards/swift-incits-4-1986
Updating from https://github.com/pointfreeco/swift-snapshot-testing.git
Updating from https://github.com/apple/swift-collections.git
Updating from https://github.com/swift-standards/swift-iso-9899
Updating from https://github.com/swift-standards/swift-html-standard
Fetching from https://github.com/coenttb/swift-async-algorithms-fork.git
skipping cache due to an error: Failed to clone repository https://github.com/coenttb/swift-async-algorithms-fork.git:
    Cloning into bare repository '/Users/admin/Library/Caches/org.swift.swiftpm/repositories/swift-async-algorithms-fork-24102691'...
    fatal: could not read Username for 'https://github.com': terminal prompts disabled
Updating from https://github.com/coenttb/swift-renderable
Resolved source packages:
  spi-builder-workspace: (null)
2026-09-03 18:21:39.514 xcodebuild[777:4468] Writing error result bundle to /var/folders/xq/y_g06wb113726d38xsyx71_h0000gn/T/ResultBundle_2026-03-09_18-21-0039.xcresult
xcodebuild: error: Could not resolve package dependencies:
  Failed to clone repository https://github.com/swift-standards/swift-w3c-css:
    Cloning into bare repository '/Users/admin/builder/spi-builder-workspace/.dependencies/repositories/swift-w3c-css-d1b3b533'...
    fatal: could not read Username for 'https://github.com': terminal prompts disabled
BUILD FAILURE 6.2 watchOS