Build Information
Failed to build WWProgressMaskView, reference 1.4.1 (e06a65), with Swift 6.4 for watchOS using Xcode 27.0 on 23 Sep 2026 05:07:16 UTC.
Build Command
env DEVELOPER_DIR=/Applications/Xcode-27.0.0-Release.Candidate.app xcrun xcodebuild -IDEClonedSourcePackagesDirPathOverride=$PWD/.dependencies -skipMacroValidation -skipPackagePluginValidation -derivedDataPath $PWD/.derivedData build -scheme WWProgressMaskView -destination generic/platform=watchOSBuild Log
========================================
RunAll
========================================
Builder version: 5.1.0
Interrupt handler set up.
========================================
Checkout
========================================
Clone URL: https://github.com/William-Weng/WWProgressMaskView.git
Reference: 1.4.1
Initialized empty Git repository in /Users/admin/builder/spi-builder-workspace/.git/
From https://github.com/William-Weng/WWProgressMaskView
* tag 1.4.1 -> FETCH_HEAD
HEAD is now at e06a65b - 去除@IBDesignable - Swift 5.7 + iOS 15
Cloned https://github.com/William-Weng/WWProgressMaskView.git
Revision (git rev-parse @):
e06a65bc48159b33874cc4f940673cb00f7dc5d9
SUCCESS checkout https://github.com/William-Weng/WWProgressMaskView.git at 1.4.1
========================================
Build
========================================
Selected platform: watchOS
Swift version: 6.4
Building package at path: $PWD
https://github.com/William-Weng/WWProgressMaskView.git
Command line invocation:
/Applications/Xcode-27.0.0-Release.Candidate.app/Contents/Developer/usr/bin/xcodebuild -IDEClonedSourcePackagesDirPathOverride=/Users/admin/builder/spi-builder-workspace/.dependencies -resolvePackageDependencies
Resolve Package Graph
Resolve Package Graph
Resolved source packages:
WWProgressMaskView: /Users/admin/builder/spi-builder-workspace
resolved source packages: WWProgressMaskView
2026-09-23 01:06:27.180 xcodebuild[529:3025] [MT] IDERunDestination: Supported platforms for the buildables in the current scheme is empty.
{
"dependencies" : [
],
"manifest_display_name" : "WWProgressMaskView",
"name" : "WWProgressMaskView",
"path" : "/Users/admin/builder/spi-builder-workspace",
"platforms" : [
{
"name" : "ios",
"version" : "15.0"
}
],
"products" : [
{
"name" : "WWProgressMaskView",
"targets" : [
"WWProgressMaskView"
],
"type" : {
"library" : [
"automatic"
]
}
}
],
"swift_languages_versions" : [
"5"
],
"targets" : [
{
"c99name" : "WWProgressMaskView",
"module_type" : "SwiftTarget",
"name" : "WWProgressMaskView",
"path" : "Sources/WWProgressMaskView",
"product_memberships" : [
"WWProgressMaskView"
],
"resources" : [
{
"path" : "/Users/admin/builder/spi-builder-workspace/Sources/WWProgressMaskView/Material/inner.png",
"rule" : {
"process" : {
}
}
},
{
"path" : "/Users/admin/builder/spi-builder-workspace/Sources/WWProgressMaskView/Material/marker.png",
"rule" : {
"process" : {
}
}
},
{
"path" : "/Users/admin/builder/spi-builder-workspace/Sources/WWProgressMaskView/Material/outer.png",
"rule" : {
"process" : {
}
}
},
{
"path" : "/Users/admin/builder/spi-builder-workspace/Sources/WWProgressMaskView/Privacy",
"rule" : {
"copy" : {
}
}
},
{
"path" : "/Users/admin/builder/spi-builder-workspace/Sources/WWProgressMaskView/Xib/WWProgressMaskView.xib",
"rule" : {
"process" : {
}
}
}
],
"sources" : [
"ProgressMaskView.swift",
"Utility/Constant.swift",
"Utility/Extension.swift",
"Utility/Protocol.swift"
],
"type" : "library"
}
],
"tools_version" : "5.7"
}
{
"workspace" : {
"name" : "WWProgressMaskView",
"schemes" : [
"WWProgressMaskView"
]
}
}
2026-09-23 01:07:08.863 xcodebuild[661:4234] [MT] IDERunDestination: Supported platforms for the buildables in the current scheme is empty.
Running build ...
env DEVELOPER_DIR=/Applications/Xcode-27.0.0-Release.Candidate.app xcrun xcodebuild -IDEClonedSourcePackagesDirPathOverride=$PWD/.dependencies -skipMacroValidation -skipPackagePluginValidation -derivedDataPath $PWD/.derivedData build -scheme WWProgressMaskView -destination generic/platform=watchOS
Command line invocation:
/Applications/Xcode-27.0.0-Release.Candidate.app/Contents/Developer/usr/bin/xcodebuild -IDEClonedSourcePackagesDirPathOverride=/Users/admin/builder/spi-builder-workspace/.dependencies -skipMacroValidation -skipPackagePluginValidation -derivedDataPath /Users/admin/builder/spi-builder-workspace/.derivedData build -scheme WWProgressMaskView -destination generic/platform=watchOS
Resolve Package Graph
Resolved source packages:
WWProgressMaskView: /Users/admin/builder/spi-builder-workspace
ComputePackagePrebuildTargetDependencyGraph
Prepare packages
CreateBuildRequest
SendProjectDescription
CreateBuildOperation
ComputeTargetDependencyGraph
note: Building targets in dependency order
note: Target dependency graph (3 targets)
Target 'WWProgressMaskView-product' in project 'WWProgressMaskView'
➜ Explicit dependency on target 'WWProgressMaskView' in project 'WWProgressMaskView'
➜ Explicit dependency on target 'WWProgressMaskView_WWProgressMaskView' in project 'WWProgressMaskView'
Target 'WWProgressMaskView' in project 'WWProgressMaskView'
➜ Explicit dependency on target 'WWProgressMaskView_WWProgressMaskView' in project 'WWProgressMaskView'
Target 'WWProgressMaskView_WWProgressMaskView' in project 'WWProgressMaskView' (no dependencies)
GatherProvisioningInputs
CreateBuildDescription
ExecuteExternalTool /Applications/Xcode-27.0.0-Release.Candidate.app/Contents/Developer/Toolchains/XcodeDefault.xctoolchain/usr/bin/clang -v -E -dM -isysroot /Applications/Xcode-27.0.0-Release.Candidate.app/Contents/Developer/Platforms/WatchOS.platform/Developer/SDKs/WatchOS27.0.sdk -x c -c /dev/null
ExecuteExternalTool /Applications/Xcode-27.0.0-Release.Candidate.app/Contents/Developer/Toolchains/XcodeDefault.xctoolchain/usr/bin/swiftc --version
ExecuteExternalTool /Applications/Xcode-27.0.0-Release.Candidate.app/Contents/Developer/usr/bin/ibtool --version --output-format xml1
ExecuteExternalTool /Applications/Xcode-27.0.0-Release.Candidate.app/Contents/Developer/Toolchains/XcodeDefault.xctoolchain/usr/bin/ld -version_details
Build description signature: fd410fcd52b78f74e0361836c099039e
Build description path: /Users/admin/builder/spi-builder-workspace/.derivedData/Build/Intermediates.noindex/XCBuildData/fd410fcd52b78f74e0361836c099039e.xcbuilddata
CreateBuildDirectory /Users/admin/builder/spi-builder-workspace/.derivedData/SDKExplicitPrecompiledModules
cd /Users/admin/builder/spi-builder-workspace/.swiftpm/xcode
builtin-create-build-directory /Users/admin/builder/spi-builder-workspace/.derivedData/SDKExplicitPrecompiledModules
CreateBuildDirectory /Users/admin/builder/spi-builder-workspace/.derivedData/ModuleCache.noindex
cd /Users/admin/builder/spi-builder-workspace/.swiftpm/xcode
builtin-create-build-directory /Users/admin/builder/spi-builder-workspace/.derivedData/ModuleCache.noindex
CreateBuildDirectory /Users/admin/builder/spi-builder-workspace/.derivedData/CompilationCache.noindex
cd /Users/admin/builder/spi-builder-workspace/.swiftpm/xcode
builtin-create-build-directory /Users/admin/builder/spi-builder-workspace/.derivedData/CompilationCache.noindex
CreateBuildDirectory /Users/admin/builder/spi-builder-workspace/.derivedData/Build/Intermediates.noindex
cd /Users/admin/builder/spi-builder-workspace/.swiftpm/xcode
builtin-create-build-directory /Users/admin/builder/spi-builder-workspace/.derivedData/Build/Intermediates.noindex
CreateBuildDirectory /Users/admin/builder/spi-builder-workspace/.derivedData/Build/Products
cd /Users/admin/builder/spi-builder-workspace/.swiftpm/xcode
builtin-create-build-directory /Users/admin/builder/spi-builder-workspace/.derivedData/Build/Products
ClangStatCache /Applications/Xcode-27.0.0-Release.Candidate.app/Contents/Developer/Toolchains/XcodeDefault.xctoolchain/usr/bin/clang-stat-cache /Applications/Xcode-27.0.0-Release.Candidate.app/Contents/Developer/Platforms/WatchOS.platform/Developer/SDKs/WatchOS27.0.sdk /Users/admin/builder/spi-builder-workspace/.derivedData/SDKStatCaches.noindex/watchos27.0-24R360-e829b21a6f8c9b70876ba0858053c04477534ef55a1706bf4c1112bbb242f0a2.sdkstatcache
cd /Users/admin/builder/spi-builder-workspace/.swiftpm/xcode
/Applications/Xcode-27.0.0-Release.Candidate.app/Contents/Developer/Toolchains/XcodeDefault.xctoolchain/usr/bin/clang-stat-cache /Applications/Xcode-27.0.0-Release.Candidate.app/Contents/Developer/Platforms/WatchOS.platform/Developer/SDKs/WatchOS27.0.sdk -o /Users/admin/builder/spi-builder-workspace/.derivedData/SDKStatCaches.noindex/watchos27.0-24R360-e829b21a6f8c9b70876ba0858053c04477534ef55a1706bf4c1112bbb242f0a2.sdkstatcache
CreateBuildDirectory /Users/admin/builder/spi-builder-workspace/.derivedData/Build/Intermediates.noindex/SwiftExplicitPrecompiledModules
cd /Users/admin/builder/spi-builder-workspace/.swiftpm/xcode
builtin-create-build-directory /Users/admin/builder/spi-builder-workspace/.derivedData/Build/Intermediates.noindex/SwiftExplicitPrecompiledModules
CreateBuildDirectory /Users/admin/builder/spi-builder-workspace/.derivedData/Build/Intermediates.noindex/PrecompiledHeaders
cd /Users/admin/builder/spi-builder-workspace/.swiftpm/xcode
builtin-create-build-directory /Users/admin/builder/spi-builder-workspace/.derivedData/Build/Intermediates.noindex/PrecompiledHeaders
CreateBuildDirectory /Users/admin/builder/spi-builder-workspace/.derivedData/Build/Intermediates.noindex/ExplicitPrecompiledModules
cd /Users/admin/builder/spi-builder-workspace/.swiftpm/xcode
builtin-create-build-directory /Users/admin/builder/spi-builder-workspace/.derivedData/Build/Intermediates.noindex/ExplicitPrecompiledModules
CreateBuildDirectory /Users/admin/builder/spi-builder-workspace/.derivedData/Build/Intermediates.noindex/EagerLinkingTBDs/Debug-watchos
cd /Users/admin/builder/spi-builder-workspace/.swiftpm/xcode
builtin-create-build-directory /Users/admin/builder/spi-builder-workspace/.derivedData/Build/Intermediates.noindex/EagerLinkingTBDs/Debug-watchos
CreateBuildDirectory /Users/admin/builder/spi-builder-workspace/.derivedData/Build/Products/Debug-watchos
cd /Users/admin/builder/spi-builder-workspace/.swiftpm/xcode
builtin-create-build-directory /Users/admin/builder/spi-builder-workspace/.derivedData/Build/Products/Debug-watchos
CreateBuildDirectory /Users/admin/builder/spi-builder-workspace/.derivedData/Build/Products/Debug-watchos/PackageFrameworks
cd /Users/admin/builder/spi-builder-workspace/.swiftpm/xcode
builtin-create-build-directory /Users/admin/builder/spi-builder-workspace/.derivedData/Build/Products/Debug-watchos/PackageFrameworks
MkDir /Users/admin/builder/spi-builder-workspace/.derivedData/Build/Products/Debug-watchos/WWProgressMaskView_WWProgressMaskView.bundle (in target 'WWProgressMaskView_WWProgressMaskView' from project 'WWProgressMaskView')
cd /Users/admin/builder/spi-builder-workspace
/bin/mkdir -p /Users/admin/builder/spi-builder-workspace/.derivedData/Build/Products/Debug-watchos/WWProgressMaskView_WWProgressMaskView.bundle
WriteAuxiliaryFile /Users/admin/builder/spi-builder-workspace/.derivedData/Build/Intermediates.noindex/WWProgressMaskView.build/Debug-watchos/WWProgressMaskView-t.build/WWProgressMaskView.modulemap (in target 'WWProgressMaskView' from project 'WWProgressMaskView')
cd /Users/admin/builder/spi-builder-workspace
write-file /Users/admin/builder/spi-builder-workspace/.derivedData/Build/Intermediates.noindex/WWProgressMaskView.build/Debug-watchos/WWProgressMaskView-t.build/WWProgressMaskView.modulemap
WriteAuxiliaryFile /Users/admin/builder/spi-builder-workspace/.derivedData/Build/Intermediates.noindex/WWProgressMaskView.build/Debug-watchos/WWProgressMaskView-t.build/WWProgressMaskView.DependencyMetadataFileList (in target 'WWProgressMaskView' from project 'WWProgressMaskView')
cd /Users/admin/builder/spi-builder-workspace
write-file /Users/admin/builder/spi-builder-workspace/.derivedData/Build/Intermediates.noindex/WWProgressMaskView.build/Debug-watchos/WWProgressMaskView-t.build/WWProgressMaskView.DependencyMetadataFileList
WriteAuxiliaryFile /Users/admin/builder/spi-builder-workspace/.derivedData/Build/Intermediates.noindex/WWProgressMaskView.build/Debug-watchos/WWProgressMaskView_WWProgressMaskView-b.build/WWProgressMaskView_WWProgressMaskView.DependencyStaticMetadataFileList (in target 'WWProgressMaskView_WWProgressMaskView' from project 'WWProgressMaskView')
cd /Users/admin/builder/spi-builder-workspace
write-file /Users/admin/builder/spi-builder-workspace/.derivedData/Build/Intermediates.noindex/WWProgressMaskView.build/Debug-watchos/WWProgressMaskView_WWProgressMaskView-b.build/WWProgressMaskView_WWProgressMaskView.DependencyStaticMetadataFileList
WriteAuxiliaryFile /Users/admin/builder/spi-builder-workspace/.derivedData/Build/Intermediates.noindex/WWProgressMaskView.build/Debug-watchos/WWProgressMaskView-t.build/WWProgressMaskView.DependencyStaticMetadataFileList (in target 'WWProgressMaskView' from project 'WWProgressMaskView')
cd /Users/admin/builder/spi-builder-workspace
write-file /Users/admin/builder/spi-builder-workspace/.derivedData/Build/Intermediates.noindex/WWProgressMaskView.build/Debug-watchos/WWProgressMaskView-t.build/WWProgressMaskView.DependencyStaticMetadataFileList
WriteAuxiliaryFile /Users/admin/builder/spi-builder-workspace/.derivedData/Build/Intermediates.noindex/WWProgressMaskView.build/Debug-watchos/WWProgressMaskView_WWProgressMaskView-b.build/empty-WWProgressMaskView_WWProgressMaskView.plist (in target 'WWProgressMaskView_WWProgressMaskView' from project 'WWProgressMaskView')
cd /Users/admin/builder/spi-builder-workspace
write-file /Users/admin/builder/spi-builder-workspace/.derivedData/Build/Intermediates.noindex/WWProgressMaskView.build/Debug-watchos/WWProgressMaskView_WWProgressMaskView-b.build/empty-WWProgressMaskView_WWProgressMaskView.plist
WriteAuxiliaryFile /Users/admin/builder/spi-builder-workspace/.derivedData/Build/Intermediates.noindex/WWProgressMaskView.build/Debug-watchos/WWProgressMaskView_WWProgressMaskView-b.build/WWProgressMaskView_WWProgressMaskView.DependencyMetadataFileList (in target 'WWProgressMaskView_WWProgressMaskView' from project 'WWProgressMaskView')
cd /Users/admin/builder/spi-builder-workspace
write-file /Users/admin/builder/spi-builder-workspace/.derivedData/Build/Intermediates.noindex/WWProgressMaskView.build/Debug-watchos/WWProgressMaskView_WWProgressMaskView-b.build/WWProgressMaskView_WWProgressMaskView.DependencyMetadataFileList
WriteAuxiliaryFile /Users/admin/builder/spi-builder-workspace/.derivedData/Build/Intermediates.noindex/WWProgressMaskView.build/Debug-watchos/WWProgressMaskView-t.build/Objects-normal/arm64_32/WWProgressMaskView_const_extract_protocols.json (in target 'WWProgressMaskView' from project 'WWProgressMaskView')
cd /Users/admin/builder/spi-builder-workspace
write-file /Users/admin/builder/spi-builder-workspace/.derivedData/Build/Intermediates.noindex/WWProgressMaskView.build/Debug-watchos/WWProgressMaskView-t.build/Objects-normal/arm64_32/WWProgressMaskView_const_extract_protocols.json
WriteAuxiliaryFile /Users/admin/builder/spi-builder-workspace/.derivedData/Build/Intermediates.noindex/WWProgressMaskView.build/Debug-watchos/WWProgressMaskView-t.build/Objects-normal/arm64_32/WWProgressMaskView.SwiftFileList (in target 'WWProgressMaskView' from project 'WWProgressMaskView')
cd /Users/admin/builder/spi-builder-workspace
write-file /Users/admin/builder/spi-builder-workspace/.derivedData/Build/Intermediates.noindex/WWProgressMaskView.build/Debug-watchos/WWProgressMaskView-t.build/Objects-normal/arm64_32/WWProgressMaskView.SwiftFileList
WriteAuxiliaryFile /Users/admin/builder/spi-builder-workspace/.derivedData/Build/Intermediates.noindex/WWProgressMaskView.build/Debug-watchos/WWProgressMaskView-t.build/Objects-normal/arm64_32/WWProgressMaskView.SwiftConstValuesFileList (in target 'WWProgressMaskView' from project 'WWProgressMaskView')
cd /Users/admin/builder/spi-builder-workspace
write-file /Users/admin/builder/spi-builder-workspace/.derivedData/Build/Intermediates.noindex/WWProgressMaskView.build/Debug-watchos/WWProgressMaskView-t.build/Objects-normal/arm64_32/WWProgressMaskView.SwiftConstValuesFileList
WriteAuxiliaryFile /Users/admin/builder/spi-builder-workspace/.derivedData/Build/Intermediates.noindex/WWProgressMaskView.build/Debug-watchos/WWProgressMaskView-t.build/Objects-normal/arm64_32/WWProgressMaskView.LinkFileList (in target 'WWProgressMaskView' from project 'WWProgressMaskView')
cd /Users/admin/builder/spi-builder-workspace
write-file /Users/admin/builder/spi-builder-workspace/.derivedData/Build/Intermediates.noindex/WWProgressMaskView.build/Debug-watchos/WWProgressMaskView-t.build/Objects-normal/arm64_32/WWProgressMaskView.LinkFileList
WriteAuxiliaryFile /Users/admin/builder/spi-builder-workspace/.derivedData/Build/Intermediates.noindex/WWProgressMaskView.build/Debug-watchos/WWProgressMaskView-t.build/Objects-normal/arm64_32/WWProgressMaskView-OutputFileMap.json (in target 'WWProgressMaskView' from project 'WWProgressMaskView')
cd /Users/admin/builder/spi-builder-workspace
write-file /Users/admin/builder/spi-builder-workspace/.derivedData/Build/Intermediates.noindex/WWProgressMaskView.build/Debug-watchos/WWProgressMaskView-t.build/Objects-normal/arm64_32/WWProgressMaskView-OutputFileMap.json
WriteAuxiliaryFile /Users/admin/builder/spi-builder-workspace/.derivedData/Build/Intermediates.noindex/WWProgressMaskView.build/Debug-watchos/WWProgressMaskView-t.build/Objects-normal/arm64/WWProgressMaskView_const_extract_protocols.json (in target 'WWProgressMaskView' from project 'WWProgressMaskView')
cd /Users/admin/builder/spi-builder-workspace
write-file /Users/admin/builder/spi-builder-workspace/.derivedData/Build/Intermediates.noindex/WWProgressMaskView.build/Debug-watchos/WWProgressMaskView-t.build/Objects-normal/arm64/WWProgressMaskView_const_extract_protocols.json
WriteAuxiliaryFile /Users/admin/builder/spi-builder-workspace/.derivedData/Build/Intermediates.noindex/WWProgressMaskView.build/Debug-watchos/WWProgressMaskView-t.build/Objects-normal/arm64/WWProgressMaskView.SwiftFileList (in target 'WWProgressMaskView' from project 'WWProgressMaskView')
cd /Users/admin/builder/spi-builder-workspace
write-file /Users/admin/builder/spi-builder-workspace/.derivedData/Build/Intermediates.noindex/WWProgressMaskView.build/Debug-watchos/WWProgressMaskView-t.build/Objects-normal/arm64/WWProgressMaskView.SwiftFileList
WriteAuxiliaryFile /Users/admin/builder/spi-builder-workspace/.derivedData/Build/Intermediates.noindex/WWProgressMaskView.build/Debug-watchos/WWProgressMaskView-t.build/Objects-normal/arm64/WWProgressMaskView.SwiftConstValuesFileList (in target 'WWProgressMaskView' from project 'WWProgressMaskView')
cd /Users/admin/builder/spi-builder-workspace
write-file /Users/admin/builder/spi-builder-workspace/.derivedData/Build/Intermediates.noindex/WWProgressMaskView.build/Debug-watchos/WWProgressMaskView-t.build/Objects-normal/arm64/WWProgressMaskView.SwiftConstValuesFileList
WriteAuxiliaryFile /Users/admin/builder/spi-builder-workspace/.derivedData/Build/Intermediates.noindex/WWProgressMaskView.build/Debug-watchos/WWProgressMaskView-t.build/Objects-normal/arm64/WWProgressMaskView.LinkFileList (in target 'WWProgressMaskView' from project 'WWProgressMaskView')
cd /Users/admin/builder/spi-builder-workspace
write-file /Users/admin/builder/spi-builder-workspace/.derivedData/Build/Intermediates.noindex/WWProgressMaskView.build/Debug-watchos/WWProgressMaskView-t.build/Objects-normal/arm64/WWProgressMaskView.LinkFileList
WriteAuxiliaryFile /Users/admin/builder/spi-builder-workspace/.derivedData/Build/Intermediates.noindex/WWProgressMaskView.build/Debug-watchos/WWProgressMaskView-t.build/Objects-normal/arm64/WWProgressMaskView-OutputFileMap.json (in target 'WWProgressMaskView' from project 'WWProgressMaskView')
cd /Users/admin/builder/spi-builder-workspace
write-file /Users/admin/builder/spi-builder-workspace/.derivedData/Build/Intermediates.noindex/WWProgressMaskView.build/Debug-watchos/WWProgressMaskView-t.build/Objects-normal/arm64/WWProgressMaskView-OutputFileMap.json
WriteAuxiliaryFile /Users/admin/builder/spi-builder-workspace/.derivedData/Build/Intermediates.noindex/WWProgressMaskView.build/Debug-watchos/WWProgressMaskView-t.build/DerivedSources/resource_bundle_accessor.swift (in target 'WWProgressMaskView' from project 'WWProgressMaskView')
cd /Users/admin/builder/spi-builder-workspace
write-file /Users/admin/builder/spi-builder-workspace/.derivedData/Build/Intermediates.noindex/WWProgressMaskView.build/Debug-watchos/WWProgressMaskView-t.build/DerivedSources/resource_bundle_accessor.swift
Copy /Users/admin/builder/spi-builder-workspace/.derivedData/Build/Intermediates.noindex/GeneratedModuleMaps-watchos/WWProgressMaskView.modulemap /Users/admin/builder/spi-builder-workspace/.derivedData/Build/Intermediates.noindex/WWProgressMaskView.build/Debug-watchos/WWProgressMaskView-t.build/WWProgressMaskView.modulemap (in target 'WWProgressMaskView' from project 'WWProgressMaskView')
cd /Users/admin/builder/spi-builder-workspace
builtin-copy -exclude .DS_Store -exclude CVS -exclude .svn -exclude .git -exclude .hg -resolve-src-symlinks /Users/admin/builder/spi-builder-workspace/.derivedData/Build/Intermediates.noindex/WWProgressMaskView.build/Debug-watchos/WWProgressMaskView-t.build/WWProgressMaskView.modulemap /Users/admin/builder/spi-builder-workspace/.derivedData/Build/Intermediates.noindex/GeneratedModuleMaps-watchos
CpResource /Users/admin/builder/spi-builder-workspace/.derivedData/Build/Products/Debug-watchos/WWProgressMaskView_WWProgressMaskView.bundle/outer.png /Users/admin/builder/spi-builder-workspace/Sources/WWProgressMaskView/Material/outer.png (in target 'WWProgressMaskView_WWProgressMaskView' from project 'WWProgressMaskView')
cd /Users/admin/builder/spi-builder-workspace
builtin-copy -exclude .DS_Store -exclude CVS -exclude .svn -exclude .git -exclude .hg -resolve-src-symlinks /Users/admin/builder/spi-builder-workspace/Sources/WWProgressMaskView/Material/outer.png /Users/admin/builder/spi-builder-workspace/.derivedData/Build/Products/Debug-watchos/WWProgressMaskView_WWProgressMaskView.bundle
CpResource /Users/admin/builder/spi-builder-workspace/.derivedData/Build/Products/Debug-watchos/WWProgressMaskView_WWProgressMaskView.bundle/marker.png /Users/admin/builder/spi-builder-workspace/Sources/WWProgressMaskView/Material/marker.png (in target 'WWProgressMaskView_WWProgressMaskView' from project 'WWProgressMaskView')
cd /Users/admin/builder/spi-builder-workspace
builtin-copy -exclude .DS_Store -exclude CVS -exclude .svn -exclude .git -exclude .hg -resolve-src-symlinks /Users/admin/builder/spi-builder-workspace/Sources/WWProgressMaskView/Material/marker.png /Users/admin/builder/spi-builder-workspace/.derivedData/Build/Products/Debug-watchos/WWProgressMaskView_WWProgressMaskView.bundle
CpResource /Users/admin/builder/spi-builder-workspace/.derivedData/Build/Products/Debug-watchos/WWProgressMaskView_WWProgressMaskView.bundle/inner.png /Users/admin/builder/spi-builder-workspace/Sources/WWProgressMaskView/Material/inner.png (in target 'WWProgressMaskView_WWProgressMaskView' from project 'WWProgressMaskView')
cd /Users/admin/builder/spi-builder-workspace
builtin-copy -exclude .DS_Store -exclude CVS -exclude .svn -exclude .git -exclude .hg -resolve-src-symlinks /Users/admin/builder/spi-builder-workspace/Sources/WWProgressMaskView/Material/inner.png /Users/admin/builder/spi-builder-workspace/.derivedData/Build/Products/Debug-watchos/WWProgressMaskView_WWProgressMaskView.bundle
CpResource /Users/admin/builder/spi-builder-workspace/.derivedData/Build/Products/Debug-watchos/WWProgressMaskView_WWProgressMaskView.bundle/Privacy /Users/admin/builder/spi-builder-workspace/Sources/WWProgressMaskView/Privacy (in target 'WWProgressMaskView_WWProgressMaskView' from project 'WWProgressMaskView')
cd /Users/admin/builder/spi-builder-workspace
builtin-copy -exclude .DS_Store -exclude CVS -exclude .svn -exclude .git -exclude .hg -resolve-src-symlinks /Users/admin/builder/spi-builder-workspace/Sources/WWProgressMaskView/Privacy /Users/admin/builder/spi-builder-workspace/.derivedData/Build/Products/Debug-watchos/WWProgressMaskView_WWProgressMaskView.bundle
CompileXIB /Users/admin/builder/spi-builder-workspace/Sources/WWProgressMaskView/Xib/WWProgressMaskView.xib (in target 'WWProgressMaskView_WWProgressMaskView' from project 'WWProgressMaskView')
cd /Users/admin/builder/spi-builder-workspace
/Applications/Xcode-27.0.0-Release.Candidate.app/Contents/Developer/usr/bin/ibtool --errors --warnings --notices --module WWProgressMaskView_WWProgressMaskView --output-partial-info-plist /Users/admin/builder/spi-builder-workspace/.derivedData/Build/Intermediates.noindex/WWProgressMaskView.build/Debug-watchos/WWProgressMaskView_WWProgressMaskView-b.build/WWProgressMaskView-PartialInfo.plist --auto-activate-custom-fonts --target-device watch --minimum-deployment-target 9.0 --output-format human-readable-text --compile /Users/admin/builder/spi-builder-workspace/.derivedData/Build/Products/Debug-watchos/WWProgressMaskView_WWProgressMaskView.bundle/WWProgressMaskView.nib /Users/admin/builder/spi-builder-workspace/Sources/WWProgressMaskView/Xib/WWProgressMaskView.xib
/* com.apple.ibtool.errors */
/Users/admin/builder/spi-builder-workspace/Sources/WWProgressMaskView/Xib/WWProgressMaskView.xib: error: iOS xibs do not support target device type "watch".
PruneExplicitPrecompiledModules /Users/admin/builder/spi-builder-workspace/.derivedData/Build/Intermediates.noindex/ExplicitPrecompiledModules
PruneExplicitPrecompiledModules /Users/admin/builder/spi-builder-workspace/.derivedData/SDKExplicitPrecompiledModules
PruneExplicitPrecompiledModules /Users/admin/builder/spi-builder-workspace/.derivedData/Build/Intermediates.noindex/SwiftExplicitPrecompiledModules
2026-09-23 01:07:10.418 xcodebuild[662:4274] [MT] IDERunDestination: Supported platforms for the buildables in the current scheme is empty.
** BUILD FAILED **
The following build commands failed:
CompileXIB /Users/admin/builder/spi-builder-workspace/Sources/WWProgressMaskView/Xib/WWProgressMaskView.xib (in target 'WWProgressMaskView_WWProgressMaskView' from project 'WWProgressMaskView')
Building workspace WWProgressMaskView with scheme WWProgressMaskView
(2 failures)
Command line invocation:
/Applications/Xcode-27.0.0-Release.Candidate.app/Contents/Developer/usr/bin/xcodebuild -IDEClonedSourcePackagesDirPathOverride=/Users/admin/builder/spi-builder-workspace/.dependencies -resolvePackageDependencies
Resolve Package Graph
Resolved source packages:
WWProgressMaskView: /Users/admin/builder/spi-builder-workspace
resolved source packages: WWProgressMaskView
2026-09-23 01:07:14.015 xcodebuild[681:4438] [MT] IDERunDestination: Supported platforms for the buildables in the current scheme is empty.
{
"dependencies" : [
],
"manifest_display_name" : "WWProgressMaskView",
"name" : "WWProgressMaskView",
"path" : "/Users/admin/builder/spi-builder-workspace",
"platforms" : [
{
"name" : "ios",
"version" : "15.0"
}
],
"products" : [
{
"name" : "WWProgressMaskView",
"targets" : [
"WWProgressMaskView"
],
"type" : {
"library" : [
"automatic"
]
}
}
],
"swift_languages_versions" : [
"5"
],
"targets" : [
{
"c99name" : "WWProgressMaskView",
"module_type" : "SwiftTarget",
"name" : "WWProgressMaskView",
"path" : "Sources/WWProgressMaskView",
"product_memberships" : [
"WWProgressMaskView"
],
"resources" : [
{
"path" : "/Users/admin/builder/spi-builder-workspace/Sources/WWProgressMaskView/Material/inner.png",
"rule" : {
"process" : {
}
}
},
{
"path" : "/Users/admin/builder/spi-builder-workspace/Sources/WWProgressMaskView/Material/marker.png",
"rule" : {
"process" : {
}
}
},
{
"path" : "/Users/admin/builder/spi-builder-workspace/Sources/WWProgressMaskView/Material/outer.png",
"rule" : {
"process" : {
}
}
},
{
"path" : "/Users/admin/builder/spi-builder-workspace/Sources/WWProgressMaskView/Privacy",
"rule" : {
"copy" : {
}
}
},
{
"path" : "/Users/admin/builder/spi-builder-workspace/Sources/WWProgressMaskView/Xib/WWProgressMaskView.xib",
"rule" : {
"process" : {
}
}
}
],
"sources" : [
"ProgressMaskView.swift",
"Utility/Constant.swift",
"Utility/Extension.swift",
"Utility/Protocol.swift"
],
"type" : "library"
}
],
"tools_version" : "5.7"
}
{
"workspace" : {
"name" : "WWProgressMaskView",
"schemes" : [
"WWProgressMaskView"
]
}
}
2026-09-23 01:07:15.228 xcodebuild[689:4496] [MT] IDERunDestination: Supported platforms for the buildables in the current scheme is empty.
Running build ...
env DEVELOPER_DIR=/Applications/Xcode-27.0.0-Release.Candidate.app xcrun xcodebuild -IDEClonedSourcePackagesDirPathOverride=$PWD/.dependencies -skipMacroValidation -skipPackagePluginValidation -derivedDataPath $PWD/.derivedData build -scheme WWProgressMaskView -destination generic/platform=watchOS
Command line invocation:
/Applications/Xcode-27.0.0-Release.Candidate.app/Contents/Developer/usr/bin/xcodebuild -IDEClonedSourcePackagesDirPathOverride=/Users/admin/builder/spi-builder-workspace/.dependencies -skipMacroValidation -skipPackagePluginValidation -derivedDataPath /Users/admin/builder/spi-builder-workspace/.derivedData build -scheme WWProgressMaskView -destination generic/platform=watchOS
Resolve Package Graph
Resolved source packages:
WWProgressMaskView: /Users/admin/builder/spi-builder-workspace
ComputePackagePrebuildTargetDependencyGraph
Prepare packages
CreateBuildRequest
SendProjectDescription
CreateBuildOperation
ComputeTargetDependencyGraph
note: Building targets in dependency order
note: Target dependency graph (3 targets)
Target 'WWProgressMaskView-product' in project 'WWProgressMaskView'
➜ Explicit dependency on target 'WWProgressMaskView' in project 'WWProgressMaskView'
➜ Explicit dependency on target 'WWProgressMaskView_WWProgressMaskView' in project 'WWProgressMaskView'
Target 'WWProgressMaskView' in project 'WWProgressMaskView'
➜ Explicit dependency on target 'WWProgressMaskView_WWProgressMaskView' in project 'WWProgressMaskView'
Target 'WWProgressMaskView_WWProgressMaskView' in project 'WWProgressMaskView' (no dependencies)
GatherProvisioningInputs
CreateBuildDescription
ClangStatCache /Applications/Xcode-27.0.0-Release.Candidate.app/Contents/Developer/Toolchains/XcodeDefault.xctoolchain/usr/bin/clang-stat-cache /Applications/Xcode-27.0.0-Release.Candidate.app/Contents/Developer/Platforms/WatchOS.platform/Developer/SDKs/WatchOS27.0.sdk /Users/admin/builder/spi-builder-workspace/.derivedData/SDKStatCaches.noindex/watchos27.0-24R360-e829b21a6f8c9b70876ba0858053c04477534ef55a1706bf4c1112bbb242f0a2.sdkstatcache
cd /Users/admin/builder/spi-builder-workspace/.swiftpm/xcode
/Applications/Xcode-27.0.0-Release.Candidate.app/Contents/Developer/Toolchains/XcodeDefault.xctoolchain/usr/bin/clang-stat-cache /Applications/Xcode-27.0.0-Release.Candidate.app/Contents/Developer/Platforms/WatchOS.platform/Developer/SDKs/WatchOS27.0.sdk -o /Users/admin/builder/spi-builder-workspace/.derivedData/SDKStatCaches.noindex/watchos27.0-24R360-e829b21a6f8c9b70876ba0858053c04477534ef55a1706bf4c1112bbb242f0a2.sdkstatcache
CompileXIB /Users/admin/builder/spi-builder-workspace/Sources/WWProgressMaskView/Xib/WWProgressMaskView.xib (in target 'WWProgressMaskView_WWProgressMaskView' from project 'WWProgressMaskView')
cd /Users/admin/builder/spi-builder-workspace
/Applications/Xcode-27.0.0-Release.Candidate.app/Contents/Developer/usr/bin/ibtool --errors --warnings --notices --module WWProgressMaskView_WWProgressMaskView --output-partial-info-plist /Users/admin/builder/spi-builder-workspace/.derivedData/Build/Intermediates.noindex/WWProgressMaskView.build/Debug-watchos/WWProgressMaskView_WWProgressMaskView-b.build/WWProgressMaskView-PartialInfo.plist --auto-activate-custom-fonts --target-device watch --minimum-deployment-target 9.0 --output-format human-readable-text --compile /Users/admin/builder/spi-builder-workspace/.derivedData/Build/Products/Debug-watchos/WWProgressMaskView_WWProgressMaskView.bundle/WWProgressMaskView.nib /Users/admin/builder/spi-builder-workspace/Sources/WWProgressMaskView/Xib/WWProgressMaskView.xib
/* com.apple.ibtool.errors */
/Users/admin/builder/spi-builder-workspace/Sources/WWProgressMaskView/Xib/WWProgressMaskView.xib: error: iOS xibs do not support target device type "watch".
PruneExplicitPrecompiledModules /Users/admin/builder/spi-builder-workspace/.derivedData/Build/Intermediates.noindex/SwiftExplicitPrecompiledModules
PruneExplicitPrecompiledModules /Users/admin/builder/spi-builder-workspace/.derivedData/SDKExplicitPrecompiledModules
PruneExplicitPrecompiledModules /Users/admin/builder/spi-builder-workspace/.derivedData/Build/Intermediates.noindex/ExplicitPrecompiledModules
2026-09-23 01:07:16.171 xcodebuild[690:4522] [MT] IDERunDestination: Supported platforms for the buildables in the current scheme is empty.
** BUILD FAILED **
The following build commands failed:
CompileXIB /Users/admin/builder/spi-builder-workspace/Sources/WWProgressMaskView/Xib/WWProgressMaskView.xib (in target 'WWProgressMaskView_WWProgressMaskView' from project 'WWProgressMaskView')
Building workspace WWProgressMaskView with scheme WWProgressMaskView
(2 failures)
BUILD FAILURE 6.4 watchOS