Build Information
Failed to build Appwrite, reference main (3898bb), with Swift 6.4 for watchOS using Xcode 27.0 on 10 Oct 2026 00:14:11 UTC.
Build Command
env DEVELOPER_DIR=/Applications/Xcode-27.0.0-Release.Candidate.app xcrun xcodebuild -IDEClonedSourcePackagesDirPathOverride=$PWD/.dependencies -skipMacroValidation -skipPackagePluginValidation -derivedDataPath $PWD/.derivedData build -scheme Appwrite -destination generic/platform=watchOSBuild Log
SwiftExplicitDependencyGeneratePcm arm64_32 /Users/admin/builder/spi-builder-workspace/.derivedData/SDKExplicitPrecompiledModules/CoreMotion-8OTQ19C7N17T5P3BMIWG1453Y.pcm
SwiftExplicitDependencyGeneratePcm arm64 /Users/admin/builder/spi-builder-workspace/.derivedData/SDKExplicitPrecompiledModules/UniformTypeIdentifiers-3C1XTOT5B3B3PLKZT0HC6VBQO.pcm
SwiftExplicitDependencyGeneratePcm arm64 /Users/admin/builder/spi-builder-workspace/.derivedData/Build/Intermediates.noindex/SwiftExplicitPrecompiledModules/CSystem-BJTGAKUOBBLJ8R3LNXW1X3MH.pcm
SwiftExplicitDependencyGeneratePcm arm64 /Users/admin/builder/spi-builder-workspace/.derivedData/SDKExplicitPrecompiledModules/CoreText-3S01TUG0VLLOF4ER2B95WZCR5.pcm
SwiftExplicitDependencyGeneratePcm arm64_32 /Users/admin/builder/spi-builder-workspace/.derivedData/SDKExplicitPrecompiledModules/CoreMedia-1E2BOWZR1XBDBZ5LWPIZ7R12F.pcm
SwiftExplicitDependencyGeneratePcm arm64 /Users/admin/builder/spi-builder-workspace/.derivedData/SDKExplicitPrecompiledModules/Accessibility-DX1IW2AOS22HM0GCPHLUWDNU6.pcm
SwiftExplicitDependencyGeneratePcm arm64 /Users/admin/builder/spi-builder-workspace/.derivedData/SDKExplicitPrecompiledModules/_Darwin_xlocale-EBIPBEP5FVKSNPL66RMTPE94Q.pcm
SwiftExplicitDependencyGeneratePcm arm64_32 /Users/admin/builder/spi-builder-workspace/.derivedData/SDKExplicitPrecompiledModules/QuartzCore-3YZD3YA7Z4MWTYCYTBEZPNQON.pcm
SwiftExplicitDependencyGeneratePcm arm64 /Users/admin/builder/spi-builder-workspace/.derivedData/SDKExplicitPrecompiledModules/CoreVideo-C44DVKJNODH28YMC5SEXWVOWR.pcm
SwiftExplicitDependencyGeneratePcm arm64_32 /Users/admin/builder/spi-builder-workspace/.derivedData/SDKExplicitPrecompiledModules/LocalAuthentication-5MF2GFNSFN1L6FGAZ31DH3VQA.pcm
SwiftExplicitDependencyGeneratePcm arm64_32 /Users/admin/builder/spi-builder-workspace/.derivedData/Build/Intermediates.noindex/SwiftExplicitPrecompiledModules/CSystem-DEJ0XRK5N218QTIAY0MRGFB5O.pcm
SwiftExplicitDependencyGeneratePcm arm64 /Users/admin/builder/spi-builder-workspace/.derivedData/SDKExplicitPrecompiledModules/DeveloperToolsSupport-8UKX37WK4Y6NM0OTO6P0BMRWX.pcm
SwiftExplicitDependencyGeneratePcm arm64 /Users/admin/builder/spi-builder-workspace/.derivedData/SDKExplicitPrecompiledModules/LocalAuthentication-E20HHYCEQ2W2ZPUPC1O79S90C.pcm
SwiftExplicitDependencyGeneratePcm arm64_32 /Users/admin/builder/spi-builder-workspace/.derivedData/SDKExplicitPrecompiledModules/DeveloperToolsSupport-8UUKUF1F7527LS7YEIL999781.pcm
SwiftExplicitDependencyGeneratePcm arm64_32 /Users/admin/builder/spi-builder-workspace/.derivedData/SDKExplicitPrecompiledModules/UserNotifications-BPMOWA2WADZEME8R9G4GASVM.pcm
SwiftExplicitDependencyGeneratePcm arm64_32 /Users/admin/builder/spi-builder-workspace/.derivedData/SDKExplicitPrecompiledModules/simd-DG4EVNQLCPJMLRKMCV7CZUGYL.pcm
SwiftExplicitDependencyGeneratePcm arm64_32 /Users/admin/builder/spi-builder-workspace/.derivedData/SDKExplicitPrecompiledModules/UniformTypeIdentifiers-F3GUTV7D2LYY308MCT35WC4NO.pcm
SwiftExplicitDependencyGeneratePcm arm64 /Users/admin/builder/spi-builder-workspace/.derivedData/SDKExplicitPrecompiledModules/QuartzCore-2Y9U3581EK6VREQ762NVMXV4W.pcm
SwiftExplicitDependencyGeneratePcm arm64_32 /Users/admin/builder/spi-builder-workspace/.derivedData/SDKExplicitPrecompiledModules/SwiftUICore-55CZLUBD3974QKFT3IL0PRWPE.pcm
SwiftExplicitDependencyGeneratePcm arm64 /Users/admin/builder/spi-builder-workspace/.derivedData/SDKExplicitPrecompiledModules/CoreMedia-2YL318GFSZISWU8AFJQHK11E7.pcm
SwiftExplicitDependencyGeneratePcm arm64 /Users/admin/builder/spi-builder-workspace/.derivedData/SDKExplicitPrecompiledModules/CoreData-9P6L94KNA490O8M2QQP9NLYS5.pcm
SwiftExplicitDependencyGeneratePcm arm64 /Users/admin/builder/spi-builder-workspace/.derivedData/Build/Intermediates.noindex/SwiftExplicitPrecompiledModules/CNIOExtrasZlib-DPBXX5T5MQOYSZNVKRXT4D8V5.pcm
SwiftExplicitDependencyGeneratePcm arm64 /Users/admin/builder/spi-builder-workspace/.derivedData/SDKExplicitPrecompiledModules/CoreLocation-8N24HH5HR3W0T3UOYRM5W87RN.pcm
SwiftDriver\ Compilation AsyncHTTPClient normal arm64_32 com.apple.xcode.tools.swift.compiler (in target 'AsyncHTTPClient' from project 'async-http-client')
cd /Users/admin/builder/spi-builder-workspace/.swiftpm/xcode
builtin-Swift-Compilation -- /Applications/Xcode-27.0.0.app/Contents/Developer/Toolchains/XcodeDefault.xctoolchain/usr/bin/swiftc -parse-as-library -module-name AsyncHTTPClient -Onone @/Users/admin/builder/spi-builder-workspace/.derivedData/Build/Intermediates.noindex/async-http-client.build/Debug-watchos/AsyncHTTPClient-t.build/Objects-normal/arm64_32/AsyncHTTPClient.SwiftFileList -DSWIFT_PACKAGE -DDEBUG -DSWIFT_MODULE_RESOURCE_BUNDLE_UNAVAILABLE -Xcc -fmodule-map-file\=/Users/admin/builder/spi-builder-workspace/.derivedData/Build/Intermediates.noindex/GeneratedModuleMaps-watchos/CNIOLLHTTP.modulemap -Xcc -fmodule-map-file\=/Users/admin/builder/spi-builder-workspace/.derivedData/Build/Intermediates.noindex/GeneratedModuleMaps-watchos/CNIOBoringSSLShims.modulemap -Xcc -fmodule-map-file\=/Users/admin/builder/spi-builder-workspace/.dependencies/checkouts/swift-nio-ssl/Sources/CNIOBoringSSL/include/module.modulemap -Xcc -fmodule-map-file\=/Users/admin/builder/spi-builder-workspace/.derivedData/Build/Intermediates.noindex/GeneratedModuleMaps-watchos/CNIOExtrasZlib.modulemap -Xcc -fmodule-map-file\=/Users/admin/builder/spi-builder-workspace/.derivedData/Build/Intermediates.noindex/GeneratedModuleMaps-watchos/CNIOPosix.modulemap -Xcc -fmodule-map-file\=/Users/admin/builder/spi-builder-workspace/.derivedData/Build/Intermediates.noindex/GeneratedModuleMaps-watchos/CNIOWASI.modulemap -Xcc -fmodule-map-file\=/Users/admin/builder/spi-builder-workspace/.dependencies/checkouts/swift-nio/Sources/CNIOWindows/include/module.modulemap -Xcc -fmodule-map-file\=/Users/admin/builder/spi-builder-workspace/.derivedData/Build/Intermediates.noindex/GeneratedModuleMaps-watchos/CNIOLinux.modulemap -Xcc -fmodule-map-file\=/Users/admin/builder/spi-builder-workspace/.derivedData/Build/Intermediates.noindex/GeneratedModuleMaps-watchos/CNIODarwin.modulemap -Xcc -fmodule-map-file\=/Users/admin/builder/spi-builder-workspace/.derivedData/Build/Intermediates.noindex/GeneratedModuleMaps-watchos/CNIOFreeBSD.modulemap -Xcc -fmodule-map-file\=/Users/admin/builder/spi-builder-workspace/.derivedData/Build/Intermediates.noindex/GeneratedModuleMaps-watchos/CNIOOpenBSD.modulemap -Xcc -fmodule-map-file\=/Users/admin/builder/spi-builder-workspace/.derivedData/Build/Intermediates.noindex/GeneratedModuleMaps-watchos/CNIOAtomics.modulemap -Xcc -fmodule-map-file\=/Users/admin/builder/spi-builder-workspace/.dependencies/checkouts/swift-atomics/Sources/_AtomicsShims/include/module.modulemap -Xcc -fmodule-map-file\=/Users/admin/builder/spi-builder-workspace/.dependencies/checkouts/swift-numerics/Sources/_NumericsShims/include/module.modulemap -Xcc -fmodule-map-file\=/Users/admin/builder/spi-builder-workspace/.dependencies/checkouts/swift-system/Sources/CSystem/include/module.modulemap -Xcc -fmodule-map-file\=/Users/admin/builder/spi-builder-workspace/.derivedData/Build/Intermediates.noindex/GeneratedModuleMaps-watchos/CAsyncHTTPClient.modulemap -DXcode -enable-upcoming-feature MemberImportVisibility -plugin-path /Applications/Xcode-27.0.0.app/Contents/Developer/Toolchains/XcodeDefault.xctoolchain/usr/lib/swift/host/plugins/testing -enable-experimental-feature DebugDescriptionMacro -sdk /Applications/Xcode-27.0.0.app/Contents/Developer/Platforms/WatchOS.platform/Developer/SDKs/WatchOS27.0.sdk -target arm64_32-apple-watchos9.0 -g -module-cache-path /Users/admin/builder/spi-builder-workspace/.derivedData/ModuleCache.noindex -Xfrontend -serialize-debugging-options -profile-coverage-mapping -profile-generate -enable-testing -suppress-warnings -index-store-path /Users/admin/builder/spi-builder-workspace/.derivedData/Index.noindex/DataStore -Xcc -D_LIBCPP_HARDENING_MODE\=_LIBCPP_HARDENING_MODE_DEBUG -swift-version 6 -I /Users/admin/builder/spi-builder-workspace/.derivedData/Build/Products/Debug-watchos -Isystem /Applications/Xcode-27.0.0.app/Contents/Developer/Platforms/WatchOS.platform/Developer/usr/lib -F /Users/admin/builder/spi-builder-workspace/.derivedData/Build/Products/Debug-watchos/PackageFrameworks -F /Users/admin/builder/spi-builder-workspace/.derivedData/Build/Products/Debug-watchos -F /Applications/Xcode-27.0.0.app/Contents/Developer/Platforms/WatchOS.platform/Developer/Library/Frameworks -F /Applications/Xcode-27.0.0.app/Contents/Developer/Platforms/WatchOS.platform/Developer/SDKs/WatchOS27.0.sdk/Developer/Library/Frameworks -c -j10 -enable-batch-mode -incremental -Xcc -ivfsstatcache -Xcc /Users/admin/builder/spi-builder-workspace/.derivedData/SDKStatCaches.noindex/watchos27.0-24R360-e829b21a6f8c9b70876ba0858053c044b9db9bc9c079ee3c7b5f3373b13d10bc.sdkstatcache -output-file-map /Users/admin/builder/spi-builder-workspace/.derivedData/Build/Intermediates.noindex/async-http-client.build/Debug-watchos/AsyncHTTPClient-t.build/Objects-normal/arm64_32/AsyncHTTPClient-OutputFileMap.json -save-temps -no-color-diagnostics -explicit-module-build -module-cache-path /Users/admin/builder/spi-builder-workspace/.derivedData/Build/Intermediates.noindex/SwiftExplicitPrecompiledModules -clang-scanner-module-cache-path /Users/admin/builder/spi-builder-workspace/.derivedData/ModuleCache.noindex -sdk-module-cache-path /Users/admin/builder/spi-builder-workspace/.derivedData/SDKExplicitPrecompiledModules -emit-dependencies -emit-module -emit-module-path /Users/admin/builder/spi-builder-workspace/.derivedData/Build/Intermediates.noindex/async-http-client.build/Debug-watchos/AsyncHTTPClient-t.build/Objects-normal/arm64_32/AsyncHTTPClient.swiftmodule -serialize-diagnostics -dependency-scan-serialize-diagnostics-path /Users/admin/builder/spi-builder-workspace/.derivedData/Build/Intermediates.noindex/async-http-client.build/Debug-watchos/AsyncHTTPClient-t.build/Objects-normal/arm64_32/AsyncHTTPClient-dependency-scan.dia -user-module-version 1.36.2 -validate-clang-modules-once -clang-build-session-file /Users/admin/builder/spi-builder-workspace/.derivedData/ModuleCache.noindex/Session.modulevalidation -Xcc -fmodules-prune-interval\=86400 -Xcc -fmodules-prune-after\=345600 -package-name async_http_client -emit-const-values -const-gather-protocols-list /Users/admin/builder/spi-builder-workspace/.derivedData/Build/Intermediates.noindex/async-http-client.build/Debug-watchos/AsyncHTTPClient-t.build/Objects-normal/arm64_32/AsyncHTTPClient_const_extract_protocols.json -Xcc -I/Users/admin/builder/spi-builder-workspace/.dependencies/checkouts/swift-nio/Sources/CNIOLLHTTP/include -Xcc -I/Users/admin/builder/spi-builder-workspace/.dependencies/checkouts/swift-nio-ssl/Sources/CNIOBoringSSLShims/include -Xcc -I/Users/admin/builder/spi-builder-workspace/.dependencies/checkouts/swift-nio-ssl/Sources/CNIOBoringSSL/include -Xcc -I/Users/admin/builder/spi-builder-workspace/.dependencies/checkouts/swift-nio-extras/Sources/CNIOExtrasZlib/include -Xcc -I/Users/admin/builder/spi-builder-workspace/.dependencies/checkouts/swift-nio/Sources/CNIOPosix/include -Xcc -I/Users/admin/builder/spi-builder-workspace/.dependencies/checkouts/swift-nio/Sources/CNIOWASI/include -Xcc -I/Users/admin/builder/spi-builder-workspace/.dependencies/checkouts/swift-nio/Sources/CNIOWindows/include -Xcc -I/Users/admin/builder/spi-builder-workspace/.dependencies/checkouts/swift-nio/Sources/CNIOLinux/include -Xcc -I/Users/admin/builder/spi-builder-workspace/.dependencies/checkouts/swift-nio/Sources/CNIODarwin/include -Xcc -I/Users/admin/builder/spi-builder-workspace/.dependencies/checkouts/swift-nio/Sources/CNIOFreeBSD/include -Xcc -I/Users/admin/builder/spi-builder-workspace/.dependencies/checkouts/swift-nio/Sources/CNIOOpenBSD/include -Xcc -I/Users/admin/builder/spi-builder-workspace/.dependencies/checkouts/swift-nio/Sources/CNIOAtomics/include -Xcc -I/Users/admin/builder/spi-builder-workspace/.dependencies/checkouts/swift-atomics/Sources/_AtomicsShims/include -Xcc -I/Users/admin/builder/spi-builder-workspace/.dependencies/checkouts/swift-numerics/Sources/_NumericsShims/include -Xcc -I/Users/admin/builder/spi-builder-workspace/.dependencies/checkouts/swift-system/Sources/CSystem/include -Xcc -I/Users/admin/builder/spi-builder-workspace/.dependencies/checkouts/async-http-client/Sources/CAsyncHTTPClient/include -Xcc -I/Users/admin/builder/spi-builder-workspace/.derivedData/Build/Products/Debug-watchos/include -Xcc -I/Users/admin/builder/spi-builder-workspace/.derivedData/Build/Intermediates.noindex/async-http-client.build/Debug-watchos/AsyncHTTPClient-t.build/DerivedSources-normal/arm64_32 -Xcc -I/Users/admin/builder/spi-builder-workspace/.derivedData/Build/Intermediates.noindex/async-http-client.build/Debug-watchos/AsyncHTTPClient-t.build/DerivedSources/arm64_32 -Xcc -I/Users/admin/builder/spi-builder-workspace/.derivedData/Build/Intermediates.noindex/async-http-client.build/Debug-watchos/AsyncHTTPClient-t.build/DerivedSources -Xcc -DSWIFT_PACKAGE -Xcc -DDEBUG\=1 -emit-objc-header -emit-objc-header-path /Users/admin/builder/spi-builder-workspace/.derivedData/Build/Intermediates.noindex/async-http-client.build/Debug-watchos/AsyncHTTPClient-t.build/Objects-normal/arm64_32/AsyncHTTPClient-Swift.h -working-directory /Users/admin/builder/spi-builder-workspace/.swiftpm/xcode -experimental-emit-module-separately -disable-cmo
SwiftExplicitDependencyGeneratePcm arm64 /Users/admin/builder/spi-builder-workspace/.derivedData/SDKExplicitPrecompiledModules/simd-CSWH6RLLGVRAXR77KBHX7NQJK.pcm
Ld /Users/admin/builder/spi-builder-workspace/.derivedData/Build/Intermediates.noindex/async-http-client.build/Debug-watchos/AsyncHTTPClient-t.build/Objects-normal/arm64_32/Binary/AsyncHTTPClient.o normal arm64_32 (in target 'AsyncHTTPClient' from project 'async-http-client')
cd /Users/admin/builder/spi-builder-workspace/.dependencies/checkouts/async-http-client
/Applications/Xcode-27.0.0.app/Contents/Developer/Toolchains/XcodeDefault.xctoolchain/usr/bin/clang -Xlinker -reproducible -target arm64_32-apple-watchos9.0 -r -isysroot /Applications/Xcode-27.0.0.app/Contents/Developer/Platforms/WatchOS.platform/Developer/SDKs/WatchOS27.0.sdk -O0 -w -Xlinker -no_warn_duplicate_libraries -F/Users/admin/builder/spi-builder-workspace/.derivedData/Build/Intermediates.noindex/EagerLinkingTBDs/Debug-watchos -F/Users/admin/builder/spi-builder-workspace/.derivedData/Build/Products/Debug-watchos/PackageFrameworks -F/Users/admin/builder/spi-builder-workspace/.derivedData/Build/Products/Debug-watchos -iframework /Applications/Xcode-27.0.0.app/Contents/Developer/Platforms/WatchOS.platform/Developer/Library/Frameworks -iframework /Applications/Xcode-27.0.0.app/Contents/Developer/Platforms/WatchOS.platform/Developer/SDKs/WatchOS27.0.sdk/Developer/Library/Frameworks -filelist /Users/admin/builder/spi-builder-workspace/.derivedData/Build/Intermediates.noindex/async-http-client.build/Debug-watchos/AsyncHTTPClient-t.build/Objects-normal/arm64_32/AsyncHTTPClient.LinkFileList -nostdlib -Xlinker -object_path_lto -Xlinker /Users/admin/builder/spi-builder-workspace/.derivedData/Build/Intermediates.noindex/async-http-client.build/Debug-watchos/AsyncHTTPClient-t.build/Objects-normal/arm64_32/AsyncHTTPClient_lto.o -Xlinker -no_deduplicate -Xlinker -debug_variant -Xlinker -dependency_info -Xlinker /Users/admin/builder/spi-builder-workspace/.derivedData/Build/Intermediates.noindex/async-http-client.build/Debug-watchos/AsyncHTTPClient-t.build/Objects-normal/arm64_32/AsyncHTTPClient_dependency_info.dat -fobjc-link-runtime -L/Applications/Xcode-27.0.0.app/Contents/Developer/Toolchains/XcodeDefault.xctoolchain/usr/lib/swift/watchos -L/usr/lib/swift -Xlinker -add_ast_path -Xlinker /Users/admin/builder/spi-builder-workspace/.derivedData/Build/Intermediates.noindex/async-http-client.build/Debug-watchos/AsyncHTTPClient-t.build/Objects-normal/arm64_32/AsyncHTTPClient.swiftmodule -o /Users/admin/builder/spi-builder-workspace/.derivedData/Build/Intermediates.noindex/async-http-client.build/Debug-watchos/AsyncHTTPClient-t.build/Objects-normal/arm64_32/Binary/AsyncHTTPClient.o
SwiftExplicitDependencyGeneratePcm arm64_32 /Users/admin/builder/spi-builder-workspace/.derivedData/SDKExplicitPrecompiledModules/UIKit-EJDCR42WCUPDE27EZHUU2K5V6.pcm
SwiftExplicitDependencyGeneratePcm arm64 /Users/admin/builder/spi-builder-workspace/.derivedData/SDKExplicitPrecompiledModules/SwiftUICore-F44576R4QP5SWTA4Z0CG8BW69.pcm
CreateUniversalBinary /Users/admin/builder/spi-builder-workspace/.derivedData/Build/Products/Debug-watchos/AsyncHTTPClient.o normal arm64\ arm64_32 (in target 'AsyncHTTPClient' from project 'async-http-client')
cd /Users/admin/builder/spi-builder-workspace/.dependencies/checkouts/async-http-client
/Applications/Xcode-27.0.0.app/Contents/Developer/Toolchains/XcodeDefault.xctoolchain/usr/bin/lipo -create /Users/admin/builder/spi-builder-workspace/.derivedData/Build/Intermediates.noindex/async-http-client.build/Debug-watchos/AsyncHTTPClient-t.build/Objects-normal/arm64/Binary/AsyncHTTPClient.o /Users/admin/builder/spi-builder-workspace/.derivedData/Build/Intermediates.noindex/async-http-client.build/Debug-watchos/AsyncHTTPClient-t.build/Objects-normal/arm64_32/Binary/AsyncHTTPClient.o -output /Users/admin/builder/spi-builder-workspace/.derivedData/Build/Products/Debug-watchos/AsyncHTTPClient.o
ExtractAppIntentsMetadata (in target 'AsyncHTTPClient' from project 'async-http-client')
cd /Users/admin/builder/spi-builder-workspace/.dependencies/checkouts/async-http-client
/Applications/Xcode-27.0.0.app/Contents/Developer/Toolchains/XcodeDefault.xctoolchain/usr/bin/appintentsmetadataprocessor --toolchain-dir /var/run/com.apple.security.cryptexd/mnt/com.apple.MobileAsset.MetalToolchain-v27.1.266.1.VwGNN5/Metal.xctoolchain --module-name AsyncHTTPClient --sdk-root /Applications/Xcode-27.0.0.app/Contents/Developer/Platforms/WatchOS.platform/Developer/SDKs/WatchOS27.0.sdk --xcode-version 27A266a --platform-family watchOS --deployment-target 9.0 --bundle-identifier async-http-client.AsyncHTTPClient --output /Users/admin/builder/spi-builder-workspace/.derivedData/Build/Products/Debug-watchos/AsyncHTTPClient.appintents --target-triple arm64-apple-watchos9.0 --target-triple arm64_32-apple-watchos9.0 --binary-file /Users/admin/builder/spi-builder-workspace/.derivedData/Build/Products/Debug-watchos/AsyncHTTPClient.o --dependency-file /Users/admin/builder/spi-builder-workspace/.derivedData/Build/Intermediates.noindex/async-http-client.build/Debug-watchos/AsyncHTTPClient-t.build/Objects-normal/arm64/AsyncHTTPClient_dependency_info.dat --dependency-file /Users/admin/builder/spi-builder-workspace/.derivedData/Build/Intermediates.noindex/async-http-client.build/Debug-watchos/AsyncHTTPClient-t.build/Objects-normal/arm64_32/AsyncHTTPClient_dependency_info.dat --stringsdata-file /Users/admin/builder/spi-builder-workspace/.derivedData/Build/Intermediates.noindex/async-http-client.build/Debug-watchos/AsyncHTTPClient-t.build/Objects-normal/arm64/ExtractedAppShortcutsMetadata.stringsdata --stringsdata-file /Users/admin/builder/spi-builder-workspace/.derivedData/Build/Intermediates.noindex/async-http-client.build/Debug-watchos/AsyncHTTPClient-t.build/Objects-normal/arm64_32/ExtractedAppShortcutsMetadata.stringsdata --source-file-list /Users/admin/builder/spi-builder-workspace/.derivedData/Build/Intermediates.noindex/async-http-client.build/Debug-watchos/AsyncHTTPClient-t.build/Objects-normal/arm64/AsyncHTTPClient.SwiftFileList --source-file-list /Users/admin/builder/spi-builder-workspace/.derivedData/Build/Intermediates.noindex/async-http-client.build/Debug-watchos/AsyncHTTPClient-t.build/Objects-normal/arm64_32/AsyncHTTPClient.SwiftFileList --metadata-file-list /Users/admin/builder/spi-builder-workspace/.derivedData/Build/Intermediates.noindex/async-http-client.build/Debug-watchos/AsyncHTTPClient-t.build/AsyncHTTPClient.DependencyMetadataFileList --static-metadata-file-list /Users/admin/builder/spi-builder-workspace/.derivedData/Build/Intermediates.noindex/async-http-client.build/Debug-watchos/AsyncHTTPClient-t.build/AsyncHTTPClient.DependencyStaticMetadataFileList --swift-const-vals-list /Users/admin/builder/spi-builder-workspace/.derivedData/Build/Intermediates.noindex/async-http-client.build/Debug-watchos/AsyncHTTPClient-t.build/Objects-normal/arm64/AsyncHTTPClient.SwiftConstValuesFileList --swift-const-vals-list /Users/admin/builder/spi-builder-workspace/.derivedData/Build/Intermediates.noindex/async-http-client.build/Debug-watchos/AsyncHTTPClient-t.build/Objects-normal/arm64_32/AsyncHTTPClient.SwiftConstValuesFileList --force --compile-time-extraction --deployment-aware-processing --no-app-shortcuts-localization
2026-10-09 20:13:58.479 appintentsmetadataprocessor[4878:18154] Starting appintentsmetadataprocessor export
2026-10-09 20:13:58.542 appintentsmetadataprocessor[4878:18154] Extracted no relevant App Intents symbols, skipping writing output
SwiftExplicitDependencyGeneratePcm arm64 /Users/admin/builder/spi-builder-workspace/.derivedData/SDKExplicitPrecompiledModules/CoreMotion-61S19SPNFXST7VOQ470VJWCZT.pcm
SwiftExplicitDependencyGeneratePcm arm64 /Users/admin/builder/spi-builder-workspace/.derivedData/SDKExplicitPrecompiledModules/UIKit-DFD16XMEJADJ1M2P58VJADV91.pcm
SwiftExplicitDependencyGeneratePcm arm64_32 /Users/admin/builder/spi-builder-workspace/.derivedData/SDKExplicitPrecompiledModules/SceneKit-4FI8HN5217JGJRU942SA928Z.pcm
SwiftExplicitDependencyGeneratePcm arm64_32 /Users/admin/builder/spi-builder-workspace/.derivedData/SDKExplicitPrecompiledModules/Spatial-377TCL7ZGTGSNLFPBH2YHADNJ.pcm
SwiftExplicitDependencyGeneratePcm arm64 /Users/admin/builder/spi-builder-workspace/.derivedData/SDKExplicitPrecompiledModules/SceneKit-ERXQAS5DTIVA5XTQVC1UDQ8KV.pcm
SwiftExplicitDependencyGeneratePcm arm64 /Users/admin/builder/spi-builder-workspace/.derivedData/SDKExplicitPrecompiledModules/Spatial-7ML55CIU734I4OPDAKYST1YKH.pcm
SwiftExplicitDependencyGeneratePcm arm64_32 /Users/admin/builder/spi-builder-workspace/.derivedData/SDKExplicitPrecompiledModules/HomeKit-F3VQ1NJSP19IRCQN9HO7VFZJ9.pcm
SwiftExplicitDependencyGeneratePcm arm64_32 /Users/admin/builder/spi-builder-workspace/.derivedData/SDKExplicitPrecompiledModules/MapKit-EWIM45DTJOC05JOFF0A1QCILJ.pcm
SwiftExplicitDependencyGeneratePcm arm64_32 /Users/admin/builder/spi-builder-workspace/.derivedData/SDKExplicitPrecompiledModules/AuthenticationServices-286E51DYIQGLVGJZNBFJ90D4Q.pcm
SwiftExplicitDependencyGeneratePcm arm64 /Users/admin/builder/spi-builder-workspace/.derivedData/SDKExplicitPrecompiledModules/HomeKit-3BJ5JLWLEE2DZ91C2S47JEUX6.pcm
SwiftExplicitDependencyGeneratePcm arm64 /Users/admin/builder/spi-builder-workspace/.derivedData/SDKExplicitPrecompiledModules/MapKit-90C7VMYJ6BBMC83YO3S16E8C0.pcm
SwiftExplicitDependencyGeneratePcm arm64 /Users/admin/builder/spi-builder-workspace/.derivedData/SDKExplicitPrecompiledModules/AuthenticationServices-CRA6JOLJT4VBEQG34CB1UQWI.pcm
SwiftExplicitDependencyGeneratePcm arm64_32 /Users/admin/builder/spi-builder-workspace/.derivedData/SDKExplicitPrecompiledModules/WatchKit-634QCD6ZA4G38HK529O8ZYF6G.pcm
SwiftExplicitDependencyGeneratePcm arm64_32 /Users/admin/builder/spi-builder-workspace/.derivedData/SDKExplicitPrecompiledModules/SwiftUI-ADDFYS4JIT928LKYKA5YJU1G8.pcm
SwiftExplicitDependencyGeneratePcm arm64 /Users/admin/builder/spi-builder-workspace/.derivedData/SDKExplicitPrecompiledModules/WatchKit-9GGFBAQ0O9N9JQABITS3Z9R0O.pcm
SwiftCompile normal arm64_32 Compiling\ TablesDB.swift,\ Teams.swift,\ VectorsDB.swift,\ StreamingDelegate.swift,\ Topic.swift /Users/admin/builder/spi-builder-workspace/Sources/Appwrite/Services/TablesDB.swift /Users/admin/builder/spi-builder-workspace/Sources/Appwrite/Services/Teams.swift /Users/admin/builder/spi-builder-workspace/Sources/Appwrite/Services/VectorsDB.swift /Users/admin/builder/spi-builder-workspace/Sources/Appwrite/StreamingDelegate.swift /Users/admin/builder/spi-builder-workspace/Sources/Appwrite/Topic.swift (in target 'Appwrite' from project 'Appwrite')
SwiftCompile normal arm64_32 /Users/admin/builder/spi-builder-workspace/Sources/Appwrite/Services/TablesDB.swift (in target 'Appwrite' from project 'Appwrite')
cd /Users/admin/builder/spi-builder-workspace/.swiftpm/xcode
builtin-SwiftPerFileCompile TablesDB.swift
SwiftCompile normal arm64_32 /Users/admin/builder/spi-builder-workspace/Sources/Appwrite/Services/Teams.swift (in target 'Appwrite' from project 'Appwrite')
cd /Users/admin/builder/spi-builder-workspace/.swiftpm/xcode
builtin-SwiftPerFileCompile Teams.swift
SwiftCompile normal arm64_32 /Users/admin/builder/spi-builder-workspace/Sources/Appwrite/Services/VectorsDB.swift (in target 'Appwrite' from project 'Appwrite')
cd /Users/admin/builder/spi-builder-workspace/.swiftpm/xcode
builtin-SwiftPerFileCompile VectorsDB.swift
SwiftCompile normal arm64_32 /Users/admin/builder/spi-builder-workspace/Sources/Appwrite/StreamingDelegate.swift (in target 'Appwrite' from project 'Appwrite')
cd /Users/admin/builder/spi-builder-workspace/.swiftpm/xcode
builtin-SwiftPerFileCompile StreamingDelegate.swift
SwiftCompile normal arm64_32 /Users/admin/builder/spi-builder-workspace/Sources/Appwrite/Topic.swift (in target 'Appwrite' from project 'Appwrite')
cd /Users/admin/builder/spi-builder-workspace/.swiftpm/xcode
builtin-SwiftPerFileCompile Topic.swift
SwiftCompile normal arm64_32 Compiling\ Presences.swift,\ Push.swift,\ Realtime.swift,\ Service.swift,\ Storage.swift /Users/admin/builder/spi-builder-workspace/Sources/Appwrite/Services/Presences.swift /Users/admin/builder/spi-builder-workspace/Sources/Appwrite/Services/Push.swift /Users/admin/builder/spi-builder-workspace/Sources/Appwrite/Services/Realtime.swift /Users/admin/builder/spi-builder-workspace/Sources/Appwrite/Services/Service.swift /Users/admin/builder/spi-builder-workspace/Sources/Appwrite/Services/Storage.swift (in target 'Appwrite' from project 'Appwrite')
SwiftCompile normal arm64_32 /Users/admin/builder/spi-builder-workspace/Sources/Appwrite/Services/Presences.swift (in target 'Appwrite' from project 'Appwrite')
cd /Users/admin/builder/spi-builder-workspace/.swiftpm/xcode
builtin-SwiftPerFileCompile Presences.swift
SwiftCompile normal arm64_32 /Users/admin/builder/spi-builder-workspace/Sources/Appwrite/Services/Push.swift (in target 'Appwrite' from project 'Appwrite')
cd /Users/admin/builder/spi-builder-workspace/.swiftpm/xcode
builtin-SwiftPerFileCompile Push.swift
SwiftCompile normal arm64_32 /Users/admin/builder/spi-builder-workspace/Sources/Appwrite/Services/Realtime.swift (in target 'Appwrite' from project 'Appwrite')
cd /Users/admin/builder/spi-builder-workspace/.swiftpm/xcode
builtin-SwiftPerFileCompile Realtime.swift
SwiftCompile normal arm64_32 /Users/admin/builder/spi-builder-workspace/Sources/Appwrite/Services/Service.swift (in target 'Appwrite' from project 'Appwrite')
cd /Users/admin/builder/spi-builder-workspace/.swiftpm/xcode
builtin-SwiftPerFileCompile Service.swift
SwiftCompile normal arm64_32 /Users/admin/builder/spi-builder-workspace/Sources/Appwrite/Services/Storage.swift (in target 'Appwrite' from project 'Appwrite')
cd /Users/admin/builder/spi-builder-workspace/.swiftpm/xcode
builtin-SwiftPerFileCompile Storage.swift
SwiftCompile normal arm64_32 Compiling\ OSPackageInfo.swift,\ PackageInfo.swift,\ PackageInfo+Windows.swift,\ Permission.swift,\ Query.swift,\ Role.swift /Users/admin/builder/spi-builder-workspace/Sources/Appwrite/PackageInfo/OSPackageInfo.swift /Users/admin/builder/spi-builder-workspace/Sources/Appwrite/PackageInfo/PackageInfo.swift /Users/admin/builder/spi-builder-workspace/Sources/Appwrite/PackageInfo/Windows/PackageInfo+Windows.swift /Users/admin/builder/spi-builder-workspace/Sources/Appwrite/Permission.swift /Users/admin/builder/spi-builder-workspace/Sources/Appwrite/Query.swift /Users/admin/builder/spi-builder-workspace/Sources/Appwrite/Role.swift (in target 'Appwrite' from project 'Appwrite')
SwiftCompile normal arm64_32 /Users/admin/builder/spi-builder-workspace/Sources/Appwrite/PackageInfo/OSPackageInfo.swift (in target 'Appwrite' from project 'Appwrite')
cd /Users/admin/builder/spi-builder-workspace/.swiftpm/xcode
builtin-SwiftPerFileCompile OSPackageInfo.swift
SwiftCompile normal arm64_32 /Users/admin/builder/spi-builder-workspace/Sources/Appwrite/PackageInfo/PackageInfo.swift (in target 'Appwrite' from project 'Appwrite')
cd /Users/admin/builder/spi-builder-workspace/.swiftpm/xcode
builtin-SwiftPerFileCompile PackageInfo.swift
SwiftCompile normal arm64_32 /Users/admin/builder/spi-builder-workspace/Sources/Appwrite/PackageInfo/Windows/PackageInfo+Windows.swift (in target 'Appwrite' from project 'Appwrite')
cd /Users/admin/builder/spi-builder-workspace/.swiftpm/xcode
builtin-SwiftPerFileCompile PackageInfo+Windows.swift
SwiftCompile normal arm64_32 /Users/admin/builder/spi-builder-workspace/Sources/Appwrite/Permission.swift (in target 'Appwrite' from project 'Appwrite')
cd /Users/admin/builder/spi-builder-workspace/.swiftpm/xcode
builtin-SwiftPerFileCompile Permission.swift
SwiftCompile normal arm64_32 /Users/admin/builder/spi-builder-workspace/Sources/Appwrite/Query.swift (in target 'Appwrite' from project 'Appwrite')
cd /Users/admin/builder/spi-builder-workspace/.swiftpm/xcode
builtin-SwiftPerFileCompile Query.swift
SwiftCompile normal arm64_32 /Users/admin/builder/spi-builder-workspace/Sources/Appwrite/Role.swift (in target 'Appwrite' from project 'Appwrite')
cd /Users/admin/builder/spi-builder-workspace/.swiftpm/xcode
builtin-SwiftPerFileCompile Role.swift
SwiftCompile normal arm64_32 Compiling\ Account.swift,\ Apps.swift,\ Avatars.swift,\ Databases.swift,\ DocumentsDB.swift,\ Functions.swift /Users/admin/builder/spi-builder-workspace/Sources/Appwrite/Services/Account.swift /Users/admin/builder/spi-builder-workspace/Sources/Appwrite/Services/Apps.swift /Users/admin/builder/spi-builder-workspace/Sources/Appwrite/Services/Avatars.swift /Users/admin/builder/spi-builder-workspace/Sources/Appwrite/Services/Databases.swift /Users/admin/builder/spi-builder-workspace/Sources/Appwrite/Services/DocumentsDB.swift /Users/admin/builder/spi-builder-workspace/Sources/Appwrite/Services/Functions.swift (in target 'Appwrite' from project 'Appwrite')
/Users/admin/builder/spi-builder-workspace/Sources/Appwrite/Services/Account.swift:2082:13: warning: immutable value 'apiHeaders' was never used; consider replacing with '_' or removing it [#NoUsage]
2080 | ]
2081 |
2082 | let apiHeaders: [String: String] = [
| `- warning: immutable value 'apiHeaders' was never used; consider replacing with '_' or removing it [#NoUsage]
2083 | "X-Appwrite-Project": client.config["project"] ?? "",
2084 | "accept": "text/html",
SwiftCompile normal arm64_32 /Users/admin/builder/spi-builder-workspace/Sources/Appwrite/Services/Account.swift (in target 'Appwrite' from project 'Appwrite')
cd /Users/admin/builder/spi-builder-workspace/.swiftpm/xcode
builtin-SwiftPerFileCompile Account.swift
SwiftCompile normal arm64_32 /Users/admin/builder/spi-builder-workspace/Sources/Appwrite/Services/Apps.swift (in target 'Appwrite' from project 'Appwrite')
cd /Users/admin/builder/spi-builder-workspace/.swiftpm/xcode
builtin-SwiftPerFileCompile Apps.swift
SwiftCompile normal arm64_32 /Users/admin/builder/spi-builder-workspace/Sources/Appwrite/Services/Avatars.swift (in target 'Appwrite' from project 'Appwrite')
cd /Users/admin/builder/spi-builder-workspace/.swiftpm/xcode
builtin-SwiftPerFileCompile Avatars.swift
SwiftCompile normal arm64_32 /Users/admin/builder/spi-builder-workspace/Sources/Appwrite/Services/Databases.swift (in target 'Appwrite' from project 'Appwrite')
cd /Users/admin/builder/spi-builder-workspace/.swiftpm/xcode
builtin-SwiftPerFileCompile Databases.swift
SwiftCompile normal arm64_32 /Users/admin/builder/spi-builder-workspace/Sources/Appwrite/Services/DocumentsDB.swift (in target 'Appwrite' from project 'Appwrite')
cd /Users/admin/builder/spi-builder-workspace/.swiftpm/xcode
builtin-SwiftPerFileCompile DocumentsDB.swift
SwiftCompile normal arm64_32 /Users/admin/builder/spi-builder-workspace/Sources/Appwrite/Services/Functions.swift (in target 'Appwrite' from project 'Appwrite')
cd /Users/admin/builder/spi-builder-workspace/.swiftpm/xcode
builtin-SwiftPerFileCompile Functions.swift
SwiftCompile normal arm64_32 Compiling\ Graphql.swift,\ Locale.swift,\ Messaging.swift,\ Oauth2.swift,\ Organization.swift /Users/admin/builder/spi-builder-workspace/Sources/Appwrite/Services/Graphql.swift /Users/admin/builder/spi-builder-workspace/Sources/Appwrite/Services/Locale.swift /Users/admin/builder/spi-builder-workspace/Sources/Appwrite/Services/Messaging.swift /Users/admin/builder/spi-builder-workspace/Sources/Appwrite/Services/Oauth2.swift /Users/admin/builder/spi-builder-workspace/Sources/Appwrite/Services/Organization.swift (in target 'Appwrite' from project 'Appwrite')
SwiftCompile normal arm64_32 /Users/admin/builder/spi-builder-workspace/Sources/Appwrite/Services/Graphql.swift (in target 'Appwrite' from project 'Appwrite')
cd /Users/admin/builder/spi-builder-workspace/.swiftpm/xcode
builtin-SwiftPerFileCompile Graphql.swift
SwiftCompile normal arm64_32 /Users/admin/builder/spi-builder-workspace/Sources/Appwrite/Services/Locale.swift (in target 'Appwrite' from project 'Appwrite')
cd /Users/admin/builder/spi-builder-workspace/.swiftpm/xcode
builtin-SwiftPerFileCompile Locale.swift
SwiftCompile normal arm64_32 /Users/admin/builder/spi-builder-workspace/Sources/Appwrite/Services/Messaging.swift (in target 'Appwrite' from project 'Appwrite')
cd /Users/admin/builder/spi-builder-workspace/.swiftpm/xcode
builtin-SwiftPerFileCompile Messaging.swift
SwiftCompile normal arm64_32 /Users/admin/builder/spi-builder-workspace/Sources/Appwrite/Services/Oauth2.swift (in target 'Appwrite' from project 'Appwrite')
cd /Users/admin/builder/spi-builder-workspace/.swiftpm/xcode
builtin-SwiftPerFileCompile Oauth2.swift
SwiftCompile normal arm64_32 /Users/admin/builder/spi-builder-workspace/Sources/Appwrite/Services/Organization.swift (in target 'Appwrite' from project 'Appwrite')
cd /Users/admin/builder/spi-builder-workspace/.swiftpm/xcode
builtin-SwiftPerFileCompile Organization.swift
SwiftCompile normal arm64_32 Compiling\ HTTPHandler.swift,\ MessageHandler.swift,\ WebSocketClient.swift,\ WebSocketClientDelegate.swift,\ WebSocketClientError.swift /Users/admin/builder/spi-builder-workspace/Sources/Appwrite/WebSockets/HTTPHandler.swift /Users/admin/builder/spi-builder-workspace/Sources/Appwrite/WebSockets/MessageHandler.swift /Users/admin/builder/spi-builder-workspace/Sources/Appwrite/WebSockets/WebSocketClient.swift /Users/admin/builder/spi-builder-workspace/Sources/Appwrite/WebSockets/WebSocketClientDelegate.swift /Users/admin/builder/spi-builder-workspace/Sources/Appwrite/WebSockets/WebSocketClientError.swift (in target 'Appwrite' from project 'Appwrite')
/Users/admin/builder/spi-builder-workspace/Sources/Appwrite/WebSockets/WebSocketClient.swift:260:17: warning: capture of 'self' with non-Sendable type 'WebSocketClient' in a '@Sendable' closure [#SendableClosureCaptures]
17 | ///
18 | /// Creates a connection to the remote host and allows setting callbacks for messages sent from the WebSocket server.
19 | public class WebSocketClient {
| `- note: class 'WebSocketClient' does not conform to the 'Sendable' protocol
20 |
21 | // MARK: - Properties
:
258 | .channelOption(socketOptions, value: 1)
259 | .channelInitializer {
260 | self.openChannel(channel: $0)
| `- warning: capture of 'self' with non-Sendable type 'WebSocketClient' in a '@Sendable' closure [#SendableClosureCaptures]
261 | }
262 |
/Users/admin/builder/spi-builder-workspace/Sources/Appwrite/WebSockets/WebSocketClient.swift:282:56: warning: type 'HTTPHandler' does not conform to the 'Sendable' protocol
280 | upgraders: [basicUpgrader],
281 | completionHandler: { context in
282 | context.channel.pipeline.removeHandler(httpHandler, promise: nil)
| `- warning: type 'HTTPHandler' does not conform to the 'Sendable' protocol
283 | }
284 | )
/Users/admin/builder/spi-builder-workspace/Sources/Appwrite/WebSockets/HTTPHandler.swift:8:7: note: class 'HTTPHandler' does not conform to the 'Sendable' protocol
6 | ///
7 | /// Adds the required headers to the outbound upgrade connection request and handles success and failures responses.
8 | class HTTPHandler {
| `- note: class 'HTTPHandler' does not conform to the 'Sendable' protocol
9 |
10 | unowned let client: WebSocketClient
SwiftCompile normal arm64_32 /Users/admin/builder/spi-builder-workspace/Sources/Appwrite/WebSockets/HTTPHandler.swift (in target 'Appwrite' from project 'Appwrite')
cd /Users/admin/builder/spi-builder-workspace/.swiftpm/xcode
builtin-SwiftPerFileCompile HTTPHandler.swift
SwiftCompile normal arm64_32 /Users/admin/builder/spi-builder-workspace/Sources/Appwrite/WebSockets/MessageHandler.swift (in target 'Appwrite' from project 'Appwrite')
cd /Users/admin/builder/spi-builder-workspace/.swiftpm/xcode
builtin-SwiftPerFileCompile MessageHandler.swift
SwiftCompile normal arm64_32 /Users/admin/builder/spi-builder-workspace/Sources/Appwrite/WebSockets/WebSocketClient.swift (in target 'Appwrite' from project 'Appwrite')
cd /Users/admin/builder/spi-builder-workspace/.swiftpm/xcode
builtin-SwiftPerFileCompile WebSocketClient.swift
SwiftCompile normal arm64_32 /Users/admin/builder/spi-builder-workspace/Sources/Appwrite/WebSockets/WebSocketClientDelegate.swift (in target 'Appwrite' from project 'Appwrite')
cd /Users/admin/builder/spi-builder-workspace/.swiftpm/xcode
builtin-SwiftPerFileCompile WebSocketClientDelegate.swift
SwiftCompile normal arm64_32 /Users/admin/builder/spi-builder-workspace/Sources/Appwrite/WebSockets/WebSocketClientError.swift (in target 'Appwrite' from project 'Appwrite')
cd /Users/admin/builder/spi-builder-workspace/.swiftpm/xcode
builtin-SwiftPerFileCompile WebSocketClientError.swift
SwiftCompile normal arm64_32 Compiling\ UploadProgress.swift,\ View+OAuth.swift,\ WebAuthComponent.swift,\ Operator.swift,\ PackageInfo+Apple.swift,\ PackageInfo+Linux.swift /Users/admin/builder/spi-builder-workspace/Sources/Appwrite/Models/UploadProgress.swift /Users/admin/builder/spi-builder-workspace/Sources/Appwrite/OAuth/View+OAuth.swift /Users/admin/builder/spi-builder-workspace/Sources/Appwrite/OAuth/WebAuthComponent.swift /Users/admin/builder/spi-builder-workspace/Sources/Appwrite/Operator.swift /Users/admin/builder/spi-builder-workspace/Sources/Appwrite/PackageInfo/Apple/PackageInfo+Apple.swift /Users/admin/builder/spi-builder-workspace/Sources/Appwrite/PackageInfo/Linux/PackageInfo+Linux.swift (in target 'Appwrite' from project 'Appwrite')
/Users/admin/builder/spi-builder-workspace/Sources/Appwrite/OAuth/WebAuthComponent.swift:166:77: error: 'ASPresentationAnchor' is unavailable in watchOS
164 | static let shared = PresentationContextProvider()
165 |
166 | func presentationAnchor(for session: ASWebAuthenticationSession) -> ASPresentationAnchor {
| `- error: 'ASPresentationAnchor' is unavailable in watchOS
167 | if let mainWindow = OSApplication.shared.windows.first(where: { $0.isKeyWindow }) {
168 | return mainWindow
/Applications/Xcode-27.0.0.app/Contents/Developer/Platforms/WatchOS.platform/Developer/SDKs/WatchOS27.0.sdk/System/Library/Frameworks/AuthenticationServices.framework/Headers/ASFoundation.h:39:20: note: 'ASPresentationAnchor' has been explicitly marked unavailable here
37 | #import <UIKit/UIKit.h>
38 | #if __has_include(<UIKit/UIWindow.h>)
39 | typedef UIWindow * ASPresentationAnchor API_UNAVAILABLE(watchos);
| `- note: 'ASPresentationAnchor' has been explicitly marked unavailable here
40 | #endif
41 | #if __has_include(<UIKit/UIViewController.h>) && !defined(ASViewController)
/Users/admin/builder/spi-builder-workspace/Sources/Appwrite/OAuth/WebAuthComponent.swift:163:50: error: 'ASWebAuthenticationPresentationContextProviding' is unavailable in watchOS
161 | #if canImport(AuthenticationServices)
162 | /// Presentation context for the ASWebAuthenticationSession.
163 | class PresentationContextProvider: NSObject, ASWebAuthenticationPresentationContextProviding {
| `- error: 'ASWebAuthenticationPresentationContextProviding' is unavailable in watchOS
164 | static let shared = PresentationContextProvider()
165 |
/Applications/Xcode-27.0.0.app/Contents/Developer/Platforms/WatchOS.platform/Developer/SDKs/WatchOS27.0.sdk/System/Library/Frameworks/AuthenticationServices.framework/Headers/ASWebAuthenticationSession.h:115:11: note: 'ASWebAuthenticationPresentationContextProviding' has been explicitly marked unavailable here
113 | API_AVAILABLE(ios(13.0), macos(10.15)) API_UNAVAILABLE(tvos, watchos)
114 | NS_SWIFT_UI_ACTOR
115 | @protocol ASWebAuthenticationPresentationContextProviding <NSObject>
| `- note: 'ASWebAuthenticationPresentationContextProviding' has been explicitly marked unavailable here
116 |
117 | #if !TARGET_OS_WATCH
/Users/admin/builder/spi-builder-workspace/Sources/Appwrite/OAuth/WebAuthComponent.swift:59:25: error: 'presentationContextProvider' is unavailable in watchOS
57 | /// Indicates that the session should be a private session.
58 | session.prefersEphemeralWebBrowserSession = true
59 | session.presentationContextProvider = PresentationContextProvider.shared
| `- error: 'presentationContextProvider' is unavailable in watchOS
60 | session.start()
61 | } else {
/Applications/Xcode-27.0.0.app/Contents/Developer/Platforms/WatchOS.platform/Developer/SDKs/WatchOS27.0.sdk/System/Library/Frameworks/AuthenticationServices.framework/Headers/ASWebAuthenticationSession.h:77:82: note: 'presentationContextProvider' has been explicitly marked unavailable here
75 | 13.0, the desired window is inferred by the application's key window.
76 | */
77 | @property (nonatomic, weak) id <ASWebAuthenticationPresentationContextProviding> presentationContextProvider API_AVAILABLE(ios(13.0), macos(10.15)) API_UNAVAILABLE(watchos, tvos);
| `- note: 'presentationContextProvider' has been explicitly marked unavailable here
78 |
79 | /*! @abstract Indicates whether this session should ask the browser for an ephemeral session.
/Users/admin/builder/spi-builder-workspace/Sources/Appwrite/OAuth/WebAuthComponent.swift:167:54: error: value of type '() -> WKApplication' has no member 'windows'
165 |
166 | func presentationAnchor(for session: ASWebAuthenticationSession) -> ASPresentationAnchor {
167 | if let mainWindow = OSApplication.shared.windows.first(where: { $0.isKeyWindow }) {
| `- error: value of type '() -> WKApplication' has no member 'windows'
168 | return mainWindow
169 | }
/Users/admin/builder/spi-builder-workspace/Sources/Appwrite/OAuth/WebAuthComponent.swift:171:20: error: 'ASPresentationAnchor' is unavailable in watchOS
169 | }
170 |
171 | return ASPresentationAnchor()
| `- error: 'ASPresentationAnchor' is unavailable in watchOS
172 | }
173 | }
/Applications/Xcode-27.0.0.app/Contents/Developer/Platforms/WatchOS.platform/Developer/SDKs/WatchOS27.0.sdk/System/Library/Frameworks/AuthenticationServices.framework/Headers/ASFoundation.h:39:20: note: 'ASPresentationAnchor' has been explicitly marked unavailable here
37 | #import <UIKit/UIKit.h>
38 | #if __has_include(<UIKit/UIWindow.h>)
39 | typedef UIWindow * ASPresentationAnchor API_UNAVAILABLE(watchos);
| `- note: 'ASPresentationAnchor' has been explicitly marked unavailable here
40 | #endif
41 | #if __has_include(<UIKit/UIViewController.h>) && !defined(ASViewController)
SwiftCompile normal arm64_32 /Users/admin/builder/spi-builder-workspace/Sources/Appwrite/Models/UploadProgress.swift (in target 'Appwrite' from project 'Appwrite')
cd /Users/admin/builder/spi-builder-workspace/.swiftpm/xcode
builtin-SwiftPerFileCompile UploadProgress.swift
SwiftCompile normal arm64_32 /Users/admin/builder/spi-builder-workspace/Sources/Appwrite/OAuth/View+OAuth.swift (in target 'Appwrite' from project 'Appwrite')
cd /Users/admin/builder/spi-builder-workspace/.swiftpm/xcode
builtin-SwiftPerFileCompile View+OAuth.swift
SwiftCompile normal arm64_32 /Users/admin/builder/spi-builder-workspace/Sources/Appwrite/OAuth/WebAuthComponent.swift (in target 'Appwrite' from project 'Appwrite')
cd /Users/admin/builder/spi-builder-workspace/.swiftpm/xcode
builtin-SwiftPerFileCompile WebAuthComponent.swift
SwiftCompile normal arm64_32 /Users/admin/builder/spi-builder-workspace/Sources/Appwrite/Operator.swift (in target 'Appwrite' from project 'Appwrite')
cd /Users/admin/builder/spi-builder-workspace/.swiftpm/xcode
builtin-SwiftPerFileCompile Operator.swift
SwiftCompile normal arm64_32 /Users/admin/builder/spi-builder-workspace/Sources/Appwrite/PackageInfo/Apple/PackageInfo+Apple.swift (in target 'Appwrite' from project 'Appwrite')
cd /Users/admin/builder/spi-builder-workspace/.swiftpm/xcode
builtin-SwiftPerFileCompile PackageInfo+Apple.swift
SwiftCompile normal arm64_32 /Users/admin/builder/spi-builder-workspace/Sources/Appwrite/PackageInfo/Linux/PackageInfo+Linux.swift (in target 'Appwrite' from project 'Appwrite')
cd /Users/admin/builder/spi-builder-workspace/.swiftpm/xcode
builtin-SwiftPerFileCompile PackageInfo+Linux.swift
SwiftCompile normal arm64_32 Compiling\ HTTPClientRequest+Cookies.swift,\ String+MimeTypes.swift,\ ID.swift,\ AppwriteError.swift,\ InputFile.swift,\ RealtimeModels.swift /Users/admin/builder/spi-builder-workspace/Sources/Appwrite/Extensions/HTTPClientRequest+Cookies.swift /Users/admin/builder/spi-builder-workspace/Sources/Appwrite/Extensions/String+MimeTypes.swift /Users/admin/builder/spi-builder-workspace/Sources/Appwrite/ID.swift /Users/admin/builder/spi-builder-workspace/Sources/Appwrite/Models/AppwriteError.swift /Users/admin/builder/spi-builder-workspace/Sources/Appwrite/Models/InputFile.swift /Users/admin/builder/spi-builder-workspace/Sources/Appwrite/Models/RealtimeModels.swift (in target 'Appwrite' from project 'Appwrite')
SwiftCompile normal arm64_32 /Users/admin/builder/spi-builder-workspace/Sources/Appwrite/Extensions/HTTPClientRequest+Cookies.swift (in target 'Appwrite' from project 'Appwrite')
cd /Users/admin/builder/spi-builder-workspace/.swiftpm/xcode
builtin-SwiftPerFileCompile HTTPClientRequest+Cookies.swift
SwiftCompile normal arm64_32 /Users/admin/builder/spi-builder-workspace/Sources/Appwrite/Extensions/String+MimeTypes.swift (in target 'Appwrite' from project 'Appwrite')
cd /Users/admin/builder/spi-builder-workspace/.swiftpm/xcode
builtin-SwiftPerFileCompile String+MimeTypes.swift
SwiftCompile normal arm64_32 /Users/admin/builder/spi-builder-workspace/Sources/Appwrite/ID.swift (in target 'Appwrite' from project 'Appwrite')
cd /Users/admin/builder/spi-builder-workspace/.swiftpm/xcode
builtin-SwiftPerFileCompile ID.swift
SwiftCompile normal arm64_32 /Users/admin/builder/spi-builder-workspace/Sources/Appwrite/Models/AppwriteError.swift (in target 'Appwrite' from project 'Appwrite')
cd /Users/admin/builder/spi-builder-workspace/.swiftpm/xcode
builtin-SwiftPerFileCompile AppwriteError.swift
SwiftCompile normal arm64_32 /Users/admin/builder/spi-builder-workspace/Sources/Appwrite/Models/InputFile.swift (in target 'Appwrite' from project 'Appwrite')
cd /Users/admin/builder/spi-builder-workspace/.swiftpm/xcode
builtin-SwiftPerFileCompile InputFile.swift
SwiftCompile normal arm64_32 /Users/admin/builder/spi-builder-workspace/Sources/Appwrite/Models/RealtimeModels.swift (in target 'Appwrite' from project 'Appwrite')
cd /Users/admin/builder/spi-builder-workspace/.swiftpm/xcode
builtin-SwiftPerFileCompile RealtimeModels.swift
SwiftEmitModule normal arm64_32 Emitting\ module\ for\ Appwrite (in target 'Appwrite' from project 'Appwrite')
/Users/admin/builder/spi-builder-workspace/Sources/Appwrite/Extensions/Cookie+Codable.swift:4:1: warning: extension declares a conformance of imported type 'Cookie' to imported protocols 'Decodable', 'Encodable'; this will not behave correctly if the owners of 'AsyncHTTPClient' introduce this conformance in the future
2 | import Foundation
3 |
4 | extension HTTPClient.Cookie: Codable {
| |- warning: extension declares a conformance of imported type 'Cookie' to imported protocols 'Decodable', 'Encodable'; this will not behave correctly if the owners of 'AsyncHTTPClient' introduce this conformance in the future
| `- note: add '@retroactive' to silence this warning
5 |
6 | enum CodingKeys: String, CodingKey {
/Users/admin/builder/spi-builder-workspace/Sources/Appwrite/OAuth/WebAuthComponent.swift:166:77: error: 'ASPresentationAnchor' is unavailable in watchOS
164 | static let shared = PresentationContextProvider()
165 |
166 | func presentationAnchor(for session: ASWebAuthenticationSession) -> ASPresentationAnchor {
| `- error: 'ASPresentationAnchor' is unavailable in watchOS
167 | if let mainWindow = OSApplication.shared.windows.first(where: { $0.isKeyWindow }) {
168 | return mainWindow
/Applications/Xcode-27.0.0.app/Contents/Developer/Platforms/WatchOS.platform/Developer/SDKs/WatchOS27.0.sdk/System/Library/Frameworks/AuthenticationServices.framework/Headers/ASFoundation.h:39:20: note: 'ASPresentationAnchor' has been explicitly marked unavailable here
37 | #import <UIKit/UIKit.h>
38 | #if __has_include(<UIKit/UIWindow.h>)
39 | typedef UIWindow * ASPresentationAnchor API_UNAVAILABLE(watchos);
| `- note: 'ASPresentationAnchor' has been explicitly marked unavailable here
40 | #endif
41 | #if __has_include(<UIKit/UIViewController.h>) && !defined(ASViewController)
/Users/admin/builder/spi-builder-workspace/Sources/Appwrite/OAuth/WebAuthComponent.swift:163:50: error: 'ASWebAuthenticationPresentationContextProviding' is unavailable in watchOS
161 | #if canImport(AuthenticationServices)
162 | /// Presentation context for the ASWebAuthenticationSession.
163 | class PresentationContextProvider: NSObject, ASWebAuthenticationPresentationContextProviding {
| `- error: 'ASWebAuthenticationPresentationContextProviding' is unavailable in watchOS
164 | static let shared = PresentationContextProvider()
165 |
/Applications/Xcode-27.0.0.app/Contents/Developer/Platforms/WatchOS.platform/Developer/SDKs/WatchOS27.0.sdk/System/Library/Frameworks/AuthenticationServices.framework/Headers/ASWebAuthenticationSession.h:115:11: note: 'ASWebAuthenticationPresentationContextProviding' has been explicitly marked unavailable here
113 | API_AVAILABLE(ios(13.0), macos(10.15)) API_UNAVAILABLE(tvos, watchos)
114 | NS_SWIFT_UI_ACTOR
115 | @protocol ASWebAuthenticationPresentationContextProviding <NSObject>
| `- note: 'ASWebAuthenticationPresentationContextProviding' has been explicitly marked unavailable here
116 |
117 | #if !TARGET_OS_WATCH
Failed frontend command:
/Applications/Xcode-27.0.0.app/Contents/Developer/Toolchains/XcodeDefault.xctoolchain/usr/bin/swift-frontend -frontend -emit-module -experimental-skip-non-inlinable-function-bodies-without-types /Users/admin/builder/spi-builder-workspace/Sources/Appwrite/Channel.swift /Users/admin/builder/spi-builder-workspace/Sources/Appwrite/Client.swift /Users/admin/builder/spi-builder-workspace/Sources/Appwrite/DeviceInfo/Linux/LinuxDeviceInfo.swift /Users/admin/builder/spi-builder-workspace/Sources/Appwrite/DeviceInfo/OSDeviceInfo.swift /Users/admin/builder/spi-builder-workspace/Sources/Appwrite/DeviceInfo/Windows/WindowsDeviceInfo.swift /Users/admin/builder/spi-builder-workspace/Sources/Appwrite/DeviceInfo/iOS/IOSDeviceInfo.swift /Users/admin/builder/spi-builder-workspace/Sources/Appwrite/DeviceInfo/iOS/UIDevice+ModelName.swift /Users/admin/builder/spi-builder-workspace/Sources/Appwrite/DeviceInfo/macOS/CwlSysCtl.swift /Users/admin/builder/spi-builder-workspace/Sources/Appwrite/DeviceInfo/macOS/MacOSDeviceInfo.swift /Users/admin/builder/spi-builder-workspace/Sources/Appwrite/DeviceInfo/watchOS/WKInterfaceDevice+ModelName.swift /Users/admin/builder/spi-builder-workspace/Sources/Appwrite/DeviceInfo/watchOS/WatchOSDeviceInfo.swift /Users/admin/builder/spi-builder-workspace/Sources/Appwrite/Extensions/Cookie+Codable.swift /Users/admin/builder/spi-builder-workspace/Sources/Appwrite/Extensions/HTTPClientRequest+Cookies.swift /Users/admin/builder/spi-builder-workspace/Sources/Appwrite/Extensions/String+MimeTypes.swift /Users/admin/builder/spi-builder-workspace/Sources/Appwrite/ID.swift /Users/admin/builder/spi-builder-workspace/Sources/Appwrite/Models/AppwriteError.swift /Users/admin/builder/spi-builder-workspace/Sources/Appwrite/Models/InputFile.swift /Users/admin/builder/spi-builder-workspace/Sources/Appwrite/Models/RealtimeModels.swift /Users/admin/builder/spi-builder-workspace/Sources/Appwrite/Models/UploadProgress.swift /Users/admin/builder/spi-builder-workspace/Sources/Appwrite/OAuth/View+OAuth.swift /Users/admin/builder/spi-builder-workspace/Sources/Appwrite/OAuth/WebAuthComponent.swift /Users/admin/builder/spi-builder-workspace/Sources/Appwrite/Operator.swift /Users/admin/builder/spi-builder-workspace/Sources/Appwrite/PackageInfo/Apple/PackageInfo+Apple.swift /Users/admin/builder/spi-builder-workspace/Sources/Appwrite/PackageInfo/Linux/PackageInfo+Linux.swift /Users/admin/builder/spi-builder-workspace/Sources/Appwrite/PackageInfo/OSPackageInfo.swift /Users/admin/builder/spi-builder-workspace/Sources/Appwrite/PackageInfo/PackageInfo.swift /Users/admin/builder/spi-builder-workspace/Sources/Appwrite/PackageInfo/Windows/PackageInfo+Windows.swift /Users/admin/builder/spi-builder-workspace/Sources/Appwrite/Permission.swift /Users/admin/builder/spi-builder-workspace/Sources/Appwrite/Query.swift /Users/admin/builder/spi-builder-workspace/Sources/Appwrite/Role.swift /Users/admin/builder/spi-builder-workspace/Sources/Appwrite/Services/Account.swift /Users/admin/builder/spi-builder-workspace/Sources/Appwrite/Services/Apps.swift /Users/admin/builder/spi-builder-workspace/Sources/Appwrite/Services/Avatars.swift /Users/admin/builder/spi-builder-workspace/Sources/Appwrite/Services/Databases.swift /Users/admin/builder/spi-builder-workspace/Sources/Appwrite/Services/DocumentsDB.swift /Users/admin/builder/spi-builder-workspace/Sources/Appwrite/Services/Functions.swift /Users/admin/builder/spi-builder-workspace/Sources/Appwrite/Services/Graphql.swift /Users/admin/builder/spi-builder-workspace/Sources/Appwrite/Services/Locale.swift /Users/admin/builder/spi-builder-workspace/Sources/Appwrite/Services/Messaging.swift /Users/admin/builder/spi-builder-workspace/Sources/Appwrite/Services/Oauth2.swift /Users/admin/builder/spi-builder-workspace/Sources/Appwrite/Services/Organization.swift /Users/admin/builder/spi-builder-workspace/Sources/Appwrite/Services/Presences.swift /Users/admin/builder/spi-builder-workspace/Sources/Appwrite/Services/Push.swift /Users/admin/builder/spi-builder-workspace/Sources/Appwrite/Services/Realtime.swift /Users/admin/builder/spi-builder-workspace/Sources/Appwrite/Services/Service.swift /Users/admin/builder/spi-builder-workspace/Sources/Appwrite/Services/Storage.swift /Users/admin/builder/spi-builder-workspace/Sources/Appwrite/Services/TablesDB.swift /Users/admin/builder/spi-builder-workspace/Sources/Appwrite/Services/Teams.swift /Users/admin/builder/spi-builder-workspace/Sources/Appwrite/Services/VectorsDB.swift /Users/admin/builder/spi-builder-workspace/Sources/Appwrite/StreamingDelegate.swift /Users/admin/builder/spi-builder-workspace/Sources/Appwrite/Topic.swift /Users/admin/builder/spi-builder-workspace/Sources/Appwrite/WebSockets/HTTPHandler.swift /Users/admin/builder/spi-builder-workspace/Sources/Appwrite/WebSockets/MessageHandler.swift /Users/admin/builder/spi-builder-workspace/Sources/Appwrite/WebSockets/WebSocketClient.swift /Users/admin/builder/spi-builder-workspace/Sources/Appwrite/WebSockets/WebSocketClientDelegate.swift /Users/admin/builder/spi-builder-workspace/Sources/Appwrite/WebSockets/WebSocketClientError.swift -target arm64_32-apple-watchos9.0 -module-can-import-version AuthenticationServices 7625.1.29.12 625.1.29 -module-can-import-version NIOFoundationCompat 2.104.0.0 0 -module-can-import-version Network 5000.0.33 6681.4.1 -module-can-import-version SwiftUI 8.0.84.1 8.0.84 -module-can-import-version UserNotifications 1.0.0 1.0.0 -disable-cross-import-overlay-search -swift-module-cross-import AuthenticationServices /Applications/Xcode-27.0.0.app/Contents/Developer/Platforms/WatchOS.platform/Developer/SDKs/WatchOS.sdk/System/Library/Frameworks/AuthenticationServices.framework/Modules/AuthenticationServices.swiftcrossimport/SwiftUI.swiftoverlay -swift-module-cross-import AuthenticationServices /Applications/Xcode-27.0.0.app/Contents/Developer/Platforms/WatchOS.platform/Developer/SDKs/WatchOS27.0.sdk/System/Library/Frameworks/AuthenticationServices.framework/Modules/AuthenticationServices.swiftcrossimport/SwiftUI.swiftoverlay -swift-module-cross-import Darwin /Applications/Xcode-27.0.0.app/Contents/Developer/Platforms/WatchOS.platform/Developer/SDKs/WatchOS.sdk/usr/include/Darwin.swiftcrossimport/xlocale.swiftoverlay -swift-module-cross-import UserNotifications /Applications/Xcode-27.0.0.app/Contents/Developer/Platforms/WatchOS.platform/Developer/SDKs/WatchOS.sdk/System/Library/Frameworks/UserNotifications.framework/Modules/UserNotifications.swiftcrossimport/AppIntents.swiftoverlay -swift-module-cross-import WatchKit /Applications/Xcode-27.0.0.app/Contents/Developer/Platforms/WatchOS.platform/Developer/SDKs/WatchOS.sdk/System/Library/Frameworks/WatchKit.framework/Modules/WatchKit.swiftcrossimport/SwiftUI.swiftoverlay -load-resolved-plugin /Applications/Xcode-27.0.0.app/Contents/Developer/Platforms/WatchOS.platform/Developer/usr/lib/swift/host/plugins/libFoundationMacros.dylib\#/Applications/Xcode-27.0.0.app/Contents/Developer/Platforms/WatchOS.platform/Developer/usr/bin/swift-plugin-server\#FoundationMacros -load-resolved-plugin /Applications/Xcode-27.0.0.app/Contents/Developer/Platforms/WatchOS.platform/Developer/usr/lib/swift/host/plugins/libObservationMacros.dylib\#/Applications/Xcode-27.0.0.app/Contents/Developer/Platforms/WatchOS.platform/Developer/usr/bin/swift-plugin-server\#ObservationMacros -load-resolved-plugin /Applications/Xcode-27.0.0.app/Contents/Developer/Platforms/WatchOS.platform/Developer/usr/lib/swift/host/plugins/libPreviewsMacros.dylib\#/Applications/Xcode-27.0.0.app/Contents/Developer/Platforms/WatchOS.platform/Developer/usr/bin/swift-plugin-server\#PreviewsMacros -load-resolved-plugin /Applications/Xcode-27.0.0.app/Contents/Developer/Platforms/WatchOS.platform/Developer/usr/lib/swift/host/plugins/libSwiftMacros.dylib\#/Applications/Xcode-27.0.0.app/Contents/Developer/Platforms/WatchOS.platform/Developer/usr/bin/swift-plugin-server\#SwiftMacros -load-resolved-plugin /Applications/Xcode-27.0.0.app/Contents/Developer/Platforms/WatchOS.platform/Developer/usr/lib/swift/host/plugins/libSwiftUIMacros.dylib\#/Applications/Xcode-27.0.0.app/Contents/Developer/Platforms/WatchOS.platform/Developer/usr/bin/swift-plugin-server\#SwiftUIMacros -disable-implicit-swift-modules -Xcc -fno-implicit-modules -Xcc -fno-implicit-module-maps -explicit-swift-module-map-file /Users/admin/builder/spi-builder-workspace/.derivedData/Build/Intermediates.noindex/Appwrite.build/Debug-watchos/Appwrite-t.build/Objects-normal/arm64_32/Appwrite-dependencies-1.json -enable-objc-interop -sdk /Applications/Xcode-27.0.0.app/Contents/Developer/Platforms/WatchOS.platform/Developer/SDKs/WatchOS27.0.sdk -I /Users/admin/builder/spi-builder-workspace/.derivedData/Build/Products/Debug-watchos -Isystem /Applications/Xcode-27.0.0.app/Contents/Developer/Platforms/WatchOS.platform/Developer/usr/lib -F /Users/admin/builder/spi-builder-workspace/.derivedData/Build/Products/Debug-watchos/PackageFrameworks -F /Users/admin/builder/spi-builder-workspace/.derivedData/Build/Products/Debug-watchos -F /Applications/Xcode-27.0.0.app/Contents/Developer/Platforms/WatchOS.platform/Developer/Library/Frameworks -F /Applications/Xcode-27.0.0.app/Contents/Developer/Platforms/WatchOS.platform/Developer/SDKs/WatchOS27.0.sdk/Developer/Library/Frameworks -module-cache-path /Users/admin/builder/spi-builder-workspace/.derivedData/Build/Intermediates.noindex/SwiftExplicitPrecompiledModules -no-color-diagnostics -Xcc -fno-color-diagnostics -enable-testing -g -debug-info-format\=dwarf -dwarf-version\=4 -profile-generate -profile-coverage-mapping -swift-version 5 -Onone -D SWIFT_PACKAGE -D DEBUG -D SWIFT_MODULE_RESOURCE_BUNDLE_UNAVAILABLE -D Xcode -serialize-debugging-options -enable-experimental-feature DebugDescriptionMacro -empty-abi-descriptor -validate-clang-modules-once -clang-build-session-file /Users/admin/builder/spi-builder-workspace/.derivedData/ModuleCache.noindex/Session.modulevalidation -Xcc -working-directory -Xcc /Users/admin/builder/spi-builder-workspace/.swiftpm/xcode -enable-anonymous-context-mangled-names -file-compilation-dir /Users/admin/builder/spi-builder-workspace/.swiftpm/xcode -Xcc -fmodule-map-file\=/Users/admin/builder/spi-builder-workspace/.derivedData/Build/Intermediates.noindex/GeneratedModuleMaps-watchos/CNIOBoringSSLShims.modulemap -Xcc -fmodule-map-file\=/Users/admin/builder/spi-builder-workspace/.dependencies/checkouts/swift-nio-ssl/Sources/CNIOBoringSSL/include/module.modulemap -Xcc -fmodule-map-file\=/Users/admin/builder/spi-builder-workspace/.derivedData/Build/Intermediates.noindex/GeneratedModuleMaps-watchos/CNIOExtrasZlib.modulemap -Xcc -fmodule-map-file\=/Users/admin/builder/spi-builder-workspace/.dependencies/checkouts/swift-numerics/Sources/_NumericsShims/include/module.modulemap -Xcc -fmodule-map-file\=/Users/admin/builder/spi-builder-workspace/.dependencies/checkouts/swift-system/Sources/CSystem/include/module.modulemap -Xcc -fmodule-map-file\=/Users/admin/builder/spi-builder-workspace/.derivedData/Build/Intermediates.noindex/GeneratedModuleMaps-watchos/CAsyncHTTPClient.modulemap -Xcc -fmodule-map-file\=/Users/admin/builder/spi-builder-workspace/.derivedData/Build/Intermediates.noindex/GeneratedModuleMaps-watchos/CNIOSHA1.modulemap -Xcc -fmodule-map-file\=/Users/admin/builder/spi-builder-workspace/.dependencies/checkouts/swift-atomics/Sources/_AtomicsShims/include/module.modulemap -Xcc -fmodule-map-file\=/Users/admin/builder/spi-builder-workspace/.derivedData/Build/Intermediates.noindex/GeneratedModuleMaps-watchos/CNIOLLHTTP.modulemap -Xcc -fmodule-map-file\=/Users/admin/builder/spi-builder-workspace/.derivedData/Build/Intermediates.noindex/GeneratedModuleMaps-watchos/CNIOPosix.modulemap -Xcc -fmodule-map-file\=/Users/admin/builder/spi-builder-workspace/.derivedData/Build/Intermediates.noindex/GeneratedModuleMaps-watchos/CNIOWASI.modulemap -Xcc -fmodule-map-file\=/Users/admin/builder/spi-builder-workspace/.dependencies/checkouts/swift-nio/Sources/CNIOWindows/include/module.modulemap -Xcc -fmodule-map-file\=/Users/admin/builder/spi-builder-workspace/.derivedData/Build/Intermediates.noindex/GeneratedModuleMaps-watchos/CNIOLinux.modulemap -Xcc -fmodule-map-file\=/Users/admin/builder/spi-builder-workspace/.derivedData/Build/Intermediates.noindex/GeneratedModuleMaps-watchos/CNIODarwin.modulemap -Xcc -fmodule-map-file\=/Users/admin/builder/spi-builder-workspace/.derivedData/Build/Intermediates.noindex/GeneratedModuleMaps-watchos/CNIOFreeBSD.modulemap -Xcc -fmodule-map-file\=/Users/admin/builder/spi-builder-workspace/.derivedData/Build/Intermediates.noindex/GeneratedModuleMaps-watchos/CNIOOpenBSD.modulemap -Xcc -fmodule-map-file\=/Users/admin/builder/spi-builder-workspace/.derivedData/Build/Intermediates.noindex/GeneratedModuleMaps-watchos/CNIOAtomics.modulemap -Xcc -D_LIBCPP_HARDENING_MODE\=_LIBCPP_HARDENING_MODE_DEBUG -Xcc -ivfsstatcache -Xcc /Users/admin/builder/spi-builder-workspace/.derivedData/SDKStatCaches.noindex/watchos27.0-24R360-e829b21a6f8c9b70876ba0858053c044b9db9bc9c079ee3c7b5f3373b13d10bc.sdkstatcache -Xcc -fmodules-prune-interval\=86400 -Xcc -fmodules-prune-after\=345600 -Xcc -I/Users/admin/builder/spi-builder-workspace/.dependencies/checkouts/swift-nio-ssl/Sources/CNIOBoringSSLShims/include -Xcc -I/Users/admin/builder/spi-builder-workspace/.dependencies/checkouts/swift-nio-ssl/Sources/CNIOBoringSSL/include -Xcc -I/Users/admin/builder/spi-builder-workspace/.dependencies/checkouts/swift-nio-extras/Sources/CNIOExtrasZlib/include -Xcc -I/Users/admin/builder/spi-builder-workspace/.dependencies/checkouts/swift-numerics/Sources/_NumericsShims/include -Xcc -I/Users/admin/builder/spi-builder-workspace/.dependencies/checkouts/swift-system/Sources/CSystem/include -Xcc -I/Users/admin/builder/spi-builder-workspace/.dependencies/checkouts/async-http-client/Sources/CAsyncHTTPClient/include -Xcc -I/Users/admin/builder/spi-builder-workspace/.dependencies/checkouts/swift-nio/Sources/CNIOSHA1/include -Xcc -I/Users/admin/builder/spi-builder-workspace/.dependencies/checkouts/swift-atomics/Sources/_AtomicsShims/include -Xcc -I/Users/admin/builder/spi-builder-workspace/.dependencies/checkouts/swift-nio/Sources/CNIOLLHTTP/include -Xcc -I/Users/admin/builder/spi-builder-workspace/.dependencies/checkouts/swift-nio/Sources/CNIOPosix/include -Xcc -I/Users/admin/builder/spi-builder-workspace/.dependencies/checkouts/swift-nio/Sources/CNIOWASI/include -Xcc -I/Users/admin/builder/spi-builder-workspace/.dependencies/checkouts/swift-nio/Sources/CNIOWindows/include -Xcc -I/Users/admin/builder/spi-builder-workspace/.dependencies/checkouts/swift-nio/Sources/CNIOLinux/include -Xcc -I/Users/admin/builder/spi-builder-workspace/.dependencies/checkouts/swift-nio/Sources/CNIODarwin/include -Xcc -I/Users/admin/builder/spi-builder-workspace/.dependencies/checkouts/swift-nio/Sources/CNIOFreeBSD/include -Xcc -I/Users/admin/builder/spi-builder-workspace/.dependencies/checkouts/swift-nio/Sources/CNIOOpenBSD/include -Xcc -I/Users/admin/builder/spi-builder-workspace/.dependencies/checkouts/swift-nio/Sources/CNIOAtomics/include -Xcc -I/Users/admin/builder/spi-builder-workspace/.derivedData/Build/Products/Debug-watchos/include -Xcc -I/Users/admin/builder/spi-builder-workspace/.derivedData/Build/Intermediates.noindex/Appwrite.build/Debug-watchos/Appwrite-t.build/DerivedSources-normal/arm64_32 -Xcc -I/Users/admin/builder/spi-builder-workspace/.derivedData/Build/Intermediates.noindex/Appwrite.build/Debug-watchos/Appwrite-t.build/DerivedSources/arm64_32 -Xcc -I/Users/admin/builder/spi-builder-workspace/.derivedData/Build/Intermediates.noindex/Appwrite.build/Debug-watchos/Appwrite-t.build/DerivedSources -Xcc -DSWIFT_PACKAGE -Xcc -DDEBUG\=1 -no-auto-bridging-header-chaining -module-name Appwrite -package-name spi_builder_workspace -const-gather-protocols-file /Users/admin/builder/spi-builder-workspace/.derivedData/Build/Intermediates.noindex/Appwrite.build/Debug-watchos/Appwrite-t.build/Objects-normal/arm64_32/Appwrite_const_extract_protocols.json -disable-clang-spi -clang-target arm64_32-apple-watchos27.0 -target-sdk-version 27.0 -target-sdk-name watchos27.0 -in-process-plugin-server-path /Applications/Xcode-27.0.0.app/Contents/Developer/Toolchains/XcodeDefault.xctoolchain/usr/lib/swift/host/libSwiftInProcPluginServer.dylib -emit-module-doc-path /Users/admin/builder/spi-builder-workspace/.derivedData/Build/Intermediates.noindex/Appwrite.build/Debug-watchos/Appwrite-t.build/Objects-normal/arm64_32/Appwrite.swiftdoc -emit-module-source-info-path /Users/admin/builder/spi-builder-workspace/.derivedData/Build/Intermediates.noindex/Appwrite.build/Debug-watchos/Appwrite-t.build/Objects-normal/arm64_32/Appwrite.swiftsourceinfo -emit-objc-header-path /Users/admin/builder/spi-builder-workspace/.derivedData/Build/Intermediates.noindex/Appwrite.build/Debug-watchos/Appwrite-t.build/Objects-normal/arm64_32/Appwrite-Swift.h -serialize-diagnostics-path /Users/admin/builder/spi-builder-workspace/.derivedData/Build/Intermediates.noindex/Appwrite.build/Debug-watchos/Appwrite-t.build/Objects-normal/arm64_32/Appwrite-primary-emit-module.dia -emit-dependencies-path /Users/admin/builder/spi-builder-workspace/.derivedData/Build/Intermediates.noindex/Appwrite.build/Debug-watchos/Appwrite-t.build/Objects-normal/arm64_32/Appwrite-primary-emit-module.d -parse-as-library -o /Users/admin/builder/spi-builder-workspace/.derivedData/Build/Intermediates.noindex/Appwrite.build/Debug-watchos/Appwrite-t.build/Objects-normal/arm64_32/Appwrite.swiftmodule -emit-abi-descriptor-path /Users/admin/builder/spi-builder-workspace/.derivedData/Build/Intermediates.noindex/Appwrite.build/Debug-watchos/Appwrite-t.build/Objects-normal/arm64_32/Appwrite.abi.json
SwiftCompile normal arm64_32 (in target 'Appwrite' from project 'Appwrite')
cd /Users/admin/builder/spi-builder-workspace/.swiftpm/xcode
SwiftCompile normal arm64_32 Compiling\ Channel.swift,\ Client.swift,\ LinuxDeviceInfo.swift,\ OSDeviceInfo.swift,\ WindowsDeviceInfo.swift,\ IOSDeviceInfo.swift /Users/admin/builder/spi-builder-workspace/Sources/Appwrite/Channel.swift /Users/admin/builder/spi-builder-workspace/Sources/Appwrite/Client.swift /Users/admin/builder/spi-builder-workspace/Sources/Appwrite/DeviceInfo/Linux/LinuxDeviceInfo.swift /Users/admin/builder/spi-builder-workspace/Sources/Appwrite/DeviceInfo/OSDeviceInfo.swift /Users/admin/builder/spi-builder-workspace/Sources/Appwrite/DeviceInfo/Windows/WindowsDeviceInfo.swift /Users/admin/builder/spi-builder-workspace/Sources/Appwrite/DeviceInfo/iOS/IOSDeviceInfo.swift (in target 'Appwrite' from project 'Appwrite')
SwiftCompile normal arm64_32 /Users/admin/builder/spi-builder-workspace/Sources/Appwrite/Channel.swift (in target 'Appwrite' from project 'Appwrite')
cd /Users/admin/builder/spi-builder-workspace/.swiftpm/xcode
builtin-SwiftPerFileCompile Channel.swift
SwiftCompile normal arm64_32 /Users/admin/builder/spi-builder-workspace/Sources/Appwrite/Client.swift (in target 'Appwrite' from project 'Appwrite')
cd /Users/admin/builder/spi-builder-workspace/.swiftpm/xcode
builtin-SwiftPerFileCompile Client.swift
SwiftCompile normal arm64_32 /Users/admin/builder/spi-builder-workspace/Sources/Appwrite/DeviceInfo/Linux/LinuxDeviceInfo.swift (in target 'Appwrite' from project 'Appwrite')
cd /Users/admin/builder/spi-builder-workspace/.swiftpm/xcode
builtin-SwiftPerFileCompile LinuxDeviceInfo.swift
SwiftCompile normal arm64_32 /Users/admin/builder/spi-builder-workspace/Sources/Appwrite/DeviceInfo/OSDeviceInfo.swift (in target 'Appwrite' from project 'Appwrite')
cd /Users/admin/builder/spi-builder-workspace/.swiftpm/xcode
builtin-SwiftPerFileCompile OSDeviceInfo.swift
SwiftCompile normal arm64_32 /Users/admin/builder/spi-builder-workspace/Sources/Appwrite/DeviceInfo/Windows/WindowsDeviceInfo.swift (in target 'Appwrite' from project 'Appwrite')
cd /Users/admin/builder/spi-builder-workspace/.swiftpm/xcode
builtin-SwiftPerFileCompile WindowsDeviceInfo.swift
SwiftCompile normal arm64_32 /Users/admin/builder/spi-builder-workspace/Sources/Appwrite/DeviceInfo/iOS/IOSDeviceInfo.swift (in target 'Appwrite' from project 'Appwrite')
cd /Users/admin/builder/spi-builder-workspace/.swiftpm/xcode
builtin-SwiftPerFileCompile IOSDeviceInfo.swift
SwiftExplicitDependencyGeneratePcm arm64 /Users/admin/builder/spi-builder-workspace/.derivedData/SDKExplicitPrecompiledModules/SwiftUI-2NIV6RL93T7Y4UMRZ6CFAK2OJ.pcm
PruneExplicitPrecompiledModules /Users/admin/builder/spi-builder-workspace/.derivedData/SDKExplicitPrecompiledModules
PruneExplicitPrecompiledModules /Users/admin/builder/spi-builder-workspace/.derivedData/Build/Intermediates.noindex/ExplicitPrecompiledModules
PruneExplicitPrecompiledModules /Users/admin/builder/spi-builder-workspace/.derivedData/Build/Intermediates.noindex/SwiftExplicitPrecompiledModules
2026-10-09 20:12:46.031 xcodebuild[1513:7803] [MT] IDERunDestination: Supported platforms for the buildables in the current scheme is empty.
** BUILD FAILED **
The following build commands failed:
SwiftEmitModule normal arm64_32 Emitting\ module\ for\ Appwrite (in target 'Appwrite' from project 'Appwrite')
SwiftCompile normal arm64_32 (in target 'Appwrite' from project 'Appwrite')
Building workspace Appwrite with scheme Appwrite
(3 failures)
Command line invocation:
/Applications/Xcode-27.0.0.app/Contents/Developer/usr/bin/xcodebuild -IDEClonedSourcePackagesDirPathOverride=/Users/admin/builder/spi-builder-workspace/.dependencies -resolvePackageDependencies
Resolve Package Graph
Resolved source packages:
swift-collections: https://github.com/apple/swift-collections.git @ 1.7.2
swift-algorithms: https://github.com/apple/swift-algorithms.git @ 1.2.1
swift-nio-extras: https://github.com/apple/swift-nio-extras.git @ 1.35.1
swift-distributed-tracing: https://github.com/apple/swift-distributed-tracing.git @ 1.5.0
async-http-client: https://github.com/swift-server/async-http-client.git @ 1.36.2
Appwrite: /Users/admin/builder/spi-builder-workspace
swift-nio-transport-services: https://github.com/apple/swift-nio-transport-services.git @ 1.28.0
swift-configuration: https://github.com/apple/swift-configuration.git @ 1.2.2
swift-log: https://github.com/apple/swift-log.git @ 1.16.1
swift-atomics: https://github.com/apple/swift-atomics.git @ 1.3.1
swift-nio-http2: https://github.com/apple/swift-nio-http2.git @ 1.46.0
swift-service-context: https://github.com/apple/swift-service-context.git @ 1.3.0
swift-certificates: https://github.com/apple/swift-certificates.git @ 1.21.0
swift-system: https://github.com/apple/swift-system.git @ 1.8.1
swift-numerics: https://github.com/apple/swift-numerics.git @ 1.1.1
swift-http-structured-headers: https://github.com/apple/swift-http-structured-headers.git @ 1.7.0
swift-nio-ssl: https://github.com/apple/swift-nio-ssl.git @ 2.37.5
swift-crypto: https://github.com/apple/swift-crypto.git @ 5.0.0
swift-async-algorithms: https://github.com/apple/swift-async-algorithms.git @ 1.1.7
mqtt-nio: https://github.com/swift-server-community/mqtt-nio.git @ 2.13.0
swift-nio: https://github.com/apple/swift-nio.git @ 2.104.0
swift-http-types: https://github.com/apple/swift-http-types.git @ 1.8.0
swift-asn1: https://github.com/apple/swift-asn1.git @ 1.7.3
swift-service-lifecycle: https://github.com/swift-server/swift-service-lifecycle @ 2.12.1
resolved source packages: swift-collections, swift-algorithms, swift-nio-extras, swift-distributed-tracing, async-http-client, Appwrite, swift-nio-transport-services, swift-configuration, swift-log, swift-atomics, swift-nio-http2, swift-service-context, swift-certificates, swift-system, swift-numerics, swift-http-structured-headers, swift-nio-ssl, swift-crypto, swift-async-algorithms, mqtt-nio, swift-nio, swift-http-types, swift-asn1, swift-service-lifecycle
2026-10-09 20:14:02.484 xcodebuild[4907:18284] [MT] IDERunDestination: Supported platforms for the buildables in the current scheme is empty.
{
"dependencies" : [
{
"identity" : "async-http-client",
"requirement" : {
"range" : [
{
"lower_bound" : "1.36.1",
"upper_bound" : "2.0.0"
}
]
},
"type" : "sourceControl",
"url" : "https://github.com/swift-server/async-http-client.git"
},
{
"identity" : "swift-nio",
"requirement" : {
"range" : [
{
"lower_bound" : "2.102.0",
"upper_bound" : "3.0.0"
}
]
},
"type" : "sourceControl",
"url" : "https://github.com/apple/swift-nio.git"
},
{
"identity" : "mqtt-nio",
"requirement" : {
"range" : [
{
"lower_bound" : "2.13.0",
"upper_bound" : "3.0.0"
}
]
},
"type" : "sourceControl",
"url" : "https://github.com/swift-server-community/mqtt-nio.git"
}
],
"manifest_display_name" : "Appwrite",
"name" : "Appwrite",
"path" : "/Users/admin/builder/spi-builder-workspace",
"platforms" : [
{
"name" : "ios",
"version" : "15.0"
},
{
"name" : "macos",
"version" : "12.0"
},
{
"name" : "watchos",
"version" : "8.0"
},
{
"name" : "tvos",
"version" : "15.0"
}
],
"products" : [
{
"name" : "Appwrite",
"targets" : [
"Appwrite",
"AppwriteEnums",
"AppwriteModels",
"JSONCodable"
],
"type" : {
"library" : [
"automatic"
]
}
}
],
"swift_languages_versions" : [
"5"
],
"targets" : [
{
"c99name" : "JSONCodable",
"module_type" : "SwiftTarget",
"name" : "JSONCodable",
"path" : "Sources/JSONCodable",
"product_memberships" : [
"Appwrite"
],
"sources" : [
"Codable+JSON.swift"
],
"type" : "library"
},
{
"c99name" : "AppwriteTests",
"module_type" : "SwiftTarget",
"name" : "AppwriteTests",
"path" : "Tests/AppwriteTests",
"sources" : [
"Tests.swift"
],
"target_dependencies" : [
"Appwrite"
],
"type" : "test"
},
{
"c99name" : "AppwriteModels",
"module_type" : "SwiftTarget",
"name" : "AppwriteModels",
"path" : "Sources/AppwriteModels",
"product_memberships" : [
"Appwrite"
],
"sources" : [
"Account.swift",
"AlgoArgon2.swift",
"AlgoBcrypt.swift",
"AlgoMd5.swift",
"AlgoPhpass.swift",
"AlgoScrypt.swift",
"AlgoScryptModified.swift",
"AlgoSha.swift",
"App.swift",
"AppInstallation.swift",
"AppInstallationList.swift",
"AppKey.swift",
"AppKeyList.swift",
"AppScope.swift",
"AppScopeList.swift",
"AppSecret.swift",
"AppSecretList.swift",
"AppSecretPlaintext.swift",
"AppsList.swift",
"Continent.swift",
"ContinentList.swift",
"Country.swift",
"CountryList.swift",
"Currency.swift",
"CurrencyList.swift",
"Document.swift",
"DocumentList.swift",
"Execution.swift",
"ExecutionList.swift",
"File.swift",
"FileList.swift",
"Headers.swift",
"Identity.swift",
"IdentityList.swift",
"Jwt.swift",
"Language.swift",
"LanguageList.swift",
"Locale.swift",
"LocaleCode.swift",
"LocaleCodeList.swift",
"Membership.swift",
"MembershipList.swift",
"MfaChallenge.swift",
"MfaFactors.swift",
"MfaRecoveryCodes.swift",
"MfaType.swift",
"Oauth2Approve.swift",
"Oauth2Authorize.swift",
"Oauth2Consent.swift",
"Oauth2ConsentList.swift",
"Oauth2ConsentToken.swift",
"Oauth2ConsentTokenList.swift",
"Oauth2DeviceAuthorization.swift",
"Oauth2Grant.swift",
"Oauth2Organization.swift",
"Oauth2OrganizationList.swift",
"Oauth2PAR.swift",
"Oauth2Project.swift",
"Oauth2ProjectList.swift",
"Oauth2Reject.swift",
"Oauth2Token.swift",
"Phone.swift",
"PhoneList.swift",
"Preferences.swift",
"Presence.swift",
"PresenceList.swift",
"Row.swift",
"RowList.swift",
"Session.swift",
"SessionList.swift",
"Subscriber.swift",
"Target.swift",
"Team.swift",
"TeamList.swift",
"Token.swift",
"Transaction.swift",
"TransactionList.swift",
"User.swift"
],
"target_dependencies" : [
"AppwriteEnums",
"JSONCodable"
],
"type" : "library"
},
{
"c99name" : "AppwriteEnums",
"module_type" : "SwiftTarget",
"name" : "AppwriteEnums",
"path" : "Sources/AppwriteEnums",
"product_memberships" : [
"Appwrite"
],
"sources" : [
"AuthenticationFactor.swift",
"AuthenticatorType.swift",
"Browser.swift",
"BrowserPermission.swift",
"BrowserTheme.swift",
"CreditCard.swift",
"ExecutionMethod.swift",
"ExecutionResourceType.swift",
"ExecutionStatus.swift",
"ExecutionTrigger.swift",
"Flag.swift",
"IdTokenProvider.swift",
"ImageFormat.swift",
"ImageGravity.swift",
"OAuthProvider.swift",
"Timezone.swift"
],
"type" : "library"
},
{
"c99name" : "Appwrite",
"module_type" : "SwiftTarget",
"name" : "Appwrite",
"path" : "Sources/Appwrite",
"product_dependencies" : [
"AsyncHTTPClient",
"NIOWebSocket",
"NIOCore",
"MQTTNIO"
],
"product_memberships" : [
"Appwrite"
],
"sources" : [
"Channel.swift",
"Client.swift",
"DeviceInfo/Linux/LinuxDeviceInfo.swift",
"DeviceInfo/OSDeviceInfo.swift",
"DeviceInfo/Windows/WindowsDeviceInfo.swift",
"DeviceInfo/iOS/IOSDeviceInfo.swift",
"DeviceInfo/iOS/UIDevice+ModelName.swift",
"DeviceInfo/macOS/CwlSysCtl.swift",
"DeviceInfo/macOS/MacOSDeviceInfo.swift",
"DeviceInfo/watchOS/WKInterfaceDevice+ModelName.swift",
"DeviceInfo/watchOS/WatchOSDeviceInfo.swift",
"Extensions/Cookie+Codable.swift",
"Extensions/HTTPClientRequest+Cookies.swift",
"Extensions/String+MimeTypes.swift",
"ID.swift",
"Models/AppwriteError.swift",
"Models/InputFile.swift",
"Models/RealtimeModels.swift",
"Models/UploadProgress.swift",
"OAuth/View+OAuth.swift",
"OAuth/WebAuthComponent.swift",
"Operator.swift",
"PackageInfo/Apple/PackageInfo+Apple.swift",
"PackageInfo/Linux/PackageInfo+Linux.swift",
"PackageInfo/OSPackageInfo.swift",
"PackageInfo/PackageInfo.swift",
"PackageInfo/Windows/PackageInfo+Windows.swift",
"Permission.swift",
"Query.swift",
"Role.swift",
"Services/Account.swift",
"Services/Apps.swift",
"Services/Avatars.swift",
"Services/Databases.swift",
"Services/DocumentsDB.swift",
"Services/Functions.swift",
"Services/Graphql.swift",
"Services/Locale.swift",
"Services/Messaging.swift",
"Services/Oauth2.swift",
"Services/Organization.swift",
"Services/Presences.swift",
"Services/Push.swift",
"Services/Realtime.swift",
"Services/Service.swift",
"Services/Storage.swift",
"Services/TablesDB.swift",
"Services/Teams.swift",
"Services/VectorsDB.swift",
"StreamingDelegate.swift",
"Topic.swift",
"WebSockets/HTTPHandler.swift",
"WebSockets/MessageHandler.swift",
"WebSockets/WebSocketClient.swift",
"WebSockets/WebSocketClientDelegate.swift",
"WebSockets/WebSocketClientError.swift"
],
"target_dependencies" : [
"AppwriteModels",
"AppwriteEnums",
"JSONCodable"
],
"type" : "library"
}
],
"tools_version" : "6.1"
}
{
"workspace" : {
"name" : "Appwrite",
"schemes" : [
"Appwrite"
]
}
}
2026-10-09 20:14:04.938 xcodebuild[4915:18354] [MT] IDERunDestination: Supported platforms for the buildables in the current scheme is empty.
Running build ...
env DEVELOPER_DIR=/Applications/Xcode-27.0.0-Release.Candidate.app xcrun xcodebuild -IDEClonedSourcePackagesDirPathOverride=$PWD/.dependencies -skipMacroValidation -skipPackagePluginValidation -derivedDataPath $PWD/.derivedData build -scheme Appwrite -destination generic/platform=watchOS
Command line invocation:
/Applications/Xcode-27.0.0.app/Contents/Developer/usr/bin/xcodebuild -IDEClonedSourcePackagesDirPathOverride=/Users/admin/builder/spi-builder-workspace/.dependencies -skipMacroValidation -skipPackagePluginValidation -derivedDataPath /Users/admin/builder/spi-builder-workspace/.derivedData build -scheme Appwrite -destination generic/platform=watchOS
Resolve Package Graph
Resolved source packages:
swift-asn1: https://github.com/apple/swift-asn1.git @ 1.7.3
swift-nio-http2: https://github.com/apple/swift-nio-http2.git @ 1.46.0
swift-algorithms: https://github.com/apple/swift-algorithms.git @ 1.2.1
swift-service-lifecycle: https://github.com/swift-server/swift-service-lifecycle @ 2.12.1
swift-log: https://github.com/apple/swift-log.git @ 1.16.1
swift-atomics: https://github.com/apple/swift-atomics.git @ 1.3.1
swift-service-context: https://github.com/apple/swift-service-context.git @ 1.3.0
swift-numerics: https://github.com/apple/swift-numerics.git @ 1.1.1
swift-nio-extras: https://github.com/apple/swift-nio-extras.git @ 1.35.1
swift-async-algorithms: https://github.com/apple/swift-async-algorithms.git @ 1.1.7
swift-system: https://github.com/apple/swift-system.git @ 1.8.1
swift-crypto: https://github.com/apple/swift-crypto.git @ 5.0.0
swift-configuration: https://github.com/apple/swift-configuration.git @ 1.2.2
swift-certificates: https://github.com/apple/swift-certificates.git @ 1.21.0
async-http-client: https://github.com/swift-server/async-http-client.git @ 1.36.2
swift-nio: https://github.com/apple/swift-nio.git @ 2.104.0
Appwrite: /Users/admin/builder/spi-builder-workspace
swift-nio-transport-services: https://github.com/apple/swift-nio-transport-services.git @ 1.28.0
mqtt-nio: https://github.com/swift-server-community/mqtt-nio.git @ 2.13.0
swift-collections: https://github.com/apple/swift-collections.git @ 1.7.2
swift-http-types: https://github.com/apple/swift-http-types.git @ 1.8.0
swift-distributed-tracing: https://github.com/apple/swift-distributed-tracing.git @ 1.5.0
swift-nio-ssl: https://github.com/apple/swift-nio-ssl.git @ 2.37.5
swift-http-structured-headers: https://github.com/apple/swift-http-structured-headers.git @ 1.7.0
ComputePackagePrebuildTargetDependencyGraph
Prepare packages
CreateBuildRequest
SendProjectDescription
CreateBuildOperation
ComputeTargetDependencyGraph
note: Building targets in dependency order
note: Target dependency graph (80 targets)
Target 'Appwrite-product' in project 'Appwrite'
➜ Explicit dependency on target 'Appwrite' in project 'Appwrite'
➜ Explicit dependency on target 'AppwriteEnums' in project 'Appwrite'
➜ Explicit dependency on target 'AppwriteModels' in project 'Appwrite'
➜ Explicit dependency on target 'JSONCodable' in project 'Appwrite'
➜ Explicit dependency on target 'AsyncHTTPClient-product' in project 'async-http-client'
➜ Explicit dependency on target 'NIOWebSocket-product' in project 'swift-nio'
➜ Explicit dependency on target 'NIOCore-product' in project 'swift-nio'
➜ Explicit dependency on target 'MQTTNIO-product' in project 'mqtt-nio'
Target 'Appwrite' in project 'Appwrite'
➜ Explicit dependency on target 'AppwriteEnums' in project 'Appwrite'
➜ Explicit dependency on target 'JSONCodable' in project 'Appwrite'
➜ Explicit dependency on target 'AppwriteModels' in project 'Appwrite'
➜ Explicit dependency on target 'AsyncHTTPClient-product' in project 'async-http-client'
➜ Explicit dependency on target 'NIOWebSocket-product' in project 'swift-nio'
➜ Explicit dependency on target 'NIOCore-product' in project 'swift-nio'
➜ Explicit dependency on target 'MQTTNIO-product' in project 'mqtt-nio'
Target 'MQTTNIO-product' in project 'mqtt-nio'
➜ Explicit dependency on target 'MQTTNIO' in project 'mqtt-nio'
➜ Explicit dependency on target 'Atomics-product' in project 'swift-atomics'
➜ Explicit dependency on target 'Logging-product' in project 'swift-log'
➜ Explicit dependency on target 'NIO-product' in project 'swift-nio'
➜ Explicit dependency on target 'NIOConcurrencyHelpers-product' in project 'swift-nio'
➜ Explicit dependency on target 'NIOHTTP1-product' in project 'swift-nio'
➜ Explicit dependency on target 'NIOWebSocket-product' in project 'swift-nio'
➜ Explicit dependency on target 'NIOTransportServices-product' in project 'swift-nio-transport-services'
Target 'MQTTNIO' in project 'mqtt-nio'
➜ Explicit dependency on target 'Atomics-product' in project 'swift-atomics'
➜ Explicit dependency on target 'Logging-product' in project 'swift-log'
➜ Explicit dependency on target 'NIO-product' in project 'swift-nio'
➜ Explicit dependency on target 'NIOConcurrencyHelpers-product' in project 'swift-nio'
➜ Explicit dependency on target 'NIOHTTP1-product' in project 'swift-nio'
➜ Explicit dependency on target 'NIOWebSocket-product' in project 'swift-nio'
➜ Explicit dependency on target 'NIOTransportServices-product' in project 'swift-nio-transport-services'
Target 'NIOWebSocket-product' in project 'swift-nio'
➜ Explicit dependency on target 'NIOWebSocket' in project 'swift-nio'
➜ Explicit dependency on target 'CNIOAtomics' in project 'swift-nio'
➜ Explicit dependency on target 'NIOConcurrencyHelpers' in project 'swift-nio'
➜ Explicit dependency on target '_NIOBase64' in project 'swift-nio'
➜ Explicit dependency on target 'CNIOOpenBSD' in project 'swift-nio'
➜ Explicit dependency on target 'CNIOFreeBSD' in project 'swift-nio'
➜ Explicit dependency on target 'CNIODarwin' in project 'swift-nio'
➜ Explicit dependency on target 'CNIOLinux' in project 'swift-nio'
➜ Explicit dependency on target 'CNIOWindows' in project 'swift-nio'
➜ Explicit dependency on target 'CNIOWASI' in project 'swift-nio'
➜ Explicit dependency on target '_NIODataStructures' in project 'swift-nio'
➜ Explicit dependency on target 'NIOCore' in project 'swift-nio'
➜ Explicit dependency on target 'NIOEmbedded' in project 'swift-nio'
➜ Explicit dependency on target 'CNIOPosix' in project 'swift-nio'
➜ Explicit dependency on target 'NIOPosix' in project 'swift-nio'
➜ Explicit dependency on target 'NIO' in project 'swift-nio'
➜ Explicit dependency on target 'CNIOLLHTTP' in project 'swift-nio'
➜ Explicit dependency on target 'NIOHTTP1' in project 'swift-nio'
➜ Explicit dependency on target 'CNIOSHA1' in project 'swift-nio'
➜ Explicit dependency on target 'DequeModule-product' in project 'swift-collections'
➜ Explicit dependency on target 'Atomics-product' in project 'swift-atomics'
Target 'NIOWebSocket' in project 'swift-nio'
➜ Explicit dependency on target 'CNIOAtomics' in project 'swift-nio'
➜ Explicit dependency on target 'NIOConcurrencyHelpers' in project 'swift-nio'
➜ Explicit dependency on target '_NIOBase64' in project 'swift-nio'
➜ Explicit dependency on target 'CNIOOpenBSD' in project 'swift-nio'
➜ Explicit dependency on target 'CNIOFreeBSD' in project 'swift-nio'
➜ Explicit dependency on target 'CNIODarwin' in project 'swift-nio'
➜ Explicit dependency on target 'CNIOLinux' in project 'swift-nio'
➜ Explicit dependency on target 'CNIOWindows' in project 'swift-nio'
➜ Explicit dependency on target 'CNIOWASI' in project 'swift-nio'
➜ Explicit dependency on target '_NIODataStructures' in project 'swift-nio'
➜ Explicit dependency on target 'NIOCore' in project 'swift-nio'
➜ Explicit dependency on target 'NIOEmbedded' in project 'swift-nio'
➜ Explicit dependency on target 'CNIOPosix' in project 'swift-nio'
➜ Explicit dependency on target 'NIOPosix' in project 'swift-nio'
➜ Explicit dependency on target 'NIO' in project 'swift-nio'
➜ Explicit dependency on target 'CNIOLLHTTP' in project 'swift-nio'
➜ Explicit dependency on target 'NIOHTTP1' in project 'swift-nio'
➜ Explicit dependency on target 'CNIOSHA1' in project 'swift-nio'
➜ Explicit dependency on target 'DequeModule-product' in project 'swift-collections'
➜ Explicit dependency on target 'Atomics-product' in project 'swift-atomics'
Target 'CNIOSHA1' in project 'swift-nio' (no dependencies)
Target 'AsyncHTTPClient-product' in project 'async-http-client'
➜ Explicit dependency on target 'AsyncHTTPClient' in project 'async-http-client'
➜ Explicit dependency on target 'CAsyncHTTPClient' in project 'async-http-client'
➜ Explicit dependency on target 'NIO-product' in project 'swift-nio'
➜ Explicit dependency on target 'NIOTLS-product' in project 'swift-nio'
➜ Explicit dependency on target 'NIOCore-product' in project 'swift-nio'
➜ Explicit dependency on target 'NIOPosix-product' in project 'swift-nio'
➜ Explicit dependency on target 'NIOHTTP1-product' in project 'swift-nio'
➜ Explicit dependency on target 'NIOConcurrencyHelpers-product' in project 'swift-nio'
➜ Explicit dependency on target 'NIOHTTP2-product' in project 'swift-nio-http2'
➜ Explicit dependency on target 'NIOSSL-product' in project 'swift-nio-ssl'
➜ Explicit dependency on target 'NIOHTTPCompression-product' in project 'swift-nio-extras'
➜ Explicit dependency on target 'NIOSOCKS-product' in project 'swift-nio-extras'
➜ Explicit dependency on target 'NIOTransportServices-product' in project 'swift-nio-transport-services'
➜ Explicit dependency on target 'Atomics-product' in project 'swift-atomics'
➜ Explicit dependency on target 'Algorithms-product' in project 'swift-algorithms'
➜ Explicit dependency on target 'Configuration-product' in project 'swift-configuration'
➜ Explicit dependency on target 'Logging-product' in project 'swift-log'
➜ Explicit dependency on target 'Tracing-product' in project 'swift-distributed-tracing'
➜ Explicit dependency on target 'ServiceContextModule-product' in project 'swift-service-context'
Target 'AsyncHTTPClient' in project 'async-http-client'
➜ Explicit dependency on target 'CAsyncHTTPClient' in project 'async-http-client'
➜ Explicit dependency on target 'NIO-product' in project 'swift-nio'
➜ Explicit dependency on target 'NIOTLS-product' in project 'swift-nio'
➜ Explicit dependency on target 'NIOCore-product' in project 'swift-nio'
➜ Explicit dependency on target 'NIOPosix-product' in project 'swift-nio'
➜ Explicit dependency on target 'NIOHTTP1-product' in project 'swift-nio'
➜ Explicit dependency on target 'NIOConcurrencyHelpers-product' in project 'swift-nio'
➜ Explicit dependency on target 'NIOHTTP2-product' in project 'swift-nio-http2'
➜ Explicit dependency on target 'NIOSSL-product' in project 'swift-nio-ssl'
➜ Explicit dependency on target 'NIOHTTPCompression-product' in project 'swift-nio-extras'
➜ Explicit dependency on target 'NIOSOCKS-product' in project 'swift-nio-extras'
➜ Explicit dependency on target 'NIOTransportServices-product' in project 'swift-nio-transport-services'
➜ Explicit dependency on target 'Atomics-product' in project 'swift-atomics'
➜ Explicit dependency on target 'Algorithms-product' in project 'swift-algorithms'
➜ Explicit dependency on target 'Configuration-product' in project 'swift-configuration'
➜ Explicit dependency on target 'Logging-product' in project 'swift-log'
➜ Explicit dependency on target 'Tracing-product' in project 'swift-distributed-tracing'
➜ Explicit dependency on target 'ServiceContextModule-product' in project 'swift-service-context'
Target 'Tracing-product' in project 'swift-distributed-tracing'
➜ Explicit dependency on target 'Tracing' in project 'swift-distributed-tracing'
➜ Explicit dependency on target 'Instrumentation' in project 'swift-distributed-tracing'
➜ Explicit dependency on target 'ServiceContextModule-product' in project 'swift-service-context'
Target 'Tracing' in project 'swift-distributed-tracing'
➜ Explicit dependency on target 'Instrumentation' in project 'swift-distributed-tracing'
➜ Explicit dependency on target 'ServiceContextModule-product' in project 'swift-service-context'
Target 'Instrumentation' in project 'swift-distributed-tracing'
➜ Explicit dependency on target 'ServiceContextModule-product' in project 'swift-service-context'
Target 'ServiceContextModule-product' in project 'swift-service-context'
➜ Explicit dependency on target 'ServiceContextModule' in project 'swift-service-context'
Target 'ServiceContextModule' in project 'swift-service-context' (no dependencies)
Target 'Logging-product' in project 'swift-log'
➜ Explicit dependency on target 'Logging' in project 'swift-log'
Target 'Logging' in project 'swift-log' (no dependencies)
Target 'Configuration-product' in project 'swift-configuration'
➜ Explicit dependency on target 'Configuration' in project 'swift-configuration'
➜ Explicit dependency on target 'SystemPackage-product' in project 'swift-system'
➜ Explicit dependency on target 'DequeModule-product' in project 'swift-collections'
Target 'Configuration' in project 'swift-configuration'
➜ Explicit dependency on target 'SystemPackage-product' in project 'swift-system'
➜ Explicit dependency on target 'DequeModule-product' in project 'swift-collections'
Target 'SystemPackage-product' in project 'swift-system'
➜ Explicit dependency on target 'SystemPackage' in project 'swift-system'
➜ Explicit dependency on target 'CSystem' in project 'swift-system'
Target 'SystemPackage' in project 'swift-system'
➜ Explicit dependency on target 'CSystem' in project 'swift-system'
Target 'CSystem' in project 'swift-system' (no dependencies)
Target 'Algorithms-product' in project 'swift-algorithms'
➜ Explicit dependency on target 'Algorithms' in project 'swift-algorithms'
➜ Explicit dependency on target 'RealModule-product' in project 'swift-numerics'
Target 'Algorithms' in project 'swift-algorithms'
➜ Explicit dependency on target 'RealModule-product' in project 'swift-numerics'
Target 'RealModule-product' in project 'swift-numerics'
➜ Explicit dependency on target 'RealModule' in project 'swift-numerics'
➜ Explicit dependency on target '_NumericsShims' in project 'swift-numerics'
Target 'RealModule' in project 'swift-numerics'
➜ Explicit dependency on target '_NumericsShims' in project 'swift-numerics'
Target '_NumericsShims' in project 'swift-numerics' (no dependencies)
Target 'NIOTransportServices-product' in project 'swift-nio-transport-services'
➜ Explicit dependency on target 'NIOTransportServices' in project 'swift-nio-transport-services'
➜ Explicit dependency on target 'NIO-product' in project 'swift-nio'
➜ Explicit dependency on target 'NIOCore-product' in project 'swift-nio'
➜ Explicit dependency on target 'NIOFoundationCompat-product' in project 'swift-nio'
➜ Explicit dependency on target 'NIOTLS-product' in project 'swift-nio'
➜ Explicit dependency on target 'Atomics-product' in project 'swift-atomics'
Target 'NIOTransportServices' in project 'swift-nio-transport-services'
➜ Explicit dependency on target 'NIO-product' in project 'swift-nio'
➜ Explicit dependency on target 'NIOCore-product' in project 'swift-nio'
➜ Explicit dependency on target 'NIOFoundationCompat-product' in project 'swift-nio'
➜ Explicit dependency on target 'NIOTLS-product' in project 'swift-nio'
➜ Explicit dependency on target 'Atomics-product' in project 'swift-atomics'
Target 'NIOFoundationCompat-product' in project 'swift-nio'
➜ Explicit dependency on target 'NIOFoundationCompat' in project 'swift-nio'
➜ Explicit dependency on target 'CNIOAtomics' in project 'swift-nio'
➜ Explicit dependency on target 'NIOConcurrencyHelpers' in project 'swift-nio'
➜ Explicit dependency on target '_NIOBase64' in project 'swift-nio'
➜ Explicit dependency on target 'CNIOOpenBSD' in project 'swift-nio'
➜ Explicit dependency on target 'CNIOFreeBSD' in project 'swift-nio'
➜ Explicit dependency on target 'CNIODarwin' in project 'swift-nio'
➜ Explicit dependency on target 'CNIOLinux' in project 'swift-nio'
➜ Explicit dependency on target 'CNIOWindows' in project 'swift-nio'
➜ Explicit dependency on target 'CNIOWASI' in project 'swift-nio'
➜ Explicit dependency on target '_NIODataStructures' in project 'swift-nio'
➜ Explicit dependency on target 'NIOCore' in project 'swift-nio'
➜ Explicit dependency on target 'NIOEmbedded' in project 'swift-nio'
➜ Explicit dependency on target 'CNIOPosix' in project 'swift-nio'
➜ Explicit dependency on target 'NIOPosix' in project 'swift-nio'
➜ Explicit dependency on target 'NIO' in project 'swift-nio'
➜ Explicit dependency on target 'NIOFoundationEssentialsCompat' in project 'swift-nio'
➜ Explicit dependency on target 'DequeModule-product' in project 'swift-collections'
➜ Explicit dependency on target 'Atomics-product' in project 'swift-atomics'
Target 'NIOFoundationCompat' in project 'swift-nio'
➜ Explicit dependency on target 'CNIOAtomics' in project 'swift-nio'
➜ Explicit dependency on target 'NIOConcurrencyHelpers' in project 'swift-nio'
➜ Explicit dependency on target '_NIOBase64' in project 'swift-nio'
➜ Explicit dependency on target 'CNIOOpenBSD' in project 'swift-nio'
➜ Explicit dependency on target 'CNIOFreeBSD' in project 'swift-nio'
➜ Explicit dependency on target 'CNIODarwin' in project 'swift-nio'
➜ Explicit dependency on target 'CNIOLinux' in project 'swift-nio'
➜ Explicit dependency on target 'CNIOWindows' in project 'swift-nio'
➜ Explicit dependency on target 'CNIOWASI' in project 'swift-nio'
➜ Explicit dependency on target '_NIODataStructures' in project 'swift-nio'
➜ Explicit dependency on target 'NIOCore' in project 'swift-nio'
➜ Explicit dependency on target 'NIOEmbedded' in project 'swift-nio'
➜ Explicit dependency on target 'CNIOPosix' in project 'swift-nio'
➜ Explicit dependency on target 'NIOPosix' in project 'swift-nio'
➜ Explicit dependency on target 'NIO' in project 'swift-nio'
➜ Explicit dependency on target 'NIOFoundationEssentialsCompat' in project 'swift-nio'
➜ Explicit dependency on target 'DequeModule-product' in project 'swift-collections'
➜ Explicit dependency on target 'Atomics-product' in project 'swift-atomics'
Target 'NIOFoundationEssentialsCompat' in project 'swift-nio'
➜ Explicit dependency on target 'CNIOAtomics' in project 'swift-nio'
➜ Explicit dependency on target 'NIOConcurrencyHelpers' in project 'swift-nio'
➜ Explicit dependency on target '_NIOBase64' in project 'swift-nio'
➜ Explicit dependency on target 'CNIOOpenBSD' in project 'swift-nio'
➜ Explicit dependency on target 'CNIOFreeBSD' in project 'swift-nio'
➜ Explicit dependency on target 'CNIODarwin' in project 'swift-nio'
➜ Explicit dependency on target 'CNIOLinux' in project 'swift-nio'
➜ Explicit dependency on target 'CNIOWindows' in project 'swift-nio'
➜ Explicit dependency on target 'CNIOWASI' in project 'swift-nio'
➜ Explicit dependency on target '_NIODataStructures' in project 'swift-nio'
➜ Explicit dependency on target 'NIOCore' in project 'swift-nio'
➜ Explicit dependency on target 'DequeModule-product' in project 'swift-collections'
➜ Explicit dependency on target 'Atomics-product' in project 'swift-atomics'
Target 'NIOSOCKS-product' in project 'swift-nio-extras'
➜ Explicit dependency on target 'NIOSOCKS' in project 'swift-nio-extras'
➜ Explicit dependency on target 'NIO-product' in project 'swift-nio'
➜ Explicit dependency on target 'NIOCore-product' in project 'swift-nio'
Target 'NIOSOCKS' in project 'swift-nio-extras'
➜ Explicit dependency on target 'NIO-product' in project 'swift-nio'
➜ Explicit dependency on target 'NIOCore-product' in project 'swift-nio'
Target 'NIOHTTPCompression-product' in project 'swift-nio-extras'
➜ Explicit dependency on target 'NIOHTTPCompression' in project 'swift-nio-extras'
➜ Explicit dependency on target 'CNIOExtrasZlib' in project 'swift-nio-extras'
➜ Explicit dependency on target 'NIO-product' in project 'swift-nio'
➜ Explicit dependency on target 'NIOCore-product' in project 'swift-nio'
➜ Explicit dependency on target 'NIOHTTP1-product' in project 'swift-nio'
Target 'NIOHTTPCompression' in project 'swift-nio-extras'
➜ Explicit dependency on target 'CNIOExtrasZlib' in project 'swift-nio-extras'
➜ Explicit dependency on target 'NIO-product' in project 'swift-nio'
➜ Explicit dependency on target 'NIOCore-product' in project 'swift-nio'
➜ Explicit dependency on target 'NIOHTTP1-product' in project 'swift-nio'
Target 'CNIOExtrasZlib' in project 'swift-nio-extras' (no dependencies)
Target 'NIOSSL-product' in project 'swift-nio-ssl'
➜ Explicit dependency on target 'NIOSSL' in project 'swift-nio-ssl'
➜ Explicit dependency on target 'swift-nio-ssl_NIOSSL' in project 'swift-nio-ssl'
➜ Explicit dependency on target 'CNIOBoringSSL' in project 'swift-nio-ssl'
➜ Explicit dependency on target 'CNIOBoringSSLShims' in project 'swift-nio-ssl'
➜ Explicit dependency on target 'NIO-product' in project 'swift-nio'
➜ Explicit dependency on target 'NIOCore-product' in project 'swift-nio'
➜ Explicit dependency on target 'NIOConcurrencyHelpers-product' in project 'swift-nio'
➜ Explicit dependency on target 'NIOTLS-product' in project 'swift-nio'
Target 'NIOSSL' in project 'swift-nio-ssl'
➜ Explicit dependency on target 'swift-nio-ssl_NIOSSL' in project 'swift-nio-ssl'
➜ Explicit dependency on target 'CNIOBoringSSL' in project 'swift-nio-ssl'
➜ Explicit dependency on target 'CNIOBoringSSLShims' in project 'swift-nio-ssl'
➜ Explicit dependency on target 'NIO-product' in project 'swift-nio'
➜ Explicit dependency on target 'NIOCore-product' in project 'swift-nio'
➜ Explicit dependency on target 'NIOConcurrencyHelpers-product' in project 'swift-nio'
➜ Explicit dependency on target 'NIOTLS-product' in project 'swift-nio'
Target 'CNIOBoringSSLShims' in project 'swift-nio-ssl'
➜ Explicit dependency on target 'CNIOBoringSSL' in project 'swift-nio-ssl'
Target 'CNIOBoringSSL' in project 'swift-nio-ssl' (no dependencies)
Target 'swift-nio-ssl_NIOSSL' in project 'swift-nio-ssl' (no dependencies)
Target 'NIOHTTP2-product' in project 'swift-nio-http2'
➜ Explicit dependency on target 'NIOHTTP2' in project 'swift-nio-http2'
➜ Explicit dependency on target 'NIOHPACK' in project 'swift-nio-http2'
➜ Explicit dependency on target 'NIO-product' in project 'swift-nio'
➜ Explicit dependency on target 'NIOCore-product' in project 'swift-nio'
➜ Explicit dependency on target 'NIOConcurrencyHelpers-product' in project 'swift-nio'
➜ Explicit dependency on target 'NIOHTTP1-product' in project 'swift-nio'
➜ Explicit dependency on target 'NIOTLS-product' in project 'swift-nio'
➜ Explicit dependency on target 'Atomics-product' in project 'swift-atomics'
Target 'NIOHTTP2' in project 'swift-nio-http2'
➜ Explicit dependency on target 'NIOHPACK' in project 'swift-nio-http2'
➜ Explicit dependency on target 'NIO-product' in project 'swift-nio'
➜ Explicit dependency on target 'NIOCore-product' in project 'swift-nio'
➜ Explicit dependency on target 'NIOConcurrencyHelpers-product' in project 'swift-nio'
➜ Explicit dependency on target 'NIOHTTP1-product' in project 'swift-nio'
➜ Explicit dependency on target 'NIOTLS-product' in project 'swift-nio'
➜ Explicit dependency on target 'Atomics-product' in project 'swift-atomics'
Target 'NIOHPACK' in project 'swift-nio-http2'
➜ Explicit dependency on target 'NIO-product' in project 'swift-nio'
➜ Explicit dependency on target 'NIOCore-product' in project 'swift-nio'
➜ Explicit dependency on target 'NIOConcurrencyHelpers-product' in project 'swift-nio'
➜ Explicit dependency on target 'NIOHTTP1-product' in project 'swift-nio'
Target 'NIOConcurrencyHelpers-product' in project 'swift-nio'
➜ Explicit dependency on target 'NIOConcurrencyHelpers' in project 'swift-nio'
➜ Explicit dependency on target 'CNIOAtomics' in project 'swift-nio'
Target 'NIOHTTP1-product' in project 'swift-nio'
➜ Explicit dependency on target 'NIOHTTP1' in project 'swift-nio'
➜ Explicit dependency on target 'CNIOAtomics' in project 'swift-nio'
➜ Explicit dependency on target 'NIOConcurrencyHelpers' in project 'swift-nio'
➜ Explicit dependency on target '_NIOBase64' in project 'swift-nio'
➜ Explicit dependency on target 'CNIOOpenBSD' in project 'swift-nio'
➜ Explicit dependency on target 'CNIOFreeBSD' in project 'swift-nio'
➜ Explicit dependency on target 'CNIODarwin' in project 'swift-nio'
➜ Explicit dependency on target 'CNIOLinux' in project 'swift-nio'
➜ Explicit dependency on target 'CNIOWindows' in project 'swift-nio'
➜ Explicit dependency on target 'CNIOWASI' in project 'swift-nio'
➜ Explicit dependency on target '_NIODataStructures' in project 'swift-nio'
➜ Explicit dependency on target 'NIOCore' in project 'swift-nio'
➜ Explicit dependency on target 'NIOEmbedded' in project 'swift-nio'
➜ Explicit dependency on target 'CNIOPosix' in project 'swift-nio'
➜ Explicit dependency on target 'NIOPosix' in project 'swift-nio'
➜ Explicit dependency on target 'NIO' in project 'swift-nio'
➜ Explicit dependency on target 'CNIOLLHTTP' in project 'swift-nio'
➜ Explicit dependency on target 'DequeModule-product' in project 'swift-collections'
➜ Explicit dependency on target 'Atomics-product' in project 'swift-atomics'
Target 'NIOHTTP1' in project 'swift-nio'
➜ Explicit dependency on target 'CNIOAtomics' in project 'swift-nio'
➜ Explicit dependency on target 'NIOConcurrencyHelpers' in project 'swift-nio'
➜ Explicit dependency on target '_NIOBase64' in project 'swift-nio'
➜ Explicit dependency on target 'CNIOOpenBSD' in project 'swift-nio'
➜ Explicit dependency on target 'CNIOFreeBSD' in project 'swift-nio'
➜ Explicit dependency on target 'CNIODarwin' in project 'swift-nio'
➜ Explicit dependency on target 'CNIOLinux' in project 'swift-nio'
➜ Explicit dependency on target 'CNIOWindows' in project 'swift-nio'
➜ Explicit dependency on target 'CNIOWASI' in project 'swift-nio'
➜ Explicit dependency on target '_NIODataStructures' in project 'swift-nio'
➜ Explicit dependency on target 'NIOCore' in project 'swift-nio'
➜ Explicit dependency on target 'NIOEmbedded' in project 'swift-nio'
➜ Explicit dependency on target 'CNIOPosix' in project 'swift-nio'
➜ Explicit dependency on target 'NIOPosix' in project 'swift-nio'
➜ Explicit dependency on target 'NIO' in project 'swift-nio'
➜ Explicit dependency on target 'CNIOLLHTTP' in project 'swift-nio'
➜ Explicit dependency on target 'DequeModule-product' in project 'swift-collections'
➜ Explicit dependency on target 'Atomics-product' in project 'swift-atomics'
Target 'CNIOLLHTTP' in project 'swift-nio' (no dependencies)
Target 'NIOPosix-product' in project 'swift-nio'
➜ Explicit dependency on target 'NIOPosix' in project 'swift-nio'
➜ Explicit dependency on target 'swift-nio_NIOPosix' in project 'swift-nio'
➜ Explicit dependency on target 'CNIOOpenBSD' in project 'swift-nio'
➜ Explicit dependency on target 'CNIOLinux' in project 'swift-nio'
➜ Explicit dependency on target 'CNIODarwin' in project 'swift-nio'
➜ Explicit dependency on target 'CNIOWindows' in project 'swift-nio'
➜ Explicit dependency on target 'CNIOAtomics' in project 'swift-nio'
➜ Explicit dependency on target 'NIOConcurrencyHelpers' in project 'swift-nio'
➜ Explicit dependency on target '_NIOBase64' in project 'swift-nio'
➜ Explicit dependency on target 'CNIOFreeBSD' in project 'swift-nio'
➜ Explicit dependency on target 'CNIOWASI' in project 'swift-nio'
➜ Explicit dependency on target '_NIODataStructures' in project 'swift-nio'
➜ Explicit dependency on target 'NIOCore' in project 'swift-nio'
➜ Explicit dependency on target 'CNIOPosix' in project 'swift-nio'
➜ Explicit dependency on target 'DequeModule-product' in project 'swift-collections'
➜ Explicit dependency on target 'Atomics-product' in project 'swift-atomics'
Target 'NIOCore-product' in project 'swift-nio'
➜ Explicit dependency on target 'NIOCore' in project 'swift-nio'
➜ Explicit dependency on target 'CNIOAtomics' in project 'swift-nio'
➜ Explicit dependency on target 'NIOConcurrencyHelpers' in project 'swift-nio'
➜ Explicit dependency on target '_NIOBase64' in project 'swift-nio'
➜ Explicit dependency on target 'CNIOOpenBSD' in project 'swift-nio'
➜ Explicit dependency on target 'CNIOFreeBSD' in project 'swift-nio'
➜ Explicit dependency on target 'CNIODarwin' in project 'swift-nio'
➜ Explicit dependency on target 'CNIOLinux' in project 'swift-nio'
➜ Explicit dependency on target 'CNIOWindows' in project 'swift-nio'
➜ Explicit dependency on target 'CNIOWASI' in project 'swift-nio'
➜ Explicit dependency on target '_NIODataStructures' in project 'swift-nio'
➜ Explicit dependency on target 'DequeModule-product' in project 'swift-collections'
➜ Explicit dependency on target 'Atomics-product' in project 'swift-atomics'
Target 'NIOTLS-product' in project 'swift-nio'
➜ Explicit dependency on target 'NIOTLS' in project 'swift-nio'
➜ Explicit dependency on target 'CNIOAtomics' in project 'swift-nio'
➜ Explicit dependency on target 'NIOConcurrencyHelpers' in project 'swift-nio'
➜ Explicit dependency on target '_NIOBase64' in project 'swift-nio'
➜ Explicit dependency on target 'CNIOOpenBSD' in project 'swift-nio'
➜ Explicit dependency on target 'CNIOFreeBSD' in project 'swift-nio'
➜ Explicit dependency on target 'CNIODarwin' in project 'swift-nio'
➜ Explicit dependency on target 'CNIOLinux' in project 'swift-nio'
➜ Explicit dependency on target 'CNIOWindows' in project 'swift-nio'
➜ Explicit dependency on target 'CNIOWASI' in project 'swift-nio'
➜ Explicit dependency on target '_NIODataStructures' in project 'swift-nio'
➜ Explicit dependency on target 'NIOCore' in project 'swift-nio'
➜ Explicit dependency on target 'NIOEmbedded' in project 'swift-nio'
➜ Explicit dependency on target 'CNIOPosix' in project 'swift-nio'
➜ Explicit dependency on target 'NIOPosix' in project 'swift-nio'
➜ Explicit dependency on target 'NIO' in project 'swift-nio'
➜ Explicit dependency on target 'DequeModule-product' in project 'swift-collections'
➜ Explicit dependency on target 'Atomics-product' in project 'swift-atomics'
Target 'NIOTLS' in project 'swift-nio'
➜ Explicit dependency on target 'CNIOAtomics' in project 'swift-nio'
➜ Explicit dependency on target 'NIOConcurrencyHelpers' in project 'swift-nio'
➜ Explicit dependency on target '_NIOBase64' in project 'swift-nio'
➜ Explicit dependency on target 'CNIOOpenBSD' in project 'swift-nio'
➜ Explicit dependency on target 'CNIOFreeBSD' in project 'swift-nio'
➜ Explicit dependency on target 'CNIODarwin' in project 'swift-nio'
➜ Explicit dependency on target 'CNIOLinux' in project 'swift-nio'
➜ Explicit dependency on target 'CNIOWindows' in project 'swift-nio'
➜ Explicit dependency on target 'CNIOWASI' in project 'swift-nio'
➜ Explicit dependency on target '_NIODataStructures' in project 'swift-nio'
➜ Explicit dependency on target 'NIOCore' in project 'swift-nio'
➜ Explicit dependency on target 'NIOEmbedded' in project 'swift-nio'
➜ Explicit dependency on target 'CNIOPosix' in project 'swift-nio'
➜ Explicit dependency on target 'NIOPosix' in project 'swift-nio'
➜ Explicit dependency on target 'NIO' in project 'swift-nio'
➜ Explicit dependency on target 'DequeModule-product' in project 'swift-collections'
➜ Explicit dependency on target 'Atomics-product' in project 'swift-atomics'
Target 'NIO-product' in project 'swift-nio'
➜ Explicit dependency on target 'NIO' in project 'swift-nio'
➜ Explicit dependency on target 'CNIOAtomics' in project 'swift-nio'
➜ Explicit dependency on target 'NIOConcurrencyHelpers' in project 'swift-nio'
➜ Explicit dependency on target '_NIOBase64' in project 'swift-nio'
➜ Explicit dependency on target 'CNIOOpenBSD' in project 'swift-nio'
➜ Explicit dependency on target 'CNIOFreeBSD' in project 'swift-nio'
➜ Explicit dependency on target 'CNIODarwin' in project 'swift-nio'
➜ Explicit dependency on target 'CNIOLinux' in project 'swift-nio'
➜ Explicit dependency on target 'CNIOWindows' in project 'swift-nio'
➜ Explicit dependency on target 'CNIOWASI' in project 'swift-nio'
➜ Explicit dependency on target '_NIODataStructures' in project 'swift-nio'
➜ Explicit dependency on target 'NIOCore' in project 'swift-nio'
➜ Explicit dependency on target 'NIOEmbedded' in project 'swift-nio'
➜ Explicit dependency on target 'CNIOPosix' in project 'swift-nio'
➜ Explicit dependency on target 'NIOPosix' in project 'swift-nio'
➜ Explicit dependency on target 'DequeModule-product' in project 'swift-collections'
➜ Explicit dependency on target 'Atomics-product' in project 'swift-atomics'
Target 'NIO' in project 'swift-nio'
➜ Explicit dependency on target 'CNIOAtomics' in project 'swift-nio'
➜ Explicit dependency on target 'NIOConcurrencyHelpers' in project 'swift-nio'
➜ Explicit dependency on target '_NIOBase64' in project 'swift-nio'
➜ Explicit dependency on target 'CNIOOpenBSD' in project 'swift-nio'
➜ Explicit dependency on target 'CNIOFreeBSD' in project 'swift-nio'
➜ Explicit dependency on target 'CNIODarwin' in project 'swift-nio'
➜ Explicit dependency on target 'CNIOLinux' in project 'swift-nio'
➜ Explicit dependency on target 'CNIOWindows' in project 'swift-nio'
➜ Explicit dependency on target 'CNIOWASI' in project 'swift-nio'
➜ Explicit dependency on target '_NIODataStructures' in project 'swift-nio'
➜ Explicit dependency on target 'NIOCore' in project 'swift-nio'
➜ Explicit dependency on target 'NIOEmbedded' in project 'swift-nio'
➜ Explicit dependency on target 'CNIOPosix' in project 'swift-nio'
➜ Explicit dependency on target 'NIOPosix' in project 'swift-nio'
➜ Explicit dependency on target 'DequeModule-product' in project 'swift-collections'
➜ Explicit dependency on target 'Atomics-product' in project 'swift-atomics'
Target 'NIOPosix' in project 'swift-nio'
➜ Explicit dependency on target 'swift-nio_NIOPosix' in project 'swift-nio'
➜ Explicit dependency on target 'CNIOOpenBSD' in project 'swift-nio'
➜ Explicit dependency on target 'CNIOLinux' in project 'swift-nio'
➜ Explicit dependency on target 'CNIODarwin' in project 'swift-nio'
➜ Explicit dependency on target 'CNIOWindows' in project 'swift-nio'
➜ Explicit dependency on target 'CNIOAtomics' in project 'swift-nio'
➜ Explicit dependency on target 'NIOConcurrencyHelpers' in project 'swift-nio'
➜ Explicit dependency on target '_NIOBase64' in project 'swift-nio'
➜ Explicit dependency on target 'CNIOFreeBSD' in project 'swift-nio'
➜ Explicit dependency on target 'CNIOWASI' in project 'swift-nio'
➜ Explicit dependency on target '_NIODataStructures' in project 'swift-nio'
➜ Explicit dependency on target 'NIOCore' in project 'swift-nio'
➜ Explicit dependency on target 'CNIOPosix' in project 'swift-nio'
➜ Explicit dependency on target 'DequeModule-product' in project 'swift-collections'
➜ Explicit dependency on target 'Atomics-product' in project 'swift-atomics'
Target 'swift-nio_NIOPosix' in project 'swift-nio' (no dependencies)
Target 'CNIOPosix' in project 'swift-nio' (no dependencies)
Target 'NIOEmbedded' in project 'swift-nio'
➜ Explicit dependency on target 'CNIOAtomics' in project 'swift-nio'
➜ Explicit dependency on target 'NIOConcurrencyHelpers' in project 'swift-nio'
➜ Explicit dependency on target '_NIOBase64' in project 'swift-nio'
➜ Explicit dependency on target 'CNIOOpenBSD' in project 'swift-nio'
➜ Explicit dependency on target 'CNIOFreeBSD' in project 'swift-nio'
➜ Explicit dependency on target 'CNIODarwin' in project 'swift-nio'
➜ Explicit dependency on target 'CNIOLinux' in project 'swift-nio'
➜ Explicit dependency on target 'CNIOWindows' in project 'swift-nio'
➜ Explicit dependency on target 'CNIOWASI' in project 'swift-nio'
➜ Explicit dependency on target '_NIODataStructures' in project 'swift-nio'
➜ Explicit dependency on target 'NIOCore' in project 'swift-nio'
➜ Explicit dependency on target 'DequeModule-product' in project 'swift-collections'
➜ Explicit dependency on target 'Atomics-product' in project 'swift-atomics'
Target 'NIOCore' in project 'swift-nio'
➜ Explicit dependency on target 'CNIOAtomics' in project 'swift-nio'
➜ Explicit dependency on target 'NIOConcurrencyHelpers' in project 'swift-nio'
➜ Explicit dependency on target '_NIOBase64' in project 'swift-nio'
➜ Explicit dependency on target 'CNIOOpenBSD' in project 'swift-nio'
➜ Explicit dependency on target 'CNIOFreeBSD' in project 'swift-nio'
➜ Explicit dependency on target 'CNIODarwin' in project 'swift-nio'
➜ Explicit dependency on target 'CNIOLinux' in project 'swift-nio'
➜ Explicit dependency on target 'CNIOWindows' in project 'swift-nio'
➜ Explicit dependency on target 'CNIOWASI' in project 'swift-nio'
➜ Explicit dependency on target '_NIODataStructures' in project 'swift-nio'
➜ Explicit dependency on target 'DequeModule-product' in project 'swift-collections'
➜ Explicit dependency on target 'Atomics-product' in project 'swift-atomics'
Target 'Atomics-product' in project 'swift-atomics'
➜ Explicit dependency on target 'Atomics' in project 'swift-atomics'
➜ Explicit dependency on target '_AtomicsShims' in project 'swift-atomics'
Target 'Atomics' in project 'swift-atomics'
➜ Explicit dependency on target '_AtomicsShims' in project 'swift-atomics'
Target '_AtomicsShims' in project 'swift-atomics' (no dependencies)
Target 'DequeModule-product' in project 'swift-collections'
➜ Explicit dependency on target 'DequeModule' in project 'swift-collections'
➜ Explicit dependency on target 'InternalCollectionsUtilities' in project 'swift-collections'
➜ Explicit dependency on target 'SpanPreview' in project 'swift-collections'
Target 'DequeModule' in project 'swift-collections'
➜ Explicit dependency on target 'InternalCollectionsUtilities' in project 'swift-collections'
➜ Explicit dependency on target 'SpanPreview' in project 'swift-collections'
Target 'SpanPreview' in project 'swift-collections'
➜ Explicit dependency on target 'InternalCollectionsUtilities' in project 'swift-collections'
Target 'InternalCollectionsUtilities' in project 'swift-collections' (no dependencies)
Target '_NIODataStructures' in project 'swift-nio' (no dependencies)
Target 'CNIOWASI' in project 'swift-nio' (no dependencies)
Target 'CNIOWindows' in project 'swift-nio' (no dependencies)
Target 'CNIOLinux' in project 'swift-nio' (no dependencies)
Target 'CNIODarwin' in project 'swift-nio' (no dependencies)
Target 'CNIOFreeBSD' in project 'swift-nio' (no dependencies)
Target 'CNIOOpenBSD' in project 'swift-nio' (no dependencies)
Target '_NIOBase64' in project 'swift-nio' (no dependencies)
Target 'NIOConcurrencyHelpers' in project 'swift-nio'
➜ Explicit dependency on target 'CNIOAtomics' in project 'swift-nio'
Target 'CNIOAtomics' in project 'swift-nio' (no dependencies)
Target 'CAsyncHTTPClient' in project 'async-http-client' (no dependencies)
Target 'AppwriteModels' in project 'Appwrite'
➜ Explicit dependency on target 'AppwriteEnums' in project 'Appwrite'
➜ Explicit dependency on target 'JSONCodable' in project 'Appwrite'
Target 'JSONCodable' in project 'Appwrite' (no dependencies)
Target 'AppwriteEnums' in project 'Appwrite' (no dependencies)
GatherProvisioningInputs
CreateBuildDescription
ClangStatCache /Applications/Xcode-27.0.0.app/Contents/Developer/Toolchains/XcodeDefault.xctoolchain/usr/bin/clang-stat-cache /Applications/Xcode-27.0.0.app/Contents/Developer/Platforms/WatchOS.platform/Developer/SDKs/WatchOS27.0.sdk /Users/admin/builder/spi-builder-workspace/.derivedData/SDKStatCaches.noindex/watchos27.0-24R360-e829b21a6f8c9b70876ba0858053c044b9db9bc9c079ee3c7b5f3373b13d10bc.sdkstatcache
cd /Users/admin/builder/spi-builder-workspace/.swiftpm/xcode
/Applications/Xcode-27.0.0.app/Contents/Developer/Toolchains/XcodeDefault.xctoolchain/usr/bin/clang-stat-cache /Applications/Xcode-27.0.0.app/Contents/Developer/Platforms/WatchOS.platform/Developer/SDKs/WatchOS27.0.sdk -o /Users/admin/builder/spi-builder-workspace/.derivedData/SDKStatCaches.noindex/watchos27.0-24R360-e829b21a6f8c9b70876ba0858053c044b9db9bc9c079ee3c7b5f3373b13d10bc.sdkstatcache
SwiftDriver Appwrite normal arm64 com.apple.xcode.tools.swift.compiler (in target 'Appwrite' from project 'Appwrite')
cd /Users/admin/builder/spi-builder-workspace/.swiftpm/xcode
builtin-SwiftDriver -- /Applications/Xcode-27.0.0.app/Contents/Developer/Toolchains/XcodeDefault.xctoolchain/usr/bin/swiftc -parse-as-library -module-name Appwrite -Onone @/Users/admin/builder/spi-builder-workspace/.derivedData/Build/Intermediates.noindex/Appwrite.build/Debug-watchos/Appwrite-t.build/Objects-normal/arm64/Appwrite.SwiftFileList -DSWIFT_PACKAGE -DDEBUG -DSWIFT_MODULE_RESOURCE_BUNDLE_UNAVAILABLE -Xcc -fmodule-map-file\=/Users/admin/builder/spi-builder-workspace/.derivedData/Build/Intermediates.noindex/GeneratedModuleMaps-watchos/CNIOBoringSSLShims.modulemap -Xcc -fmodule-map-file\=/Users/admin/builder/spi-builder-workspace/.dependencies/checkouts/swift-nio-ssl/Sources/CNIOBoringSSL/include/module.modulemap -Xcc -fmodule-map-file\=/Users/admin/builder/spi-builder-workspace/.derivedData/Build/Intermediates.noindex/GeneratedModuleMaps-watchos/CNIOExtrasZlib.modulemap -Xcc -fmodule-map-file\=/Users/admin/builder/spi-builder-workspace/.dependencies/checkouts/swift-numerics/Sources/_NumericsShims/include/module.modulemap -Xcc -fmodule-map-file\=/Users/admin/builder/spi-builder-workspace/.dependencies/checkouts/swift-system/Sources/CSystem/include/module.modulemap -Xcc -fmodule-map-file\=/Users/admin/builder/spi-builder-workspace/.derivedData/Build/Intermediates.noindex/GeneratedModuleMaps-watchos/CAsyncHTTPClient.modulemap -Xcc -fmodule-map-file\=/Users/admin/builder/spi-builder-workspace/.derivedData/Build/Intermediates.noindex/GeneratedModuleMaps-watchos/CNIOSHA1.modulemap -Xcc -fmodule-map-file\=/Users/admin/builder/spi-builder-workspace/.dependencies/checkouts/swift-atomics/Sources/_AtomicsShims/include/module.modulemap -Xcc -fmodule-map-file\=/Users/admin/builder/spi-builder-workspace/.derivedData/Build/Intermediates.noindex/GeneratedModuleMaps-watchos/CNIOLLHTTP.modulemap -Xcc -fmodule-map-file\=/Users/admin/builder/spi-builder-workspace/.derivedData/Build/Intermediates.noindex/GeneratedModuleMaps-watchos/CNIOPosix.modulemap -Xcc -fmodule-map-file\=/Users/admin/builder/spi-builder-workspace/.derivedData/Build/Intermediates.noindex/GeneratedModuleMaps-watchos/CNIOWASI.modulemap -Xcc -fmodule-map-file\=/Users/admin/builder/spi-builder-workspace/.dependencies/checkouts/swift-nio/Sources/CNIOWindows/include/module.modulemap -Xcc -fmodule-map-file\=/Users/admin/builder/spi-builder-workspace/.derivedData/Build/Intermediates.noindex/GeneratedModuleMaps-watchos/CNIOLinux.modulemap -Xcc -fmodule-map-file\=/Users/admin/builder/spi-builder-workspace/.derivedData/Build/Intermediates.noindex/GeneratedModuleMaps-watchos/CNIODarwin.modulemap -Xcc -fmodule-map-file\=/Users/admin/builder/spi-builder-workspace/.derivedData/Build/Intermediates.noindex/GeneratedModuleMaps-watchos/CNIOFreeBSD.modulemap -Xcc -fmodule-map-file\=/Users/admin/builder/spi-builder-workspace/.derivedData/Build/Intermediates.noindex/GeneratedModuleMaps-watchos/CNIOOpenBSD.modulemap -Xcc -fmodule-map-file\=/Users/admin/builder/spi-builder-workspace/.derivedData/Build/Intermediates.noindex/GeneratedModuleMaps-watchos/CNIOAtomics.modulemap -DXcode -plugin-path /Applications/Xcode-27.0.0.app/Contents/Developer/Toolchains/XcodeDefault.xctoolchain/usr/lib/swift/host/plugins/testing -enable-experimental-feature DebugDescriptionMacro -sdk /Applications/Xcode-27.0.0.app/Contents/Developer/Platforms/WatchOS.platform/Developer/SDKs/WatchOS27.0.sdk -target arm64-apple-watchos9.0 -g -module-cache-path /Users/admin/builder/spi-builder-workspace/.derivedData/ModuleCache.noindex -Xfrontend -serialize-debugging-options -profile-coverage-mapping -profile-generate -enable-testing -index-store-path /Users/admin/builder/spi-builder-workspace/.derivedData/Index.noindex/DataStore -Xcc -D_LIBCPP_HARDENING_MODE\=_LIBCPP_HARDENING_MODE_DEBUG -swift-version 5 -I /Users/admin/builder/spi-builder-workspace/.derivedData/Build/Products/Debug-watchos -Isystem /Applications/Xcode-27.0.0.app/Contents/Developer/Platforms/WatchOS.platform/Developer/usr/lib -F /Users/admin/builder/spi-builder-workspace/.derivedData/Build/Products/Debug-watchos/PackageFrameworks -F /Users/admin/builder/spi-builder-workspace/.derivedData/Build/Products/Debug-watchos -F /Applications/Xcode-27.0.0.app/Contents/Developer/Platforms/WatchOS.platform/Developer/Library/Frameworks -F /Applications/Xcode-27.0.0.app/Contents/Developer/Platforms/WatchOS.platform/Developer/SDKs/WatchOS27.0.sdk/Developer/Library/Frameworks -c -j10 -enable-batch-mode -incremental -Xcc -ivfsstatcache -Xcc /Users/admin/builder/spi-builder-workspace/.derivedData/SDKStatCaches.noindex/watchos27.0-24R360-e829b21a6f8c9b70876ba0858053c044b9db9bc9c079ee3c7b5f3373b13d10bc.sdkstatcache -output-file-map /Users/admin/builder/spi-builder-workspace/.derivedData/Build/Intermediates.noindex/Appwrite.build/Debug-watchos/Appwrite-t.build/Objects-normal/arm64/Appwrite-OutputFileMap.json -save-temps -no-color-diagnostics -explicit-module-build -module-cache-path /Users/admin/builder/spi-builder-workspace/.derivedData/Build/Intermediates.noindex/SwiftExplicitPrecompiledModules -clang-scanner-module-cache-path /Users/admin/builder/spi-builder-workspace/.derivedData/ModuleCache.noindex -sdk-module-cache-path /Users/admin/builder/spi-builder-workspace/.derivedData/SDKExplicitPrecompiledModules -emit-dependencies -emit-module -emit-module-path /Users/admin/builder/spi-builder-workspace/.derivedData/Build/Intermediates.noindex/Appwrite.build/Debug-watchos/Appwrite-t.build/Objects-normal/arm64/Appwrite.swiftmodule -serialize-diagnostics -dependency-scan-serialize-diagnostics-path /Users/admin/builder/spi-builder-workspace/.derivedData/Build/Intermediates.noindex/Appwrite.build/Debug-watchos/Appwrite-t.build/Objects-normal/arm64/Appwrite-dependency-scan.dia -validate-clang-modules-once -clang-build-session-file /Users/admin/builder/spi-builder-workspace/.derivedData/ModuleCache.noindex/Session.modulevalidation -Xcc -fmodules-prune-interval\=86400 -Xcc -fmodules-prune-after\=345600 -package-name spi_builder_workspace -emit-const-values -const-gather-protocols-list /Users/admin/builder/spi-builder-workspace/.derivedData/Build/Intermediates.noindex/Appwrite.build/Debug-watchos/Appwrite-t.build/Objects-normal/arm64/Appwrite_const_extract_protocols.json -Xcc -I/Users/admin/builder/spi-builder-workspace/.dependencies/checkouts/swift-nio-ssl/Sources/CNIOBoringSSLShims/include -Xcc -I/Users/admin/builder/spi-builder-workspace/.dependencies/checkouts/swift-nio-ssl/Sources/CNIOBoringSSL/include -Xcc -I/Users/admin/builder/spi-builder-workspace/.dependencies/checkouts/swift-nio-extras/Sources/CNIOExtrasZlib/include -Xcc -I/Users/admin/builder/spi-builder-workspace/.dependencies/checkouts/swift-numerics/Sources/_NumericsShims/include -Xcc -I/Users/admin/builder/spi-builder-workspace/.dependencies/checkouts/swift-system/Sources/CSystem/include -Xcc -I/Users/admin/builder/spi-builder-workspace/.dependencies/checkouts/async-http-client/Sources/CAsyncHTTPClient/include -Xcc -I/Users/admin/builder/spi-builder-workspace/.dependencies/checkouts/swift-nio/Sources/CNIOSHA1/include -Xcc -I/Users/admin/builder/spi-builder-workspace/.dependencies/checkouts/swift-atomics/Sources/_AtomicsShims/include -Xcc -I/Users/admin/builder/spi-builder-workspace/.dependencies/checkouts/swift-nio/Sources/CNIOLLHTTP/include -Xcc -I/Users/admin/builder/spi-builder-workspace/.dependencies/checkouts/swift-nio/Sources/CNIOPosix/include -Xcc -I/Users/admin/builder/spi-builder-workspace/.dependencies/checkouts/swift-nio/Sources/CNIOWASI/include -Xcc -I/Users/admin/builder/spi-builder-workspace/.dependencies/checkouts/swift-nio/Sources/CNIOWindows/include -Xcc -I/Users/admin/builder/spi-builder-workspace/.dependencies/checkouts/swift-nio/Sources/CNIOLinux/include -Xcc -I/Users/admin/builder/spi-builder-workspace/.dependencies/checkouts/swift-nio/Sources/CNIODarwin/include -Xcc -I/Users/admin/builder/spi-builder-workspace/.dependencies/checkouts/swift-nio/Sources/CNIOFreeBSD/include -Xcc -I/Users/admin/builder/spi-builder-workspace/.dependencies/checkouts/swift-nio/Sources/CNIOOpenBSD/include -Xcc -I/Users/admin/builder/spi-builder-workspace/.dependencies/checkouts/swift-nio/Sources/CNIOAtomics/include -Xcc -I/Users/admin/builder/spi-builder-workspace/.derivedData/Build/Products/Debug-watchos/include -Xcc -I/Users/admin/builder/spi-builder-workspace/.derivedData/Build/Intermediates.noindex/Appwrite.build/Debug-watchos/Appwrite-t.build/DerivedSources-normal/arm64 -Xcc -I/Users/admin/builder/spi-builder-workspace/.derivedData/Build/Intermediates.noindex/Appwrite.build/Debug-watchos/Appwrite-t.build/DerivedSources/arm64 -Xcc -I/Users/admin/builder/spi-builder-workspace/.derivedData/Build/Intermediates.noindex/Appwrite.build/Debug-watchos/Appwrite-t.build/DerivedSources -Xcc -DSWIFT_PACKAGE -Xcc -DDEBUG\=1 -emit-objc-header -emit-objc-header-path /Users/admin/builder/spi-builder-workspace/.derivedData/Build/Intermediates.noindex/Appwrite.build/Debug-watchos/Appwrite-t.build/Objects-normal/arm64/Appwrite-Swift.h -working-directory /Users/admin/builder/spi-builder-workspace/.swiftpm/xcode -experimental-emit-module-separately -disable-cmo
SwiftDriver Appwrite normal arm64_32 com.apple.xcode.tools.swift.compiler (in target 'Appwrite' from project 'Appwrite')
cd /Users/admin/builder/spi-builder-workspace/.swiftpm/xcode
builtin-SwiftDriver -- /Applications/Xcode-27.0.0.app/Contents/Developer/Toolchains/XcodeDefault.xctoolchain/usr/bin/swiftc -parse-as-library -module-name Appwrite -Onone @/Users/admin/builder/spi-builder-workspace/.derivedData/Build/Intermediates.noindex/Appwrite.build/Debug-watchos/Appwrite-t.build/Objects-normal/arm64_32/Appwrite.SwiftFileList -DSWIFT_PACKAGE -DDEBUG -DSWIFT_MODULE_RESOURCE_BUNDLE_UNAVAILABLE -Xcc -fmodule-map-file\=/Users/admin/builder/spi-builder-workspace/.derivedData/Build/Intermediates.noindex/GeneratedModuleMaps-watchos/CNIOBoringSSLShims.modulemap -Xcc -fmodule-map-file\=/Users/admin/builder/spi-builder-workspace/.dependencies/checkouts/swift-nio-ssl/Sources/CNIOBoringSSL/include/module.modulemap -Xcc -fmodule-map-file\=/Users/admin/builder/spi-builder-workspace/.derivedData/Build/Intermediates.noindex/GeneratedModuleMaps-watchos/CNIOExtrasZlib.modulemap -Xcc -fmodule-map-file\=/Users/admin/builder/spi-builder-workspace/.dependencies/checkouts/swift-numerics/Sources/_NumericsShims/include/module.modulemap -Xcc -fmodule-map-file\=/Users/admin/builder/spi-builder-workspace/.dependencies/checkouts/swift-system/Sources/CSystem/include/module.modulemap -Xcc -fmodule-map-file\=/Users/admin/builder/spi-builder-workspace/.derivedData/Build/Intermediates.noindex/GeneratedModuleMaps-watchos/CAsyncHTTPClient.modulemap -Xcc -fmodule-map-file\=/Users/admin/builder/spi-builder-workspace/.derivedData/Build/Intermediates.noindex/GeneratedModuleMaps-watchos/CNIOSHA1.modulemap -Xcc -fmodule-map-file\=/Users/admin/builder/spi-builder-workspace/.dependencies/checkouts/swift-atomics/Sources/_AtomicsShims/include/module.modulemap -Xcc -fmodule-map-file\=/Users/admin/builder/spi-builder-workspace/.derivedData/Build/Intermediates.noindex/GeneratedModuleMaps-watchos/CNIOLLHTTP.modulemap -Xcc -fmodule-map-file\=/Users/admin/builder/spi-builder-workspace/.derivedData/Build/Intermediates.noindex/GeneratedModuleMaps-watchos/CNIOPosix.modulemap -Xcc -fmodule-map-file\=/Users/admin/builder/spi-builder-workspace/.derivedData/Build/Intermediates.noindex/GeneratedModuleMaps-watchos/CNIOWASI.modulemap -Xcc -fmodule-map-file\=/Users/admin/builder/spi-builder-workspace/.dependencies/checkouts/swift-nio/Sources/CNIOWindows/include/module.modulemap -Xcc -fmodule-map-file\=/Users/admin/builder/spi-builder-workspace/.derivedData/Build/Intermediates.noindex/GeneratedModuleMaps-watchos/CNIOLinux.modulemap -Xcc -fmodule-map-file\=/Users/admin/builder/spi-builder-workspace/.derivedData/Build/Intermediates.noindex/GeneratedModuleMaps-watchos/CNIODarwin.modulemap -Xcc -fmodule-map-file\=/Users/admin/builder/spi-builder-workspace/.derivedData/Build/Intermediates.noindex/GeneratedModuleMaps-watchos/CNIOFreeBSD.modulemap -Xcc -fmodule-map-file\=/Users/admin/builder/spi-builder-workspace/.derivedData/Build/Intermediates.noindex/GeneratedModuleMaps-watchos/CNIOOpenBSD.modulemap -Xcc -fmodule-map-file\=/Users/admin/builder/spi-builder-workspace/.derivedData/Build/Intermediates.noindex/GeneratedModuleMaps-watchos/CNIOAtomics.modulemap -DXcode -plugin-path /Applications/Xcode-27.0.0.app/Contents/Developer/Toolchains/XcodeDefault.xctoolchain/usr/lib/swift/host/plugins/testing -enable-experimental-feature DebugDescriptionMacro -sdk /Applications/Xcode-27.0.0.app/Contents/Developer/Platforms/WatchOS.platform/Developer/SDKs/WatchOS27.0.sdk -target arm64_32-apple-watchos9.0 -g -module-cache-path /Users/admin/builder/spi-builder-workspace/.derivedData/ModuleCache.noindex -Xfrontend -serialize-debugging-options -profile-coverage-mapping -profile-generate -enable-testing -index-store-path /Users/admin/builder/spi-builder-workspace/.derivedData/Index.noindex/DataStore -Xcc -D_LIBCPP_HARDENING_MODE\=_LIBCPP_HARDENING_MODE_DEBUG -swift-version 5 -I /Users/admin/builder/spi-builder-workspace/.derivedData/Build/Products/Debug-watchos -Isystem /Applications/Xcode-27.0.0.app/Contents/Developer/Platforms/WatchOS.platform/Developer/usr/lib -F /Users/admin/builder/spi-builder-workspace/.derivedData/Build/Products/Debug-watchos/PackageFrameworks -F /Users/admin/builder/spi-builder-workspace/.derivedData/Build/Products/Debug-watchos -F /Applications/Xcode-27.0.0.app/Contents/Developer/Platforms/WatchOS.platform/Developer/Library/Frameworks -F /Applications/Xcode-27.0.0.app/Contents/Developer/Platforms/WatchOS.platform/Developer/SDKs/WatchOS27.0.sdk/Developer/Library/Frameworks -c -j10 -enable-batch-mode -incremental -Xcc -ivfsstatcache -Xcc /Users/admin/builder/spi-builder-workspace/.derivedData/SDKStatCaches.noindex/watchos27.0-24R360-e829b21a6f8c9b70876ba0858053c044b9db9bc9c079ee3c7b5f3373b13d10bc.sdkstatcache -output-file-map /Users/admin/builder/spi-builder-workspace/.derivedData/Build/Intermediates.noindex/Appwrite.build/Debug-watchos/Appwrite-t.build/Objects-normal/arm64_32/Appwrite-OutputFileMap.json -save-temps -no-color-diagnostics -explicit-module-build -module-cache-path /Users/admin/builder/spi-builder-workspace/.derivedData/Build/Intermediates.noindex/SwiftExplicitPrecompiledModules -clang-scanner-module-cache-path /Users/admin/builder/spi-builder-workspace/.derivedData/ModuleCache.noindex -sdk-module-cache-path /Users/admin/builder/spi-builder-workspace/.derivedData/SDKExplicitPrecompiledModules -emit-dependencies -emit-module -emit-module-path /Users/admin/builder/spi-builder-workspace/.derivedData/Build/Intermediates.noindex/Appwrite.build/Debug-watchos/Appwrite-t.build/Objects-normal/arm64_32/Appwrite.swiftmodule -serialize-diagnostics -dependency-scan-serialize-diagnostics-path /Users/admin/builder/spi-builder-workspace/.derivedData/Build/Intermediates.noindex/Appwrite.build/Debug-watchos/Appwrite-t.build/Objects-normal/arm64_32/Appwrite-dependency-scan.dia -validate-clang-modules-once -clang-build-session-file /Users/admin/builder/spi-builder-workspace/.derivedData/ModuleCache.noindex/Session.modulevalidation -Xcc -fmodules-prune-interval\=86400 -Xcc -fmodules-prune-after\=345600 -package-name spi_builder_workspace -emit-const-values -const-gather-protocols-list /Users/admin/builder/spi-builder-workspace/.derivedData/Build/Intermediates.noindex/Appwrite.build/Debug-watchos/Appwrite-t.build/Objects-normal/arm64_32/Appwrite_const_extract_protocols.json -Xcc -I/Users/admin/builder/spi-builder-workspace/.dependencies/checkouts/swift-nio-ssl/Sources/CNIOBoringSSLShims/include -Xcc -I/Users/admin/builder/spi-builder-workspace/.dependencies/checkouts/swift-nio-ssl/Sources/CNIOBoringSSL/include -Xcc -I/Users/admin/builder/spi-builder-workspace/.dependencies/checkouts/swift-nio-extras/Sources/CNIOExtrasZlib/include -Xcc -I/Users/admin/builder/spi-builder-workspace/.dependencies/checkouts/swift-numerics/Sources/_NumericsShims/include -Xcc -I/Users/admin/builder/spi-builder-workspace/.dependencies/checkouts/swift-system/Sources/CSystem/include -Xcc -I/Users/admin/builder/spi-builder-workspace/.dependencies/checkouts/async-http-client/Sources/CAsyncHTTPClient/include -Xcc -I/Users/admin/builder/spi-builder-workspace/.dependencies/checkouts/swift-nio/Sources/CNIOSHA1/include -Xcc -I/Users/admin/builder/spi-builder-workspace/.dependencies/checkouts/swift-atomics/Sources/_AtomicsShims/include -Xcc -I/Users/admin/builder/spi-builder-workspace/.dependencies/checkouts/swift-nio/Sources/CNIOLLHTTP/include -Xcc -I/Users/admin/builder/spi-builder-workspace/.dependencies/checkouts/swift-nio/Sources/CNIOPosix/include -Xcc -I/Users/admin/builder/spi-builder-workspace/.dependencies/checkouts/swift-nio/Sources/CNIOWASI/include -Xcc -I/Users/admin/builder/spi-builder-workspace/.dependencies/checkouts/swift-nio/Sources/CNIOWindows/include -Xcc -I/Users/admin/builder/spi-builder-workspace/.dependencies/checkouts/swift-nio/Sources/CNIOLinux/include -Xcc -I/Users/admin/builder/spi-builder-workspace/.dependencies/checkouts/swift-nio/Sources/CNIODarwin/include -Xcc -I/Users/admin/builder/spi-builder-workspace/.dependencies/checkouts/swift-nio/Sources/CNIOFreeBSD/include -Xcc -I/Users/admin/builder/spi-builder-workspace/.dependencies/checkouts/swift-nio/Sources/CNIOOpenBSD/include -Xcc -I/Users/admin/builder/spi-builder-workspace/.dependencies/checkouts/swift-nio/Sources/CNIOAtomics/include -Xcc -I/Users/admin/builder/spi-builder-workspace/.derivedData/Build/Products/Debug-watchos/include -Xcc -I/Users/admin/builder/spi-builder-workspace/.derivedData/Build/Intermediates.noindex/Appwrite.build/Debug-watchos/Appwrite-t.build/DerivedSources-normal/arm64_32 -Xcc -I/Users/admin/builder/spi-builder-workspace/.derivedData/Build/Intermediates.noindex/Appwrite.build/Debug-watchos/Appwrite-t.build/DerivedSources/arm64_32 -Xcc -I/Users/admin/builder/spi-builder-workspace/.derivedData/Build/Intermediates.noindex/Appwrite.build/Debug-watchos/Appwrite-t.build/DerivedSources -Xcc -DSWIFT_PACKAGE -Xcc -DDEBUG\=1 -emit-objc-header -emit-objc-header-path /Users/admin/builder/spi-builder-workspace/.derivedData/Build/Intermediates.noindex/Appwrite.build/Debug-watchos/Appwrite-t.build/Objects-normal/arm64_32/Appwrite-Swift.h -working-directory /Users/admin/builder/spi-builder-workspace/.swiftpm/xcode -experimental-emit-module-separately -disable-cmo
SwiftEmitModule normal arm64_32 Emitting\ module\ for\ Appwrite (in target 'Appwrite' from project 'Appwrite')
/Users/admin/builder/spi-builder-workspace/Sources/Appwrite/Extensions/Cookie+Codable.swift:4:1: warning: extension declares a conformance of imported type 'Cookie' to imported protocols 'Decodable', 'Encodable'; this will not behave correctly if the owners of 'AsyncHTTPClient' introduce this conformance in the future
2 | import Foundation
3 |
4 | extension HTTPClient.Cookie: Codable {
| |- warning: extension declares a conformance of imported type 'Cookie' to imported protocols 'Decodable', 'Encodable'; this will not behave correctly if the owners of 'AsyncHTTPClient' introduce this conformance in the future
| `- note: add '@retroactive' to silence this warning
5 |
6 | enum CodingKeys: String, CodingKey {
/Users/admin/builder/spi-builder-workspace/Sources/Appwrite/OAuth/WebAuthComponent.swift:166:77: error: 'ASPresentationAnchor' is unavailable in watchOS
164 | static let shared = PresentationContextProvider()
165 |
166 | func presentationAnchor(for session: ASWebAuthenticationSession) -> ASPresentationAnchor {
| `- error: 'ASPresentationAnchor' is unavailable in watchOS
167 | if let mainWindow = OSApplication.shared.windows.first(where: { $0.isKeyWindow }) {
168 | return mainWindow
/Applications/Xcode-27.0.0.app/Contents/Developer/Platforms/WatchOS.platform/Developer/SDKs/WatchOS27.0.sdk/System/Library/Frameworks/AuthenticationServices.framework/Headers/ASFoundation.h:39:20: note: 'ASPresentationAnchor' has been explicitly marked unavailable here
37 | #import <UIKit/UIKit.h>
38 | #if __has_include(<UIKit/UIWindow.h>)
39 | typedef UIWindow * ASPresentationAnchor API_UNAVAILABLE(watchos);
| `- note: 'ASPresentationAnchor' has been explicitly marked unavailable here
40 | #endif
41 | #if __has_include(<UIKit/UIViewController.h>) && !defined(ASViewController)
/Users/admin/builder/spi-builder-workspace/Sources/Appwrite/OAuth/WebAuthComponent.swift:163:50: error: 'ASWebAuthenticationPresentationContextProviding' is unavailable in watchOS
161 | #if canImport(AuthenticationServices)
162 | /// Presentation context for the ASWebAuthenticationSession.
163 | class PresentationContextProvider: NSObject, ASWebAuthenticationPresentationContextProviding {
| `- error: 'ASWebAuthenticationPresentationContextProviding' is unavailable in watchOS
164 | static let shared = PresentationContextProvider()
165 |
/Applications/Xcode-27.0.0.app/Contents/Developer/Platforms/WatchOS.platform/Developer/SDKs/WatchOS27.0.sdk/System/Library/Frameworks/AuthenticationServices.framework/Headers/ASWebAuthenticationSession.h:115:11: note: 'ASWebAuthenticationPresentationContextProviding' has been explicitly marked unavailable here
113 | API_AVAILABLE(ios(13.0), macos(10.15)) API_UNAVAILABLE(tvos, watchos)
114 | NS_SWIFT_UI_ACTOR
115 | @protocol ASWebAuthenticationPresentationContextProviding <NSObject>
| `- note: 'ASWebAuthenticationPresentationContextProviding' has been explicitly marked unavailable here
116 |
117 | #if !TARGET_OS_WATCH
Failed frontend command:
SwiftCompile normal arm64_32 (in target 'Appwrite' from project 'Appwrite')
cd /Users/admin/builder/spi-builder-workspace/.swiftpm/xcode
/Applications/Xcode-27.0.0.app/Contents/Developer/Toolchains/XcodeDefault.xctoolchain/usr/bin/swift-frontend -frontend -emit-module -experimental-skip-non-inlinable-function-bodies-without-types /Users/admin/builder/spi-builder-workspace/Sources/Appwrite/Channel.swift /Users/admin/builder/spi-builder-workspace/Sources/Appwrite/Client.swift /Users/admin/builder/spi-builder-workspace/Sources/Appwrite/DeviceInfo/Linux/LinuxDeviceInfo.swift /Users/admin/builder/spi-builder-workspace/Sources/Appwrite/DeviceInfo/OSDeviceInfo.swift /Users/admin/builder/spi-builder-workspace/Sources/Appwrite/DeviceInfo/Windows/WindowsDeviceInfo.swift /Users/admin/builder/spi-builder-workspace/Sources/Appwrite/DeviceInfo/iOS/IOSDeviceInfo.swift /Users/admin/builder/spi-builder-workspace/Sources/Appwrite/DeviceInfo/iOS/UIDevice+ModelName.swift /Users/admin/builder/spi-builder-workspace/Sources/Appwrite/DeviceInfo/macOS/CwlSysCtl.swift /Users/admin/builder/spi-builder-workspace/Sources/Appwrite/DeviceInfo/macOS/MacOSDeviceInfo.swift /Users/admin/builder/spi-builder-workspace/Sources/Appwrite/DeviceInfo/watchOS/WKInterfaceDevice+ModelName.swift /Users/admin/builder/spi-builder-workspace/Sources/Appwrite/DeviceInfo/watchOS/WatchOSDeviceInfo.swift /Users/admin/builder/spi-builder-workspace/Sources/Appwrite/Extensions/Cookie+Codable.swift /Users/admin/builder/spi-builder-workspace/Sources/Appwrite/Extensions/HTTPClientRequest+Cookies.swift /Users/admin/builder/spi-builder-workspace/Sources/Appwrite/Extensions/String+MimeTypes.swift /Users/admin/builder/spi-builder-workspace/Sources/Appwrite/ID.swift /Users/admin/builder/spi-builder-workspace/Sources/Appwrite/Models/AppwriteError.swift /Users/admin/builder/spi-builder-workspace/Sources/Appwrite/Models/InputFile.swift /Users/admin/builder/spi-builder-workspace/Sources/Appwrite/Models/RealtimeModels.swift /Users/admin/builder/spi-builder-workspace/Sources/Appwrite/Models/UploadProgress.swift /Users/admin/builder/spi-builder-workspace/Sources/Appwrite/OAuth/View+OAuth.swift /Users/admin/builder/spi-builder-workspace/Sources/Appwrite/OAuth/WebAuthComponent.swift /Users/admin/builder/spi-builder-workspace/Sources/Appwrite/Operator.swift /Users/admin/builder/spi-builder-workspace/Sources/Appwrite/PackageInfo/Apple/PackageInfo+Apple.swift /Users/admin/builder/spi-builder-workspace/Sources/Appwrite/PackageInfo/Linux/PackageInfo+Linux.swift /Users/admin/builder/spi-builder-workspace/Sources/Appwrite/PackageInfo/OSPackageInfo.swift /Users/admin/builder/spi-builder-workspace/Sources/Appwrite/PackageInfo/PackageInfo.swift /Users/admin/builder/spi-builder-workspace/Sources/Appwrite/PackageInfo/Windows/PackageInfo+Windows.swift /Users/admin/builder/spi-builder-workspace/Sources/Appwrite/Permission.swift /Users/admin/builder/spi-builder-workspace/Sources/Appwrite/Query.swift /Users/admin/builder/spi-builder-workspace/Sources/Appwrite/Role.swift /Users/admin/builder/spi-builder-workspace/Sources/Appwrite/Services/Account.swift /Users/admin/builder/spi-builder-workspace/Sources/Appwrite/Services/Apps.swift /Users/admin/builder/spi-builder-workspace/Sources/Appwrite/Services/Avatars.swift /Users/admin/builder/spi-builder-workspace/Sources/Appwrite/Services/Databases.swift /Users/admin/builder/spi-builder-workspace/Sources/Appwrite/Services/DocumentsDB.swift /Users/admin/builder/spi-builder-workspace/Sources/Appwrite/Services/Functions.swift /Users/admin/builder/spi-builder-workspace/Sources/Appwrite/Services/Graphql.swift /Users/admin/builder/spi-builder-workspace/Sources/Appwrite/Services/Locale.swift /Users/admin/builder/spi-builder-workspace/Sources/Appwrite/Services/Messaging.swift /Users/admin/builder/spi-builder-workspace/Sources/Appwrite/Services/Oauth2.swift /Users/admin/builder/spi-builder-workspace/Sources/Appwrite/Services/Organization.swift /Users/admin/builder/spi-builder-workspace/Sources/Appwrite/Services/Presences.swift /Users/admin/builder/spi-builder-workspace/Sources/Appwrite/Services/Push.swift /Users/admin/builder/spi-builder-workspace/Sources/Appwrite/Services/Realtime.swift /Users/admin/builder/spi-builder-workspace/Sources/Appwrite/Services/Service.swift /Users/admin/builder/spi-builder-workspace/Sources/Appwrite/Services/Storage.swift /Users/admin/builder/spi-builder-workspace/Sources/Appwrite/Services/TablesDB.swift /Users/admin/builder/spi-builder-workspace/Sources/Appwrite/Services/Teams.swift /Users/admin/builder/spi-builder-workspace/Sources/Appwrite/Services/VectorsDB.swift /Users/admin/builder/spi-builder-workspace/Sources/Appwrite/StreamingDelegate.swift /Users/admin/builder/spi-builder-workspace/Sources/Appwrite/Topic.swift /Users/admin/builder/spi-builder-workspace/Sources/Appwrite/WebSockets/HTTPHandler.swift /Users/admin/builder/spi-builder-workspace/Sources/Appwrite/WebSockets/MessageHandler.swift /Users/admin/builder/spi-builder-workspace/Sources/Appwrite/WebSockets/WebSocketClient.swift /Users/admin/builder/spi-builder-workspace/Sources/Appwrite/WebSockets/WebSocketClientDelegate.swift /Users/admin/builder/spi-builder-workspace/Sources/Appwrite/WebSockets/WebSocketClientError.swift -target arm64_32-apple-watchos9.0 -module-can-import-version AuthenticationServices 7625.1.29.12 625.1.29 -module-can-import-version NIOFoundationCompat 2.104.0.0 0 -module-can-import-version Network 5000.0.33 6681.4.1 -module-can-import-version SwiftUI 8.0.84.1 8.0.84 -module-can-import-version UserNotifications 1.0.0 1.0.0 -disable-cross-import-overlay-search -swift-module-cross-import AuthenticationServices /Applications/Xcode-27.0.0.app/Contents/Developer/Platforms/WatchOS.platform/Developer/SDKs/WatchOS.sdk/System/Library/Frameworks/AuthenticationServices.framework/Modules/AuthenticationServices.swiftcrossimport/SwiftUI.swiftoverlay -swift-module-cross-import AuthenticationServices /Applications/Xcode-27.0.0.app/Contents/Developer/Platforms/WatchOS.platform/Developer/SDKs/WatchOS27.0.sdk/System/Library/Frameworks/AuthenticationServices.framework/Modules/AuthenticationServices.swiftcrossimport/SwiftUI.swiftoverlay -swift-module-cross-import Darwin /Applications/Xcode-27.0.0.app/Contents/Developer/Platforms/WatchOS.platform/Developer/SDKs/WatchOS.sdk/usr/include/Darwin.swiftcrossimport/xlocale.swiftoverlay -swift-module-cross-import UserNotifications /Applications/Xcode-27.0.0.app/Contents/Developer/Platforms/WatchOS.platform/Developer/SDKs/WatchOS.sdk/System/Library/Frameworks/UserNotifications.framework/Modules/UserNotifications.swiftcrossimport/AppIntents.swiftoverlay -swift-module-cross-import WatchKit /Applications/Xcode-27.0.0.app/Contents/Developer/Platforms/WatchOS.platform/Developer/SDKs/WatchOS.sdk/System/Library/Frameworks/WatchKit.framework/Modules/WatchKit.swiftcrossimport/SwiftUI.swiftoverlay -load-resolved-plugin /Applications/Xcode-27.0.0.app/Contents/Developer/Platforms/WatchOS.platform/Developer/usr/lib/swift/host/plugins/libFoundationMacros.dylib\#/Applications/Xcode-27.0.0.app/Contents/Developer/Platforms/WatchOS.platform/Developer/usr/bin/swift-plugin-server\#FoundationMacros -load-resolved-plugin /Applications/Xcode-27.0.0.app/Contents/Developer/Platforms/WatchOS.platform/Developer/usr/lib/swift/host/plugins/libObservationMacros.dylib\#/Applications/Xcode-27.0.0.app/Contents/Developer/Platforms/WatchOS.platform/Developer/usr/bin/swift-plugin-server\#ObservationMacros -load-resolved-plugin /Applications/Xcode-27.0.0.app/Contents/Developer/Platforms/WatchOS.platform/Developer/usr/lib/swift/host/plugins/libPreviewsMacros.dylib\#/Applications/Xcode-27.0.0.app/Contents/Developer/Platforms/WatchOS.platform/Developer/usr/bin/swift-plugin-server\#PreviewsMacros -load-resolved-plugin /Applications/Xcode-27.0.0.app/Contents/Developer/Platforms/WatchOS.platform/Developer/usr/lib/swift/host/plugins/libSwiftMacros.dylib\#/Applications/Xcode-27.0.0.app/Contents/Developer/Platforms/WatchOS.platform/Developer/usr/bin/swift-plugin-server\#SwiftMacros -load-resolved-plugin /Applications/Xcode-27.0.0.app/Contents/Developer/Platforms/WatchOS.platform/Developer/usr/lib/swift/host/plugins/libSwiftUIMacros.dylib\#/Applications/Xcode-27.0.0.app/Contents/Developer/Platforms/WatchOS.platform/Developer/usr/bin/swift-plugin-server\#SwiftUIMacros -disable-implicit-swift-modules -Xcc -fno-implicit-modules -Xcc -fno-implicit-module-maps -explicit-swift-module-map-file /Users/admin/builder/spi-builder-workspace/.derivedData/Build/Intermediates.noindex/Appwrite.build/Debug-watchos/Appwrite-t.build/Objects-normal/arm64_32/Appwrite-dependencies-2.json -enable-objc-interop -sdk /Applications/Xcode-27.0.0.app/Contents/Developer/Platforms/WatchOS.platform/Developer/SDKs/WatchOS27.0.sdk -I /Users/admin/builder/spi-builder-workspace/.derivedData/Build/Products/Debug-watchos -Isystem /Applications/Xcode-27.0.0.app/Contents/Developer/Platforms/WatchOS.platform/Developer/usr/lib -F /Users/admin/builder/spi-builder-workspace/.derivedData/Build/Products/Debug-watchos/PackageFrameworks -F /Users/admin/builder/spi-builder-workspace/.derivedData/Build/Products/Debug-watchos -F /Applications/Xcode-27.0.0.app/Contents/Developer/Platforms/WatchOS.platform/Developer/Library/Frameworks -F /Applications/Xcode-27.0.0.app/Contents/Developer/Platforms/WatchOS.platform/Developer/SDKs/WatchOS27.0.sdk/Developer/Library/Frameworks -module-cache-path /Users/admin/builder/spi-builder-workspace/.derivedData/Build/Intermediates.noindex/SwiftExplicitPrecompiledModules -no-color-diagnostics -Xcc -fno-color-diagnostics -enable-testing -g -debug-info-format\=dwarf -dwarf-version\=4 -profile-generate -profile-coverage-mapping -swift-version 5 -Onone -D SWIFT_PACKAGE -D DEBUG -D SWIFT_MODULE_RESOURCE_BUNDLE_UNAVAILABLE -D Xcode -serialize-debugging-options -enable-experimental-feature DebugDescriptionMacro -empty-abi-descriptor -validate-clang-modules-once -clang-build-session-file /Users/admin/builder/spi-builder-workspace/.derivedData/ModuleCache.noindex/Session.modulevalidation -Xcc -working-directory -Xcc /Users/admin/builder/spi-builder-workspace/.swiftpm/xcode -enable-anonymous-context-mangled-names -file-compilation-dir /Users/admin/builder/spi-builder-workspace/.swiftpm/xcode -Xcc -fmodule-map-file\=/Users/admin/builder/spi-builder-workspace/.derivedData/Build/Intermediates.noindex/GeneratedModuleMaps-watchos/CNIOBoringSSLShims.modulemap -Xcc -fmodule-map-file\=/Users/admin/builder/spi-builder-workspace/.dependencies/checkouts/swift-nio-ssl/Sources/CNIOBoringSSL/include/module.modulemap -Xcc -fmodule-map-file\=/Users/admin/builder/spi-builder-workspace/.derivedData/Build/Intermediates.noindex/GeneratedModuleMaps-watchos/CNIOExtrasZlib.modulemap -Xcc -fmodule-map-file\=/Users/admin/builder/spi-builder-workspace/.dependencies/checkouts/swift-numerics/Sources/_NumericsShims/include/module.modulemap -Xcc -fmodule-map-file\=/Users/admin/builder/spi-builder-workspace/.dependencies/checkouts/swift-system/Sources/CSystem/include/module.modulemap -Xcc -fmodule-map-file\=/Users/admin/builder/spi-builder-workspace/.derivedData/Build/Intermediates.noindex/GeneratedModuleMaps-watchos/CAsyncHTTPClient.modulemap -Xcc -fmodule-map-file\=/Users/admin/builder/spi-builder-workspace/.derivedData/Build/Intermediates.noindex/GeneratedModuleMaps-watchos/CNIOSHA1.modulemap -Xcc -fmodule-map-file\=/Users/admin/builder/spi-builder-workspace/.dependencies/checkouts/swift-atomics/Sources/_AtomicsShims/include/module.modulemap -Xcc -fmodule-map-file\=/Users/admin/builder/spi-builder-workspace/.derivedData/Build/Intermediates.noindex/GeneratedModuleMaps-watchos/CNIOLLHTTP.modulemap -Xcc -fmodule-map-file\=/Users/admin/builder/spi-builder-workspace/.derivedData/Build/Intermediates.noindex/GeneratedModuleMaps-watchos/CNIOPosix.modulemap -Xcc -fmodule-map-file\=/Users/admin/builder/spi-builder-workspace/.derivedData/Build/Intermediates.noindex/GeneratedModuleMaps-watchos/CNIOWASI.modulemap -Xcc -fmodule-map-file\=/Users/admin/builder/spi-builder-workspace/.dependencies/checkouts/swift-nio/Sources/CNIOWindows/include/module.modulemap -Xcc -fmodule-map-file\=/Users/admin/builder/spi-builder-workspace/.derivedData/Build/Intermediates.noindex/GeneratedModuleMaps-watchos/CNIOLinux.modulemap -Xcc -fmodule-map-file\=/Users/admin/builder/spi-builder-workspace/.derivedData/Build/Intermediates.noindex/GeneratedModuleMaps-watchos/CNIODarwin.modulemap -Xcc -fmodule-map-file\=/Users/admin/builder/spi-builder-workspace/.derivedData/Build/Intermediates.noindex/GeneratedModuleMaps-watchos/CNIOFreeBSD.modulemap -Xcc -fmodule-map-file\=/Users/admin/builder/spi-builder-workspace/.derivedData/Build/Intermediates.noindex/GeneratedModuleMaps-watchos/CNIOOpenBSD.modulemap -Xcc -fmodule-map-file\=/Users/admin/builder/spi-builder-workspace/.derivedData/Build/Intermediates.noindex/GeneratedModuleMaps-watchos/CNIOAtomics.modulemap -Xcc -D_LIBCPP_HARDENING_MODE\=_LIBCPP_HARDENING_MODE_DEBUG -Xcc -ivfsstatcache -Xcc /Users/admin/builder/spi-builder-workspace/.derivedData/SDKStatCaches.noindex/watchos27.0-24R360-e829b21a6f8c9b70876ba0858053c044b9db9bc9c079ee3c7b5f3373b13d10bc.sdkstatcache -Xcc -fmodules-prune-interval\=86400 -Xcc -fmodules-prune-after\=345600 -Xcc -I/Users/admin/builder/spi-builder-workspace/.dependencies/checkouts/swift-nio-ssl/Sources/CNIOBoringSSLShims/include -Xcc -I/Users/admin/builder/spi-builder-workspace/.dependencies/checkouts/swift-nio-ssl/Sources/CNIOBoringSSL/include -Xcc -I/Users/admin/builder/spi-builder-workspace/.dependencies/checkouts/swift-nio-extras/Sources/CNIOExtrasZlib/include -Xcc -I/Users/admin/builder/spi-builder-workspace/.dependencies/checkouts/swift-numerics/Sources/_NumericsShims/include -Xcc -I/Users/admin/builder/spi-builder-workspace/.dependencies/checkouts/swift-system/Sources/CSystem/include -Xcc -I/Users/admin/builder/spi-builder-workspace/.dependencies/checkouts/async-http-client/Sources/CAsyncHTTPClient/include -Xcc -I/Users/admin/builder/spi-builder-workspace/.dependencies/checkouts/swift-nio/Sources/CNIOSHA1/include -Xcc -I/Users/admin/builder/spi-builder-workspace/.dependencies/checkouts/swift-atomics/Sources/_AtomicsShims/include -Xcc -I/Users/admin/builder/spi-builder-workspace/.dependencies/checkouts/swift-nio/Sources/CNIOLLHTTP/include -Xcc -I/Users/admin/builder/spi-builder-workspace/.dependencies/checkouts/swift-nio/Sources/CNIOPosix/include -Xcc -I/Users/admin/builder/spi-builder-workspace/.dependencies/checkouts/swift-nio/Sources/CNIOWASI/include -Xcc -I/Users/admin/builder/spi-builder-workspace/.dependencies/checkouts/swift-nio/Sources/CNIOWindows/include -Xcc -I/Users/admin/builder/spi-builder-workspace/.dependencies/checkouts/swift-nio/Sources/CNIOLinux/include -Xcc -I/Users/admin/builder/spi-builder-workspace/.dependencies/checkouts/swift-nio/Sources/CNIODarwin/include -Xcc -I/Users/admin/builder/spi-builder-workspace/.dependencies/checkouts/swift-nio/Sources/CNIOFreeBSD/include -Xcc -I/Users/admin/builder/spi-builder-workspace/.dependencies/checkouts/swift-nio/Sources/CNIOOpenBSD/include -Xcc -I/Users/admin/builder/spi-builder-workspace/.dependencies/checkouts/swift-nio/Sources/CNIOAtomics/include -Xcc -I/Users/admin/builder/spi-builder-workspace/.derivedData/Build/Products/Debug-watchos/include -Xcc -I/Users/admin/builder/spi-builder-workspace/.derivedData/Build/Intermediates.noindex/Appwrite.build/Debug-watchos/Appwrite-t.build/DerivedSources-normal/arm64_32 -Xcc -I/Users/admin/builder/spi-builder-workspace/.derivedData/Build/Intermediates.noindex/Appwrite.build/Debug-watchos/Appwrite-t.build/DerivedSources/arm64_32 -Xcc -I/Users/admin/builder/spi-builder-workspace/.derivedData/Build/Intermediates.noindex/Appwrite.build/Debug-watchos/Appwrite-t.build/DerivedSources -Xcc -DSWIFT_PACKAGE -Xcc -DDEBUG\=1 -no-auto-bridging-header-chaining -module-name Appwrite -package-name spi_builder_workspace -const-gather-protocols-file /Users/admin/builder/spi-builder-workspace/.derivedData/Build/Intermediates.noindex/Appwrite.build/Debug-watchos/Appwrite-t.build/Objects-normal/arm64_32/Appwrite_const_extract_protocols.json -disable-clang-spi -clang-target arm64_32-apple-watchos27.0 -target-sdk-version 27.0 -target-sdk-name watchos27.0 -in-process-plugin-server-path /Applications/Xcode-27.0.0.app/Contents/Developer/Toolchains/XcodeDefault.xctoolchain/usr/lib/swift/host/libSwiftInProcPluginServer.dylib -emit-module-doc-path /Users/admin/builder/spi-builder-workspace/.derivedData/Build/Intermediates.noindex/Appwrite.build/Debug-watchos/Appwrite-t.build/Objects-normal/arm64_32/Appwrite.swiftdoc -emit-module-source-info-path /Users/admin/builder/spi-builder-workspace/.derivedData/Build/Intermediates.noindex/Appwrite.build/Debug-watchos/Appwrite-t.build/Objects-normal/arm64_32/Appwrite.swiftsourceinfo -emit-objc-header-path /Users/admin/builder/spi-builder-workspace/.derivedData/Build/Intermediates.noindex/Appwrite.build/Debug-watchos/Appwrite-t.build/Objects-normal/arm64_32/Appwrite-Swift.h -serialize-diagnostics-path /Users/admin/builder/spi-builder-workspace/.derivedData/Build/Intermediates.noindex/Appwrite.build/Debug-watchos/Appwrite-t.build/Objects-normal/arm64_32/Appwrite-primary-emit-module.dia -emit-dependencies-path /Users/admin/builder/spi-builder-workspace/.derivedData/Build/Intermediates.noindex/Appwrite.build/Debug-watchos/Appwrite-t.build/Objects-normal/arm64_32/Appwrite-primary-emit-module.d -parse-as-library -o /Users/admin/builder/spi-builder-workspace/.derivedData/Build/Intermediates.noindex/Appwrite.build/Debug-watchos/Appwrite-t.build/Objects-normal/arm64_32/Appwrite.swiftmodule -emit-abi-descriptor-path /Users/admin/builder/spi-builder-workspace/.derivedData/Build/Intermediates.noindex/Appwrite.build/Debug-watchos/Appwrite-t.build/Objects-normal/arm64_32/Appwrite.abi.json
SwiftCompile normal arm64_32 Compiling\ Presences.swift,\ Push.swift,\ Realtime.swift,\ Service.swift,\ Storage.swift /Users/admin/builder/spi-builder-workspace/Sources/Appwrite/Services/Presences.swift /Users/admin/builder/spi-builder-workspace/Sources/Appwrite/Services/Push.swift /Users/admin/builder/spi-builder-workspace/Sources/Appwrite/Services/Realtime.swift /Users/admin/builder/spi-builder-workspace/Sources/Appwrite/Services/Service.swift /Users/admin/builder/spi-builder-workspace/Sources/Appwrite/Services/Storage.swift (in target 'Appwrite' from project 'Appwrite')
SwiftCompile normal arm64_32 /Users/admin/builder/spi-builder-workspace/Sources/Appwrite/Services/Presences.swift (in target 'Appwrite' from project 'Appwrite')
cd /Users/admin/builder/spi-builder-workspace/.swiftpm/xcode
builtin-SwiftPerFileCompile Presences.swift
SwiftCompile normal arm64_32 /Users/admin/builder/spi-builder-workspace/Sources/Appwrite/Services/Push.swift (in target 'Appwrite' from project 'Appwrite')
cd /Users/admin/builder/spi-builder-workspace/.swiftpm/xcode
builtin-SwiftPerFileCompile Push.swift
SwiftCompile normal arm64_32 /Users/admin/builder/spi-builder-workspace/Sources/Appwrite/Services/Realtime.swift (in target 'Appwrite' from project 'Appwrite')
cd /Users/admin/builder/spi-builder-workspace/.swiftpm/xcode
builtin-SwiftPerFileCompile Realtime.swift
SwiftCompile normal arm64_32 /Users/admin/builder/spi-builder-workspace/Sources/Appwrite/Services/Service.swift (in target 'Appwrite' from project 'Appwrite')
cd /Users/admin/builder/spi-builder-workspace/.swiftpm/xcode
builtin-SwiftPerFileCompile Service.swift
SwiftCompile normal arm64_32 /Users/admin/builder/spi-builder-workspace/Sources/Appwrite/Services/Storage.swift (in target 'Appwrite' from project 'Appwrite')
cd /Users/admin/builder/spi-builder-workspace/.swiftpm/xcode
builtin-SwiftPerFileCompile Storage.swift
SwiftCompile normal arm64_32 Compiling\ Graphql.swift,\ Locale.swift,\ Messaging.swift,\ Oauth2.swift,\ Organization.swift /Users/admin/builder/spi-builder-workspace/Sources/Appwrite/Services/Graphql.swift /Users/admin/builder/spi-builder-workspace/Sources/Appwrite/Services/Locale.swift /Users/admin/builder/spi-builder-workspace/Sources/Appwrite/Services/Messaging.swift /Users/admin/builder/spi-builder-workspace/Sources/Appwrite/Services/Oauth2.swift /Users/admin/builder/spi-builder-workspace/Sources/Appwrite/Services/Organization.swift (in target 'Appwrite' from project 'Appwrite')
SwiftCompile normal arm64_32 /Users/admin/builder/spi-builder-workspace/Sources/Appwrite/Services/Graphql.swift (in target 'Appwrite' from project 'Appwrite')
cd /Users/admin/builder/spi-builder-workspace/.swiftpm/xcode
builtin-SwiftPerFileCompile Graphql.swift
SwiftCompile normal arm64_32 /Users/admin/builder/spi-builder-workspace/Sources/Appwrite/Services/Locale.swift (in target 'Appwrite' from project 'Appwrite')
cd /Users/admin/builder/spi-builder-workspace/.swiftpm/xcode
builtin-SwiftPerFileCompile Locale.swift
SwiftCompile normal arm64_32 /Users/admin/builder/spi-builder-workspace/Sources/Appwrite/Services/Messaging.swift (in target 'Appwrite' from project 'Appwrite')
cd /Users/admin/builder/spi-builder-workspace/.swiftpm/xcode
builtin-SwiftPerFileCompile Messaging.swift
SwiftCompile normal arm64_32 /Users/admin/builder/spi-builder-workspace/Sources/Appwrite/Services/Oauth2.swift (in target 'Appwrite' from project 'Appwrite')
cd /Users/admin/builder/spi-builder-workspace/.swiftpm/xcode
builtin-SwiftPerFileCompile Oauth2.swift
SwiftCompile normal arm64_32 /Users/admin/builder/spi-builder-workspace/Sources/Appwrite/Services/Organization.swift (in target 'Appwrite' from project 'Appwrite')
cd /Users/admin/builder/spi-builder-workspace/.swiftpm/xcode
builtin-SwiftPerFileCompile Organization.swift
SwiftExplicitDependencyGeneratePcm arm64 /Users/admin/builder/spi-builder-workspace/.derivedData/SDKExplicitPrecompiledModules/SwiftUI-2NIV6RL93T7Y4UMRZ6CFAK2OJ.pcm
SwiftCompile normal arm64_32 Compiling\ Account.swift,\ Apps.swift,\ Avatars.swift,\ Databases.swift,\ DocumentsDB.swift,\ Functions.swift /Users/admin/builder/spi-builder-workspace/Sources/Appwrite/Services/Account.swift /Users/admin/builder/spi-builder-workspace/Sources/Appwrite/Services/Apps.swift /Users/admin/builder/spi-builder-workspace/Sources/Appwrite/Services/Avatars.swift /Users/admin/builder/spi-builder-workspace/Sources/Appwrite/Services/Databases.swift /Users/admin/builder/spi-builder-workspace/Sources/Appwrite/Services/DocumentsDB.swift /Users/admin/builder/spi-builder-workspace/Sources/Appwrite/Services/Functions.swift (in target 'Appwrite' from project 'Appwrite')
/Users/admin/builder/spi-builder-workspace/Sources/Appwrite/Services/Account.swift:2082:13: warning: immutable value 'apiHeaders' was never used; consider replacing with '_' or removing it [#NoUsage]
2080 | ]
2081 |
2082 | let apiHeaders: [String: String] = [
| `- warning: immutable value 'apiHeaders' was never used; consider replacing with '_' or removing it [#NoUsage]
2083 | "X-Appwrite-Project": client.config["project"] ?? "",
2084 | "accept": "text/html",
SwiftCompile normal arm64_32 /Users/admin/builder/spi-builder-workspace/Sources/Appwrite/Services/Account.swift (in target 'Appwrite' from project 'Appwrite')
cd /Users/admin/builder/spi-builder-workspace/.swiftpm/xcode
builtin-SwiftPerFileCompile Account.swift
SwiftCompile normal arm64_32 /Users/admin/builder/spi-builder-workspace/Sources/Appwrite/Services/Apps.swift (in target 'Appwrite' from project 'Appwrite')
cd /Users/admin/builder/spi-builder-workspace/.swiftpm/xcode
builtin-SwiftPerFileCompile Apps.swift
SwiftCompile normal arm64_32 /Users/admin/builder/spi-builder-workspace/Sources/Appwrite/Services/Avatars.swift (in target 'Appwrite' from project 'Appwrite')
cd /Users/admin/builder/spi-builder-workspace/.swiftpm/xcode
builtin-SwiftPerFileCompile Avatars.swift
SwiftCompile normal arm64_32 /Users/admin/builder/spi-builder-workspace/Sources/Appwrite/Services/Databases.swift (in target 'Appwrite' from project 'Appwrite')
cd /Users/admin/builder/spi-builder-workspace/.swiftpm/xcode
builtin-SwiftPerFileCompile Databases.swift
SwiftCompile normal arm64_32 /Users/admin/builder/spi-builder-workspace/Sources/Appwrite/Services/DocumentsDB.swift (in target 'Appwrite' from project 'Appwrite')
cd /Users/admin/builder/spi-builder-workspace/.swiftpm/xcode
builtin-SwiftPerFileCompile DocumentsDB.swift
SwiftCompile normal arm64_32 /Users/admin/builder/spi-builder-workspace/Sources/Appwrite/Services/Functions.swift (in target 'Appwrite' from project 'Appwrite')
cd /Users/admin/builder/spi-builder-workspace/.swiftpm/xcode
builtin-SwiftPerFileCompile Functions.swift
SwiftCompile normal arm64_32 Compiling\ UIDevice+ModelName.swift,\ CwlSysCtl.swift,\ MacOSDeviceInfo.swift,\ WKInterfaceDevice+ModelName.swift,\ WatchOSDeviceInfo.swift,\ Cookie+Codable.swift /Users/admin/builder/spi-builder-workspace/Sources/Appwrite/DeviceInfo/iOS/UIDevice+ModelName.swift /Users/admin/builder/spi-builder-workspace/Sources/Appwrite/DeviceInfo/macOS/CwlSysCtl.swift /Users/admin/builder/spi-builder-workspace/Sources/Appwrite/DeviceInfo/macOS/MacOSDeviceInfo.swift /Users/admin/builder/spi-builder-workspace/Sources/Appwrite/DeviceInfo/watchOS/WKInterfaceDevice+ModelName.swift /Users/admin/builder/spi-builder-workspace/Sources/Appwrite/DeviceInfo/watchOS/WatchOSDeviceInfo.swift /Users/admin/builder/spi-builder-workspace/Sources/Appwrite/Extensions/Cookie+Codable.swift (in target 'Appwrite' from project 'Appwrite')
SwiftCompile normal arm64_32 /Users/admin/builder/spi-builder-workspace/Sources/Appwrite/DeviceInfo/iOS/UIDevice+ModelName.swift (in target 'Appwrite' from project 'Appwrite')
cd /Users/admin/builder/spi-builder-workspace/.swiftpm/xcode
builtin-SwiftPerFileCompile UIDevice+ModelName.swift
SwiftCompile normal arm64_32 /Users/admin/builder/spi-builder-workspace/Sources/Appwrite/DeviceInfo/macOS/CwlSysCtl.swift (in target 'Appwrite' from project 'Appwrite')
cd /Users/admin/builder/spi-builder-workspace/.swiftpm/xcode
builtin-SwiftPerFileCompile CwlSysCtl.swift
SwiftCompile normal arm64_32 /Users/admin/builder/spi-builder-workspace/Sources/Appwrite/DeviceInfo/macOS/MacOSDeviceInfo.swift (in target 'Appwrite' from project 'Appwrite')
cd /Users/admin/builder/spi-builder-workspace/.swiftpm/xcode
builtin-SwiftPerFileCompile MacOSDeviceInfo.swift
SwiftCompile normal arm64_32 /Users/admin/builder/spi-builder-workspace/Sources/Appwrite/DeviceInfo/watchOS/WKInterfaceDevice+ModelName.swift (in target 'Appwrite' from project 'Appwrite')
cd /Users/admin/builder/spi-builder-workspace/.swiftpm/xcode
builtin-SwiftPerFileCompile WKInterfaceDevice+ModelName.swift
SwiftCompile normal arm64_32 /Users/admin/builder/spi-builder-workspace/Sources/Appwrite/DeviceInfo/watchOS/WatchOSDeviceInfo.swift (in target 'Appwrite' from project 'Appwrite')
cd /Users/admin/builder/spi-builder-workspace/.swiftpm/xcode
builtin-SwiftPerFileCompile WatchOSDeviceInfo.swift
SwiftCompile normal arm64_32 /Users/admin/builder/spi-builder-workspace/Sources/Appwrite/Extensions/Cookie+Codable.swift (in target 'Appwrite' from project 'Appwrite')
cd /Users/admin/builder/spi-builder-workspace/.swiftpm/xcode
builtin-SwiftPerFileCompile Cookie+Codable.swift
SwiftCompile normal arm64_32 Compiling\ Channel.swift,\ Client.swift,\ LinuxDeviceInfo.swift,\ OSDeviceInfo.swift,\ WindowsDeviceInfo.swift,\ IOSDeviceInfo.swift /Users/admin/builder/spi-builder-workspace/Sources/Appwrite/Channel.swift /Users/admin/builder/spi-builder-workspace/Sources/Appwrite/Client.swift /Users/admin/builder/spi-builder-workspace/Sources/Appwrite/DeviceInfo/Linux/LinuxDeviceInfo.swift /Users/admin/builder/spi-builder-workspace/Sources/Appwrite/DeviceInfo/OSDeviceInfo.swift /Users/admin/builder/spi-builder-workspace/Sources/Appwrite/DeviceInfo/Windows/WindowsDeviceInfo.swift /Users/admin/builder/spi-builder-workspace/Sources/Appwrite/DeviceInfo/iOS/IOSDeviceInfo.swift (in target 'Appwrite' from project 'Appwrite')
SwiftCompile normal arm64_32 /Users/admin/builder/spi-builder-workspace/Sources/Appwrite/Channel.swift (in target 'Appwrite' from project 'Appwrite')
cd /Users/admin/builder/spi-builder-workspace/.swiftpm/xcode
builtin-SwiftPerFileCompile Channel.swift
SwiftCompile normal arm64_32 /Users/admin/builder/spi-builder-workspace/Sources/Appwrite/Client.swift (in target 'Appwrite' from project 'Appwrite')
cd /Users/admin/builder/spi-builder-workspace/.swiftpm/xcode
builtin-SwiftPerFileCompile Client.swift
SwiftCompile normal arm64_32 /Users/admin/builder/spi-builder-workspace/Sources/Appwrite/DeviceInfo/Linux/LinuxDeviceInfo.swift (in target 'Appwrite' from project 'Appwrite')
cd /Users/admin/builder/spi-builder-workspace/.swiftpm/xcode
builtin-SwiftPerFileCompile LinuxDeviceInfo.swift
SwiftCompile normal arm64_32 /Users/admin/builder/spi-builder-workspace/Sources/Appwrite/DeviceInfo/OSDeviceInfo.swift (in target 'Appwrite' from project 'Appwrite')
cd /Users/admin/builder/spi-builder-workspace/.swiftpm/xcode
builtin-SwiftPerFileCompile OSDeviceInfo.swift
SwiftCompile normal arm64_32 /Users/admin/builder/spi-builder-workspace/Sources/Appwrite/DeviceInfo/Windows/WindowsDeviceInfo.swift (in target 'Appwrite' from project 'Appwrite')
cd /Users/admin/builder/spi-builder-workspace/.swiftpm/xcode
builtin-SwiftPerFileCompile WindowsDeviceInfo.swift
SwiftCompile normal arm64_32 /Users/admin/builder/spi-builder-workspace/Sources/Appwrite/DeviceInfo/iOS/IOSDeviceInfo.swift (in target 'Appwrite' from project 'Appwrite')
cd /Users/admin/builder/spi-builder-workspace/.swiftpm/xcode
builtin-SwiftPerFileCompile IOSDeviceInfo.swift
SwiftCompile normal arm64_32 Compiling\ HTTPClientRequest+Cookies.swift,\ String+MimeTypes.swift,\ ID.swift,\ AppwriteError.swift,\ InputFile.swift,\ RealtimeModels.swift /Users/admin/builder/spi-builder-workspace/Sources/Appwrite/Extensions/HTTPClientRequest+Cookies.swift /Users/admin/builder/spi-builder-workspace/Sources/Appwrite/Extensions/String+MimeTypes.swift /Users/admin/builder/spi-builder-workspace/Sources/Appwrite/ID.swift /Users/admin/builder/spi-builder-workspace/Sources/Appwrite/Models/AppwriteError.swift /Users/admin/builder/spi-builder-workspace/Sources/Appwrite/Models/InputFile.swift /Users/admin/builder/spi-builder-workspace/Sources/Appwrite/Models/RealtimeModels.swift (in target 'Appwrite' from project 'Appwrite')
SwiftCompile normal arm64_32 /Users/admin/builder/spi-builder-workspace/Sources/Appwrite/Extensions/HTTPClientRequest+Cookies.swift (in target 'Appwrite' from project 'Appwrite')
cd /Users/admin/builder/spi-builder-workspace/.swiftpm/xcode
builtin-SwiftPerFileCompile HTTPClientRequest+Cookies.swift
SwiftCompile normal arm64_32 /Users/admin/builder/spi-builder-workspace/Sources/Appwrite/Extensions/String+MimeTypes.swift (in target 'Appwrite' from project 'Appwrite')
cd /Users/admin/builder/spi-builder-workspace/.swiftpm/xcode
builtin-SwiftPerFileCompile String+MimeTypes.swift
SwiftCompile normal arm64_32 /Users/admin/builder/spi-builder-workspace/Sources/Appwrite/ID.swift (in target 'Appwrite' from project 'Appwrite')
cd /Users/admin/builder/spi-builder-workspace/.swiftpm/xcode
builtin-SwiftPerFileCompile ID.swift
SwiftCompile normal arm64_32 /Users/admin/builder/spi-builder-workspace/Sources/Appwrite/Models/AppwriteError.swift (in target 'Appwrite' from project 'Appwrite')
cd /Users/admin/builder/spi-builder-workspace/.swiftpm/xcode
builtin-SwiftPerFileCompile AppwriteError.swift
SwiftCompile normal arm64_32 /Users/admin/builder/spi-builder-workspace/Sources/Appwrite/Models/InputFile.swift (in target 'Appwrite' from project 'Appwrite')
cd /Users/admin/builder/spi-builder-workspace/.swiftpm/xcode
builtin-SwiftPerFileCompile InputFile.swift
SwiftCompile normal arm64_32 /Users/admin/builder/spi-builder-workspace/Sources/Appwrite/Models/RealtimeModels.swift (in target 'Appwrite' from project 'Appwrite')
cd /Users/admin/builder/spi-builder-workspace/.swiftpm/xcode
builtin-SwiftPerFileCompile RealtimeModels.swift
SwiftCompile normal arm64_32 Compiling\ HTTPHandler.swift,\ MessageHandler.swift,\ WebSocketClient.swift,\ WebSocketClientDelegate.swift,\ WebSocketClientError.swift /Users/admin/builder/spi-builder-workspace/Sources/Appwrite/WebSockets/HTTPHandler.swift /Users/admin/builder/spi-builder-workspace/Sources/Appwrite/WebSockets/MessageHandler.swift /Users/admin/builder/spi-builder-workspace/Sources/Appwrite/WebSockets/WebSocketClient.swift /Users/admin/builder/spi-builder-workspace/Sources/Appwrite/WebSockets/WebSocketClientDelegate.swift /Users/admin/builder/spi-builder-workspace/Sources/Appwrite/WebSockets/WebSocketClientError.swift (in target 'Appwrite' from project 'Appwrite')
/Users/admin/builder/spi-builder-workspace/Sources/Appwrite/WebSockets/WebSocketClient.swift:260:17: warning: capture of 'self' with non-Sendable type 'WebSocketClient' in a '@Sendable' closure [#SendableClosureCaptures]
17 | ///
18 | /// Creates a connection to the remote host and allows setting callbacks for messages sent from the WebSocket server.
19 | public class WebSocketClient {
| `- note: class 'WebSocketClient' does not conform to the 'Sendable' protocol
20 |
21 | // MARK: - Properties
:
258 | .channelOption(socketOptions, value: 1)
259 | .channelInitializer {
260 | self.openChannel(channel: $0)
| `- warning: capture of 'self' with non-Sendable type 'WebSocketClient' in a '@Sendable' closure [#SendableClosureCaptures]
261 | }
262 |
/Users/admin/builder/spi-builder-workspace/Sources/Appwrite/WebSockets/WebSocketClient.swift:282:56: warning: type 'HTTPHandler' does not conform to the 'Sendable' protocol
280 | upgraders: [basicUpgrader],
281 | completionHandler: { context in
282 | context.channel.pipeline.removeHandler(httpHandler, promise: nil)
| `- warning: type 'HTTPHandler' does not conform to the 'Sendable' protocol
283 | }
284 | )
/Users/admin/builder/spi-builder-workspace/Sources/Appwrite/WebSockets/HTTPHandler.swift:8:7: note: class 'HTTPHandler' does not conform to the 'Sendable' protocol
6 | ///
7 | /// Adds the required headers to the outbound upgrade connection request and handles success and failures responses.
8 | class HTTPHandler {
| `- note: class 'HTTPHandler' does not conform to the 'Sendable' protocol
9 |
10 | unowned let client: WebSocketClient
SwiftCompile normal arm64_32 /Users/admin/builder/spi-builder-workspace/Sources/Appwrite/WebSockets/HTTPHandler.swift (in target 'Appwrite' from project 'Appwrite')
cd /Users/admin/builder/spi-builder-workspace/.swiftpm/xcode
builtin-SwiftPerFileCompile HTTPHandler.swift
SwiftCompile normal arm64_32 /Users/admin/builder/spi-builder-workspace/Sources/Appwrite/WebSockets/MessageHandler.swift (in target 'Appwrite' from project 'Appwrite')
cd /Users/admin/builder/spi-builder-workspace/.swiftpm/xcode
builtin-SwiftPerFileCompile MessageHandler.swift
SwiftCompile normal arm64_32 /Users/admin/builder/spi-builder-workspace/Sources/Appwrite/WebSockets/WebSocketClient.swift (in target 'Appwrite' from project 'Appwrite')
cd /Users/admin/builder/spi-builder-workspace/.swiftpm/xcode
builtin-SwiftPerFileCompile WebSocketClient.swift
SwiftCompile normal arm64_32 /Users/admin/builder/spi-builder-workspace/Sources/Appwrite/WebSockets/WebSocketClientDelegate.swift (in target 'Appwrite' from project 'Appwrite')
cd /Users/admin/builder/spi-builder-workspace/.swiftpm/xcode
builtin-SwiftPerFileCompile WebSocketClientDelegate.swift
SwiftCompile normal arm64_32 /Users/admin/builder/spi-builder-workspace/Sources/Appwrite/WebSockets/WebSocketClientError.swift (in target 'Appwrite' from project 'Appwrite')
cd /Users/admin/builder/spi-builder-workspace/.swiftpm/xcode
builtin-SwiftPerFileCompile WebSocketClientError.swift
SwiftCompile normal arm64_32 Compiling\ TablesDB.swift,\ Teams.swift,\ VectorsDB.swift,\ StreamingDelegate.swift,\ Topic.swift /Users/admin/builder/spi-builder-workspace/Sources/Appwrite/Services/TablesDB.swift /Users/admin/builder/spi-builder-workspace/Sources/Appwrite/Services/Teams.swift /Users/admin/builder/spi-builder-workspace/Sources/Appwrite/Services/VectorsDB.swift /Users/admin/builder/spi-builder-workspace/Sources/Appwrite/StreamingDelegate.swift /Users/admin/builder/spi-builder-workspace/Sources/Appwrite/Topic.swift (in target 'Appwrite' from project 'Appwrite')
SwiftCompile normal arm64_32 /Users/admin/builder/spi-builder-workspace/Sources/Appwrite/Services/TablesDB.swift (in target 'Appwrite' from project 'Appwrite')
cd /Users/admin/builder/spi-builder-workspace/.swiftpm/xcode
builtin-SwiftPerFileCompile TablesDB.swift
SwiftCompile normal arm64_32 /Users/admin/builder/spi-builder-workspace/Sources/Appwrite/Services/Teams.swift (in target 'Appwrite' from project 'Appwrite')
cd /Users/admin/builder/spi-builder-workspace/.swiftpm/xcode
builtin-SwiftPerFileCompile Teams.swift
SwiftCompile normal arm64_32 /Users/admin/builder/spi-builder-workspace/Sources/Appwrite/Services/VectorsDB.swift (in target 'Appwrite' from project 'Appwrite')
cd /Users/admin/builder/spi-builder-workspace/.swiftpm/xcode
builtin-SwiftPerFileCompile VectorsDB.swift
SwiftCompile normal arm64_32 /Users/admin/builder/spi-builder-workspace/Sources/Appwrite/StreamingDelegate.swift (in target 'Appwrite' from project 'Appwrite')
cd /Users/admin/builder/spi-builder-workspace/.swiftpm/xcode
builtin-SwiftPerFileCompile StreamingDelegate.swift
SwiftCompile normal arm64_32 /Users/admin/builder/spi-builder-workspace/Sources/Appwrite/Topic.swift (in target 'Appwrite' from project 'Appwrite')
cd /Users/admin/builder/spi-builder-workspace/.swiftpm/xcode
builtin-SwiftPerFileCompile Topic.swift
SwiftCompile normal arm64_32 Compiling\ UploadProgress.swift,\ View+OAuth.swift,\ WebAuthComponent.swift,\ Operator.swift,\ PackageInfo+Apple.swift,\ PackageInfo+Linux.swift /Users/admin/builder/spi-builder-workspace/Sources/Appwrite/Models/UploadProgress.swift /Users/admin/builder/spi-builder-workspace/Sources/Appwrite/OAuth/View+OAuth.swift /Users/admin/builder/spi-builder-workspace/Sources/Appwrite/OAuth/WebAuthComponent.swift /Users/admin/builder/spi-builder-workspace/Sources/Appwrite/Operator.swift /Users/admin/builder/spi-builder-workspace/Sources/Appwrite/PackageInfo/Apple/PackageInfo+Apple.swift /Users/admin/builder/spi-builder-workspace/Sources/Appwrite/PackageInfo/Linux/PackageInfo+Linux.swift (in target 'Appwrite' from project 'Appwrite')
/Users/admin/builder/spi-builder-workspace/Sources/Appwrite/OAuth/WebAuthComponent.swift:166:77: error: 'ASPresentationAnchor' is unavailable in watchOS
164 | static let shared = PresentationContextProvider()
165 |
166 | func presentationAnchor(for session: ASWebAuthenticationSession) -> ASPresentationAnchor {
| `- error: 'ASPresentationAnchor' is unavailable in watchOS
167 | if let mainWindow = OSApplication.shared.windows.first(where: { $0.isKeyWindow }) {
168 | return mainWindow
/Applications/Xcode-27.0.0.app/Contents/Developer/Platforms/WatchOS.platform/Developer/SDKs/WatchOS27.0.sdk/System/Library/Frameworks/AuthenticationServices.framework/Headers/ASFoundation.h:39:20: note: 'ASPresentationAnchor' has been explicitly marked unavailable here
37 | #import <UIKit/UIKit.h>
38 | #if __has_include(<UIKit/UIWindow.h>)
39 | typedef UIWindow * ASPresentationAnchor API_UNAVAILABLE(watchos);
| `- note: 'ASPresentationAnchor' has been explicitly marked unavailable here
40 | #endif
41 | #if __has_include(<UIKit/UIViewController.h>) && !defined(ASViewController)
/Users/admin/builder/spi-builder-workspace/Sources/Appwrite/OAuth/WebAuthComponent.swift:163:50: error: 'ASWebAuthenticationPresentationContextProviding' is unavailable in watchOS
161 | #if canImport(AuthenticationServices)
162 | /// Presentation context for the ASWebAuthenticationSession.
163 | class PresentationContextProvider: NSObject, ASWebAuthenticationPresentationContextProviding {
| `- error: 'ASWebAuthenticationPresentationContextProviding' is unavailable in watchOS
164 | static let shared = PresentationContextProvider()
165 |
/Applications/Xcode-27.0.0.app/Contents/Developer/Platforms/WatchOS.platform/Developer/SDKs/WatchOS27.0.sdk/System/Library/Frameworks/AuthenticationServices.framework/Headers/ASWebAuthenticationSession.h:115:11: note: 'ASWebAuthenticationPresentationContextProviding' has been explicitly marked unavailable here
113 | API_AVAILABLE(ios(13.0), macos(10.15)) API_UNAVAILABLE(tvos, watchos)
114 | NS_SWIFT_UI_ACTOR
115 | @protocol ASWebAuthenticationPresentationContextProviding <NSObject>
| `- note: 'ASWebAuthenticationPresentationContextProviding' has been explicitly marked unavailable here
116 |
117 | #if !TARGET_OS_WATCH
/Users/admin/builder/spi-builder-workspace/Sources/Appwrite/OAuth/WebAuthComponent.swift:59:25: error: 'presentationContextProvider' is unavailable in watchOS
57 | /// Indicates that the session should be a private session.
58 | session.prefersEphemeralWebBrowserSession = true
59 | session.presentationContextProvider = PresentationContextProvider.shared
| `- error: 'presentationContextProvider' is unavailable in watchOS
60 | session.start()
61 | } else {
/Applications/Xcode-27.0.0.app/Contents/Developer/Platforms/WatchOS.platform/Developer/SDKs/WatchOS27.0.sdk/System/Library/Frameworks/AuthenticationServices.framework/Headers/ASWebAuthenticationSession.h:77:82: note: 'presentationContextProvider' has been explicitly marked unavailable here
75 | 13.0, the desired window is inferred by the application's key window.
76 | */
77 | @property (nonatomic, weak) id <ASWebAuthenticationPresentationContextProviding> presentationContextProvider API_AVAILABLE(ios(13.0), macos(10.15)) API_UNAVAILABLE(watchos, tvos);
| `- note: 'presentationContextProvider' has been explicitly marked unavailable here
78 |
79 | /*! @abstract Indicates whether this session should ask the browser for an ephemeral session.
/Users/admin/builder/spi-builder-workspace/Sources/Appwrite/OAuth/WebAuthComponent.swift:167:54: error: value of type '() -> WKApplication' has no member 'windows'
165 |
166 | func presentationAnchor(for session: ASWebAuthenticationSession) -> ASPresentationAnchor {
167 | if let mainWindow = OSApplication.shared.windows.first(where: { $0.isKeyWindow }) {
| `- error: value of type '() -> WKApplication' has no member 'windows'
168 | return mainWindow
169 | }
/Users/admin/builder/spi-builder-workspace/Sources/Appwrite/OAuth/WebAuthComponent.swift:171:20: error: 'ASPresentationAnchor' is unavailable in watchOS
169 | }
170 |
171 | return ASPresentationAnchor()
| `- error: 'ASPresentationAnchor' is unavailable in watchOS
172 | }
173 | }
/Applications/Xcode-27.0.0.app/Contents/Developer/Platforms/WatchOS.platform/Developer/SDKs/WatchOS27.0.sdk/System/Library/Frameworks/AuthenticationServices.framework/Headers/ASFoundation.h:39:20: note: 'ASPresentationAnchor' has been explicitly marked unavailable here
37 | #import <UIKit/UIKit.h>
38 | #if __has_include(<UIKit/UIWindow.h>)
39 | typedef UIWindow * ASPresentationAnchor API_UNAVAILABLE(watchos);
| `- note: 'ASPresentationAnchor' has been explicitly marked unavailable here
40 | #endif
41 | #if __has_include(<UIKit/UIViewController.h>) && !defined(ASViewController)
SwiftCompile normal arm64_32 /Users/admin/builder/spi-builder-workspace/Sources/Appwrite/Models/UploadProgress.swift (in target 'Appwrite' from project 'Appwrite')
cd /Users/admin/builder/spi-builder-workspace/.swiftpm/xcode
builtin-SwiftPerFileCompile UploadProgress.swift
SwiftCompile normal arm64_32 /Users/admin/builder/spi-builder-workspace/Sources/Appwrite/OAuth/View+OAuth.swift (in target 'Appwrite' from project 'Appwrite')
cd /Users/admin/builder/spi-builder-workspace/.swiftpm/xcode
builtin-SwiftPerFileCompile View+OAuth.swift
SwiftCompile normal arm64_32 /Users/admin/builder/spi-builder-workspace/Sources/Appwrite/OAuth/WebAuthComponent.swift (in target 'Appwrite' from project 'Appwrite')
cd /Users/admin/builder/spi-builder-workspace/.swiftpm/xcode
builtin-SwiftPerFileCompile WebAuthComponent.swift
SwiftCompile normal arm64_32 /Users/admin/builder/spi-builder-workspace/Sources/Appwrite/Operator.swift (in target 'Appwrite' from project 'Appwrite')
cd /Users/admin/builder/spi-builder-workspace/.swiftpm/xcode
builtin-SwiftPerFileCompile Operator.swift
SwiftCompile normal arm64_32 /Users/admin/builder/spi-builder-workspace/Sources/Appwrite/PackageInfo/Apple/PackageInfo+Apple.swift (in target 'Appwrite' from project 'Appwrite')
cd /Users/admin/builder/spi-builder-workspace/.swiftpm/xcode
builtin-SwiftPerFileCompile PackageInfo+Apple.swift
SwiftCompile normal arm64_32 /Users/admin/builder/spi-builder-workspace/Sources/Appwrite/PackageInfo/Linux/PackageInfo+Linux.swift (in target 'Appwrite' from project 'Appwrite')
cd /Users/admin/builder/spi-builder-workspace/.swiftpm/xcode
builtin-SwiftPerFileCompile PackageInfo+Linux.swift
SwiftEmitModule normal arm64 Emitting\ module\ for\ Appwrite (in target 'Appwrite' from project 'Appwrite')
SwiftCompile normal arm64 (in target 'Appwrite' from project 'Appwrite')
cd /Users/admin/builder/spi-builder-workspace/.swiftpm/xcode
SwiftDriverJobDiscovery normal arm64_32 Compiling HTTPClientRequest+Cookies.swift, String+MimeTypes.swift, ID.swift, AppwriteError.swift, InputFile.swift, RealtimeModels.swift (in target 'Appwrite' from project 'Appwrite')
SwiftCompile normal arm64 Compiling\ UploadProgress.swift,\ View+OAuth.swift,\ WebAuthComponent.swift,\ Operator.swift,\ PackageInfo+Apple.swift,\ PackageInfo+Linux.swift /Users/admin/builder/spi-builder-workspace/Sources/Appwrite/Models/UploadProgress.swift /Users/admin/builder/spi-builder-workspace/Sources/Appwrite/OAuth/View+OAuth.swift /Users/admin/builder/spi-builder-workspace/Sources/Appwrite/OAuth/WebAuthComponent.swift /Users/admin/builder/spi-builder-workspace/Sources/Appwrite/Operator.swift /Users/admin/builder/spi-builder-workspace/Sources/Appwrite/PackageInfo/Apple/PackageInfo+Apple.swift /Users/admin/builder/spi-builder-workspace/Sources/Appwrite/PackageInfo/Linux/PackageInfo+Linux.swift (in target 'Appwrite' from project 'Appwrite')
SwiftCompile normal arm64 /Users/admin/builder/spi-builder-workspace/Sources/Appwrite/Models/UploadProgress.swift (in target 'Appwrite' from project 'Appwrite')
cd /Users/admin/builder/spi-builder-workspace/.swiftpm/xcode
builtin-SwiftPerFileCompile UploadProgress.swift
SwiftCompile normal arm64 /Users/admin/builder/spi-builder-workspace/Sources/Appwrite/OAuth/View+OAuth.swift (in target 'Appwrite' from project 'Appwrite')
cd /Users/admin/builder/spi-builder-workspace/.swiftpm/xcode
builtin-SwiftPerFileCompile View+OAuth.swift
SwiftCompile normal arm64 /Users/admin/builder/spi-builder-workspace/Sources/Appwrite/OAuth/WebAuthComponent.swift (in target 'Appwrite' from project 'Appwrite')
cd /Users/admin/builder/spi-builder-workspace/.swiftpm/xcode
builtin-SwiftPerFileCompile WebAuthComponent.swift
SwiftCompile normal arm64 /Users/admin/builder/spi-builder-workspace/Sources/Appwrite/Operator.swift (in target 'Appwrite' from project 'Appwrite')
cd /Users/admin/builder/spi-builder-workspace/.swiftpm/xcode
builtin-SwiftPerFileCompile Operator.swift
SwiftCompile normal arm64 /Users/admin/builder/spi-builder-workspace/Sources/Appwrite/PackageInfo/Apple/PackageInfo+Apple.swift (in target 'Appwrite' from project 'Appwrite')
cd /Users/admin/builder/spi-builder-workspace/.swiftpm/xcode
builtin-SwiftPerFileCompile PackageInfo+Apple.swift
SwiftCompile normal arm64 /Users/admin/builder/spi-builder-workspace/Sources/Appwrite/PackageInfo/Linux/PackageInfo+Linux.swift (in target 'Appwrite' from project 'Appwrite')
cd /Users/admin/builder/spi-builder-workspace/.swiftpm/xcode
builtin-SwiftPerFileCompile PackageInfo+Linux.swift
PruneExplicitPrecompiledModules /Users/admin/builder/spi-builder-workspace/.derivedData/Build/Intermediates.noindex/SwiftExplicitPrecompiledModules
PruneExplicitPrecompiledModules /Users/admin/builder/spi-builder-workspace/.derivedData/Build/Intermediates.noindex/ExplicitPrecompiledModules
PruneExplicitPrecompiledModules /Users/admin/builder/spi-builder-workspace/.derivedData/SDKExplicitPrecompiledModules
2026-10-09 20:14:07.119 xcodebuild[4916:18383] [MT] IDERunDestination: Supported platforms for the buildables in the current scheme is empty.
** BUILD FAILED **
The following build commands failed:
SwiftCompile normal arm64_32 (in target 'Appwrite' from project 'Appwrite')
SwiftEmitModule normal arm64_32 Emitting\ module\ for\ Appwrite (in target 'Appwrite' from project 'Appwrite')
Building workspace Appwrite with scheme Appwrite
(3 failures)
BUILD FAILURE 6.4 watchOS