Build Information
Failed to build CoinbaseSDK, reference master (3548d4), with Swift 6.4 for watchOS using Xcode 27.0 on 16 Sep 2026 03:53:21 UTC.
Build Command
env DEVELOPER_DIR=/Applications/Xcode-27.0.0-Release.Candidate.app xcrun xcodebuild -IDEClonedSourcePackagesDirPathOverride=$PWD/.dependencies -skipMacroValidation -skipPackagePluginValidation -derivedDataPath $PWD/.derivedData build -scheme CoinbaseSDK-Package -destination generic/platform=watchOSBuild Log
Ld /Users/admin/builder/spi-builder-workspace/.derivedData/Build/Intermediates.noindex/RxSwift.build/Debug-watchos/RxAtomic-t.build/Objects-normal/arm64_32/Binary/RxAtomic.o normal arm64_32 (in target 'RxAtomic' from project 'RxSwift')
cd /Users/admin/builder/spi-builder-workspace/.dependencies/checkouts/RxSwift
/Applications/Xcode-27.0.0-Release.Candidate.app/Contents/Developer/Toolchains/XcodeDefault.xctoolchain/usr/bin/clang -Xlinker -reproducible -target arm64_32-apple-watchos9.0 -r -isysroot /Applications/Xcode-27.0.0-Release.Candidate.app/Contents/Developer/Platforms/WatchOS.platform/Developer/SDKs/WatchOS27.0.sdk -O0 -w -Xlinker -no_warn_duplicate_libraries -F/Users/admin/builder/spi-builder-workspace/.derivedData/Build/Intermediates.noindex/EagerLinkingTBDs/Debug-watchos -F/Users/admin/builder/spi-builder-workspace/.derivedData/Build/Products/Debug-watchos -iframework /Applications/Xcode-27.0.0-Release.Candidate.app/Contents/Developer/Platforms/WatchOS.platform/Developer/Library/Frameworks -iframework /Applications/Xcode-27.0.0-Release.Candidate.app/Contents/Developer/Platforms/WatchOS.platform/Developer/SDKs/WatchOS27.0.sdk/Developer/Library/Frameworks -filelist /Users/admin/builder/spi-builder-workspace/.derivedData/Build/Intermediates.noindex/RxSwift.build/Debug-watchos/RxAtomic-t.build/Objects-normal/arm64_32/RxAtomic.LinkFileList -nostdlib -Xlinker -object_path_lto -Xlinker /Users/admin/builder/spi-builder-workspace/.derivedData/Build/Intermediates.noindex/RxSwift.build/Debug-watchos/RxAtomic-t.build/Objects-normal/arm64_32/RxAtomic_lto.o -Xlinker -no_deduplicate -Xlinker -dependency_info -Xlinker /Users/admin/builder/spi-builder-workspace/.derivedData/Build/Intermediates.noindex/RxSwift.build/Debug-watchos/RxAtomic-t.build/Objects-normal/arm64_32/RxAtomic_dependency_info.dat -o /Users/admin/builder/spi-builder-workspace/.derivedData/Build/Intermediates.noindex/RxSwift.build/Debug-watchos/RxAtomic-t.build/Objects-normal/arm64_32/Binary/RxAtomic.o
Ld /Users/admin/builder/spi-builder-workspace/.derivedData/Build/Intermediates.noindex/RxSwift.build/Debug-watchos/RxAtomic-t.build/Objects-normal/arm64/Binary/RxAtomic.o normal arm64 (in target 'RxAtomic' from project 'RxSwift')
cd /Users/admin/builder/spi-builder-workspace/.dependencies/checkouts/RxSwift
/Applications/Xcode-27.0.0-Release.Candidate.app/Contents/Developer/Toolchains/XcodeDefault.xctoolchain/usr/bin/clang -Xlinker -reproducible -target arm64-apple-watchos9.0 -r -isysroot /Applications/Xcode-27.0.0-Release.Candidate.app/Contents/Developer/Platforms/WatchOS.platform/Developer/SDKs/WatchOS27.0.sdk -O0 -w -Xlinker -no_warn_duplicate_libraries -F/Users/admin/builder/spi-builder-workspace/.derivedData/Build/Intermediates.noindex/EagerLinkingTBDs/Debug-watchos -F/Users/admin/builder/spi-builder-workspace/.derivedData/Build/Products/Debug-watchos -iframework /Applications/Xcode-27.0.0-Release.Candidate.app/Contents/Developer/Platforms/WatchOS.platform/Developer/Library/Frameworks -iframework /Applications/Xcode-27.0.0-Release.Candidate.app/Contents/Developer/Platforms/WatchOS.platform/Developer/SDKs/WatchOS27.0.sdk/Developer/Library/Frameworks -filelist /Users/admin/builder/spi-builder-workspace/.derivedData/Build/Intermediates.noindex/RxSwift.build/Debug-watchos/RxAtomic-t.build/Objects-normal/arm64/RxAtomic.LinkFileList -nostdlib -Xlinker -object_path_lto -Xlinker /Users/admin/builder/spi-builder-workspace/.derivedData/Build/Intermediates.noindex/RxSwift.build/Debug-watchos/RxAtomic-t.build/Objects-normal/arm64/RxAtomic_lto.o -Xlinker -no_deduplicate -Xlinker -dependency_info -Xlinker /Users/admin/builder/spi-builder-workspace/.derivedData/Build/Intermediates.noindex/RxSwift.build/Debug-watchos/RxAtomic-t.build/Objects-normal/arm64/RxAtomic_dependency_info.dat -o /Users/admin/builder/spi-builder-workspace/.derivedData/Build/Intermediates.noindex/RxSwift.build/Debug-watchos/RxAtomic-t.build/Objects-normal/arm64/Binary/RxAtomic.o
CreateUniversalBinary /Users/admin/builder/spi-builder-workspace/.derivedData/Build/Products/Debug-watchos/RxAtomic.o normal arm64\ arm64_32 (in target 'RxAtomic' from project 'RxSwift')
cd /Users/admin/builder/spi-builder-workspace/.dependencies/checkouts/RxSwift
/Applications/Xcode-27.0.0-Release.Candidate.app/Contents/Developer/Toolchains/XcodeDefault.xctoolchain/usr/bin/lipo -create /Users/admin/builder/spi-builder-workspace/.derivedData/Build/Intermediates.noindex/RxSwift.build/Debug-watchos/RxAtomic-t.build/Objects-normal/arm64/Binary/RxAtomic.o /Users/admin/builder/spi-builder-workspace/.derivedData/Build/Intermediates.noindex/RxSwift.build/Debug-watchos/RxAtomic-t.build/Objects-normal/arm64_32/Binary/RxAtomic.o -output /Users/admin/builder/spi-builder-workspace/.derivedData/Build/Products/Debug-watchos/RxAtomic.o
SwiftEmitModule normal arm64_32 Emitting\ module\ for\ CoinbaseSDK (in target 'CoinbaseSDK' from project 'CoinbaseSDK')
SwiftCompile normal arm64_32 (in target 'CoinbaseSDK' from project 'CoinbaseSDK')
cd /Users/admin/builder/spi-builder-workspace/.swiftpm/xcode
/Users/admin/builder/spi-builder-workspace/Source/Network/GeneralDeviceInfo.swift:24:9: warning: result of call to 'gethostuuid' is unused [#NoUsage]
22 | var hwUUIDBytes: [UInt8] = [0, 0, 0, 0, 0, 0, 0, 0, 0, 0, 0, 0, 0, 0, 0, 0]
23 | var timeSpec = timespec(tv_sec: 0, tv_nsec: 0)
24 | gethostuuid(&hwUUIDBytes, &timeSpec)
| `- warning: result of call to 'gethostuuid' is unused [#NoUsage]
25 | return NSUUID(uuidBytes: hwUUIDBytes).uuidString
26 | }()
/Users/admin/builder/spi-builder-workspace/Source/Network/GeneralDeviceInfo.swift:24:9: error: 'gethostuuid' is unavailable in watchOS
22 | var hwUUIDBytes: [UInt8] = [0, 0, 0, 0, 0, 0, 0, 0, 0, 0, 0, 0, 0, 0, 0, 0]
23 | var timeSpec = timespec(tv_sec: 0, tv_nsec: 0)
24 | gethostuuid(&hwUUIDBytes, &timeSpec)
| `- error: 'gethostuuid' is unavailable in watchOS
25 | return NSUUID(uuidBytes: hwUUIDBytes).uuidString
26 | }()
/Applications/Xcode-27.0.0-Release.Candidate.app/Contents/Developer/Platforms/WatchOS.platform/Developer/SDKs/WatchOS27.0.sdk/usr/include/gethostuuid.h:41:5: note: 'gethostuuid' has been explicitly marked unavailable here
39 | int gethostuuid(uuid_t, const struct timespec *) __OSX_AVAILABLE_BUT_DEPRECATED_MSG(__MAC_NA, __MAC_NA, __IPHONE_2_0, __IPHONE_5_0, "gethostuuid() is no longer supported");
40 | #else
41 | int gethostuuid(uuid_t, const struct timespec *) __API_AVAILABLE(macos(10.5)) __API_UNAVAILABLE(ios, tvos, watchos);
| `- note: 'gethostuuid' has been explicitly marked unavailable here
42 | #endif
43 | __END_DECLS
/Users/admin/builder/spi-builder-workspace/Source/Network/GeneralDeviceInfo.swift:39:29: error: cannot find 'Host' in scope
37 | }()
38 |
39 | lazy var name: String = Host.current().name ?? ""
| `- error: cannot find 'Host' in scope
40 |
41 | #endif
/Users/admin/builder/spi-builder-workspace/Source/Network/Models/PaginationParameters.swift:135:5: warning: 'public' modifier is redundant for static method declared in a public extension
133 |
134 | /// Creates pagination parameters for next page request.
135 | public static func nextPage(from pagination: Pagination?) -> PaginationParameters? {
| `- warning: 'public' modifier is redundant for static method declared in a public extension
136 | return PaginationParameters(uri: pagination?.nextURI)
137 | }
SwiftCompile normal arm64_32 Compiling\ State.swift,\ ConvertibleFromData.swift,\ RequestConvertable.swift,\ ResourceAPIProtocol.swift,\ URLSessionProviderProtocol.swift,\ ValidationOptionsProtocol.swift,\ ServerTrustValidator.swift,\ SessionDelegate.swift,\ SessionManager.swift,\ SessionManagerProtocol.swift,\ AccountAccess.swift /Users/admin/builder/spi-builder-workspace/Source/Network/Promise/State.swift /Users/admin/builder/spi-builder-workspace/Source/Network/Protocols/ConvertibleFromData.swift /Users/admin/builder/spi-builder-workspace/Source/Network/Protocols/RequestConvertable.swift /Users/admin/builder/spi-builder-workspace/Source/Network/Protocols/ResourceAPIProtocol.swift /Users/admin/builder/spi-builder-workspace/Source/Network/Protocols/URLSessionProviderProtocol.swift /Users/admin/builder/spi-builder-workspace/Source/Network/Protocols/ValidationOptionsProtocol.swift /Users/admin/builder/spi-builder-workspace/Source/Network/ServerTrustValidator.swift /Users/admin/builder/spi-builder-workspace/Source/Network/SessionDelegate.swift /Users/admin/builder/spi-builder-workspace/Source/Network/SessionManager.swift /Users/admin/builder/spi-builder-workspace/Source/Network/SessionManagerProtocol.swift /Users/admin/builder/spi-builder-workspace/Source/OAuth/AccountAccess.swift (in target 'CoinbaseSDK' from project 'CoinbaseSDK')
/Users/admin/builder/spi-builder-workspace/Source/Network/Protocols/ConvertibleFromData.swift:38:12: warning: 'public' modifier is redundant for static method declared in a public extension
36 | public extension ConvertibleFromData where Self: Decodable {
37 |
38 | static public func convert(from data: Data) throws -> Self {
| `- warning: 'public' modifier is redundant for static method declared in a public extension
39 | let decoder = JSONDecoder()
40 | decoder.dateDecodingStrategy = .iso8601
SwiftCompile normal arm64_32 /Users/admin/builder/spi-builder-workspace/Source/Network/Promise/State.swift (in target 'CoinbaseSDK' from project 'CoinbaseSDK')
cd /Users/admin/builder/spi-builder-workspace/.swiftpm/xcode
builtin-SwiftPerFileCompile State.swift
SwiftCompile normal arm64_32 /Users/admin/builder/spi-builder-workspace/Source/Network/Protocols/ConvertibleFromData.swift (in target 'CoinbaseSDK' from project 'CoinbaseSDK')
cd /Users/admin/builder/spi-builder-workspace/.swiftpm/xcode
builtin-SwiftPerFileCompile ConvertibleFromData.swift
SwiftCompile normal arm64_32 /Users/admin/builder/spi-builder-workspace/Source/Network/Protocols/RequestConvertable.swift (in target 'CoinbaseSDK' from project 'CoinbaseSDK')
cd /Users/admin/builder/spi-builder-workspace/.swiftpm/xcode
builtin-SwiftPerFileCompile RequestConvertable.swift
SwiftCompile normal arm64_32 /Users/admin/builder/spi-builder-workspace/Source/Network/Protocols/ResourceAPIProtocol.swift (in target 'CoinbaseSDK' from project 'CoinbaseSDK')
cd /Users/admin/builder/spi-builder-workspace/.swiftpm/xcode
builtin-SwiftPerFileCompile ResourceAPIProtocol.swift
SwiftCompile normal arm64_32 /Users/admin/builder/spi-builder-workspace/Source/Network/Protocols/URLSessionProviderProtocol.swift (in target 'CoinbaseSDK' from project 'CoinbaseSDK')
cd /Users/admin/builder/spi-builder-workspace/.swiftpm/xcode
builtin-SwiftPerFileCompile URLSessionProviderProtocol.swift
SwiftCompile normal arm64_32 /Users/admin/builder/spi-builder-workspace/Source/Network/Protocols/ValidationOptionsProtocol.swift (in target 'CoinbaseSDK' from project 'CoinbaseSDK')
cd /Users/admin/builder/spi-builder-workspace/.swiftpm/xcode
builtin-SwiftPerFileCompile ValidationOptionsProtocol.swift
SwiftCompile normal arm64_32 /Users/admin/builder/spi-builder-workspace/Source/Network/ServerTrustValidator.swift (in target 'CoinbaseSDK' from project 'CoinbaseSDK')
cd /Users/admin/builder/spi-builder-workspace/.swiftpm/xcode
builtin-SwiftPerFileCompile ServerTrustValidator.swift
SwiftCompile normal arm64_32 /Users/admin/builder/spi-builder-workspace/Source/Network/SessionDelegate.swift (in target 'CoinbaseSDK' from project 'CoinbaseSDK')
cd /Users/admin/builder/spi-builder-workspace/.swiftpm/xcode
builtin-SwiftPerFileCompile SessionDelegate.swift
SwiftCompile normal arm64_32 /Users/admin/builder/spi-builder-workspace/Source/Network/SessionManager.swift (in target 'CoinbaseSDK' from project 'CoinbaseSDK')
cd /Users/admin/builder/spi-builder-workspace/.swiftpm/xcode
builtin-SwiftPerFileCompile SessionManager.swift
SwiftCompile normal arm64_32 /Users/admin/builder/spi-builder-workspace/Source/Network/SessionManagerProtocol.swift (in target 'CoinbaseSDK' from project 'CoinbaseSDK')
cd /Users/admin/builder/spi-builder-workspace/.swiftpm/xcode
builtin-SwiftPerFileCompile SessionManagerProtocol.swift
SwiftCompile normal arm64_32 /Users/admin/builder/spi-builder-workspace/Source/OAuth/AccountAccess.swift (in target 'CoinbaseSDK' from project 'CoinbaseSDK')
cd /Users/admin/builder/spi-builder-workspace/.swiftpm/xcode
builtin-SwiftPerFileCompile AccountAccess.swift
SwiftCompile normal arm64_32 Compiling\ Coinbase.swift,\ AccessTokenProvider.swift,\ TokenRefreshDataProvider.swift,\ Result+promiseCallback.swift,\ TokenAutoRefreshInterceptor.swift,\ GeneralDeviceInfo.swift,\ DefaultResponse.swift,\ ErrorModel.swift,\ ErrorResponse.swift,\ NetworkErrors.swift,\ PaginationParameters.swift /Users/admin/builder/spi-builder-workspace/Source/Coinbase.swift /Users/admin/builder/spi-builder-workspace/Source/DataProviders/AccessTokenProvider.swift /Users/admin/builder/spi-builder-workspace/Source/DataProviders/TokenRefreshDataProvider.swift /Users/admin/builder/spi-builder-workspace/Source/Extentions/Result+promiseCallback.swift /Users/admin/builder/spi-builder-workspace/Source/Extentions/TokenAutoRefreshInterceptor.swift /Users/admin/builder/spi-builder-workspace/Source/Network/GeneralDeviceInfo.swift /Users/admin/builder/spi-builder-workspace/Source/Network/Models/DefaultResponse.swift /Users/admin/builder/spi-builder-workspace/Source/Network/Models/Errors/ErrorModel.swift /Users/admin/builder/spi-builder-workspace/Source/Network/Models/Errors/ErrorResponse.swift /Users/admin/builder/spi-builder-workspace/Source/Network/Models/Errors/NetworkErrors.swift /Users/admin/builder/spi-builder-workspace/Source/Network/Models/PaginationParameters.swift (in target 'CoinbaseSDK' from project 'CoinbaseSDK')
/Users/admin/builder/spi-builder-workspace/Source/Network/GeneralDeviceInfo.swift:24:9: warning: result of call to 'gethostuuid' is unused [#NoUsage]
22 | var hwUUIDBytes: [UInt8] = [0, 0, 0, 0, 0, 0, 0, 0, 0, 0, 0, 0, 0, 0, 0, 0]
23 | var timeSpec = timespec(tv_sec: 0, tv_nsec: 0)
24 | gethostuuid(&hwUUIDBytes, &timeSpec)
| `- warning: result of call to 'gethostuuid' is unused [#NoUsage]
25 | return NSUUID(uuidBytes: hwUUIDBytes).uuidString
26 | }()
/Users/admin/builder/spi-builder-workspace/Source/Network/GeneralDeviceInfo.swift:24:9: error: 'gethostuuid' is unavailable in watchOS
22 | var hwUUIDBytes: [UInt8] = [0, 0, 0, 0, 0, 0, 0, 0, 0, 0, 0, 0, 0, 0, 0, 0]
23 | var timeSpec = timespec(tv_sec: 0, tv_nsec: 0)
24 | gethostuuid(&hwUUIDBytes, &timeSpec)
| `- error: 'gethostuuid' is unavailable in watchOS
25 | return NSUUID(uuidBytes: hwUUIDBytes).uuidString
26 | }()
/Applications/Xcode-27.0.0-Release.Candidate.app/Contents/Developer/Platforms/WatchOS.platform/Developer/SDKs/WatchOS27.0.sdk/usr/include/gethostuuid.h:41:5: note: 'gethostuuid' has been explicitly marked unavailable here
39 | int gethostuuid(uuid_t, const struct timespec *) __OSX_AVAILABLE_BUT_DEPRECATED_MSG(__MAC_NA, __MAC_NA, __IPHONE_2_0, __IPHONE_5_0, "gethostuuid() is no longer supported");
40 | #else
41 | int gethostuuid(uuid_t, const struct timespec *) __API_AVAILABLE(macos(10.5)) __API_UNAVAILABLE(ios, tvos, watchos);
| `- note: 'gethostuuid' has been explicitly marked unavailable here
42 | #endif
43 | __END_DECLS
/Users/admin/builder/spi-builder-workspace/Source/Network/GeneralDeviceInfo.swift:39:29: error: cannot find 'Host' in scope
37 | }()
38 |
39 | lazy var name: String = Host.current().name ?? ""
| `- error: cannot find 'Host' in scope
40 |
41 | #endif
/Users/admin/builder/spi-builder-workspace/Source/Network/Models/PaginationParameters.swift:135:5: warning: 'public' modifier is redundant for static method declared in a public extension
133 |
134 | /// Creates pagination parameters for next page request.
135 | public static func nextPage(from pagination: Pagination?) -> PaginationParameters? {
| `- warning: 'public' modifier is redundant for static method declared in a public extension
136 | return PaginationParameters(uri: pagination?.nextURI)
137 | }
SwiftCompile normal arm64_32 /Users/admin/builder/spi-builder-workspace/Source/Coinbase.swift (in target 'CoinbaseSDK' from project 'CoinbaseSDK')
cd /Users/admin/builder/spi-builder-workspace/.swiftpm/xcode
builtin-SwiftPerFileCompile Coinbase.swift
SwiftCompile normal arm64_32 /Users/admin/builder/spi-builder-workspace/Source/DataProviders/AccessTokenProvider.swift (in target 'CoinbaseSDK' from project 'CoinbaseSDK')
cd /Users/admin/builder/spi-builder-workspace/.swiftpm/xcode
builtin-SwiftPerFileCompile AccessTokenProvider.swift
SwiftCompile normal arm64_32 /Users/admin/builder/spi-builder-workspace/Source/DataProviders/TokenRefreshDataProvider.swift (in target 'CoinbaseSDK' from project 'CoinbaseSDK')
cd /Users/admin/builder/spi-builder-workspace/.swiftpm/xcode
builtin-SwiftPerFileCompile TokenRefreshDataProvider.swift
SwiftCompile normal arm64_32 /Users/admin/builder/spi-builder-workspace/Source/Extentions/Result+promiseCallback.swift (in target 'CoinbaseSDK' from project 'CoinbaseSDK')
cd /Users/admin/builder/spi-builder-workspace/.swiftpm/xcode
builtin-SwiftPerFileCompile Result+promiseCallback.swift
SwiftCompile normal arm64_32 /Users/admin/builder/spi-builder-workspace/Source/Extentions/TokenAutoRefreshInterceptor.swift (in target 'CoinbaseSDK' from project 'CoinbaseSDK')
cd /Users/admin/builder/spi-builder-workspace/.swiftpm/xcode
builtin-SwiftPerFileCompile TokenAutoRefreshInterceptor.swift
SwiftCompile normal arm64_32 /Users/admin/builder/spi-builder-workspace/Source/Network/GeneralDeviceInfo.swift (in target 'CoinbaseSDK' from project 'CoinbaseSDK')
cd /Users/admin/builder/spi-builder-workspace/.swiftpm/xcode
builtin-SwiftPerFileCompile GeneralDeviceInfo.swift
SwiftCompile normal arm64_32 /Users/admin/builder/spi-builder-workspace/Source/Network/Models/DefaultResponse.swift (in target 'CoinbaseSDK' from project 'CoinbaseSDK')
cd /Users/admin/builder/spi-builder-workspace/.swiftpm/xcode
builtin-SwiftPerFileCompile DefaultResponse.swift
SwiftCompile normal arm64_32 /Users/admin/builder/spi-builder-workspace/Source/Network/Models/Errors/ErrorModel.swift (in target 'CoinbaseSDK' from project 'CoinbaseSDK')
cd /Users/admin/builder/spi-builder-workspace/.swiftpm/xcode
builtin-SwiftPerFileCompile ErrorModel.swift
SwiftCompile normal arm64_32 /Users/admin/builder/spi-builder-workspace/Source/Network/Models/Errors/ErrorResponse.swift (in target 'CoinbaseSDK' from project 'CoinbaseSDK')
cd /Users/admin/builder/spi-builder-workspace/.swiftpm/xcode
builtin-SwiftPerFileCompile ErrorResponse.swift
SwiftCompile normal arm64_32 /Users/admin/builder/spi-builder-workspace/Source/Network/Models/Errors/NetworkErrors.swift (in target 'CoinbaseSDK' from project 'CoinbaseSDK')
cd /Users/admin/builder/spi-builder-workspace/.swiftpm/xcode
builtin-SwiftPerFileCompile NetworkErrors.swift
SwiftCompile normal arm64_32 /Users/admin/builder/spi-builder-workspace/Source/Network/Models/PaginationParameters.swift (in target 'CoinbaseSDK' from project 'CoinbaseSDK')
cd /Users/admin/builder/spi-builder-workspace/.swiftpm/xcode
builtin-SwiftPerFileCompile PaginationParameters.swift
SwiftCompile normal arm64_32 Compiling\ Response.swift,\ EmptyData.swift,\ Pagination.swift,\ ResponseModel.swift,\ Warning.swift,\ Result.swift,\ NetworkConstants.swift,\ NetworkPromises.swift,\ NetworkUtils.swift,\ Callback.swift,\ Promise.swift /Users/admin/builder/spi-builder-workspace/Source/Network/Models/Response.swift /Users/admin/builder/spi-builder-workspace/Source/Network/Models/ResponseModels/EmptyData.swift /Users/admin/builder/spi-builder-workspace/Source/Network/Models/ResponseModels/Pagination.swift /Users/admin/builder/spi-builder-workspace/Source/Network/Models/ResponseModels/ResponseModel.swift /Users/admin/builder/spi-builder-workspace/Source/Network/Models/ResponseModels/Warning.swift /Users/admin/builder/spi-builder-workspace/Source/Network/Models/Result.swift /Users/admin/builder/spi-builder-workspace/Source/Network/NetworkConstants.swift /Users/admin/builder/spi-builder-workspace/Source/Network/NetworkPromises.swift /Users/admin/builder/spi-builder-workspace/Source/Network/NetworkUtils.swift /Users/admin/builder/spi-builder-workspace/Source/Network/Promise/Callback.swift /Users/admin/builder/spi-builder-workspace/Source/Network/Promise/Promise.swift (in target 'CoinbaseSDK' from project 'CoinbaseSDK')
/Users/admin/builder/spi-builder-workspace/Source/Network/NetworkUtils.swift:25:48: warning: 'languageCode' was deprecated in watchOS 9: renamed to 'language.languageCode.identifier' [#DeprecatedDeclaration]
23 | headers[HeaderKeys.accept] = "application/json"
24 |
25 | if let languageCode = NSLocale.current.languageCode {
| |- warning: 'languageCode' was deprecated in watchOS 9: renamed to 'language.languageCode.identifier' [#DeprecatedDeclaration]
| `- note: use 'language.languageCode.identifier' instead
26 | headers[HeaderKeys.acceptLanguage] = languageCode
27 | }
/Users/admin/builder/spi-builder-workspace/Source/Network/Promise/Promise.swift:110:5: warning: 'public' modifier is redundant for property declared in a public extension
108 |
109 | /// `true` if promise is neither fulfilled nor rejected; otherwise, `false`.
110 | public var isPending: Bool {
| `- warning: 'public' modifier is redundant for property declared in a public extension
111 | return !isFulfilled && !isRejected
112 | }
/Users/admin/builder/spi-builder-workspace/Source/Network/Promise/Promise.swift:115:5: warning: 'public' modifier is redundant for property declared in a public extension
113 |
114 | /// `true` if promise completed successfully; otherwise, `false`.
115 | public var isFulfilled: Bool {
| `- warning: 'public' modifier is redundant for property declared in a public extension
116 | return value != nil
117 | }
/Users/admin/builder/spi-builder-workspace/Source/Network/Promise/Promise.swift:120:5: warning: 'public' modifier is redundant for property declared in a public extension
118 |
119 | /// `true` if promise failed; otherwise, `false`.
120 | public var isRejected: Bool {
| `- warning: 'public' modifier is redundant for property declared in a public extension
121 | return error != nil
122 | }
/Users/admin/builder/spi-builder-workspace/Source/Network/Promise/Promise.swift:125:5: warning: 'public' modifier is redundant for property declared in a public extension
123 |
124 | /// Returns associated value if promise completed successfully; otherwise, returns `nil`.
125 | public var value: Value? {
| `- warning: 'public' modifier is redundant for property declared in a public extension
126 | return lockQueue.sync(execute: {
127 | return self.state.value
/Users/admin/builder/spi-builder-workspace/Source/Network/Promise/Promise.swift:132:5: warning: 'public' modifier is redundant for property declared in a public extension
130 |
131 | /// Returns associated error if promise failed; otherwise, returns `nil`.
132 | public var error: Error? {
| `- warning: 'public' modifier is redundant for property declared in a public extension
133 | return lockQueue.sync(execute: {
134 | return self.state.error
/Users/admin/builder/spi-builder-workspace/Source/Network/Promise/Promise.swift:200:5: warning: 'public' modifier is redundant for instance method declared in a public extension
198 | ///
199 | @discardableResult
200 | public func then(on queue: DispatchQueue = .main,
| `- warning: 'public' modifier is redundant for instance method declared in a public extension
201 | _ onFulfill: @escaping (_ value: Value) -> Void,
202 | _ onReject: @escaping (_ error: Error) -> Void = { _ in }) -> Promise<Value> {
/Users/admin/builder/spi-builder-workspace/Source/Network/Promise/Promise.swift:219:5: warning: 'public' modifier is redundant for instance method declared in a public extension
217 | ///
218 | @discardableResult
219 | public func then<NewValue>(on queue: DispatchQueue = .main,
| `- warning: 'public' modifier is redundant for instance method declared in a public extension
220 | _ onFulfill: @escaping (_ value: Value) throws -> NewValue) -> Promise<NewValue> {
221 | return Promise<NewValue>(queue: queue) { fulfill, reject in
/Users/admin/builder/spi-builder-workspace/Source/Network/Promise/Promise.swift:244:5: warning: 'public' modifier is redundant for instance method declared in a public extension
242 | ///
243 | @discardableResult
244 | public func then<NewValue>(on queue: DispatchQueue = .main,
| `- warning: 'public' modifier is redundant for instance method declared in a public extension
245 | _ onFulfill: @escaping (_ value: Value) throws -> Promise<NewValue>) -> Promise<NewValue> {
246 | return Promise<NewValue>(queue: queue) { fulfill, reject in
/Users/admin/builder/spi-builder-workspace/Source/Network/Promise/Promise.swift:271:5: warning: 'public' modifier is redundant for instance method declared in a public extension
269 | ///
270 | @discardableResult
271 | public func recover(on queue: DispatchQueue = .main,
| `- warning: 'public' modifier is redundant for instance method declared in a public extension
272 | _ onReject: @escaping (_ error: Error) throws -> Promise<Value>) -> Promise<Value> {
273 | return Promise(queue: queue) { fulfill, reject in
/Users/admin/builder/spi-builder-workspace/Source/Network/Promise/Promise.swift:298:5: warning: 'public' modifier is redundant for instance method declared in a public extension
296 | ///
297 | @discardableResult
298 | public func `catch`(on queue: DispatchQueue = .main,
| `- warning: 'public' modifier is redundant for instance method declared in a public extension
299 | _ onReject: @escaping (_ error: Error) -> Void) -> Promise<Value> {
300 | return then(on: queue, { _ in }, onReject)
SwiftCompile normal arm64_32 /Users/admin/builder/spi-builder-workspace/Source/Network/Models/Response.swift (in target 'CoinbaseSDK' from project 'CoinbaseSDK')
cd /Users/admin/builder/spi-builder-workspace/.swiftpm/xcode
builtin-SwiftPerFileCompile Response.swift
SwiftCompile normal arm64_32 /Users/admin/builder/spi-builder-workspace/Source/Network/Models/ResponseModels/EmptyData.swift (in target 'CoinbaseSDK' from project 'CoinbaseSDK')
cd /Users/admin/builder/spi-builder-workspace/.swiftpm/xcode
builtin-SwiftPerFileCompile EmptyData.swift
SwiftCompile normal arm64_32 /Users/admin/builder/spi-builder-workspace/Source/Network/Models/ResponseModels/Pagination.swift (in target 'CoinbaseSDK' from project 'CoinbaseSDK')
cd /Users/admin/builder/spi-builder-workspace/.swiftpm/xcode
builtin-SwiftPerFileCompile Pagination.swift
SwiftCompile normal arm64_32 /Users/admin/builder/spi-builder-workspace/Source/Network/Models/ResponseModels/ResponseModel.swift (in target 'CoinbaseSDK' from project 'CoinbaseSDK')
cd /Users/admin/builder/spi-builder-workspace/.swiftpm/xcode
builtin-SwiftPerFileCompile ResponseModel.swift
SwiftCompile normal arm64_32 /Users/admin/builder/spi-builder-workspace/Source/Network/Models/ResponseModels/Warning.swift (in target 'CoinbaseSDK' from project 'CoinbaseSDK')
cd /Users/admin/builder/spi-builder-workspace/.swiftpm/xcode
builtin-SwiftPerFileCompile Warning.swift
SwiftCompile normal arm64_32 /Users/admin/builder/spi-builder-workspace/Source/Network/Models/Result.swift (in target 'CoinbaseSDK' from project 'CoinbaseSDK')
cd /Users/admin/builder/spi-builder-workspace/.swiftpm/xcode
builtin-SwiftPerFileCompile Result.swift
SwiftCompile normal arm64_32 /Users/admin/builder/spi-builder-workspace/Source/Network/NetworkConstants.swift (in target 'CoinbaseSDK' from project 'CoinbaseSDK')
cd /Users/admin/builder/spi-builder-workspace/.swiftpm/xcode
builtin-SwiftPerFileCompile NetworkConstants.swift
SwiftCompile normal arm64_32 /Users/admin/builder/spi-builder-workspace/Source/Network/NetworkPromises.swift (in target 'CoinbaseSDK' from project 'CoinbaseSDK')
cd /Users/admin/builder/spi-builder-workspace/.swiftpm/xcode
builtin-SwiftPerFileCompile NetworkPromises.swift
SwiftCompile normal arm64_32 /Users/admin/builder/spi-builder-workspace/Source/Network/NetworkUtils.swift (in target 'CoinbaseSDK' from project 'CoinbaseSDK')
cd /Users/admin/builder/spi-builder-workspace/.swiftpm/xcode
builtin-SwiftPerFileCompile NetworkUtils.swift
SwiftCompile normal arm64_32 /Users/admin/builder/spi-builder-workspace/Source/Network/Promise/Callback.swift (in target 'CoinbaseSDK' from project 'CoinbaseSDK')
cd /Users/admin/builder/spi-builder-workspace/.swiftpm/xcode
builtin-SwiftPerFileCompile Callback.swift
SwiftCompile normal arm64_32 /Users/admin/builder/spi-builder-workspace/Source/Network/Promise/Promise.swift (in target 'CoinbaseSDK' from project 'CoinbaseSDK')
cd /Users/admin/builder/spi-builder-workspace/.swiftpm/xcode
builtin-SwiftPerFileCompile Promise.swift
SwiftCompile normal arm64_32 Compiling\ Account.swift,\ Currency.swift,\ Address.swift,\ AddressResource.swift,\ AddressesAPI.swift,\ BaseResource.swift,\ Buy.swift,\ BuyResource.swift,\ CurrenciesAPI.swift,\ CurrenciesResource.swift,\ CurrencyInfo.swift /Users/admin/builder/spi-builder-workspace/Source/Resources/Accounts/Models/Account.swift /Users/admin/builder/spi-builder-workspace/Source/Resources/Accounts/Models/Currency.swift /Users/admin/builder/spi-builder-workspace/Source/Resources/Addresses/Address.swift /Users/admin/builder/spi-builder-workspace/Source/Resources/Addresses/AddressResource.swift /Users/admin/builder/spi-builder-workspace/Source/Resources/Addresses/AddressesAPI.swift /Users/admin/builder/spi-builder-workspace/Source/Resources/BaseResource.swift /Users/admin/builder/spi-builder-workspace/Source/Resources/Buys/Buy.swift /Users/admin/builder/spi-builder-workspace/Source/Resources/Buys/BuyResource.swift /Users/admin/builder/spi-builder-workspace/Source/Resources/Currencies/CurrenciesAPI.swift /Users/admin/builder/spi-builder-workspace/Source/Resources/Currencies/CurrenciesResource.swift /Users/admin/builder/spi-builder-workspace/Source/Resources/Currencies/CurrencyInfo.swift (in target 'CoinbaseSDK' from project 'CoinbaseSDK')
SwiftCompile normal arm64_32 /Users/admin/builder/spi-builder-workspace/Source/Resources/Accounts/Models/Account.swift (in target 'CoinbaseSDK' from project 'CoinbaseSDK')
cd /Users/admin/builder/spi-builder-workspace/.swiftpm/xcode
builtin-SwiftPerFileCompile Account.swift
SwiftCompile normal arm64_32 /Users/admin/builder/spi-builder-workspace/Source/Resources/Accounts/Models/Currency.swift (in target 'CoinbaseSDK' from project 'CoinbaseSDK')
cd /Users/admin/builder/spi-builder-workspace/.swiftpm/xcode
builtin-SwiftPerFileCompile Currency.swift
SwiftCompile normal arm64_32 /Users/admin/builder/spi-builder-workspace/Source/Resources/Addresses/Address.swift (in target 'CoinbaseSDK' from project 'CoinbaseSDK')
cd /Users/admin/builder/spi-builder-workspace/.swiftpm/xcode
builtin-SwiftPerFileCompile Address.swift
SwiftCompile normal arm64_32 /Users/admin/builder/spi-builder-workspace/Source/Resources/Addresses/AddressResource.swift (in target 'CoinbaseSDK' from project 'CoinbaseSDK')
cd /Users/admin/builder/spi-builder-workspace/.swiftpm/xcode
builtin-SwiftPerFileCompile AddressResource.swift
SwiftCompile normal arm64_32 /Users/admin/builder/spi-builder-workspace/Source/Resources/Addresses/AddressesAPI.swift (in target 'CoinbaseSDK' from project 'CoinbaseSDK')
cd /Users/admin/builder/spi-builder-workspace/.swiftpm/xcode
builtin-SwiftPerFileCompile AddressesAPI.swift
SwiftCompile normal arm64_32 /Users/admin/builder/spi-builder-workspace/Source/Resources/BaseResource.swift (in target 'CoinbaseSDK' from project 'CoinbaseSDK')
cd /Users/admin/builder/spi-builder-workspace/.swiftpm/xcode
builtin-SwiftPerFileCompile BaseResource.swift
SwiftCompile normal arm64_32 /Users/admin/builder/spi-builder-workspace/Source/Resources/Buys/Buy.swift (in target 'CoinbaseSDK' from project 'CoinbaseSDK')
cd /Users/admin/builder/spi-builder-workspace/.swiftpm/xcode
builtin-SwiftPerFileCompile Buy.swift
SwiftCompile normal arm64_32 /Users/admin/builder/spi-builder-workspace/Source/Resources/Buys/BuyResource.swift (in target 'CoinbaseSDK' from project 'CoinbaseSDK')
cd /Users/admin/builder/spi-builder-workspace/.swiftpm/xcode
builtin-SwiftPerFileCompile BuyResource.swift
SwiftCompile normal arm64_32 /Users/admin/builder/spi-builder-workspace/Source/Resources/Currencies/CurrenciesAPI.swift (in target 'CoinbaseSDK' from project 'CoinbaseSDK')
cd /Users/admin/builder/spi-builder-workspace/.swiftpm/xcode
builtin-SwiftPerFileCompile CurrenciesAPI.swift
SwiftCompile normal arm64_32 /Users/admin/builder/spi-builder-workspace/Source/Resources/Currencies/CurrenciesResource.swift (in target 'CoinbaseSDK' from project 'CoinbaseSDK')
cd /Users/admin/builder/spi-builder-workspace/.swiftpm/xcode
builtin-SwiftPerFileCompile CurrenciesResource.swift
SwiftCompile normal arm64_32 /Users/admin/builder/spi-builder-workspace/Source/Resources/Currencies/CurrencyInfo.swift (in target 'CoinbaseSDK' from project 'CoinbaseSDK')
cd /Users/admin/builder/spi-builder-workspace/.swiftpm/xcode
builtin-SwiftPerFileCompile CurrencyInfo.swift
SwiftCompile normal arm64_32 Compiling\ UserToken.swift,\ BuySellParameters.swift,\ DepositWithdrawalParameters.swift,\ TradeParameters.swift,\ Trade.swift,\ TradeExpandOption.swift,\ TradeResourceProtocol.swift,\ TradesAPI.swift,\ ApplicationModel.swift,\ CryptoAddress.swift,\ EmailModel.swift /Users/admin/builder/spi-builder-workspace/Source/Resources/Token/UserToken.swift /Users/admin/builder/spi-builder-workspace/Source/Resources/Trades/RequestParameters/BuySellParameters.swift /Users/admin/builder/spi-builder-workspace/Source/Resources/Trades/RequestParameters/DepositWithdrawalParameters.swift /Users/admin/builder/spi-builder-workspace/Source/Resources/Trades/RequestParameters/TradeParameters.swift /Users/admin/builder/spi-builder-workspace/Source/Resources/Trades/Trade.swift /Users/admin/builder/spi-builder-workspace/Source/Resources/Trades/TradeExpandOption.swift /Users/admin/builder/spi-builder-workspace/Source/Resources/Trades/TradeResourceProtocol.swift /Users/admin/builder/spi-builder-workspace/Source/Resources/Trades/TradesAPI.swift /Users/admin/builder/spi-builder-workspace/Source/Resources/Transactions/Models/ApplicationModel.swift /Users/admin/builder/spi-builder-workspace/Source/Resources/Transactions/Models/CryptoAddress.swift /Users/admin/builder/spi-builder-workspace/Source/Resources/Transactions/Models/EmailModel.swift (in target 'CoinbaseSDK' from project 'CoinbaseSDK')
/Users/admin/builder/spi-builder-workspace/Source/Resources/Trades/TradeResourceProtocol.swift:157:5: warning: 'public' modifier is redundant for instance method declared in a public extension
155 | public extension TradeResourceProtocol where Self: BaseResource {
156 |
157 | public func list(accountID: String, expandOptions: [TradeExpandOption] = [], page: PaginationParameters = PaginationParameters(),
| `- warning: 'public' modifier is redundant for instance method declared in a public extension
158 | completion: @escaping (_ result: Result<ResponseModel<[Model]>>) -> Void) {
159 | let endpoint = TradesAPI.list(tradeType: type, accountID: accountID, expandOptions: expandOptions, page: page)
/Users/admin/builder/spi-builder-workspace/Source/Resources/Trades/TradeResourceProtocol.swift:163:5: warning: 'public' modifier is redundant for instance method declared in a public extension
161 | }
162 |
163 | public func show(accountID: String, tradeID: String, expandOptions: [TradeExpandOption] = [], completion: @escaping (_ result: Result<Model>) -> Void) {
| `- warning: 'public' modifier is redundant for instance method declared in a public extension
164 | let endpoint = TradesAPI.show(tradeType: type, accountID: accountID, tradeID: tradeID, expandOptions: expandOptions)
165 | performRequest(for: endpoint, completion: completion)
/Users/admin/builder/spi-builder-workspace/Source/Resources/Trades/TradeResourceProtocol.swift:168:5: warning: 'public' modifier is redundant for instance method declared in a public extension
166 | }
167 |
168 | public func placeOrder(accountID: String, expandOptions: [TradeExpandOption] = [], parameters: Parameters, completion: @escaping (_ result: Result<Model>) -> Void) {
| `- warning: 'public' modifier is redundant for instance method declared in a public extension
169 | let endpoint = TradesAPI.placeOrder(tradeType: type, accountID: accountID, expandOptions: expandOptions, parameters: parameters)
170 | performRequest(for: endpoint, completion: completion)
SwiftCompile normal arm64_32 /Users/admin/builder/spi-builder-workspace/Source/Resources/Token/UserToken.swift (in target 'CoinbaseSDK' from project 'CoinbaseSDK')
cd /Users/admin/builder/spi-builder-workspace/.swiftpm/xcode
builtin-SwiftPerFileCompile UserToken.swift
SwiftCompile normal arm64_32 /Users/admin/builder/spi-builder-workspace/Source/Resources/Trades/RequestParameters/BuySellParameters.swift (in target 'CoinbaseSDK' from project 'CoinbaseSDK')
cd /Users/admin/builder/spi-builder-workspace/.swiftpm/xcode
builtin-SwiftPerFileCompile BuySellParameters.swift
SwiftCompile normal arm64_32 /Users/admin/builder/spi-builder-workspace/Source/Resources/Trades/RequestParameters/DepositWithdrawalParameters.swift (in target 'CoinbaseSDK' from project 'CoinbaseSDK')
cd /Users/admin/builder/spi-builder-workspace/.swiftpm/xcode
builtin-SwiftPerFileCompile DepositWithdrawalParameters.swift
SwiftCompile normal arm64_32 /Users/admin/builder/spi-builder-workspace/Source/Resources/Trades/RequestParameters/TradeParameters.swift (in target 'CoinbaseSDK' from project 'CoinbaseSDK')
cd /Users/admin/builder/spi-builder-workspace/.swiftpm/xcode
builtin-SwiftPerFileCompile TradeParameters.swift
SwiftCompile normal arm64_32 /Users/admin/builder/spi-builder-workspace/Source/Resources/Trades/Trade.swift (in target 'CoinbaseSDK' from project 'CoinbaseSDK')
cd /Users/admin/builder/spi-builder-workspace/.swiftpm/xcode
builtin-SwiftPerFileCompile Trade.swift
SwiftCompile normal arm64_32 /Users/admin/builder/spi-builder-workspace/Source/Resources/Trades/TradeExpandOption.swift (in target 'CoinbaseSDK' from project 'CoinbaseSDK')
cd /Users/admin/builder/spi-builder-workspace/.swiftpm/xcode
builtin-SwiftPerFileCompile TradeExpandOption.swift
SwiftCompile normal arm64_32 /Users/admin/builder/spi-builder-workspace/Source/Resources/Trades/TradeResourceProtocol.swift (in target 'CoinbaseSDK' from project 'CoinbaseSDK')
cd /Users/admin/builder/spi-builder-workspace/.swiftpm/xcode
builtin-SwiftPerFileCompile TradeResourceProtocol.swift
SwiftCompile normal arm64_32 /Users/admin/builder/spi-builder-workspace/Source/Resources/Trades/TradesAPI.swift (in target 'CoinbaseSDK' from project 'CoinbaseSDK')
cd /Users/admin/builder/spi-builder-workspace/.swiftpm/xcode
builtin-SwiftPerFileCompile TradesAPI.swift
SwiftCompile normal arm64_32 /Users/admin/builder/spi-builder-workspace/Source/Resources/Transactions/Models/ApplicationModel.swift (in target 'CoinbaseSDK' from project 'CoinbaseSDK')
cd /Users/admin/builder/spi-builder-workspace/.swiftpm/xcode
builtin-SwiftPerFileCompile ApplicationModel.swift
SwiftCompile normal arm64_32 /Users/admin/builder/spi-builder-workspace/Source/Resources/Transactions/Models/CryptoAddress.swift (in target 'CoinbaseSDK' from project 'CoinbaseSDK')
cd /Users/admin/builder/spi-builder-workspace/.swiftpm/xcode
builtin-SwiftPerFileCompile CryptoAddress.swift
SwiftCompile normal arm64_32 /Users/admin/builder/spi-builder-workspace/Source/Resources/Transactions/Models/EmailModel.swift (in target 'CoinbaseSDK' from project 'CoinbaseSDK')
cd /Users/admin/builder/spi-builder-workspace/.swiftpm/xcode
builtin-SwiftPerFileCompile EmailModel.swift
SwiftCompile normal arm64_32 Compiling\ OAuth.swift,\ OAuthConstants.swift,\ OAuthError.swift,\ OAuthErrorResponse.swift,\ OAuthFlowType.swift,\ OAuthURLBuilder.swift,\ RedirectURIsValidator.swift,\ String+Random.swift,\ URLOpenerProtocol.swift,\ AccountResource.swift,\ AccountsAPI.swift /Users/admin/builder/spi-builder-workspace/Source/OAuth/OAuth.swift /Users/admin/builder/spi-builder-workspace/Source/OAuth/OAuthConstants.swift /Users/admin/builder/spi-builder-workspace/Source/OAuth/OAuthError.swift /Users/admin/builder/spi-builder-workspace/Source/OAuth/OAuthErrorResponse.swift /Users/admin/builder/spi-builder-workspace/Source/OAuth/OAuthFlowType.swift /Users/admin/builder/spi-builder-workspace/Source/OAuth/OAuthURLBuilder.swift /Users/admin/builder/spi-builder-workspace/Source/OAuth/RedirectURIsValidator.swift /Users/admin/builder/spi-builder-workspace/Source/OAuth/String+Random.swift /Users/admin/builder/spi-builder-workspace/Source/OAuth/URLOpenerProtocol.swift /Users/admin/builder/spi-builder-workspace/Source/Resources/Accounts/AccountResource.swift /Users/admin/builder/spi-builder-workspace/Source/Resources/Accounts/AccountsAPI.swift (in target 'CoinbaseSDK' from project 'CoinbaseSDK')
SwiftCompile normal arm64_32 /Users/admin/builder/spi-builder-workspace/Source/OAuth/OAuth.swift (in target 'CoinbaseSDK' from project 'CoinbaseSDK')
cd /Users/admin/builder/spi-builder-workspace/.swiftpm/xcode
builtin-SwiftPerFileCompile OAuth.swift
SwiftCompile normal arm64_32 /Users/admin/builder/spi-builder-workspace/Source/OAuth/OAuthConstants.swift (in target 'CoinbaseSDK' from project 'CoinbaseSDK')
cd /Users/admin/builder/spi-builder-workspace/.swiftpm/xcode
builtin-SwiftPerFileCompile OAuthConstants.swift
SwiftCompile normal arm64_32 /Users/admin/builder/spi-builder-workspace/Source/OAuth/OAuthError.swift (in target 'CoinbaseSDK' from project 'CoinbaseSDK')
cd /Users/admin/builder/spi-builder-workspace/.swiftpm/xcode
builtin-SwiftPerFileCompile OAuthError.swift
SwiftCompile normal arm64_32 /Users/admin/builder/spi-builder-workspace/Source/OAuth/OAuthErrorResponse.swift (in target 'CoinbaseSDK' from project 'CoinbaseSDK')
cd /Users/admin/builder/spi-builder-workspace/.swiftpm/xcode
builtin-SwiftPerFileCompile OAuthErrorResponse.swift
SwiftCompile normal arm64_32 /Users/admin/builder/spi-builder-workspace/Source/OAuth/OAuthFlowType.swift (in target 'CoinbaseSDK' from project 'CoinbaseSDK')
cd /Users/admin/builder/spi-builder-workspace/.swiftpm/xcode
builtin-SwiftPerFileCompile OAuthFlowType.swift
SwiftCompile normal arm64_32 /Users/admin/builder/spi-builder-workspace/Source/OAuth/OAuthURLBuilder.swift (in target 'CoinbaseSDK' from project 'CoinbaseSDK')
cd /Users/admin/builder/spi-builder-workspace/.swiftpm/xcode
builtin-SwiftPerFileCompile OAuthURLBuilder.swift
SwiftCompile normal arm64_32 /Users/admin/builder/spi-builder-workspace/Source/OAuth/RedirectURIsValidator.swift (in target 'CoinbaseSDK' from project 'CoinbaseSDK')
cd /Users/admin/builder/spi-builder-workspace/.swiftpm/xcode
builtin-SwiftPerFileCompile RedirectURIsValidator.swift
SwiftCompile normal arm64_32 /Users/admin/builder/spi-builder-workspace/Source/OAuth/String+Random.swift (in target 'CoinbaseSDK' from project 'CoinbaseSDK')
cd /Users/admin/builder/spi-builder-workspace/.swiftpm/xcode
builtin-SwiftPerFileCompile String+Random.swift
SwiftCompile normal arm64_32 /Users/admin/builder/spi-builder-workspace/Source/OAuth/URLOpenerProtocol.swift (in target 'CoinbaseSDK' from project 'CoinbaseSDK')
cd /Users/admin/builder/spi-builder-workspace/.swiftpm/xcode
builtin-SwiftPerFileCompile URLOpenerProtocol.swift
SwiftCompile normal arm64_32 /Users/admin/builder/spi-builder-workspace/Source/Resources/Accounts/AccountResource.swift (in target 'CoinbaseSDK' from project 'CoinbaseSDK')
cd /Users/admin/builder/spi-builder-workspace/.swiftpm/xcode
builtin-SwiftPerFileCompile AccountResource.swift
SwiftCompile normal arm64_32 /Users/admin/builder/spi-builder-workspace/Source/Resources/Accounts/AccountsAPI.swift (in target 'CoinbaseSDK' from project 'CoinbaseSDK')
cd /Users/admin/builder/spi-builder-workspace/.swiftpm/xcode
builtin-SwiftPerFileCompile AccountsAPI.swift
SwiftCompile normal arm64_32 Compiling\ Deposit.swift,\ DepositResource.swift,\ ExchangeRates.swift,\ ExchangeRatesAPI.swift,\ ExchangeRatesResource.swift,\ NextRequirement.swift,\ PaymentMethod.swift,\ PaymentMethodLimit.swift,\ PaymentMethodLimits.swift,\ PaymentMethodExpandOption.swift,\ PaymentMethodResource.swift /Users/admin/builder/spi-builder-workspace/Source/Resources/Deposits/Deposit.swift /Users/admin/builder/spi-builder-workspace/Source/Resources/Deposits/DepositResource.swift /Users/admin/builder/spi-builder-workspace/Source/Resources/ExchangeRates/ExchangeRates.swift /Users/admin/builder/spi-builder-workspace/Source/Resources/ExchangeRates/ExchangeRatesAPI.swift /Users/admin/builder/spi-builder-workspace/Source/Resources/ExchangeRates/ExchangeRatesResource.swift /Users/admin/builder/spi-builder-workspace/Source/Resources/PaymentMethods/Models/NextRequirement.swift /Users/admin/builder/spi-builder-workspace/Source/Resources/PaymentMethods/Models/PaymentMethod.swift /Users/admin/builder/spi-builder-workspace/Source/Resources/PaymentMethods/Models/PaymentMethodLimit.swift /Users/admin/builder/spi-builder-workspace/Source/Resources/PaymentMethods/Models/PaymentMethodLimits.swift /Users/admin/builder/spi-builder-workspace/Source/Resources/PaymentMethods/PaymentMethodExpandOption.swift /Users/admin/builder/spi-builder-workspace/Source/Resources/PaymentMethods/PaymentMethodResource.swift (in target 'CoinbaseSDK' from project 'CoinbaseSDK')
SwiftCompile normal arm64_32 /Users/admin/builder/spi-builder-workspace/Source/Resources/Deposits/Deposit.swift (in target 'CoinbaseSDK' from project 'CoinbaseSDK')
cd /Users/admin/builder/spi-builder-workspace/.swiftpm/xcode
builtin-SwiftPerFileCompile Deposit.swift
SwiftCompile normal arm64_32 /Users/admin/builder/spi-builder-workspace/Source/Resources/Deposits/DepositResource.swift (in target 'CoinbaseSDK' from project 'CoinbaseSDK')
cd /Users/admin/builder/spi-builder-workspace/.swiftpm/xcode
builtin-SwiftPerFileCompile DepositResource.swift
SwiftCompile normal arm64_32 /Users/admin/builder/spi-builder-workspace/Source/Resources/ExchangeRates/ExchangeRates.swift (in target 'CoinbaseSDK' from project 'CoinbaseSDK')
cd /Users/admin/builder/spi-builder-workspace/.swiftpm/xcode
builtin-SwiftPerFileCompile ExchangeRates.swift
SwiftCompile normal arm64_32 /Users/admin/builder/spi-builder-workspace/Source/Resources/ExchangeRates/ExchangeRatesAPI.swift (in target 'CoinbaseSDK' from project 'CoinbaseSDK')
cd /Users/admin/builder/spi-builder-workspace/.swiftpm/xcode
builtin-SwiftPerFileCompile ExchangeRatesAPI.swift
SwiftCompile normal arm64_32 /Users/admin/builder/spi-builder-workspace/Source/Resources/ExchangeRates/ExchangeRatesResource.swift (in target 'CoinbaseSDK' from project 'CoinbaseSDK')
cd /Users/admin/builder/spi-builder-workspace/.swiftpm/xcode
builtin-SwiftPerFileCompile ExchangeRatesResource.swift
SwiftCompile normal arm64_32 /Users/admin/builder/spi-builder-workspace/Source/Resources/PaymentMethods/Models/NextRequirement.swift (in target 'CoinbaseSDK' from project 'CoinbaseSDK')
cd /Users/admin/builder/spi-builder-workspace/.swiftpm/xcode
builtin-SwiftPerFileCompile NextRequirement.swift
SwiftCompile normal arm64_32 /Users/admin/builder/spi-builder-workspace/Source/Resources/PaymentMethods/Models/PaymentMethod.swift (in target 'CoinbaseSDK' from project 'CoinbaseSDK')
cd /Users/admin/builder/spi-builder-workspace/.swiftpm/xcode
builtin-SwiftPerFileCompile PaymentMethod.swift
SwiftCompile normal arm64_32 /Users/admin/builder/spi-builder-workspace/Source/Resources/PaymentMethods/Models/PaymentMethodLimit.swift (in target 'CoinbaseSDK' from project 'CoinbaseSDK')
cd /Users/admin/builder/spi-builder-workspace/.swiftpm/xcode
builtin-SwiftPerFileCompile PaymentMethodLimit.swift
SwiftCompile normal arm64_32 /Users/admin/builder/spi-builder-workspace/Source/Resources/PaymentMethods/Models/PaymentMethodLimits.swift (in target 'CoinbaseSDK' from project 'CoinbaseSDK')
cd /Users/admin/builder/spi-builder-workspace/.swiftpm/xcode
builtin-SwiftPerFileCompile PaymentMethodLimits.swift
SwiftCompile normal arm64_32 /Users/admin/builder/spi-builder-workspace/Source/Resources/PaymentMethods/PaymentMethodExpandOption.swift (in target 'CoinbaseSDK' from project 'CoinbaseSDK')
cd /Users/admin/builder/spi-builder-workspace/.swiftpm/xcode
builtin-SwiftPerFileCompile PaymentMethodExpandOption.swift
SwiftCompile normal arm64_32 /Users/admin/builder/spi-builder-workspace/Source/Resources/PaymentMethods/PaymentMethodResource.swift (in target 'CoinbaseSDK' from project 'CoinbaseSDK')
cd /Users/admin/builder/spi-builder-workspace/.swiftpm/xcode
builtin-SwiftPerFileCompile PaymentMethodResource.swift
SwiftEmitModule normal arm64 Emitting\ module\ for\ CoinbaseSDK (in target 'CoinbaseSDK' from project 'CoinbaseSDK')
/Users/admin/builder/spi-builder-workspace/Source/Network/GeneralDeviceInfo.swift:24:9: warning: result of call to 'gethostuuid' is unused [#NoUsage]
22 | var hwUUIDBytes: [UInt8] = [0, 0, 0, 0, 0, 0, 0, 0, 0, 0, 0, 0, 0, 0, 0, 0]
23 | var timeSpec = timespec(tv_sec: 0, tv_nsec: 0)
24 | gethostuuid(&hwUUIDBytes, &timeSpec)
| `- warning: result of call to 'gethostuuid' is unused [#NoUsage]
25 | return NSUUID(uuidBytes: hwUUIDBytes).uuidString
26 | }()
/Users/admin/builder/spi-builder-workspace/Source/Network/GeneralDeviceInfo.swift:24:9: error: 'gethostuuid' is unavailable in watchOS
22 | var hwUUIDBytes: [UInt8] = [0, 0, 0, 0, 0, 0, 0, 0, 0, 0, 0, 0, 0, 0, 0, 0]
23 | var timeSpec = timespec(tv_sec: 0, tv_nsec: 0)
24 | gethostuuid(&hwUUIDBytes, &timeSpec)
| `- error: 'gethostuuid' is unavailable in watchOS
25 | return NSUUID(uuidBytes: hwUUIDBytes).uuidString
26 | }()
/Applications/Xcode-27.0.0-Release.Candidate.app/Contents/Developer/Platforms/WatchOS.platform/Developer/SDKs/WatchOS27.0.sdk/usr/include/gethostuuid.h:41:5: note: 'gethostuuid' has been explicitly marked unavailable here
39 | int gethostuuid(uuid_t, const struct timespec *) __OSX_AVAILABLE_BUT_DEPRECATED_MSG(__MAC_NA, __MAC_NA, __IPHONE_2_0, __IPHONE_5_0, "gethostuuid() is no longer supported");
40 | #else
41 | int gethostuuid(uuid_t, const struct timespec *) __API_AVAILABLE(macos(10.5)) __API_UNAVAILABLE(ios, tvos, watchos);
| `- note: 'gethostuuid' has been explicitly marked unavailable here
42 | #endif
43 | __END_DECLS
/Users/admin/builder/spi-builder-workspace/Source/Network/GeneralDeviceInfo.swift:39:29: error: cannot find 'Host' in scope
37 | }()
38 |
39 | lazy var name: String = Host.current().name ?? ""
| `- error: cannot find 'Host' in scope
40 |
41 | #endif
/Users/admin/builder/spi-builder-workspace/Source/Network/Models/PaginationParameters.swift:135:5: warning: 'public' modifier is redundant for static method declared in a public extension
133 |
134 | /// Creates pagination parameters for next page request.
135 | public static func nextPage(from pagination: Pagination?) -> PaginationParameters? {
| `- warning: 'public' modifier is redundant for static method declared in a public extension
136 | return PaginationParameters(uri: pagination?.nextURI)
137 | }
/Users/admin/builder/spi-builder-workspace/Source/Network/Models/PaginationParameters.swift:140:5: warning: 'public' modifier is redundant for static method declared in a public extension
138 |
139 | /// Creates pagination parameters for previous page request.
140 | public static func previousPage(from pagination: Pagination?) -> PaginationParameters? {
| `- warning: 'public' modifier is redundant for static method declared in a public extension
141 | return PaginationParameters(uri: pagination?.previousURI)
142 | }
/Users/admin/builder/spi-builder-workspace/Source/Network/Promise/Promise.swift:110:5: warning: 'public' modifier is redundant for property declared in a public extension
108 |
109 | /// `true` if promise is neither fulfilled nor rejected; otherwise, `false`.
110 | public var isPending: Bool {
| `- warning: 'public' modifier is redundant for property declared in a public extension
111 | return !isFulfilled && !isRejected
112 | }
/Users/admin/builder/spi-builder-workspace/Source/Network/Promise/Promise.swift:115:5: warning: 'public' modifier is redundant for property declared in a public extension
113 |
114 | /// `true` if promise completed successfully; otherwise, `false`.
115 | public var isFulfilled: Bool {
| `- warning: 'public' modifier is redundant for property declared in a public extension
116 | return value != nil
117 | }
/Users/admin/builder/spi-builder-workspace/Source/Network/Promise/Promise.swift:120:5: warning: 'public' modifier is redundant for property declared in a public extension
118 |
119 | /// `true` if promise failed; otherwise, `false`.
120 | public var isRejected: Bool {
| `- warning: 'public' modifier is redundant for property declared in a public extension
121 | return error != nil
122 | }
/Users/admin/builder/spi-builder-workspace/Source/Network/Promise/Promise.swift:125:5: warning: 'public' modifier is redundant for property declared in a public extension
123 |
124 | /// Returns associated value if promise completed successfully; otherwise, returns `nil`.
125 | public var value: Value? {
| `- warning: 'public' modifier is redundant for property declared in a public extension
126 | return lockQueue.sync(execute: {
127 | return self.state.value
/Users/admin/builder/spi-builder-workspace/Source/Network/Promise/Promise.swift:132:5: warning: 'public' modifier is redundant for property declared in a public extension
130 |
131 | /// Returns associated error if promise failed; otherwise, returns `nil`.
132 | public var error: Error? {
| `- warning: 'public' modifier is redundant for property declared in a public extension
133 | return lockQueue.sync(execute: {
134 | return self.state.error
/Users/admin/builder/spi-builder-workspace/Source/Network/Promise/Promise.swift:200:5: warning: 'public' modifier is redundant for instance method declared in a public extension
198 | ///
199 | @discardableResult
200 | public func then(on queue: DispatchQueue = .main,
| `- warning: 'public' modifier is redundant for instance method declared in a public extension
201 | _ onFulfill: @escaping (_ value: Value) -> Void,
202 | _ onReject: @escaping (_ error: Error) -> Void = { _ in }) -> Promise<Value> {
/Users/admin/builder/spi-builder-workspace/Source/Network/Promise/Promise.swift:219:5: warning: 'public' modifier is redundant for instance method declared in a public extension
217 | ///
218 | @discardableResult
219 | public func then<NewValue>(on queue: DispatchQueue = .main,
| `- warning: 'public' modifier is redundant for instance method declared in a public extension
220 | _ onFulfill: @escaping (_ value: Value) throws -> NewValue) -> Promise<NewValue> {
221 | return Promise<NewValue>(queue: queue) { fulfill, reject in
/Users/admin/builder/spi-builder-workspace/Source/Network/Promise/Promise.swift:244:5: warning: 'public' modifier is redundant for instance method declared in a public extension
242 | ///
243 | @discardableResult
244 | public func then<NewValue>(on queue: DispatchQueue = .main,
| `- warning: 'public' modifier is redundant for instance method declared in a public extension
245 | _ onFulfill: @escaping (_ value: Value) throws -> Promise<NewValue>) -> Promise<NewValue> {
246 | return Promise<NewValue>(queue: queue) { fulfill, reject in
/Users/admin/builder/spi-builder-workspace/Source/Network/Promise/Promise.swift:271:5: warning: 'public' modifier is redundant for instance method declared in a public extension
269 | ///
270 | @discardableResult
271 | public func recover(on queue: DispatchQueue = .main,
| `- warning: 'public' modifier is redundant for instance method declared in a public extension
272 | _ onReject: @escaping (_ error: Error) throws -> Promise<Value>) -> Promise<Value> {
273 | return Promise(queue: queue) { fulfill, reject in
/Users/admin/builder/spi-builder-workspace/Source/Network/Promise/Promise.swift:298:5: warning: 'public' modifier is redundant for instance method declared in a public extension
296 | ///
297 | @discardableResult
298 | public func `catch`(on queue: DispatchQueue = .main,
| `- warning: 'public' modifier is redundant for instance method declared in a public extension
299 | _ onReject: @escaping (_ error: Error) -> Void) -> Promise<Value> {
300 | return then(on: queue, { _ in }, onReject)
/Users/admin/builder/spi-builder-workspace/Source/Network/Promise/Promise.swift:313:5: warning: 'public' modifier is redundant for instance method declared in a public extension
311 | ///
312 | @discardableResult
313 | public func finally(on queue: DispatchQueue = .main,
| `- warning: 'public' modifier is redundant for instance method declared in a public extension
314 | _ onComplete: @escaping () -> Void) -> Promise<Value> {
315 | return then(on: queue, { _ in onComplete() }, { _ in onComplete() })
/Users/admin/builder/spi-builder-workspace/Source/Network/Protocols/ConvertibleFromData.swift:38:12: warning: 'public' modifier is redundant for static method declared in a public extension
36 | public extension ConvertibleFromData where Self: Decodable {
37 |
38 | static public func convert(from data: Data) throws -> Self {
| `- warning: 'public' modifier is redundant for static method declared in a public extension
39 | let decoder = JSONDecoder()
40 | decoder.dateDecodingStrategy = .iso8601
/Users/admin/builder/spi-builder-workspace/Source/OAuth/URLOpenerProtocol.swift:30:37: error: cannot find type 'UIApplication' in scope
28 | /// The block has no return value and takes a Boolean parameter indicating whether the URL was opened successfully.
29 | ///
30 | func open(_ url: URL, options: [UIApplication.OpenExternalURLOptionsKey: Any], completionHandler completion: ((Bool) -> Void)?)
| `- error: cannot find type 'UIApplication' in scope
31 |
32 | }
/Users/admin/builder/spi-builder-workspace/Source/Resources/Trades/TradeResourceProtocol.swift:157:5: warning: 'public' modifier is redundant for instance method declared in a public extension
155 | public extension TradeResourceProtocol where Self: BaseResource {
156 |
157 | public func list(accountID: String, expandOptions: [TradeExpandOption] = [], page: PaginationParameters = PaginationParameters(),
| `- warning: 'public' modifier is redundant for instance method declared in a public extension
158 | completion: @escaping (_ result: Result<ResponseModel<[Model]>>) -> Void) {
159 | let endpoint = TradesAPI.list(tradeType: type, accountID: accountID, expandOptions: expandOptions, page: page)
/Users/admin/builder/spi-builder-workspace/Source/Resources/Trades/TradeResourceProtocol.swift:163:5: warning: 'public' modifier is redundant for instance method declared in a public extension
161 | }
162 |
163 | public func show(accountID: String, tradeID: String, expandOptions: [TradeExpandOption] = [], completion: @escaping (_ result: Result<Model>) -> Void) {
| `- warning: 'public' modifier is redundant for instance method declared in a public extension
164 | let endpoint = TradesAPI.show(tradeType: type, accountID: accountID, tradeID: tradeID, expandOptions: expandOptions)
165 | performRequest(for: endpoint, completion: completion)
/Users/admin/builder/spi-builder-workspace/Source/Resources/Trades/TradeResourceProtocol.swift:168:5: warning: 'public' modifier is redundant for instance method declared in a public extension
166 | }
167 |
168 | public func placeOrder(accountID: String, expandOptions: [TradeExpandOption] = [], parameters: Parameters, completion: @escaping (_ result: Result<Model>) -> Void) {
| `- warning: 'public' modifier is redundant for instance method declared in a public extension
169 | let endpoint = TradesAPI.placeOrder(tradeType: type, accountID: accountID, expandOptions: expandOptions, parameters: parameters)
170 | performRequest(for: endpoint, completion: completion)
/Users/admin/builder/spi-builder-workspace/Source/Resources/Trades/TradeResourceProtocol.swift:173:5: warning: 'public' modifier is redundant for instance method declared in a public extension
171 | }
172 |
173 | public func commit(accountID: String, tradeID: String, expandOptions: [TradeExpandOption] = [], completion: @escaping (_ result: Result<Model>) -> Void) {
| `- warning: 'public' modifier is redundant for instance method declared in a public extension
174 | let endpoint = TradesAPI.commit(tradeType: type, accountID: accountID, tradeID: tradeID, expandOptions: expandOptions)
175 | performRequest(for: endpoint, completion: completion)
[#NoUsage]: <https://docs.swift.org/compiler/documentation/diagnostics/no-usage>
Failed frontend command:
/Applications/Xcode-27.0.0-Release.Candidate.app/Contents/Developer/Toolchains/XcodeDefault.xctoolchain/usr/bin/swift-frontend -frontend -emit-module -experimental-skip-non-inlinable-function-bodies-without-types /Users/admin/builder/spi-builder-workspace/Source/Coinbase.swift /Users/admin/builder/spi-builder-workspace/Source/DataProviders/AccessTokenProvider.swift /Users/admin/builder/spi-builder-workspace/Source/DataProviders/TokenRefreshDataProvider.swift /Users/admin/builder/spi-builder-workspace/Source/Extentions/Result+promiseCallback.swift /Users/admin/builder/spi-builder-workspace/Source/Extentions/TokenAutoRefreshInterceptor.swift /Users/admin/builder/spi-builder-workspace/Source/Network/GeneralDeviceInfo.swift /Users/admin/builder/spi-builder-workspace/Source/Network/Models/DefaultResponse.swift /Users/admin/builder/spi-builder-workspace/Source/Network/Models/Errors/ErrorModel.swift /Users/admin/builder/spi-builder-workspace/Source/Network/Models/Errors/ErrorResponse.swift /Users/admin/builder/spi-builder-workspace/Source/Network/Models/Errors/NetworkErrors.swift /Users/admin/builder/spi-builder-workspace/Source/Network/Models/PaginationParameters.swift /Users/admin/builder/spi-builder-workspace/Source/Network/Models/Response.swift /Users/admin/builder/spi-builder-workspace/Source/Network/Models/ResponseModels/EmptyData.swift /Users/admin/builder/spi-builder-workspace/Source/Network/Models/ResponseModels/Pagination.swift /Users/admin/builder/spi-builder-workspace/Source/Network/Models/ResponseModels/ResponseModel.swift /Users/admin/builder/spi-builder-workspace/Source/Network/Models/ResponseModels/Warning.swift /Users/admin/builder/spi-builder-workspace/Source/Network/Models/Result.swift /Users/admin/builder/spi-builder-workspace/Source/Network/NetworkConstants.swift /Users/admin/builder/spi-builder-workspace/Source/Network/NetworkPromises.swift /Users/admin/builder/spi-builder-workspace/Source/Network/NetworkUtils.swift /Users/admin/builder/spi-builder-workspace/Source/Network/Promise/Callback.swift /Users/admin/builder/spi-builder-workspace/Source/Network/Promise/Promise.swift /Users/admin/builder/spi-builder-workspace/Source/Network/Promise/State.swift /Users/admin/builder/spi-builder-workspace/Source/Network/Protocols/ConvertibleFromData.swift /Users/admin/builder/spi-builder-workspace/Source/Network/Protocols/RequestConvertable.swift /Users/admin/builder/spi-builder-workspace/Source/Network/Protocols/ResourceAPIProtocol.swift /Users/admin/builder/spi-builder-workspace/Source/Network/Protocols/URLSessionProviderProtocol.swift /Users/admin/builder/spi-builder-workspace/Source/Network/Protocols/ValidationOptionsProtocol.swift /Users/admin/builder/spi-builder-workspace/Source/Network/ServerTrustValidator.swift /Users/admin/builder/spi-builder-workspace/Source/Network/SessionDelegate.swift /Users/admin/builder/spi-builder-workspace/Source/Network/SessionManager.swift /Users/admin/builder/spi-builder-workspace/Source/Network/SessionManagerProtocol.swift /Users/admin/builder/spi-builder-workspace/Source/OAuth/AccountAccess.swift /Users/admin/builder/spi-builder-workspace/Source/OAuth/OAuth.swift /Users/admin/builder/spi-builder-workspace/Source/OAuth/OAuthConstants.swift /Users/admin/builder/spi-builder-workspace/Source/OAuth/OAuthError.swift /Users/admin/builder/spi-builder-workspace/Source/OAuth/OAuthErrorResponse.swift /Users/admin/builder/spi-builder-workspace/Source/OAuth/OAuthFlowType.swift /Users/admin/builder/spi-builder-workspace/Source/OAuth/OAuthURLBuilder.swift /Users/admin/builder/spi-builder-workspace/Source/OAuth/RedirectURIsValidator.swift /Users/admin/builder/spi-builder-workspace/Source/OAuth/String+Random.swift /Users/admin/builder/spi-builder-workspace/Source/OAuth/URLOpenerProtocol.swift /Users/admin/builder/spi-builder-workspace/Source/Resources/Accounts/AccountResource.swift /Users/admin/builder/spi-builder-workspace/Source/Resources/Accounts/AccountsAPI.swift /Users/admin/builder/spi-builder-workspace/Source/Resources/Accounts/Models/Account.swift /Users/admin/builder/spi-builder-workspace/Source/Resources/Accounts/Models/Currency.swift /Users/admin/builder/spi-builder-workspace/Source/Resources/Addresses/Address.swift /Users/admin/builder/spi-builder-workspace/Source/Resources/Addresses/AddressResource.swift /Users/admin/builder/spi-builder-workspace/Source/Resources/Addresses/AddressesAPI.swift /Users/admin/builder/spi-builder-workspace/Source/Resources/BaseResource.swift /Users/admin/builder/spi-builder-workspace/Source/Resources/Buys/Buy.swift /Users/admin/builder/spi-builder-workspace/Source/Resources/Buys/BuyResource.swift /Users/admin/builder/spi-builder-workspace/Source/Resources/Currencies/CurrenciesAPI.swift /Users/admin/builder/spi-builder-workspace/Source/Resources/Currencies/CurrenciesResource.swift /Users/admin/builder/spi-builder-workspace/Source/Resources/Currencies/CurrencyInfo.swift /Users/admin/builder/spi-builder-workspace/Source/Resources/Deposits/Deposit.swift /Users/admin/builder/spi-builder-workspace/Source/Resources/Deposits/DepositResource.swift /Users/admin/builder/spi-builder-workspace/Source/Resources/ExchangeRates/ExchangeRates.swift /Users/admin/builder/spi-builder-workspace/Source/Resources/ExchangeRates/ExchangeRatesAPI.swift /Users/admin/builder/spi-builder-workspace/Source/Resources/ExchangeRates/ExchangeRatesResource.swift /Users/admin/builder/spi-builder-workspace/Source/Resources/PaymentMethods/Models/NextRequirement.swift /Users/admin/builder/spi-builder-workspace/Source/Resources/PaymentMethods/Models/PaymentMethod.swift /Users/admin/builder/spi-builder-workspace/Source/Resources/PaymentMethods/Models/PaymentMethodLimit.swift /Users/admin/builder/spi-builder-workspace/Source/Resources/PaymentMethods/Models/PaymentMethodLimits.swift /Users/admin/builder/spi-builder-workspace/Source/Resources/PaymentMethods/PaymentMethodExpandOption.swift /Users/admin/builder/spi-builder-workspace/Source/Resources/PaymentMethods/PaymentMethodResource.swift /Users/admin/builder/spi-builder-workspace/Source/Resources/PaymentMethods/PaymentMethodsAPI.swift /Users/admin/builder/spi-builder-workspace/Source/Resources/Prices/Price.swift /Users/admin/builder/spi-builder-workspace/Source/Resources/Prices/PricesAPI.swift /Users/admin/builder/spi-builder-workspace/Source/Resources/Prices/PricesResource.swift /Users/admin/builder/spi-builder-workspace/Source/Resources/Sells/Sell.swift /Users/admin/builder/spi-builder-workspace/Source/Resources/Sells/SellResource.swift /Users/admin/builder/spi-builder-workspace/Source/Resources/Time/TimeAPI.swift /Users/admin/builder/spi-builder-workspace/Source/Resources/Time/TimeInfo.swift /Users/admin/builder/spi-builder-workspace/Source/Resources/Time/TimeResource.swift /Users/admin/builder/spi-builder-workspace/Source/Resources/Token/TokenResource.swift /Users/admin/builder/spi-builder-workspace/Source/Resources/Token/TokensAPI.swift /Users/admin/builder/spi-builder-workspace/Source/Resources/Token/UserToken.swift /Users/admin/builder/spi-builder-workspace/Source/Resources/Trades/RequestParameters/BuySellParameters.swift /Users/admin/builder/spi-builder-workspace/Source/Resources/Trades/RequestParameters/DepositWithdrawalParameters.swift /Users/admin/builder/spi-builder-workspace/Source/Resources/Trades/RequestParameters/TradeParameters.swift /Users/admin/builder/spi-builder-workspace/Source/Resources/Trades/Trade.swift /Users/admin/builder/spi-builder-workspace/Source/Resources/Trades/TradeExpandOption.swift /Users/admin/builder/spi-builder-workspace/Source/Resources/Trades/TradeResourceProtocol.swift /Users/admin/builder/spi-builder-workspace/Source/Resources/Trades/TradesAPI.swift /Users/admin/builder/spi-builder-workspace/Source/Resources/Transactions/Models/ApplicationModel.swift /Users/admin/builder/spi-builder-workspace/Source/Resources/Transactions/Models/CryptoAddress.swift /Users/admin/builder/spi-builder-workspace/Source/Resources/Transactions/Models/EmailModel.swift /Users/admin/builder/spi-builder-workspace/Source/Resources/Transactions/Models/MoneyHash.swift /Users/admin/builder/spi-builder-workspace/Source/Resources/Transactions/Models/ResourceObject.swift /Users/admin/builder/spi-builder-workspace/Source/Resources/Transactions/Models/Transaction.swift /Users/admin/builder/spi-builder-workspace/Source/Resources/Transactions/Models/TransactionDetails.swift /Users/admin/builder/spi-builder-workspace/Source/Resources/Transactions/Models/TransactionNetwork.swift /Users/admin/builder/spi-builder-workspace/Source/Resources/Transactions/Models/TransactionParty.swift /Users/admin/builder/spi-builder-workspace/Source/Resources/Transactions/RequestParameters/RequestTransactionParameters.swift /Users/admin/builder/spi-builder-workspace/Source/Resources/Transactions/RequestParameters/SendTransactionParameters.swift /Users/admin/builder/spi-builder-workspace/Source/Resources/Transactions/RequestParameters/TransactionParameters.swift /Users/admin/builder/spi-builder-workspace/Source/Resources/Transactions/TransactionExpandOption.swift /Users/admin/builder/spi-builder-workspace/Source/Resources/Transactions/TransactionResource.swift /Users/admin/builder/spi-builder-workspace/Source/Resources/Transactions/TransactionsAPI.swift /Users/admin/builder/spi-builder-workspace/Source/Resources/Users/Models/AuthorizationInfo.swift /Users/admin/builder/spi-builder-workspace/Source/Resources/Users/Models/Country.swift /Users/admin/builder/spi-builder-workspace/Source/Resources/Users/Models/User.swift /Users/admin/builder/spi-builder-workspace/Source/Resources/Users/UserResource.swift /Users/admin/builder/spi-builder-workspace/Source/Resources/Users/UsersAPI.swift /Users/admin/builder/spi-builder-workspace/Source/Resources/Withdrawals/Withdrawal.swift /Users/admin/builder/spi-builder-workspace/Source/Resources/Withdrawals/WithdrawalResource.swift /Users/admin/builder/spi-builder-workspace/Source/Utils/Array+rawValues.swift /Users/admin/builder/spi-builder-workspace/Source/Utils/DictionaryConvertible.swift /Users/admin/builder/spi-builder-workspace/Source/Utils/Logging.swift -target arm64-apple-watchos9.0 -Xllvm -aarch64-use-tbi -enable-objc-interop -stack-check -sdk /Applications/Xcode-27.0.0-Release.Candidate.app/Contents/Developer/Platforms/WatchOS.platform/Developer/SDKs/WatchOS27.0.sdk -I /Users/admin/builder/spi-builder-workspace/.derivedData/Build/Products/Debug-watchos -Isystem /Applications/Xcode-27.0.0-Release.Candidate.app/Contents/Developer/Platforms/WatchOS.platform/Developer/usr/lib -F /Users/admin/builder/spi-builder-workspace/.derivedData/Build/Products/Debug-watchos -F /Applications/Xcode-27.0.0-Release.Candidate.app/Contents/Developer/Platforms/WatchOS.platform/Developer/Library/Frameworks -F /Applications/Xcode-27.0.0-Release.Candidate.app/Contents/Developer/Platforms/WatchOS.platform/Developer/SDKs/WatchOS27.0.sdk/Developer/Library/Frameworks -module-cache-path /Users/admin/builder/spi-builder-workspace/.derivedData/ModuleCache.noindex -no-color-diagnostics -Xcc -fno-color-diagnostics -enable-testing -g -debug-info-format\=dwarf -dwarf-version\=4 -swift-version 4 -Onone -D SWIFT_PACKAGE -D DEBUG -D SWIFT_MODULE_RESOURCE_BUNDLE_UNAVAILABLE -D Xcode -serialize-debugging-options -enable-experimental-feature DebugDescriptionMacro -empty-abi-descriptor -plugin-path /Applications/Xcode-27.0.0-Release.Candidate.app/Contents/Developer/Toolchains/XcodeDefault.xctoolchain/usr/lib/swift/host/plugins/testing -validate-clang-modules-once -clang-build-session-file /Users/admin/builder/spi-builder-workspace/.derivedData/ModuleCache.noindex/Session.modulevalidation -Xcc -working-directory -Xcc /Users/admin/builder/spi-builder-workspace/.swiftpm/xcode -enable-anonymous-context-mangled-names -file-compilation-dir /Users/admin/builder/spi-builder-workspace/.swiftpm/xcode -Xcc -D_LIBCPP_HARDENING_MODE\=_LIBCPP_HARDENING_MODE_DEBUG -Xcc -ivfsstatcache -Xcc /Users/admin/builder/spi-builder-workspace/.derivedData/SDKStatCaches.noindex/watchos27.0-24R360-e829b21a6f8c9b70876ba0858053c04477534ef55a1706bf4c1112bbb242f0a2.sdkstatcache -Xcc -fmodules-prune-interval\=86400 -Xcc -fmodules-prune-after\=345600 -Xcc -I/Users/admin/builder/spi-builder-workspace/.derivedData/Build/Products/Debug-watchos/include -Xcc -I/Users/admin/builder/spi-builder-workspace/.derivedData/Build/Intermediates.noindex/CoinbaseSDK.build/Debug-watchos/CoinbaseSDK-t.build/DerivedSources-normal/arm64 -Xcc -I/Users/admin/builder/spi-builder-workspace/.derivedData/Build/Intermediates.noindex/CoinbaseSDK.build/Debug-watchos/CoinbaseSDK-t.build/DerivedSources/arm64 -Xcc -I/Users/admin/builder/spi-builder-workspace/.derivedData/Build/Intermediates.noindex/CoinbaseSDK.build/Debug-watchos/CoinbaseSDK-t.build/DerivedSources -Xcc -DSWIFT_PACKAGE -Xcc -DDEBUG\=1 -no-auto-bridging-header-chaining -module-name CoinbaseSDK -const-gather-protocols-file /Users/admin/builder/spi-builder-workspace/.derivedData/Build/Intermediates.noindex/CoinbaseSDK.build/Debug-watchos/CoinbaseSDK-t.build/Objects-normal/arm64/CoinbaseSDK_const_extract_protocols.json -disable-clang-spi -target-sdk-version 27.0 -target-sdk-name watchos27.0 -external-plugin-path /Applications/Xcode-27.0.0-Release.Candidate.app/Contents/Developer/Platforms/WatchOS.platform/Developer/usr/lib/swift/host/plugins\#/Applications/Xcode-27.0.0-Release.Candidate.app/Contents/Developer/Platforms/WatchOS.platform/Developer/usr/bin/swift-plugin-server -external-plugin-path /Applications/Xcode-27.0.0-Release.Candidate.app/Contents/Developer/Platforms/WatchOS.platform/Developer/usr/local/lib/swift/host/plugins\#/Applications/Xcode-27.0.0-Release.Candidate.app/Contents/Developer/Platforms/WatchOS.platform/Developer/usr/bin/swift-plugin-server -in-process-plugin-server-path /Applications/Xcode-27.0.0-Release.Candidate.app/Contents/Developer/Toolchains/XcodeDefault.xctoolchain/usr/lib/swift/host/libSwiftInProcPluginServer.dylib -plugin-path /Applications/Xcode-27.0.0-Release.Candidate.app/Contents/Developer/Toolchains/XcodeDefault.xctoolchain/usr/lib/swift/host/plugins -plugin-path /Applications/Xcode-27.0.0-Release.Candidate.app/Contents/Developer/Toolchains/XcodeDefault.xctoolchain/usr/local/lib/swift/host/plugins -emit-module-doc-path /Users/admin/builder/spi-builder-workspace/.derivedData/Build/Intermediates.noindex/CoinbaseSDK.build/Debug-watchos/CoinbaseSDK-t.build/Objects-normal/arm64/CoinbaseSDK.swiftdoc -emit-module-source-info-path /Users/admin/builder/spi-builder-workspace/.derivedData/Build/Intermediates.noindex/CoinbaseSDK.build/Debug-watchos/CoinbaseSDK-t.build/Objects-normal/arm64/CoinbaseSDK.swiftsourceinfo -emit-objc-header-path /Users/admin/builder/spi-builder-workspace/.derivedData/Build/Intermediates.noindex/CoinbaseSDK.build/Debug-watchos/CoinbaseSDK-t.build/Objects-normal/arm64/CoinbaseSDK-Swift.h -serialize-diagnostics-path /Users/admin/builder/spi-builder-workspace/.derivedData/Build/Intermediates.noindex/CoinbaseSDK.build/Debug-watchos/CoinbaseSDK-t.build/Objects-normal/arm64/CoinbaseSDK-primary-emit-module.dia -emit-dependencies-path /Users/admin/builder/spi-builder-workspace/.derivedData/Build/Intermediates.noindex/CoinbaseSDK.build/Debug-watchos/CoinbaseSDK-t.build/Objects-normal/arm64/CoinbaseSDK-primary-emit-module.d -parse-as-library -o /Users/admin/builder/spi-builder-workspace/.derivedData/Build/Intermediates.noindex/CoinbaseSDK.build/Debug-watchos/CoinbaseSDK-t.build/Objects-normal/arm64/CoinbaseSDK.swiftmodule -emit-abi-descriptor-path /Users/admin/builder/spi-builder-workspace/.derivedData/Build/Intermediates.noindex/CoinbaseSDK.build/Debug-watchos/CoinbaseSDK-t.build/Objects-normal/arm64/CoinbaseSDK.abi.json
SwiftCompile normal arm64 (in target 'CoinbaseSDK' from project 'CoinbaseSDK')
cd /Users/admin/builder/spi-builder-workspace/.swiftpm/xcode
SwiftCompile normal arm64 Compiling\ PaymentMethodsAPI.swift,\ Price.swift,\ PricesAPI.swift,\ PricesResource.swift,\ Sell.swift,\ SellResource.swift,\ TimeAPI.swift,\ TimeInfo.swift,\ TimeResource.swift,\ TokenResource.swift,\ TokensAPI.swift /Users/admin/builder/spi-builder-workspace/Source/Resources/PaymentMethods/PaymentMethodsAPI.swift /Users/admin/builder/spi-builder-workspace/Source/Resources/Prices/Price.swift /Users/admin/builder/spi-builder-workspace/Source/Resources/Prices/PricesAPI.swift /Users/admin/builder/spi-builder-workspace/Source/Resources/Prices/PricesResource.swift /Users/admin/builder/spi-builder-workspace/Source/Resources/Sells/Sell.swift /Users/admin/builder/spi-builder-workspace/Source/Resources/Sells/SellResource.swift /Users/admin/builder/spi-builder-workspace/Source/Resources/Time/TimeAPI.swift /Users/admin/builder/spi-builder-workspace/Source/Resources/Time/TimeInfo.swift /Users/admin/builder/spi-builder-workspace/Source/Resources/Time/TimeResource.swift /Users/admin/builder/spi-builder-workspace/Source/Resources/Token/TokenResource.swift /Users/admin/builder/spi-builder-workspace/Source/Resources/Token/TokensAPI.swift (in target 'CoinbaseSDK' from project 'CoinbaseSDK')
SwiftCompile normal arm64 /Users/admin/builder/spi-builder-workspace/Source/Resources/PaymentMethods/PaymentMethodsAPI.swift (in target 'CoinbaseSDK' from project 'CoinbaseSDK')
cd /Users/admin/builder/spi-builder-workspace/.swiftpm/xcode
builtin-SwiftPerFileCompile PaymentMethodsAPI.swift
SwiftCompile normal arm64 /Users/admin/builder/spi-builder-workspace/Source/Resources/Prices/Price.swift (in target 'CoinbaseSDK' from project 'CoinbaseSDK')
cd /Users/admin/builder/spi-builder-workspace/.swiftpm/xcode
builtin-SwiftPerFileCompile Price.swift
SwiftCompile normal arm64 /Users/admin/builder/spi-builder-workspace/Source/Resources/Prices/PricesAPI.swift (in target 'CoinbaseSDK' from project 'CoinbaseSDK')
cd /Users/admin/builder/spi-builder-workspace/.swiftpm/xcode
builtin-SwiftPerFileCompile PricesAPI.swift
SwiftCompile normal arm64 /Users/admin/builder/spi-builder-workspace/Source/Resources/Prices/PricesResource.swift (in target 'CoinbaseSDK' from project 'CoinbaseSDK')
cd /Users/admin/builder/spi-builder-workspace/.swiftpm/xcode
builtin-SwiftPerFileCompile PricesResource.swift
SwiftCompile normal arm64 /Users/admin/builder/spi-builder-workspace/Source/Resources/Sells/Sell.swift (in target 'CoinbaseSDK' from project 'CoinbaseSDK')
cd /Users/admin/builder/spi-builder-workspace/.swiftpm/xcode
builtin-SwiftPerFileCompile Sell.swift
SwiftCompile normal arm64 /Users/admin/builder/spi-builder-workspace/Source/Resources/Sells/SellResource.swift (in target 'CoinbaseSDK' from project 'CoinbaseSDK')
cd /Users/admin/builder/spi-builder-workspace/.swiftpm/xcode
builtin-SwiftPerFileCompile SellResource.swift
SwiftCompile normal arm64 /Users/admin/builder/spi-builder-workspace/Source/Resources/Time/TimeAPI.swift (in target 'CoinbaseSDK' from project 'CoinbaseSDK')
cd /Users/admin/builder/spi-builder-workspace/.swiftpm/xcode
builtin-SwiftPerFileCompile TimeAPI.swift
SwiftCompile normal arm64 /Users/admin/builder/spi-builder-workspace/Source/Resources/Time/TimeInfo.swift (in target 'CoinbaseSDK' from project 'CoinbaseSDK')
cd /Users/admin/builder/spi-builder-workspace/.swiftpm/xcode
builtin-SwiftPerFileCompile TimeInfo.swift
SwiftCompile normal arm64 /Users/admin/builder/spi-builder-workspace/Source/Resources/Time/TimeResource.swift (in target 'CoinbaseSDK' from project 'CoinbaseSDK')
cd /Users/admin/builder/spi-builder-workspace/.swiftpm/xcode
builtin-SwiftPerFileCompile TimeResource.swift
SwiftCompile normal arm64 /Users/admin/builder/spi-builder-workspace/Source/Resources/Token/TokenResource.swift (in target 'CoinbaseSDK' from project 'CoinbaseSDK')
cd /Users/admin/builder/spi-builder-workspace/.swiftpm/xcode
builtin-SwiftPerFileCompile TokenResource.swift
SwiftCompile normal arm64 /Users/admin/builder/spi-builder-workspace/Source/Resources/Token/TokensAPI.swift (in target 'CoinbaseSDK' from project 'CoinbaseSDK')
cd /Users/admin/builder/spi-builder-workspace/.swiftpm/xcode
builtin-SwiftPerFileCompile TokensAPI.swift
SwiftEmitModule normal arm64 Emitting\ module\ for\ RxSwift (in target 'RxSwift' from project 'RxSwift')
SwiftCompile normal arm64 (in target 'RxSwift' from project 'RxSwift')
cd /Users/admin/builder/spi-builder-workspace/.swiftpm/xcode
PruneExplicitPrecompiledModules /Users/admin/builder/spi-builder-workspace/.derivedData/Build/Intermediates.noindex/SwiftExplicitPrecompiledModules
PruneExplicitPrecompiledModules /Users/admin/builder/spi-builder-workspace/.derivedData/Build/Intermediates.noindex/ExplicitPrecompiledModules
PruneExplicitPrecompiledModules /Users/admin/builder/spi-builder-workspace/.derivedData/SDKExplicitPrecompiledModules
2026-09-15 23:53:12.053 xcodebuild[764:4881] [MT] IDERunDestination: Supported platforms for the buildables in the current scheme is empty.
** BUILD FAILED **
The following build commands failed:
SwiftEmitModule normal arm64 Emitting\ module\ for\ CoinbaseSDK (in target 'CoinbaseSDK' from project 'CoinbaseSDK')
SwiftCompile normal arm64 (in target 'CoinbaseSDK' from project 'CoinbaseSDK')
Building workspace CoinbaseSDK with scheme CoinbaseSDK-Package
(3 failures)
Command line invocation:
/Applications/Xcode-27.0.0-Release.Candidate.app/Contents/Developer/usr/bin/xcodebuild -IDEClonedSourcePackagesDirPathOverride=/Users/admin/builder/spi-builder-workspace/.dependencies -resolvePackageDependencies
Resolve Package Graph
Resolved source packages:
CoinbaseSDK: /Users/admin/builder/spi-builder-workspace
RxSwift: https://github.com/ReactiveX/RxSwift.git @ 4.5.0
resolved source packages: CoinbaseSDK, RxSwift
2026-09-15 23:53:16.982 xcodebuild[811:5222] [MT] IDERunDestination: Supported platforms for the buildables in the current scheme is empty.
{
"dependencies" : [
{
"identity" : "rxswift",
"requirement" : {
"range" : [
{
"lower_bound" : "4.0.0",
"upper_bound" : "5.0.0"
}
]
},
"type" : "sourceControl",
"url" : "https://github.com/ReactiveX/RxSwift.git"
}
],
"manifest_display_name" : "CoinbaseSDK",
"name" : "CoinbaseSDK",
"path" : "/Users/admin/builder/spi-builder-workspace",
"platforms" : [
],
"products" : [
{
"name" : "CoinbaseSDK",
"targets" : [
"CoinbaseSDK"
],
"type" : {
"library" : [
"automatic"
]
}
},
{
"name" : "RxCoinbaseSDK",
"targets" : [
"RxCoinbaseSDK"
],
"type" : {
"library" : [
"automatic"
]
}
}
],
"targets" : [
{
"c99name" : "RxCoinbaseSDK",
"module_type" : "SwiftTarget",
"name" : "RxCoinbaseSDK",
"path" : "Source/Extentions/RxSwift",
"product_dependencies" : [
"RxSwift"
],
"product_memberships" : [
"RxCoinbaseSDK"
],
"sources" : [
"AccountsResource+Rx.swift",
"AddressResource+Rx.swift",
"CurrenciesResource+Rx.swift",
"ExchangeRatesResource+Rx.swift",
"PaymentMethodResource+Rx.swift",
"PricesResource+Rx.swift",
"SessionManager+Rx.swift",
"TimeResource+Rx.swift",
"TokenResource+Rx.swift",
"TradeResourceProtocol+Rx.swift",
"TransactionResource+Rx.swift",
"UserResource+Rx.swift"
],
"type" : "library"
},
{
"c99name" : "CoinbaseSDK",
"module_type" : "SwiftTarget",
"name" : "CoinbaseSDK",
"path" : "Source",
"product_memberships" : [
"CoinbaseSDK"
],
"sources" : [
"Coinbase.swift",
"DataProviders/AccessTokenProvider.swift",
"DataProviders/TokenRefreshDataProvider.swift",
"Extentions/Result+promiseCallback.swift",
"Extentions/TokenAutoRefreshInterceptor.swift",
"Network/GeneralDeviceInfo.swift",
"Network/Models/DefaultResponse.swift",
"Network/Models/Errors/ErrorModel.swift",
"Network/Models/Errors/ErrorResponse.swift",
"Network/Models/Errors/NetworkErrors.swift",
"Network/Models/PaginationParameters.swift",
"Network/Models/Response.swift",
"Network/Models/ResponseModels/EmptyData.swift",
"Network/Models/ResponseModels/Pagination.swift",
"Network/Models/ResponseModels/ResponseModel.swift",
"Network/Models/ResponseModels/Warning.swift",
"Network/Models/Result.swift",
"Network/NetworkConstants.swift",
"Network/NetworkPromises.swift",
"Network/NetworkUtils.swift",
"Network/Promise/Callback.swift",
"Network/Promise/Promise.swift",
"Network/Promise/State.swift",
"Network/Protocols/ConvertibleFromData.swift",
"Network/Protocols/RequestConvertable.swift",
"Network/Protocols/ResourceAPIProtocol.swift",
"Network/Protocols/URLSessionProviderProtocol.swift",
"Network/Protocols/ValidationOptionsProtocol.swift",
"Network/ServerTrustValidator.swift",
"Network/SessionDelegate.swift",
"Network/SessionManager.swift",
"Network/SessionManagerProtocol.swift",
"OAuth/AccountAccess.swift",
"OAuth/OAuth.swift",
"OAuth/OAuthConstants.swift",
"OAuth/OAuthError.swift",
"OAuth/OAuthErrorResponse.swift",
"OAuth/OAuthFlowType.swift",
"OAuth/OAuthURLBuilder.swift",
"OAuth/RedirectURIsValidator.swift",
"OAuth/String+Random.swift",
"OAuth/URLOpenerProtocol.swift",
"Resources/Accounts/AccountResource.swift",
"Resources/Accounts/AccountsAPI.swift",
"Resources/Accounts/Models/Account.swift",
"Resources/Accounts/Models/Currency.swift",
"Resources/Addresses/Address.swift",
"Resources/Addresses/AddressResource.swift",
"Resources/Addresses/AddressesAPI.swift",
"Resources/BaseResource.swift",
"Resources/Buys/Buy.swift",
"Resources/Buys/BuyResource.swift",
"Resources/Currencies/CurrenciesAPI.swift",
"Resources/Currencies/CurrenciesResource.swift",
"Resources/Currencies/CurrencyInfo.swift",
"Resources/Deposits/Deposit.swift",
"Resources/Deposits/DepositResource.swift",
"Resources/ExchangeRates/ExchangeRates.swift",
"Resources/ExchangeRates/ExchangeRatesAPI.swift",
"Resources/ExchangeRates/ExchangeRatesResource.swift",
"Resources/PaymentMethods/Models/NextRequirement.swift",
"Resources/PaymentMethods/Models/PaymentMethod.swift",
"Resources/PaymentMethods/Models/PaymentMethodLimit.swift",
"Resources/PaymentMethods/Models/PaymentMethodLimits.swift",
"Resources/PaymentMethods/PaymentMethodExpandOption.swift",
"Resources/PaymentMethods/PaymentMethodResource.swift",
"Resources/PaymentMethods/PaymentMethodsAPI.swift",
"Resources/Prices/Price.swift",
"Resources/Prices/PricesAPI.swift",
"Resources/Prices/PricesResource.swift",
"Resources/Sells/Sell.swift",
"Resources/Sells/SellResource.swift",
"Resources/Time/TimeAPI.swift",
"Resources/Time/TimeInfo.swift",
"Resources/Time/TimeResource.swift",
"Resources/Token/TokenResource.swift",
"Resources/Token/TokensAPI.swift",
"Resources/Token/UserToken.swift",
"Resources/Trades/RequestParameters/BuySellParameters.swift",
"Resources/Trades/RequestParameters/DepositWithdrawalParameters.swift",
"Resources/Trades/RequestParameters/TradeParameters.swift",
"Resources/Trades/Trade.swift",
"Resources/Trades/TradeExpandOption.swift",
"Resources/Trades/TradeResourceProtocol.swift",
"Resources/Trades/TradesAPI.swift",
"Resources/Transactions/Models/ApplicationModel.swift",
"Resources/Transactions/Models/CryptoAddress.swift",
"Resources/Transactions/Models/EmailModel.swift",
"Resources/Transactions/Models/MoneyHash.swift",
"Resources/Transactions/Models/ResourceObject.swift",
"Resources/Transactions/Models/Transaction.swift",
"Resources/Transactions/Models/TransactionDetails.swift",
"Resources/Transactions/Models/TransactionNetwork.swift",
"Resources/Transactions/Models/TransactionParty.swift",
"Resources/Transactions/RequestParameters/RequestTransactionParameters.swift",
"Resources/Transactions/RequestParameters/SendTransactionParameters.swift",
"Resources/Transactions/RequestParameters/TransactionParameters.swift",
"Resources/Transactions/TransactionExpandOption.swift",
"Resources/Transactions/TransactionResource.swift",
"Resources/Transactions/TransactionsAPI.swift",
"Resources/Users/Models/AuthorizationInfo.swift",
"Resources/Users/Models/Country.swift",
"Resources/Users/Models/User.swift",
"Resources/Users/UserResource.swift",
"Resources/Users/UsersAPI.swift",
"Resources/Withdrawals/Withdrawal.swift",
"Resources/Withdrawals/WithdrawalResource.swift",
"Utils/Array+rawValues.swift",
"Utils/DictionaryConvertible.swift",
"Utils/Logging.swift"
],
"type" : "library"
}
],
"tools_version" : "4.0"
}
{
"workspace" : {
"name" : "CoinbaseSDK",
"schemes" : [
"CoinbaseSDK",
"CoinbaseSDK-Package",
"RxCoinbaseSDK"
]
}
}
2026-09-15 23:53:18.384 xcodebuild[819:5286] [MT] IDERunDestination: Supported platforms for the buildables in the current scheme is empty.
Running build ...
env DEVELOPER_DIR=/Applications/Xcode-27.0.0-Release.Candidate.app xcrun xcodebuild -IDEClonedSourcePackagesDirPathOverride=$PWD/.dependencies -skipMacroValidation -skipPackagePluginValidation -derivedDataPath $PWD/.derivedData build -scheme CoinbaseSDK-Package -destination generic/platform=watchOS
Command line invocation:
/Applications/Xcode-27.0.0-Release.Candidate.app/Contents/Developer/usr/bin/xcodebuild -IDEClonedSourcePackagesDirPathOverride=/Users/admin/builder/spi-builder-workspace/.dependencies -skipMacroValidation -skipPackagePluginValidation -derivedDataPath /Users/admin/builder/spi-builder-workspace/.derivedData build -scheme CoinbaseSDK-Package -destination generic/platform=watchOS
Resolve Package Graph
Resolved source packages:
CoinbaseSDK: /Users/admin/builder/spi-builder-workspace
RxSwift: https://github.com/ReactiveX/RxSwift.git @ 4.5.0
ComputePackagePrebuildTargetDependencyGraph
Prepare packages
CreateBuildRequest
SendProjectDescription
CreateBuildOperation
ComputeTargetDependencyGraph
note: Building targets in dependency order
note: Target dependency graph (7 targets)
Target 'RxCoinbaseSDK-product' in project 'CoinbaseSDK'
➜ Explicit dependency on target 'RxCoinbaseSDK' in project 'CoinbaseSDK'
➜ Explicit dependency on target 'RxSwift-product' in project 'RxSwift'
Target 'RxCoinbaseSDK' in project 'CoinbaseSDK'
➜ Explicit dependency on target 'RxSwift-product' in project 'RxSwift'
Target 'RxSwift-product' in project 'RxSwift'
➜ Explicit dependency on target 'RxSwift' in project 'RxSwift'
➜ Explicit dependency on target 'RxAtomic' in project 'RxSwift'
Target 'RxSwift' in project 'RxSwift'
➜ Explicit dependency on target 'RxAtomic' in project 'RxSwift'
Target 'RxAtomic' in project 'RxSwift' (no dependencies)
Target 'CoinbaseSDK-product' in project 'CoinbaseSDK'
➜ Explicit dependency on target 'CoinbaseSDK' in project 'CoinbaseSDK'
Target 'CoinbaseSDK' in project 'CoinbaseSDK' (no dependencies)
GatherProvisioningInputs
CreateBuildDescription
ClangStatCache /Applications/Xcode-27.0.0-Release.Candidate.app/Contents/Developer/Toolchains/XcodeDefault.xctoolchain/usr/bin/clang-stat-cache /Applications/Xcode-27.0.0-Release.Candidate.app/Contents/Developer/Platforms/WatchOS.platform/Developer/SDKs/WatchOS27.0.sdk /Users/admin/builder/spi-builder-workspace/.derivedData/SDKStatCaches.noindex/watchos27.0-24R360-e829b21a6f8c9b70876ba0858053c04477534ef55a1706bf4c1112bbb242f0a2.sdkstatcache
cd /Users/admin/builder/spi-builder-workspace/.swiftpm/xcode
/Applications/Xcode-27.0.0-Release.Candidate.app/Contents/Developer/Toolchains/XcodeDefault.xctoolchain/usr/bin/clang-stat-cache /Applications/Xcode-27.0.0-Release.Candidate.app/Contents/Developer/Platforms/WatchOS.platform/Developer/SDKs/WatchOS27.0.sdk -o /Users/admin/builder/spi-builder-workspace/.derivedData/SDKStatCaches.noindex/watchos27.0-24R360-e829b21a6f8c9b70876ba0858053c04477534ef55a1706bf4c1112bbb242f0a2.sdkstatcache
SwiftDriver RxSwift normal arm64 com.apple.xcode.tools.swift.compiler (in target 'RxSwift' from project 'RxSwift')
cd /Users/admin/builder/spi-builder-workspace/.swiftpm/xcode
builtin-SwiftDriver -- /Applications/Xcode-27.0.0-Release.Candidate.app/Contents/Developer/Toolchains/XcodeDefault.xctoolchain/usr/bin/swiftc -parse-as-library -module-name RxSwift -Onone @/Users/admin/builder/spi-builder-workspace/.derivedData/Build/Intermediates.noindex/RxSwift.build/Debug-watchos/RxSwift-t.build/Objects-normal/arm64/RxSwift.SwiftFileList -DSWIFT_PACKAGE -DDEBUG -DSWIFT_MODULE_RESOURCE_BUNDLE_UNAVAILABLE -Xcc -fmodule-map-file\=/Users/admin/builder/spi-builder-workspace/.derivedData/Build/Intermediates.noindex/GeneratedModuleMaps-watchos/RxAtomic.modulemap -DXcode -plugin-path /Applications/Xcode-27.0.0-Release.Candidate.app/Contents/Developer/Toolchains/XcodeDefault.xctoolchain/usr/lib/swift/host/plugins/testing -enable-experimental-feature DebugDescriptionMacro -sdk /Applications/Xcode-27.0.0-Release.Candidate.app/Contents/Developer/Platforms/WatchOS.platform/Developer/SDKs/WatchOS27.0.sdk -target arm64-apple-watchos9.0 -g -module-cache-path /Users/admin/builder/spi-builder-workspace/.derivedData/ModuleCache.noindex -Xfrontend -serialize-debugging-options -enable-testing -suppress-warnings -index-store-path /Users/admin/builder/spi-builder-workspace/.derivedData/Index.noindex/DataStore -Xcc -D_LIBCPP_HARDENING_MODE\=_LIBCPP_HARDENING_MODE_DEBUG -swift-version 4 -I /Users/admin/builder/spi-builder-workspace/.derivedData/Build/Products/Debug-watchos -Isystem /Applications/Xcode-27.0.0-Release.Candidate.app/Contents/Developer/Platforms/WatchOS.platform/Developer/usr/lib -F /Users/admin/builder/spi-builder-workspace/.derivedData/Build/Products/Debug-watchos/PackageFrameworks -F /Users/admin/builder/spi-builder-workspace/.derivedData/Build/Products/Debug-watchos -F /Applications/Xcode-27.0.0-Release.Candidate.app/Contents/Developer/Platforms/WatchOS.platform/Developer/Library/Frameworks -F /Applications/Xcode-27.0.0-Release.Candidate.app/Contents/Developer/Platforms/WatchOS.platform/Developer/SDKs/WatchOS27.0.sdk/Developer/Library/Frameworks -c -j10 -enable-batch-mode -incremental -Xcc -ivfsstatcache -Xcc /Users/admin/builder/spi-builder-workspace/.derivedData/SDKStatCaches.noindex/watchos27.0-24R360-e829b21a6f8c9b70876ba0858053c04477534ef55a1706bf4c1112bbb242f0a2.sdkstatcache -output-file-map /Users/admin/builder/spi-builder-workspace/.derivedData/Build/Intermediates.noindex/RxSwift.build/Debug-watchos/RxSwift-t.build/Objects-normal/arm64/RxSwift-OutputFileMap.json -save-temps -no-color-diagnostics -emit-dependencies -emit-module -emit-module-path /Users/admin/builder/spi-builder-workspace/.derivedData/Build/Intermediates.noindex/RxSwift.build/Debug-watchos/RxSwift-t.build/Objects-normal/arm64/RxSwift.swiftmodule -serialize-diagnostics -validate-clang-modules-once -clang-build-session-file /Users/admin/builder/spi-builder-workspace/.derivedData/ModuleCache.noindex/Session.modulevalidation -Xcc -fmodules-prune-interval\=86400 -Xcc -fmodules-prune-after\=345600 -emit-const-values -const-gather-protocols-list /Users/admin/builder/spi-builder-workspace/.derivedData/Build/Intermediates.noindex/RxSwift.build/Debug-watchos/RxSwift-t.build/Objects-normal/arm64/RxSwift_const_extract_protocols.json -Xcc -I/Users/admin/builder/spi-builder-workspace/.dependencies/checkouts/RxSwift/Sources/RxAtomic/include -Xcc -I/Users/admin/builder/spi-builder-workspace/.derivedData/Build/Products/Debug-watchos/include -Xcc -I/Users/admin/builder/spi-builder-workspace/.derivedData/Build/Intermediates.noindex/RxSwift.build/Debug-watchos/RxSwift-t.build/DerivedSources-normal/arm64 -Xcc -I/Users/admin/builder/spi-builder-workspace/.derivedData/Build/Intermediates.noindex/RxSwift.build/Debug-watchos/RxSwift-t.build/DerivedSources/arm64 -Xcc -I/Users/admin/builder/spi-builder-workspace/.derivedData/Build/Intermediates.noindex/RxSwift.build/Debug-watchos/RxSwift-t.build/DerivedSources -Xcc -DSWIFT_PACKAGE -Xcc -DDEBUG\=1 -emit-objc-header -emit-objc-header-path /Users/admin/builder/spi-builder-workspace/.derivedData/Build/Intermediates.noindex/RxSwift.build/Debug-watchos/RxSwift-t.build/Objects-normal/arm64/RxSwift-Swift.h -working-directory /Users/admin/builder/spi-builder-workspace/.swiftpm/xcode -experimental-emit-module-separately -disable-cmo
SwiftDriver RxSwift normal arm64_32 com.apple.xcode.tools.swift.compiler (in target 'RxSwift' from project 'RxSwift')
cd /Users/admin/builder/spi-builder-workspace/.swiftpm/xcode
builtin-SwiftDriver -- /Applications/Xcode-27.0.0-Release.Candidate.app/Contents/Developer/Toolchains/XcodeDefault.xctoolchain/usr/bin/swiftc -parse-as-library -module-name RxSwift -Onone @/Users/admin/builder/spi-builder-workspace/.derivedData/Build/Intermediates.noindex/RxSwift.build/Debug-watchos/RxSwift-t.build/Objects-normal/arm64_32/RxSwift.SwiftFileList -DSWIFT_PACKAGE -DDEBUG -DSWIFT_MODULE_RESOURCE_BUNDLE_UNAVAILABLE -Xcc -fmodule-map-file\=/Users/admin/builder/spi-builder-workspace/.derivedData/Build/Intermediates.noindex/GeneratedModuleMaps-watchos/RxAtomic.modulemap -DXcode -plugin-path /Applications/Xcode-27.0.0-Release.Candidate.app/Contents/Developer/Toolchains/XcodeDefault.xctoolchain/usr/lib/swift/host/plugins/testing -enable-experimental-feature DebugDescriptionMacro -sdk /Applications/Xcode-27.0.0-Release.Candidate.app/Contents/Developer/Platforms/WatchOS.platform/Developer/SDKs/WatchOS27.0.sdk -target arm64_32-apple-watchos9.0 -g -module-cache-path /Users/admin/builder/spi-builder-workspace/.derivedData/ModuleCache.noindex -Xfrontend -serialize-debugging-options -enable-testing -suppress-warnings -index-store-path /Users/admin/builder/spi-builder-workspace/.derivedData/Index.noindex/DataStore -Xcc -D_LIBCPP_HARDENING_MODE\=_LIBCPP_HARDENING_MODE_DEBUG -swift-version 4 -I /Users/admin/builder/spi-builder-workspace/.derivedData/Build/Products/Debug-watchos -Isystem /Applications/Xcode-27.0.0-Release.Candidate.app/Contents/Developer/Platforms/WatchOS.platform/Developer/usr/lib -F /Users/admin/builder/spi-builder-workspace/.derivedData/Build/Products/Debug-watchos/PackageFrameworks -F /Users/admin/builder/spi-builder-workspace/.derivedData/Build/Products/Debug-watchos -F /Applications/Xcode-27.0.0-Release.Candidate.app/Contents/Developer/Platforms/WatchOS.platform/Developer/Library/Frameworks -F /Applications/Xcode-27.0.0-Release.Candidate.app/Contents/Developer/Platforms/WatchOS.platform/Developer/SDKs/WatchOS27.0.sdk/Developer/Library/Frameworks -c -j10 -enable-batch-mode -incremental -Xcc -ivfsstatcache -Xcc /Users/admin/builder/spi-builder-workspace/.derivedData/SDKStatCaches.noindex/watchos27.0-24R360-e829b21a6f8c9b70876ba0858053c04477534ef55a1706bf4c1112bbb242f0a2.sdkstatcache -output-file-map /Users/admin/builder/spi-builder-workspace/.derivedData/Build/Intermediates.noindex/RxSwift.build/Debug-watchos/RxSwift-t.build/Objects-normal/arm64_32/RxSwift-OutputFileMap.json -save-temps -no-color-diagnostics -emit-dependencies -emit-module -emit-module-path /Users/admin/builder/spi-builder-workspace/.derivedData/Build/Intermediates.noindex/RxSwift.build/Debug-watchos/RxSwift-t.build/Objects-normal/arm64_32/RxSwift.swiftmodule -serialize-diagnostics -validate-clang-modules-once -clang-build-session-file /Users/admin/builder/spi-builder-workspace/.derivedData/ModuleCache.noindex/Session.modulevalidation -Xcc -fmodules-prune-interval\=86400 -Xcc -fmodules-prune-after\=345600 -emit-const-values -const-gather-protocols-list /Users/admin/builder/spi-builder-workspace/.derivedData/Build/Intermediates.noindex/RxSwift.build/Debug-watchos/RxSwift-t.build/Objects-normal/arm64_32/RxSwift_const_extract_protocols.json -Xcc -I/Users/admin/builder/spi-builder-workspace/.dependencies/checkouts/RxSwift/Sources/RxAtomic/include -Xcc -I/Users/admin/builder/spi-builder-workspace/.derivedData/Build/Products/Debug-watchos/include -Xcc -I/Users/admin/builder/spi-builder-workspace/.derivedData/Build/Intermediates.noindex/RxSwift.build/Debug-watchos/RxSwift-t.build/DerivedSources-normal/arm64_32 -Xcc -I/Users/admin/builder/spi-builder-workspace/.derivedData/Build/Intermediates.noindex/RxSwift.build/Debug-watchos/RxSwift-t.build/DerivedSources/arm64_32 -Xcc -I/Users/admin/builder/spi-builder-workspace/.derivedData/Build/Intermediates.noindex/RxSwift.build/Debug-watchos/RxSwift-t.build/DerivedSources -Xcc -DSWIFT_PACKAGE -Xcc -DDEBUG\=1 -emit-objc-header -emit-objc-header-path /Users/admin/builder/spi-builder-workspace/.derivedData/Build/Intermediates.noindex/RxSwift.build/Debug-watchos/RxSwift-t.build/Objects-normal/arm64_32/RxSwift-Swift.h -working-directory /Users/admin/builder/spi-builder-workspace/.swiftpm/xcode -experimental-emit-module-separately -disable-cmo
SwiftDriver CoinbaseSDK normal arm64 com.apple.xcode.tools.swift.compiler (in target 'CoinbaseSDK' from project 'CoinbaseSDK')
cd /Users/admin/builder/spi-builder-workspace/.swiftpm/xcode
builtin-SwiftDriver -- /Applications/Xcode-27.0.0-Release.Candidate.app/Contents/Developer/Toolchains/XcodeDefault.xctoolchain/usr/bin/swiftc -parse-as-library -module-name CoinbaseSDK -Onone @/Users/admin/builder/spi-builder-workspace/.derivedData/Build/Intermediates.noindex/CoinbaseSDK.build/Debug-watchos/CoinbaseSDK-t.build/Objects-normal/arm64/CoinbaseSDK.SwiftFileList -DSWIFT_PACKAGE -DDEBUG -DSWIFT_MODULE_RESOURCE_BUNDLE_UNAVAILABLE -DXcode -plugin-path /Applications/Xcode-27.0.0-Release.Candidate.app/Contents/Developer/Toolchains/XcodeDefault.xctoolchain/usr/lib/swift/host/plugins/testing -enable-experimental-feature DebugDescriptionMacro -sdk /Applications/Xcode-27.0.0-Release.Candidate.app/Contents/Developer/Platforms/WatchOS.platform/Developer/SDKs/WatchOS27.0.sdk -target arm64-apple-watchos9.0 -g -module-cache-path /Users/admin/builder/spi-builder-workspace/.derivedData/ModuleCache.noindex -Xfrontend -serialize-debugging-options -enable-testing -index-store-path /Users/admin/builder/spi-builder-workspace/.derivedData/Index.noindex/DataStore -Xcc -D_LIBCPP_HARDENING_MODE\=_LIBCPP_HARDENING_MODE_DEBUG -swift-version 4 -I /Users/admin/builder/spi-builder-workspace/.derivedData/Build/Products/Debug-watchos -Isystem /Applications/Xcode-27.0.0-Release.Candidate.app/Contents/Developer/Platforms/WatchOS.platform/Developer/usr/lib -F /Users/admin/builder/spi-builder-workspace/.derivedData/Build/Products/Debug-watchos -F /Applications/Xcode-27.0.0-Release.Candidate.app/Contents/Developer/Platforms/WatchOS.platform/Developer/Library/Frameworks -F /Applications/Xcode-27.0.0-Release.Candidate.app/Contents/Developer/Platforms/WatchOS.platform/Developer/SDKs/WatchOS27.0.sdk/Developer/Library/Frameworks -c -j10 -enable-batch-mode -incremental -Xcc -ivfsstatcache -Xcc /Users/admin/builder/spi-builder-workspace/.derivedData/SDKStatCaches.noindex/watchos27.0-24R360-e829b21a6f8c9b70876ba0858053c04477534ef55a1706bf4c1112bbb242f0a2.sdkstatcache -output-file-map /Users/admin/builder/spi-builder-workspace/.derivedData/Build/Intermediates.noindex/CoinbaseSDK.build/Debug-watchos/CoinbaseSDK-t.build/Objects-normal/arm64/CoinbaseSDK-OutputFileMap.json -save-temps -no-color-diagnostics -emit-dependencies -emit-module -emit-module-path /Users/admin/builder/spi-builder-workspace/.derivedData/Build/Intermediates.noindex/CoinbaseSDK.build/Debug-watchos/CoinbaseSDK-t.build/Objects-normal/arm64/CoinbaseSDK.swiftmodule -serialize-diagnostics -validate-clang-modules-once -clang-build-session-file /Users/admin/builder/spi-builder-workspace/.derivedData/ModuleCache.noindex/Session.modulevalidation -Xcc -fmodules-prune-interval\=86400 -Xcc -fmodules-prune-after\=345600 -emit-const-values -const-gather-protocols-list /Users/admin/builder/spi-builder-workspace/.derivedData/Build/Intermediates.noindex/CoinbaseSDK.build/Debug-watchos/CoinbaseSDK-t.build/Objects-normal/arm64/CoinbaseSDK_const_extract_protocols.json -Xcc -I/Users/admin/builder/spi-builder-workspace/.derivedData/Build/Products/Debug-watchos/include -Xcc -I/Users/admin/builder/spi-builder-workspace/.derivedData/Build/Intermediates.noindex/CoinbaseSDK.build/Debug-watchos/CoinbaseSDK-t.build/DerivedSources-normal/arm64 -Xcc -I/Users/admin/builder/spi-builder-workspace/.derivedData/Build/Intermediates.noindex/CoinbaseSDK.build/Debug-watchos/CoinbaseSDK-t.build/DerivedSources/arm64 -Xcc -I/Users/admin/builder/spi-builder-workspace/.derivedData/Build/Intermediates.noindex/CoinbaseSDK.build/Debug-watchos/CoinbaseSDK-t.build/DerivedSources -Xcc -DSWIFT_PACKAGE -Xcc -DDEBUG\=1 -emit-objc-header -emit-objc-header-path /Users/admin/builder/spi-builder-workspace/.derivedData/Build/Intermediates.noindex/CoinbaseSDK.build/Debug-watchos/CoinbaseSDK-t.build/Objects-normal/arm64/CoinbaseSDK-Swift.h -working-directory /Users/admin/builder/spi-builder-workspace/.swiftpm/xcode -experimental-emit-module-separately -disable-cmo
SwiftDriver CoinbaseSDK normal arm64_32 com.apple.xcode.tools.swift.compiler (in target 'CoinbaseSDK' from project 'CoinbaseSDK')
cd /Users/admin/builder/spi-builder-workspace/.swiftpm/xcode
builtin-SwiftDriver -- /Applications/Xcode-27.0.0-Release.Candidate.app/Contents/Developer/Toolchains/XcodeDefault.xctoolchain/usr/bin/swiftc -parse-as-library -module-name CoinbaseSDK -Onone @/Users/admin/builder/spi-builder-workspace/.derivedData/Build/Intermediates.noindex/CoinbaseSDK.build/Debug-watchos/CoinbaseSDK-t.build/Objects-normal/arm64_32/CoinbaseSDK.SwiftFileList -DSWIFT_PACKAGE -DDEBUG -DSWIFT_MODULE_RESOURCE_BUNDLE_UNAVAILABLE -DXcode -plugin-path /Applications/Xcode-27.0.0-Release.Candidate.app/Contents/Developer/Toolchains/XcodeDefault.xctoolchain/usr/lib/swift/host/plugins/testing -enable-experimental-feature DebugDescriptionMacro -sdk /Applications/Xcode-27.0.0-Release.Candidate.app/Contents/Developer/Platforms/WatchOS.platform/Developer/SDKs/WatchOS27.0.sdk -target arm64_32-apple-watchos9.0 -g -module-cache-path /Users/admin/builder/spi-builder-workspace/.derivedData/ModuleCache.noindex -Xfrontend -serialize-debugging-options -enable-testing -index-store-path /Users/admin/builder/spi-builder-workspace/.derivedData/Index.noindex/DataStore -Xcc -D_LIBCPP_HARDENING_MODE\=_LIBCPP_HARDENING_MODE_DEBUG -swift-version 4 -I /Users/admin/builder/spi-builder-workspace/.derivedData/Build/Products/Debug-watchos -Isystem /Applications/Xcode-27.0.0-Release.Candidate.app/Contents/Developer/Platforms/WatchOS.platform/Developer/usr/lib -F /Users/admin/builder/spi-builder-workspace/.derivedData/Build/Products/Debug-watchos -F /Applications/Xcode-27.0.0-Release.Candidate.app/Contents/Developer/Platforms/WatchOS.platform/Developer/Library/Frameworks -F /Applications/Xcode-27.0.0-Release.Candidate.app/Contents/Developer/Platforms/WatchOS.platform/Developer/SDKs/WatchOS27.0.sdk/Developer/Library/Frameworks -c -j10 -enable-batch-mode -incremental -Xcc -ivfsstatcache -Xcc /Users/admin/builder/spi-builder-workspace/.derivedData/SDKStatCaches.noindex/watchos27.0-24R360-e829b21a6f8c9b70876ba0858053c04477534ef55a1706bf4c1112bbb242f0a2.sdkstatcache -output-file-map /Users/admin/builder/spi-builder-workspace/.derivedData/Build/Intermediates.noindex/CoinbaseSDK.build/Debug-watchos/CoinbaseSDK-t.build/Objects-normal/arm64_32/CoinbaseSDK-OutputFileMap.json -save-temps -no-color-diagnostics -emit-dependencies -emit-module -emit-module-path /Users/admin/builder/spi-builder-workspace/.derivedData/Build/Intermediates.noindex/CoinbaseSDK.build/Debug-watchos/CoinbaseSDK-t.build/Objects-normal/arm64_32/CoinbaseSDK.swiftmodule -serialize-diagnostics -validate-clang-modules-once -clang-build-session-file /Users/admin/builder/spi-builder-workspace/.derivedData/ModuleCache.noindex/Session.modulevalidation -Xcc -fmodules-prune-interval\=86400 -Xcc -fmodules-prune-after\=345600 -emit-const-values -const-gather-protocols-list /Users/admin/builder/spi-builder-workspace/.derivedData/Build/Intermediates.noindex/CoinbaseSDK.build/Debug-watchos/CoinbaseSDK-t.build/Objects-normal/arm64_32/CoinbaseSDK_const_extract_protocols.json -Xcc -I/Users/admin/builder/spi-builder-workspace/.derivedData/Build/Products/Debug-watchos/include -Xcc -I/Users/admin/builder/spi-builder-workspace/.derivedData/Build/Intermediates.noindex/CoinbaseSDK.build/Debug-watchos/CoinbaseSDK-t.build/DerivedSources-normal/arm64_32 -Xcc -I/Users/admin/builder/spi-builder-workspace/.derivedData/Build/Intermediates.noindex/CoinbaseSDK.build/Debug-watchos/CoinbaseSDK-t.build/DerivedSources/arm64_32 -Xcc -I/Users/admin/builder/spi-builder-workspace/.derivedData/Build/Intermediates.noindex/CoinbaseSDK.build/Debug-watchos/CoinbaseSDK-t.build/DerivedSources -Xcc -DSWIFT_PACKAGE -Xcc -DDEBUG\=1 -emit-objc-header -emit-objc-header-path /Users/admin/builder/spi-builder-workspace/.derivedData/Build/Intermediates.noindex/CoinbaseSDK.build/Debug-watchos/CoinbaseSDK-t.build/Objects-normal/arm64_32/CoinbaseSDK-Swift.h -working-directory /Users/admin/builder/spi-builder-workspace/.swiftpm/xcode -experimental-emit-module-separately -disable-cmo
SwiftCompile normal arm64 Compiling\ State.swift,\ ConvertibleFromData.swift,\ RequestConvertable.swift,\ ResourceAPIProtocol.swift,\ URLSessionProviderProtocol.swift,\ ValidationOptionsProtocol.swift,\ ServerTrustValidator.swift,\ SessionDelegate.swift,\ SessionManager.swift,\ SessionManagerProtocol.swift,\ AccountAccess.swift /Users/admin/builder/spi-builder-workspace/Source/Network/Promise/State.swift /Users/admin/builder/spi-builder-workspace/Source/Network/Protocols/ConvertibleFromData.swift /Users/admin/builder/spi-builder-workspace/Source/Network/Protocols/RequestConvertable.swift /Users/admin/builder/spi-builder-workspace/Source/Network/Protocols/ResourceAPIProtocol.swift /Users/admin/builder/spi-builder-workspace/Source/Network/Protocols/URLSessionProviderProtocol.swift /Users/admin/builder/spi-builder-workspace/Source/Network/Protocols/ValidationOptionsProtocol.swift /Users/admin/builder/spi-builder-workspace/Source/Network/ServerTrustValidator.swift /Users/admin/builder/spi-builder-workspace/Source/Network/SessionDelegate.swift /Users/admin/builder/spi-builder-workspace/Source/Network/SessionManager.swift /Users/admin/builder/spi-builder-workspace/Source/Network/SessionManagerProtocol.swift /Users/admin/builder/spi-builder-workspace/Source/OAuth/AccountAccess.swift (in target 'CoinbaseSDK' from project 'CoinbaseSDK')
SwiftCompile normal arm64 /Users/admin/builder/spi-builder-workspace/Source/Network/Promise/State.swift (in target 'CoinbaseSDK' from project 'CoinbaseSDK')
cd /Users/admin/builder/spi-builder-workspace/.swiftpm/xcode
builtin-SwiftPerFileCompile State.swift
SwiftCompile normal arm64 /Users/admin/builder/spi-builder-workspace/Source/Network/Protocols/ConvertibleFromData.swift (in target 'CoinbaseSDK' from project 'CoinbaseSDK')
cd /Users/admin/builder/spi-builder-workspace/.swiftpm/xcode
builtin-SwiftPerFileCompile ConvertibleFromData.swift
SwiftCompile normal arm64 /Users/admin/builder/spi-builder-workspace/Source/Network/Protocols/RequestConvertable.swift (in target 'CoinbaseSDK' from project 'CoinbaseSDK')
cd /Users/admin/builder/spi-builder-workspace/.swiftpm/xcode
builtin-SwiftPerFileCompile RequestConvertable.swift
SwiftCompile normal arm64 /Users/admin/builder/spi-builder-workspace/Source/Network/Protocols/ResourceAPIProtocol.swift (in target 'CoinbaseSDK' from project 'CoinbaseSDK')
cd /Users/admin/builder/spi-builder-workspace/.swiftpm/xcode
builtin-SwiftPerFileCompile ResourceAPIProtocol.swift
SwiftCompile normal arm64 /Users/admin/builder/spi-builder-workspace/Source/Network/Protocols/URLSessionProviderProtocol.swift (in target 'CoinbaseSDK' from project 'CoinbaseSDK')
cd /Users/admin/builder/spi-builder-workspace/.swiftpm/xcode
builtin-SwiftPerFileCompile URLSessionProviderProtocol.swift
SwiftCompile normal arm64 /Users/admin/builder/spi-builder-workspace/Source/Network/Protocols/ValidationOptionsProtocol.swift (in target 'CoinbaseSDK' from project 'CoinbaseSDK')
cd /Users/admin/builder/spi-builder-workspace/.swiftpm/xcode
builtin-SwiftPerFileCompile ValidationOptionsProtocol.swift
SwiftCompile normal arm64 /Users/admin/builder/spi-builder-workspace/Source/Network/ServerTrustValidator.swift (in target 'CoinbaseSDK' from project 'CoinbaseSDK')
cd /Users/admin/builder/spi-builder-workspace/.swiftpm/xcode
builtin-SwiftPerFileCompile ServerTrustValidator.swift
SwiftCompile normal arm64 /Users/admin/builder/spi-builder-workspace/Source/Network/SessionDelegate.swift (in target 'CoinbaseSDK' from project 'CoinbaseSDK')
cd /Users/admin/builder/spi-builder-workspace/.swiftpm/xcode
builtin-SwiftPerFileCompile SessionDelegate.swift
SwiftCompile normal arm64 /Users/admin/builder/spi-builder-workspace/Source/Network/SessionManager.swift (in target 'CoinbaseSDK' from project 'CoinbaseSDK')
cd /Users/admin/builder/spi-builder-workspace/.swiftpm/xcode
builtin-SwiftPerFileCompile SessionManager.swift
SwiftCompile normal arm64 /Users/admin/builder/spi-builder-workspace/Source/Network/SessionManagerProtocol.swift (in target 'CoinbaseSDK' from project 'CoinbaseSDK')
cd /Users/admin/builder/spi-builder-workspace/.swiftpm/xcode
builtin-SwiftPerFileCompile SessionManagerProtocol.swift
SwiftCompile normal arm64 /Users/admin/builder/spi-builder-workspace/Source/OAuth/AccountAccess.swift (in target 'CoinbaseSDK' from project 'CoinbaseSDK')
cd /Users/admin/builder/spi-builder-workspace/.swiftpm/xcode
builtin-SwiftPerFileCompile AccountAccess.swift
/Users/admin/builder/spi-builder-workspace/Source/Network/Protocols/ConvertibleFromData.swift:38:12: warning: 'public' modifier is redundant for static method declared in a public extension
36 | public extension ConvertibleFromData where Self: Decodable {
37 |
38 | static public func convert(from data: Data) throws -> Self {
| `- warning: 'public' modifier is redundant for static method declared in a public extension
39 | let decoder = JSONDecoder()
40 | decoder.dateDecodingStrategy = .iso8601
SwiftCompile normal arm64 Compiling\ TransactionsAPI.swift,\ AuthorizationInfo.swift,\ Country.swift,\ User.swift,\ UserResource.swift,\ UsersAPI.swift,\ Withdrawal.swift,\ WithdrawalResource.swift,\ Array+rawValues.swift,\ DictionaryConvertible.swift,\ Logging.swift /Users/admin/builder/spi-builder-workspace/Source/Resources/Transactions/TransactionsAPI.swift /Users/admin/builder/spi-builder-workspace/Source/Resources/Users/Models/AuthorizationInfo.swift /Users/admin/builder/spi-builder-workspace/Source/Resources/Users/Models/Country.swift /Users/admin/builder/spi-builder-workspace/Source/Resources/Users/Models/User.swift /Users/admin/builder/spi-builder-workspace/Source/Resources/Users/UserResource.swift /Users/admin/builder/spi-builder-workspace/Source/Resources/Users/UsersAPI.swift /Users/admin/builder/spi-builder-workspace/Source/Resources/Withdrawals/Withdrawal.swift /Users/admin/builder/spi-builder-workspace/Source/Resources/Withdrawals/WithdrawalResource.swift /Users/admin/builder/spi-builder-workspace/Source/Utils/Array+rawValues.swift /Users/admin/builder/spi-builder-workspace/Source/Utils/DictionaryConvertible.swift /Users/admin/builder/spi-builder-workspace/Source/Utils/Logging.swift (in target 'CoinbaseSDK' from project 'CoinbaseSDK')
SwiftCompile normal arm64 /Users/admin/builder/spi-builder-workspace/Source/Resources/Transactions/TransactionsAPI.swift (in target 'CoinbaseSDK' from project 'CoinbaseSDK')
cd /Users/admin/builder/spi-builder-workspace/.swiftpm/xcode
builtin-SwiftPerFileCompile TransactionsAPI.swift
SwiftCompile normal arm64 /Users/admin/builder/spi-builder-workspace/Source/Resources/Users/Models/AuthorizationInfo.swift (in target 'CoinbaseSDK' from project 'CoinbaseSDK')
cd /Users/admin/builder/spi-builder-workspace/.swiftpm/xcode
builtin-SwiftPerFileCompile AuthorizationInfo.swift
SwiftCompile normal arm64 /Users/admin/builder/spi-builder-workspace/Source/Resources/Users/Models/Country.swift (in target 'CoinbaseSDK' from project 'CoinbaseSDK')
cd /Users/admin/builder/spi-builder-workspace/.swiftpm/xcode
builtin-SwiftPerFileCompile Country.swift
SwiftCompile normal arm64 /Users/admin/builder/spi-builder-workspace/Source/Resources/Users/Models/User.swift (in target 'CoinbaseSDK' from project 'CoinbaseSDK')
cd /Users/admin/builder/spi-builder-workspace/.swiftpm/xcode
builtin-SwiftPerFileCompile User.swift
SwiftCompile normal arm64 /Users/admin/builder/spi-builder-workspace/Source/Resources/Users/UserResource.swift (in target 'CoinbaseSDK' from project 'CoinbaseSDK')
cd /Users/admin/builder/spi-builder-workspace/.swiftpm/xcode
builtin-SwiftPerFileCompile UserResource.swift
SwiftCompile normal arm64 /Users/admin/builder/spi-builder-workspace/Source/Resources/Users/UsersAPI.swift (in target 'CoinbaseSDK' from project 'CoinbaseSDK')
cd /Users/admin/builder/spi-builder-workspace/.swiftpm/xcode
builtin-SwiftPerFileCompile UsersAPI.swift
SwiftCompile normal arm64 /Users/admin/builder/spi-builder-workspace/Source/Resources/Withdrawals/Withdrawal.swift (in target 'CoinbaseSDK' from project 'CoinbaseSDK')
cd /Users/admin/builder/spi-builder-workspace/.swiftpm/xcode
builtin-SwiftPerFileCompile Withdrawal.swift
SwiftCompile normal arm64 /Users/admin/builder/spi-builder-workspace/Source/Resources/Withdrawals/WithdrawalResource.swift (in target 'CoinbaseSDK' from project 'CoinbaseSDK')
cd /Users/admin/builder/spi-builder-workspace/.swiftpm/xcode
builtin-SwiftPerFileCompile WithdrawalResource.swift
SwiftCompile normal arm64 /Users/admin/builder/spi-builder-workspace/Source/Utils/Array+rawValues.swift (in target 'CoinbaseSDK' from project 'CoinbaseSDK')
cd /Users/admin/builder/spi-builder-workspace/.swiftpm/xcode
builtin-SwiftPerFileCompile Array+rawValues.swift
SwiftCompile normal arm64 /Users/admin/builder/spi-builder-workspace/Source/Utils/DictionaryConvertible.swift (in target 'CoinbaseSDK' from project 'CoinbaseSDK')
cd /Users/admin/builder/spi-builder-workspace/.swiftpm/xcode
builtin-SwiftPerFileCompile DictionaryConvertible.swift
SwiftCompile normal arm64 /Users/admin/builder/spi-builder-workspace/Source/Utils/Logging.swift (in target 'CoinbaseSDK' from project 'CoinbaseSDK')
cd /Users/admin/builder/spi-builder-workspace/.swiftpm/xcode
builtin-SwiftPerFileCompile Logging.swift
SwiftEmitModule normal arm64 Emitting\ module\ for\ CoinbaseSDK (in target 'CoinbaseSDK' from project 'CoinbaseSDK')
/Users/admin/builder/spi-builder-workspace/Source/Network/GeneralDeviceInfo.swift:24:9: warning: result of call to 'gethostuuid' is unused [#NoUsage]
22 | var hwUUIDBytes: [UInt8] = [0, 0, 0, 0, 0, 0, 0, 0, 0, 0, 0, 0, 0, 0, 0, 0]
23 | var timeSpec = timespec(tv_sec: 0, tv_nsec: 0)
24 | gethostuuid(&hwUUIDBytes, &timeSpec)
| `- warning: result of call to 'gethostuuid' is unused [#NoUsage]
25 | return NSUUID(uuidBytes: hwUUIDBytes).uuidString
26 | }()
/Users/admin/builder/spi-builder-workspace/Source/Network/GeneralDeviceInfo.swift:24:9: error: 'gethostuuid' is unavailable in watchOS
22 | var hwUUIDBytes: [UInt8] = [0, 0, 0, 0, 0, 0, 0, 0, 0, 0, 0, 0, 0, 0, 0, 0]
23 | var timeSpec = timespec(tv_sec: 0, tv_nsec: 0)
24 | gethostuuid(&hwUUIDBytes, &timeSpec)
| `- error: 'gethostuuid' is unavailable in watchOS
25 | return NSUUID(uuidBytes: hwUUIDBytes).uuidString
26 | }()
/Applications/Xcode-27.0.0-Release.Candidate.app/Contents/Developer/Platforms/WatchOS.platform/Developer/SDKs/WatchOS27.0.sdk/usr/include/gethostuuid.h:41:5: note: 'gethostuuid' has been explicitly marked unavailable here
39 | int gethostuuid(uuid_t, const struct timespec *) __OSX_AVAILABLE_BUT_DEPRECATED_MSG(__MAC_NA, __MAC_NA, __IPHONE_2_0, __IPHONE_5_0, "gethostuuid() is no longer supported");
40 | #else
41 | int gethostuuid(uuid_t, const struct timespec *) __API_AVAILABLE(macos(10.5)) __API_UNAVAILABLE(ios, tvos, watchos);
| `- note: 'gethostuuid' has been explicitly marked unavailable here
42 | #endif
43 | __END_DECLS
/Users/admin/builder/spi-builder-workspace/Source/Network/GeneralDeviceInfo.swift:39:29: error: cannot find 'Host' in scope
37 | }()
38 |
39 | lazy var name: String = Host.current().name ?? ""
| `- error: cannot find 'Host' in scope
40 |
41 | #endif
/Users/admin/builder/spi-builder-workspace/Source/Network/Models/PaginationParameters.swift:135:5: warning: 'public' modifier is redundant for static method declared in a public extension
133 |
134 | /// Creates pagination parameters for next page request.
135 | public static func nextPage(from pagination: Pagination?) -> PaginationParameters? {
| `- warning: 'public' modifier is redundant for static method declared in a public extension
136 | return PaginationParameters(uri: pagination?.nextURI)
137 | }
/Users/admin/builder/spi-builder-workspace/Source/Network/Models/PaginationParameters.swift:140:5: warning: 'public' modifier is redundant for static method declared in a public extension
138 |
139 | /// Creates pagination parameters for previous page request.
140 | public static func previousPage(from pagination: Pagination?) -> PaginationParameters? {
| `- warning: 'public' modifier is redundant for static method declared in a public extension
141 | return PaginationParameters(uri: pagination?.previousURI)
142 | }
/Users/admin/builder/spi-builder-workspace/Source/Network/Promise/Promise.swift:110:5: warning: 'public' modifier is redundant for property declared in a public extension
108 |
109 | /// `true` if promise is neither fulfilled nor rejected; otherwise, `false`.
110 | public var isPending: Bool {
| `- warning: 'public' modifier is redundant for property declared in a public extension
111 | return !isFulfilled && !isRejected
112 | }
/Users/admin/builder/spi-builder-workspace/Source/Network/Promise/Promise.swift:115:5: warning: 'public' modifier is redundant for property declared in a public extension
113 |
114 | /// `true` if promise completed successfully; otherwise, `false`.
115 | public var isFulfilled: Bool {
| `- warning: 'public' modifier is redundant for property declared in a public extension
116 | return value != nil
117 | }
/Users/admin/builder/spi-builder-workspace/Source/Network/Promise/Promise.swift:120:5: warning: 'public' modifier is redundant for property declared in a public extension
118 |
119 | /// `true` if promise failed; otherwise, `false`.
120 | public var isRejected: Bool {
| `- warning: 'public' modifier is redundant for property declared in a public extension
121 | return error != nil
122 | }
/Users/admin/builder/spi-builder-workspace/Source/Network/Promise/Promise.swift:125:5: warning: 'public' modifier is redundant for property declared in a public extension
123 |
124 | /// Returns associated value if promise completed successfully; otherwise, returns `nil`.
125 | public var value: Value? {
| `- warning: 'public' modifier is redundant for property declared in a public extension
126 | return lockQueue.sync(execute: {
127 | return self.state.value
/Users/admin/builder/spi-builder-workspace/Source/Network/Promise/Promise.swift:132:5: warning: 'public' modifier is redundant for property declared in a public extension
130 |
131 | /// Returns associated error if promise failed; otherwise, returns `nil`.
132 | public var error: Error? {
| `- warning: 'public' modifier is redundant for property declared in a public extension
133 | return lockQueue.sync(execute: {
134 | return self.state.error
/Users/admin/builder/spi-builder-workspace/Source/Network/Promise/Promise.swift:200:5: warning: 'public' modifier is redundant for instance method declared in a public extension
198 | ///
199 | @discardableResult
200 | public func then(on queue: DispatchQueue = .main,
| `- warning: 'public' modifier is redundant for instance method declared in a public extension
201 | _ onFulfill: @escaping (_ value: Value) -> Void,
202 | _ onReject: @escaping (_ error: Error) -> Void = { _ in }) -> Promise<Value> {
/Users/admin/builder/spi-builder-workspace/Source/Network/Promise/Promise.swift:219:5: warning: 'public' modifier is redundant for instance method declared in a public extension
217 | ///
218 | @discardableResult
219 | public func then<NewValue>(on queue: DispatchQueue = .main,
| `- warning: 'public' modifier is redundant for instance method declared in a public extension
220 | _ onFulfill: @escaping (_ value: Value) throws -> NewValue) -> Promise<NewValue> {
221 | return Promise<NewValue>(queue: queue) { fulfill, reject in
/Users/admin/builder/spi-builder-workspace/Source/Network/Promise/Promise.swift:244:5: warning: 'public' modifier is redundant for instance method declared in a public extension
242 | ///
243 | @discardableResult
244 | public func then<NewValue>(on queue: DispatchQueue = .main,
| `- warning: 'public' modifier is redundant for instance method declared in a public extension
245 | _ onFulfill: @escaping (_ value: Value) throws -> Promise<NewValue>) -> Promise<NewValue> {
246 | return Promise<NewValue>(queue: queue) { fulfill, reject in
/Users/admin/builder/spi-builder-workspace/Source/Network/Promise/Promise.swift:271:5: warning: 'public' modifier is redundant for instance method declared in a public extension
269 | ///
270 | @discardableResult
271 | public func recover(on queue: DispatchQueue = .main,
| `- warning: 'public' modifier is redundant for instance method declared in a public extension
272 | _ onReject: @escaping (_ error: Error) throws -> Promise<Value>) -> Promise<Value> {
273 | return Promise(queue: queue) { fulfill, reject in
/Users/admin/builder/spi-builder-workspace/Source/Network/Promise/Promise.swift:298:5: warning: 'public' modifier is redundant for instance method declared in a public extension
296 | ///
297 | @discardableResult
298 | public func `catch`(on queue: DispatchQueue = .main,
| `- warning: 'public' modifier is redundant for instance method declared in a public extension
299 | _ onReject: @escaping (_ error: Error) -> Void) -> Promise<Value> {
300 | return then(on: queue, { _ in }, onReject)
/Users/admin/builder/spi-builder-workspace/Source/Network/Promise/Promise.swift:313:5: warning: 'public' modifier is redundant for instance method declared in a public extension
311 | ///
312 | @discardableResult
313 | public func finally(on queue: DispatchQueue = .main,
| `- warning: 'public' modifier is redundant for instance method declared in a public extension
314 | _ onComplete: @escaping () -> Void) -> Promise<Value> {
315 | return then(on: queue, { _ in onComplete() }, { _ in onComplete() })
/Users/admin/builder/spi-builder-workspace/Source/Network/Protocols/ConvertibleFromData.swift:38:12: warning: 'public' modifier is redundant for static method declared in a public extension
36 | public extension ConvertibleFromData where Self: Decodable {
37 |
38 | static public func convert(from data: Data) throws -> Self {
| `- warning: 'public' modifier is redundant for static method declared in a public extension
39 | let decoder = JSONDecoder()
40 | decoder.dateDecodingStrategy = .iso8601
/Users/admin/builder/spi-builder-workspace/Source/OAuth/URLOpenerProtocol.swift:30:37: error: cannot find type 'UIApplication' in scope
28 | /// The block has no return value and takes a Boolean parameter indicating whether the URL was opened successfully.
29 | ///
30 | func open(_ url: URL, options: [UIApplication.OpenExternalURLOptionsKey: Any], completionHandler completion: ((Bool) -> Void)?)
| `- error: cannot find type 'UIApplication' in scope
31 |
32 | }
/Users/admin/builder/spi-builder-workspace/Source/Resources/Trades/TradeResourceProtocol.swift:157:5: warning: 'public' modifier is redundant for instance method declared in a public extension
155 | public extension TradeResourceProtocol where Self: BaseResource {
156 |
157 | public func list(accountID: String, expandOptions: [TradeExpandOption] = [], page: PaginationParameters = PaginationParameters(),
| `- warning: 'public' modifier is redundant for instance method declared in a public extension
158 | completion: @escaping (_ result: Result<ResponseModel<[Model]>>) -> Void) {
159 | let endpoint = TradesAPI.list(tradeType: type, accountID: accountID, expandOptions: expandOptions, page: page)
/Users/admin/builder/spi-builder-workspace/Source/Resources/Trades/TradeResourceProtocol.swift:163:5: warning: 'public' modifier is redundant for instance method declared in a public extension
161 | }
162 |
163 | public func show(accountID: String, tradeID: String, expandOptions: [TradeExpandOption] = [], completion: @escaping (_ result: Result<Model>) -> Void) {
| `- warning: 'public' modifier is redundant for instance method declared in a public extension
164 | let endpoint = TradesAPI.show(tradeType: type, accountID: accountID, tradeID: tradeID, expandOptions: expandOptions)
165 | performRequest(for: endpoint, completion: completion)
/Users/admin/builder/spi-builder-workspace/Source/Resources/Trades/TradeResourceProtocol.swift:168:5: warning: 'public' modifier is redundant for instance method declared in a public extension
166 | }
167 |
168 | public func placeOrder(accountID: String, expandOptions: [TradeExpandOption] = [], parameters: Parameters, completion: @escaping (_ result: Result<Model>) -> Void) {
| `- warning: 'public' modifier is redundant for instance method declared in a public extension
169 | let endpoint = TradesAPI.placeOrder(tradeType: type, accountID: accountID, expandOptions: expandOptions, parameters: parameters)
170 | performRequest(for: endpoint, completion: completion)
/Users/admin/builder/spi-builder-workspace/Source/Resources/Trades/TradeResourceProtocol.swift:173:5: warning: 'public' modifier is redundant for instance method declared in a public extension
171 | }
172 |
173 | public func commit(accountID: String, tradeID: String, expandOptions: [TradeExpandOption] = [], completion: @escaping (_ result: Result<Model>) -> Void) {
| `- warning: 'public' modifier is redundant for instance method declared in a public extension
174 | let endpoint = TradesAPI.commit(tradeType: type, accountID: accountID, tradeID: tradeID, expandOptions: expandOptions)
175 | performRequest(for: endpoint, completion: completion)
[#NoUsage]: <https://docs.swift.org/compiler/documentation/diagnostics/no-usage>
Failed frontend command:
/Applications/Xcode-27.0.0-Release.Candidate.app/Contents/Developer/Toolchains/XcodeDefault.xctoolchain/usr/bin/swift-frontend -frontend -emit-module -experimental-skip-non-inlinable-function-bodies-without-types /Users/admin/builder/spi-builder-workspace/Source/Coinbase.swift /Users/admin/builder/spi-builder-workspace/Source/DataProviders/AccessTokenProvider.swift /Users/admin/builder/spi-builder-workspace/Source/DataProviders/TokenRefreshDataProvider.swift /Users/admin/builder/spi-builder-workspace/Source/Extentions/Result+promiseCallback.swift /Users/admin/builder/spi-builder-workspace/Source/Extentions/TokenAutoRefreshInterceptor.swift /Users/admin/builder/spi-builder-workspace/Source/Network/GeneralDeviceInfo.swift /Users/admin/builder/spi-builder-workspace/Source/Network/Models/DefaultResponse.swift /Users/admin/builder/spi-builder-workspace/Source/Network/Models/Errors/ErrorModel.swift /Users/admin/builder/spi-builder-workspace/Source/Network/Models/Errors/ErrorResponse.swift /Users/admin/builder/spi-builder-workspace/Source/Network/Models/Errors/NetworkErrors.swift /Users/admin/builder/spi-builder-workspace/Source/Network/Models/PaginationParameters.swift /Users/admin/builder/spi-builder-workspace/Source/Network/Models/Response.swift /Users/admin/builder/spi-builder-workspace/Source/Network/Models/ResponseModels/EmptyData.swift /Users/admin/builder/spi-builder-workspace/Source/Network/Models/ResponseModels/Pagination.swift /Users/admin/builder/spi-builder-workspace/Source/Network/Models/ResponseModels/ResponseModel.swift /Users/admin/builder/spi-builder-workspace/Source/Network/Models/ResponseModels/Warning.swift /Users/admin/builder/spi-builder-workspace/Source/Network/Models/Result.swift /Users/admin/builder/spi-builder-workspace/Source/Network/NetworkConstants.swift /Users/admin/builder/spi-builder-workspace/Source/Network/NetworkPromises.swift /Users/admin/builder/spi-builder-workspace/Source/Network/NetworkUtils.swift /Users/admin/builder/spi-builder-workspace/Source/Network/Promise/Callback.swift /Users/admin/builder/spi-builder-workspace/Source/Network/Promise/Promise.swift /Users/admin/builder/spi-builder-workspace/Source/Network/Promise/State.swift /Users/admin/builder/spi-builder-workspace/Source/Network/Protocols/ConvertibleFromData.swift /Users/admin/builder/spi-builder-workspace/Source/Network/Protocols/RequestConvertable.swift /Users/admin/builder/spi-builder-workspace/Source/Network/Protocols/ResourceAPIProtocol.swift /Users/admin/builder/spi-builder-workspace/Source/Network/Protocols/URLSessionProviderProtocol.swift /Users/admin/builder/spi-builder-workspace/Source/Network/Protocols/ValidationOptionsProtocol.swift /Users/admin/builder/spi-builder-workspace/Source/Network/ServerTrustValidator.swift /Users/admin/builder/spi-builder-workspace/Source/Network/SessionDelegate.swift /Users/admin/builder/spi-builder-workspace/Source/Network/SessionManager.swift /Users/admin/builder/spi-builder-workspace/Source/Network/SessionManagerProtocol.swift /Users/admin/builder/spi-builder-workspace/Source/OAuth/AccountAccess.swift /Users/admin/builder/spi-builder-workspace/Source/OAuth/OAuth.swift /Users/admin/builder/spi-builder-workspace/Source/OAuth/OAuthConstants.swift /Users/admin/builder/spi-builder-workspace/Source/OAuth/OAuthError.swift /Users/admin/builder/spi-builder-workspace/Source/OAuth/OAuthErrorResponse.swift /Users/admin/builder/spi-builder-workspace/Source/OAuth/OAuthFlowType.swift /Users/admin/builder/spi-builder-workspace/Source/OAuth/OAuthURLBuilder.swift /Users/admin/builder/spi-builder-workspace/Source/OAuth/RedirectURIsValidator.swift /Users/admin/builder/spi-builder-workspace/Source/OAuth/String+Random.swift /Users/admin/builder/spi-builder-workspace/Source/OAuth/URLOpenerProtocol.swift /Users/admin/builder/spi-builder-workspace/Source/Resources/Accounts/AccountResource.swift /Users/admin/builder/spi-builder-workspace/Source/Resources/Accounts/AccountsAPI.swift /Users/admin/builder/spi-builder-workspace/Source/Resources/Accounts/Models/Account.swift /Users/admin/builder/spi-builder-workspace/Source/Resources/Accounts/Models/Currency.swift /Users/admin/builder/spi-builder-workspace/Source/Resources/Addresses/Address.swift /Users/admin/builder/spi-builder-workspace/Source/Resources/Addresses/AddressResource.swift /Users/admin/builder/spi-builder-workspace/Source/Resources/Addresses/AddressesAPI.swift /Users/admin/builder/spi-builder-workspace/Source/Resources/BaseResource.swift /Users/admin/builder/spi-builder-workspace/Source/Resources/Buys/Buy.swift /Users/admin/builder/spi-builder-workspace/Source/Resources/Buys/BuyResource.swift /Users/admin/builder/spi-builder-workspace/Source/Resources/Currencies/CurrenciesAPI.swift /Users/admin/builder/spi-builder-workspace/Source/Resources/Currencies/CurrenciesResource.swift /Users/admin/builder/spi-builder-workspace/Source/Resources/Currencies/CurrencyInfo.swift /Users/admin/builder/spi-builder-workspace/Source/Resources/Deposits/Deposit.swift /Users/admin/builder/spi-builder-workspace/Source/Resources/Deposits/DepositResource.swift /Users/admin/builder/spi-builder-workspace/Source/Resources/ExchangeRates/ExchangeRates.swift /Users/admin/builder/spi-builder-workspace/Source/Resources/ExchangeRates/ExchangeRatesAPI.swift /Users/admin/builder/spi-builder-workspace/Source/Resources/ExchangeRates/ExchangeRatesResource.swift /Users/admin/builder/spi-builder-workspace/Source/Resources/PaymentMethods/Models/NextRequirement.swift /Users/admin/builder/spi-builder-workspace/Source/Resources/PaymentMethods/Models/PaymentMethod.swift /Users/admin/builder/spi-builder-workspace/Source/Resources/PaymentMethods/Models/PaymentMethodLimit.swift /Users/admin/builder/spi-builder-workspace/Source/Resources/PaymentMethods/Models/PaymentMethodLimits.swift /Users/admin/builder/spi-builder-workspace/Source/Resources/PaymentMethods/PaymentMethodExpandOption.swift /Users/admin/builder/spi-builder-workspace/Source/Resources/PaymentMethods/PaymentMethodResource.swift /Users/admin/builder/spi-builder-workspace/Source/Resources/PaymentMethods/PaymentMethodsAPI.swift /Users/admin/builder/spi-builder-workspace/Source/Resources/Prices/Price.swift /Users/admin/builder/spi-builder-workspace/Source/Resources/Prices/PricesAPI.swift /Users/admin/builder/spi-builder-workspace/Source/Resources/Prices/PricesResource.swift /Users/admin/builder/spi-builder-workspace/Source/Resources/Sells/Sell.swift /Users/admin/builder/spi-builder-workspace/Source/Resources/Sells/SellResource.swift /Users/admin/builder/spi-builder-workspace/Source/Resources/Time/TimeAPI.swift /Users/admin/builder/spi-builder-workspace/Source/Resources/Time/TimeInfo.swift /Users/admin/builder/spi-builder-workspace/Source/Resources/Time/TimeResource.swift /Users/admin/builder/spi-builder-workspace/Source/Resources/Token/TokenResource.swift /Users/admin/builder/spi-builder-workspace/Source/Resources/Token/TokensAPI.swift /Users/admin/builder/spi-builder-workspace/Source/Resources/Token/UserToken.swift /Users/admin/builder/spi-builder-workspace/Source/Resources/Trades/RequestParameters/BuySellParameters.swift /Users/admin/builder/spi-builder-workspace/Source/Resources/Trades/RequestParameters/DepositWithdrawalParameters.swift /Users/admin/builder/spi-builder-workspace/Source/Resources/Trades/RequestParameters/TradeParameters.swift /Users/admin/builder/spi-builder-workspace/Source/Resources/Trades/Trade.swift /Users/admin/builder/spi-builder-workspace/Source/Resources/Trades/TradeExpandOption.swift /Users/admin/builder/spi-builder-workspace/Source/Resources/Trades/TradeResourceProtocol.swift /Users/admin/builder/spi-builder-workspace/Source/Resources/Trades/TradesAPI.swift /Users/admin/builder/spi-builder-workspace/Source/Resources/Transactions/Models/ApplicationModel.swift /Users/admin/builder/spi-builder-workspace/Source/Resources/Transactions/Models/CryptoAddress.swift /Users/admin/builder/spi-builder-workspace/Source/Resources/Transactions/Models/EmailModel.swift /Users/admin/builder/spi-builder-workspace/Source/Resources/Transactions/Models/MoneyHash.swift /Users/admin/builder/spi-builder-workspace/Source/Resources/Transactions/Models/ResourceObject.swift /Users/admin/builder/spi-builder-workspace/Source/Resources/Transactions/Models/Transaction.swift /Users/admin/builder/spi-builder-workspace/Source/Resources/Transactions/Models/TransactionDetails.swift /Users/admin/builder/spi-builder-workspace/Source/Resources/Transactions/Models/TransactionNetwork.swift /Users/admin/builder/spi-builder-workspace/Source/Resources/Transactions/Models/TransactionParty.swift /Users/admin/builder/spi-builder-workspace/Source/Resources/Transactions/RequestParameters/RequestTransactionParameters.swift /Users/admin/builder/spi-builder-workspace/Source/Resources/Transactions/RequestParameters/SendTransactionParameters.swift /Users/admin/builder/spi-builder-workspace/Source/Resources/Transactions/RequestParameters/TransactionParameters.swift /Users/admin/builder/spi-builder-workspace/Source/Resources/Transactions/TransactionExpandOption.swift /Users/admin/builder/spi-builder-workspace/Source/Resources/Transactions/TransactionResource.swift /Users/admin/builder/spi-builder-workspace/Source/Resources/Transactions/TransactionsAPI.swift /Users/admin/builder/spi-builder-workspace/Source/Resources/Users/Models/AuthorizationInfo.swift /Users/admin/builder/spi-builder-workspace/Source/Resources/Users/Models/Country.swift /Users/admin/builder/spi-builder-workspace/Source/Resources/Users/Models/User.swift /Users/admin/builder/spi-builder-workspace/Source/Resources/Users/UserResource.swift /Users/admin/builder/spi-builder-workspace/Source/Resources/Users/UsersAPI.swift /Users/admin/builder/spi-builder-workspace/Source/Resources/Withdrawals/Withdrawal.swift /Users/admin/builder/spi-builder-workspace/Source/Resources/Withdrawals/WithdrawalResource.swift /Users/admin/builder/spi-builder-workspace/Source/Utils/Array+rawValues.swift /Users/admin/builder/spi-builder-workspace/Source/Utils/DictionaryConvertible.swift /Users/admin/builder/spi-builder-workspace/Source/Utils/Logging.swift -target arm64-apple-watchos9.0 -Xllvm -aarch64-use-tbi -enable-objc-interop -stack-check -sdk /Applications/Xcode-27.0.0-Release.Candidate.app/Contents/Developer/Platforms/WatchOS.platform/Developer/SDKs/WatchOS27.0.sdk -I /Users/admin/builder/spi-builder-workspace/.derivedData/Build/Products/Debug-watchos -Isystem /Applications/Xcode-27.0.0-Release.Candidate.app/Contents/Developer/Platforms/WatchOS.platform/Developer/usr/lib -F /Users/admin/builder/spi-builder-workspace/.derivedData/Build/Products/Debug-watchos -F /Applications/Xcode-27.0.0-Release.Candidate.app/Contents/Developer/Platforms/WatchOS.platform/Developer/Library/Frameworks -F /Applications/Xcode-27.0.0-Release.Candidate.app/Contents/Developer/Platforms/WatchOS.platform/Developer/SDKs/WatchOS27.0.sdk/Developer/Library/Frameworks -module-cache-path /Users/admin/builder/spi-builder-workspace/.derivedData/ModuleCache.noindex -no-color-diagnostics -Xcc -fno-color-diagnostics -enable-testing -g -debug-info-format\=dwarf -dwarf-version\=4 -swift-version 4 -Onone -D SWIFT_PACKAGE -D DEBUG -D SWIFT_MODULE_RESOURCE_BUNDLE_UNAVAILABLE -D Xcode -serialize-debugging-options -enable-experimental-feature DebugDescriptionMacro -empty-abi-descriptor -plugin-path /Applications/Xcode-27.0.0-Release.Candidate.app/Contents/Developer/Toolchains/XcodeDefault.xctoolchain/usr/lib/swift/host/plugins/testing -validate-clang-modules-once -clang-build-session-file /Users/admin/builder/spi-builder-workspace/.derivedData/ModuleCache.noindex/Session.modulevalidation -Xcc -working-directory -Xcc /Users/admin/builder/spi-builder-workspace/.swiftpm/xcode -enable-anonymous-context-mangled-names -file-compilation-dir /Users/admin/builder/spi-builder-workspace/.swiftpm/xcode -Xcc -D_LIBCPP_HARDENING_MODE\=_LIBCPP_HARDENING_MODE_DEBUG -Xcc -ivfsstatcache -Xcc /Users/admin/builder/spi-builder-workspace/.derivedData/SDKStatCaches.noindex/watchos27.0-24R360-e829b21a6f8c9b70876ba0858053c04477534ef55a1706bf4c1112bbb242f0a2.sdkstatcache -Xcc -fmodules-prune-interval\=86400 -Xcc -fmodules-prune-after\=345600 -Xcc -I/Users/admin/builder/spi-builder-workspace/.derivedData/Build/Products/Debug-watchos/include -Xcc -I/Users/admin/builder/spi-builder-workspace/.derivedData/Build/Intermediates.noindex/CoinbaseSDK.build/Debug-watchos/CoinbaseSDK-t.build/DerivedSources-normal/arm64 -Xcc -I/Users/admin/builder/spi-builder-workspace/.derivedData/Build/Intermediates.noindex/CoinbaseSDK.build/Debug-watchos/CoinbaseSDK-t.build/DerivedSources/arm64 -Xcc -I/Users/admin/builder/spi-builder-workspace/.derivedData/Build/Intermediates.noindex/CoinbaseSDK.build/Debug-watchos/CoinbaseSDK-t.build/DerivedSources -Xcc -DSWIFT_PACKAGE -Xcc -DDEBUG\=1 -no-auto-bridging-header-chaining -module-name CoinbaseSDK -const-gather-protocols-file /Users/admin/builder/spi-builder-workspace/.derivedData/Build/Intermediates.noindex/CoinbaseSDK.build/Debug-watchos/CoinbaseSDK-t.build/Objects-normal/arm64/CoinbaseSDK_const_extract_protocols.json -disable-clang-spi -target-sdk-version 27.0 -target-sdk-name watchos27.0 -external-plugin-path /Applications/Xcode-27.0.0-Release.Candidate.app/Contents/Developer/Platforms/WatchOS.platform/Developer/usr/lib/swift/host/plugins\#/Applications/Xcode-27.0.0-Release.Candidate.app/Contents/Developer/Platforms/WatchOS.platform/Developer/usr/bin/swift-plugin-server -external-plugin-path /Applications/Xcode-27.0.0-Release.Candidate.app/Contents/Developer/Platforms/WatchOS.platform/Developer/usr/local/lib/swift/host/plugins\#/Applications/Xcode-27.0.0-Release.Candidate.app/Contents/Developer/Platforms/WatchOS.platform/Developer/usr/bin/swift-plugin-server -in-process-plugin-server-path /Applications/Xcode-27.0.0-Release.Candidate.app/Contents/Developer/Toolchains/XcodeDefault.xctoolchain/usr/lib/swift/host/libSwiftInProcPluginServer.dylib -plugin-path /Applications/Xcode-27.0.0-Release.Candidate.app/Contents/Developer/Toolchains/XcodeDefault.xctoolchain/usr/lib/swift/host/plugins -plugin-path /Applications/Xcode-27.0.0-Release.Candidate.app/Contents/Developer/Toolchains/XcodeDefault.xctoolchain/usr/local/lib/swift/host/plugins -emit-module-doc-path /Users/admin/builder/spi-builder-workspace/.derivedData/Build/Intermediates.noindex/CoinbaseSDK.build/Debug-watchos/CoinbaseSDK-t.build/Objects-normal/arm64/CoinbaseSDK.swiftdoc -emit-module-source-info-path /Users/admin/builder/spi-builder-workspace/.derivedData/Build/Intermediates.noindex/CoinbaseSDK.build/Debug-watchos/CoinbaseSDK-t.build/Objects-normal/arm64/CoinbaseSDK.swiftsourceinfo -emit-objc-header-path /Users/admin/builder/spi-builder-workspace/.derivedData/Build/Intermediates.noindex/CoinbaseSDK.build/Debug-watchos/CoinbaseSDK-t.build/Objects-normal/arm64/CoinbaseSDK-Swift.h -serialize-diagnostics-path /Users/admin/builder/spi-builder-workspace/.derivedData/Build/Intermediates.noindex/CoinbaseSDK.build/Debug-watchos/CoinbaseSDK-t.build/Objects-normal/arm64/CoinbaseSDK-primary-emit-module.dia -emit-dependencies-path /Users/admin/builder/spi-builder-workspace/.derivedData/Build/Intermediates.noindex/CoinbaseSDK.build/Debug-watchos/CoinbaseSDK-t.build/Objects-normal/arm64/CoinbaseSDK-primary-emit-module.d -parse-as-library -o /Users/admin/builder/spi-builder-workspace/.derivedData/Build/Intermediates.noindex/CoinbaseSDK.build/Debug-watchos/CoinbaseSDK-t.build/Objects-normal/arm64/CoinbaseSDK.swiftmodule -emit-abi-descriptor-path /Users/admin/builder/spi-builder-workspace/.derivedData/Build/Intermediates.noindex/CoinbaseSDK.build/Debug-watchos/CoinbaseSDK-t.build/Objects-normal/arm64/CoinbaseSDK.abi.json
SwiftCompile normal arm64 (in target 'CoinbaseSDK' from project 'CoinbaseSDK')
cd /Users/admin/builder/spi-builder-workspace/.swiftpm/xcode
SwiftCompile normal arm64 Compiling\ Coinbase.swift,\ AccessTokenProvider.swift,\ TokenRefreshDataProvider.swift,\ Result+promiseCallback.swift,\ TokenAutoRefreshInterceptor.swift,\ GeneralDeviceInfo.swift,\ DefaultResponse.swift,\ ErrorModel.swift,\ ErrorResponse.swift,\ NetworkErrors.swift,\ PaginationParameters.swift /Users/admin/builder/spi-builder-workspace/Source/Coinbase.swift /Users/admin/builder/spi-builder-workspace/Source/DataProviders/AccessTokenProvider.swift /Users/admin/builder/spi-builder-workspace/Source/DataProviders/TokenRefreshDataProvider.swift /Users/admin/builder/spi-builder-workspace/Source/Extentions/Result+promiseCallback.swift /Users/admin/builder/spi-builder-workspace/Source/Extentions/TokenAutoRefreshInterceptor.swift /Users/admin/builder/spi-builder-workspace/Source/Network/GeneralDeviceInfo.swift /Users/admin/builder/spi-builder-workspace/Source/Network/Models/DefaultResponse.swift /Users/admin/builder/spi-builder-workspace/Source/Network/Models/Errors/ErrorModel.swift /Users/admin/builder/spi-builder-workspace/Source/Network/Models/Errors/ErrorResponse.swift /Users/admin/builder/spi-builder-workspace/Source/Network/Models/Errors/NetworkErrors.swift /Users/admin/builder/spi-builder-workspace/Source/Network/Models/PaginationParameters.swift (in target 'CoinbaseSDK' from project 'CoinbaseSDK')
SwiftCompile normal arm64 /Users/admin/builder/spi-builder-workspace/Source/Coinbase.swift (in target 'CoinbaseSDK' from project 'CoinbaseSDK')
cd /Users/admin/builder/spi-builder-workspace/.swiftpm/xcode
builtin-SwiftPerFileCompile Coinbase.swift
SwiftCompile normal arm64 /Users/admin/builder/spi-builder-workspace/Source/DataProviders/AccessTokenProvider.swift (in target 'CoinbaseSDK' from project 'CoinbaseSDK')
cd /Users/admin/builder/spi-builder-workspace/.swiftpm/xcode
builtin-SwiftPerFileCompile AccessTokenProvider.swift
SwiftCompile normal arm64 /Users/admin/builder/spi-builder-workspace/Source/DataProviders/TokenRefreshDataProvider.swift (in target 'CoinbaseSDK' from project 'CoinbaseSDK')
cd /Users/admin/builder/spi-builder-workspace/.swiftpm/xcode
builtin-SwiftPerFileCompile TokenRefreshDataProvider.swift
SwiftCompile normal arm64 /Users/admin/builder/spi-builder-workspace/Source/Extentions/Result+promiseCallback.swift (in target 'CoinbaseSDK' from project 'CoinbaseSDK')
cd /Users/admin/builder/spi-builder-workspace/.swiftpm/xcode
builtin-SwiftPerFileCompile Result+promiseCallback.swift
SwiftCompile normal arm64 /Users/admin/builder/spi-builder-workspace/Source/Extentions/TokenAutoRefreshInterceptor.swift (in target 'CoinbaseSDK' from project 'CoinbaseSDK')
cd /Users/admin/builder/spi-builder-workspace/.swiftpm/xcode
builtin-SwiftPerFileCompile TokenAutoRefreshInterceptor.swift
SwiftCompile normal arm64 /Users/admin/builder/spi-builder-workspace/Source/Network/GeneralDeviceInfo.swift (in target 'CoinbaseSDK' from project 'CoinbaseSDK')
cd /Users/admin/builder/spi-builder-workspace/.swiftpm/xcode
builtin-SwiftPerFileCompile GeneralDeviceInfo.swift
SwiftCompile normal arm64 /Users/admin/builder/spi-builder-workspace/Source/Network/Models/DefaultResponse.swift (in target 'CoinbaseSDK' from project 'CoinbaseSDK')
cd /Users/admin/builder/spi-builder-workspace/.swiftpm/xcode
builtin-SwiftPerFileCompile DefaultResponse.swift
SwiftCompile normal arm64 /Users/admin/builder/spi-builder-workspace/Source/Network/Models/Errors/ErrorModel.swift (in target 'CoinbaseSDK' from project 'CoinbaseSDK')
cd /Users/admin/builder/spi-builder-workspace/.swiftpm/xcode
builtin-SwiftPerFileCompile ErrorModel.swift
SwiftCompile normal arm64 /Users/admin/builder/spi-builder-workspace/Source/Network/Models/Errors/ErrorResponse.swift (in target 'CoinbaseSDK' from project 'CoinbaseSDK')
cd /Users/admin/builder/spi-builder-workspace/.swiftpm/xcode
builtin-SwiftPerFileCompile ErrorResponse.swift
SwiftCompile normal arm64 /Users/admin/builder/spi-builder-workspace/Source/Network/Models/Errors/NetworkErrors.swift (in target 'CoinbaseSDK' from project 'CoinbaseSDK')
cd /Users/admin/builder/spi-builder-workspace/.swiftpm/xcode
builtin-SwiftPerFileCompile NetworkErrors.swift
SwiftCompile normal arm64 /Users/admin/builder/spi-builder-workspace/Source/Network/Models/PaginationParameters.swift (in target 'CoinbaseSDK' from project 'CoinbaseSDK')
cd /Users/admin/builder/spi-builder-workspace/.swiftpm/xcode
builtin-SwiftPerFileCompile PaginationParameters.swift
/Users/admin/builder/spi-builder-workspace/Source/Network/GeneralDeviceInfo.swift:24:9: warning: result of call to 'gethostuuid' is unused [#NoUsage]
22 | var hwUUIDBytes: [UInt8] = [0, 0, 0, 0, 0, 0, 0, 0, 0, 0, 0, 0, 0, 0, 0, 0]
23 | var timeSpec = timespec(tv_sec: 0, tv_nsec: 0)
24 | gethostuuid(&hwUUIDBytes, &timeSpec)
| `- warning: result of call to 'gethostuuid' is unused [#NoUsage]
25 | return NSUUID(uuidBytes: hwUUIDBytes).uuidString
26 | }()
/Users/admin/builder/spi-builder-workspace/Source/Network/GeneralDeviceInfo.swift:24:9: error: 'gethostuuid' is unavailable in watchOS
22 | var hwUUIDBytes: [UInt8] = [0, 0, 0, 0, 0, 0, 0, 0, 0, 0, 0, 0, 0, 0, 0, 0]
23 | var timeSpec = timespec(tv_sec: 0, tv_nsec: 0)
24 | gethostuuid(&hwUUIDBytes, &timeSpec)
| `- error: 'gethostuuid' is unavailable in watchOS
25 | return NSUUID(uuidBytes: hwUUIDBytes).uuidString
26 | }()
/Applications/Xcode-27.0.0-Release.Candidate.app/Contents/Developer/Platforms/WatchOS.platform/Developer/SDKs/WatchOS27.0.sdk/usr/include/gethostuuid.h:41:5: note: 'gethostuuid' has been explicitly marked unavailable here
39 | int gethostuuid(uuid_t, const struct timespec *) __OSX_AVAILABLE_BUT_DEPRECATED_MSG(__MAC_NA, __MAC_NA, __IPHONE_2_0, __IPHONE_5_0, "gethostuuid() is no longer supported");
40 | #else
41 | int gethostuuid(uuid_t, const struct timespec *) __API_AVAILABLE(macos(10.5)) __API_UNAVAILABLE(ios, tvos, watchos);
| `- note: 'gethostuuid' has been explicitly marked unavailable here
42 | #endif
43 | __END_DECLS
/Users/admin/builder/spi-builder-workspace/Source/Network/GeneralDeviceInfo.swift:39:29: error: cannot find 'Host' in scope
37 | }()
38 |
39 | lazy var name: String = Host.current().name ?? ""
| `- error: cannot find 'Host' in scope
40 |
41 | #endif
/Users/admin/builder/spi-builder-workspace/Source/Network/Models/PaginationParameters.swift:135:5: warning: 'public' modifier is redundant for static method declared in a public extension
133 |
134 | /// Creates pagination parameters for next page request.
135 | public static func nextPage(from pagination: Pagination?) -> PaginationParameters? {
| `- warning: 'public' modifier is redundant for static method declared in a public extension
136 | return PaginationParameters(uri: pagination?.nextURI)
137 | }
SwiftCompile normal arm64 Compiling\ PaymentMethodsAPI.swift,\ Price.swift,\ PricesAPI.swift,\ PricesResource.swift,\ Sell.swift,\ SellResource.swift,\ TimeAPI.swift,\ TimeInfo.swift,\ TimeResource.swift,\ TokenResource.swift,\ TokensAPI.swift /Users/admin/builder/spi-builder-workspace/Source/Resources/PaymentMethods/PaymentMethodsAPI.swift /Users/admin/builder/spi-builder-workspace/Source/Resources/Prices/Price.swift /Users/admin/builder/spi-builder-workspace/Source/Resources/Prices/PricesAPI.swift /Users/admin/builder/spi-builder-workspace/Source/Resources/Prices/PricesResource.swift /Users/admin/builder/spi-builder-workspace/Source/Resources/Sells/Sell.swift /Users/admin/builder/spi-builder-workspace/Source/Resources/Sells/SellResource.swift /Users/admin/builder/spi-builder-workspace/Source/Resources/Time/TimeAPI.swift /Users/admin/builder/spi-builder-workspace/Source/Resources/Time/TimeInfo.swift /Users/admin/builder/spi-builder-workspace/Source/Resources/Time/TimeResource.swift /Users/admin/builder/spi-builder-workspace/Source/Resources/Token/TokenResource.swift /Users/admin/builder/spi-builder-workspace/Source/Resources/Token/TokensAPI.swift (in target 'CoinbaseSDK' from project 'CoinbaseSDK')
SwiftCompile normal arm64 /Users/admin/builder/spi-builder-workspace/Source/Resources/PaymentMethods/PaymentMethodsAPI.swift (in target 'CoinbaseSDK' from project 'CoinbaseSDK')
cd /Users/admin/builder/spi-builder-workspace/.swiftpm/xcode
builtin-SwiftPerFileCompile PaymentMethodsAPI.swift
SwiftCompile normal arm64 /Users/admin/builder/spi-builder-workspace/Source/Resources/Prices/Price.swift (in target 'CoinbaseSDK' from project 'CoinbaseSDK')
cd /Users/admin/builder/spi-builder-workspace/.swiftpm/xcode
builtin-SwiftPerFileCompile Price.swift
SwiftCompile normal arm64 /Users/admin/builder/spi-builder-workspace/Source/Resources/Prices/PricesAPI.swift (in target 'CoinbaseSDK' from project 'CoinbaseSDK')
cd /Users/admin/builder/spi-builder-workspace/.swiftpm/xcode
builtin-SwiftPerFileCompile PricesAPI.swift
SwiftCompile normal arm64 /Users/admin/builder/spi-builder-workspace/Source/Resources/Prices/PricesResource.swift (in target 'CoinbaseSDK' from project 'CoinbaseSDK')
cd /Users/admin/builder/spi-builder-workspace/.swiftpm/xcode
builtin-SwiftPerFileCompile PricesResource.swift
SwiftCompile normal arm64 /Users/admin/builder/spi-builder-workspace/Source/Resources/Sells/Sell.swift (in target 'CoinbaseSDK' from project 'CoinbaseSDK')
cd /Users/admin/builder/spi-builder-workspace/.swiftpm/xcode
builtin-SwiftPerFileCompile Sell.swift
SwiftCompile normal arm64 /Users/admin/builder/spi-builder-workspace/Source/Resources/Sells/SellResource.swift (in target 'CoinbaseSDK' from project 'CoinbaseSDK')
cd /Users/admin/builder/spi-builder-workspace/.swiftpm/xcode
builtin-SwiftPerFileCompile SellResource.swift
SwiftCompile normal arm64 /Users/admin/builder/spi-builder-workspace/Source/Resources/Time/TimeAPI.swift (in target 'CoinbaseSDK' from project 'CoinbaseSDK')
cd /Users/admin/builder/spi-builder-workspace/.swiftpm/xcode
builtin-SwiftPerFileCompile TimeAPI.swift
SwiftCompile normal arm64 /Users/admin/builder/spi-builder-workspace/Source/Resources/Time/TimeInfo.swift (in target 'CoinbaseSDK' from project 'CoinbaseSDK')
cd /Users/admin/builder/spi-builder-workspace/.swiftpm/xcode
builtin-SwiftPerFileCompile TimeInfo.swift
SwiftCompile normal arm64 /Users/admin/builder/spi-builder-workspace/Source/Resources/Time/TimeResource.swift (in target 'CoinbaseSDK' from project 'CoinbaseSDK')
cd /Users/admin/builder/spi-builder-workspace/.swiftpm/xcode
builtin-SwiftPerFileCompile TimeResource.swift
SwiftCompile normal arm64 /Users/admin/builder/spi-builder-workspace/Source/Resources/Token/TokenResource.swift (in target 'CoinbaseSDK' from project 'CoinbaseSDK')
cd /Users/admin/builder/spi-builder-workspace/.swiftpm/xcode
builtin-SwiftPerFileCompile TokenResource.swift
SwiftCompile normal arm64 /Users/admin/builder/spi-builder-workspace/Source/Resources/Token/TokensAPI.swift (in target 'CoinbaseSDK' from project 'CoinbaseSDK')
cd /Users/admin/builder/spi-builder-workspace/.swiftpm/xcode
builtin-SwiftPerFileCompile TokensAPI.swift
SwiftCompile normal arm64 Compiling\ Response.swift,\ EmptyData.swift,\ Pagination.swift,\ ResponseModel.swift,\ Warning.swift,\ Result.swift,\ NetworkConstants.swift,\ NetworkPromises.swift,\ NetworkUtils.swift,\ Callback.swift,\ Promise.swift /Users/admin/builder/spi-builder-workspace/Source/Network/Models/Response.swift /Users/admin/builder/spi-builder-workspace/Source/Network/Models/ResponseModels/EmptyData.swift /Users/admin/builder/spi-builder-workspace/Source/Network/Models/ResponseModels/Pagination.swift /Users/admin/builder/spi-builder-workspace/Source/Network/Models/ResponseModels/ResponseModel.swift /Users/admin/builder/spi-builder-workspace/Source/Network/Models/ResponseModels/Warning.swift /Users/admin/builder/spi-builder-workspace/Source/Network/Models/Result.swift /Users/admin/builder/spi-builder-workspace/Source/Network/NetworkConstants.swift /Users/admin/builder/spi-builder-workspace/Source/Network/NetworkPromises.swift /Users/admin/builder/spi-builder-workspace/Source/Network/NetworkUtils.swift /Users/admin/builder/spi-builder-workspace/Source/Network/Promise/Callback.swift /Users/admin/builder/spi-builder-workspace/Source/Network/Promise/Promise.swift (in target 'CoinbaseSDK' from project 'CoinbaseSDK')
/Users/admin/builder/spi-builder-workspace/Source/Network/NetworkUtils.swift:25:48: warning: 'languageCode' was deprecated in watchOS 9: renamed to 'language.languageCode.identifier' [#DeprecatedDeclaration]
23 | headers[HeaderKeys.accept] = "application/json"
24 |
25 | if let languageCode = NSLocale.current.languageCode {
| |- warning: 'languageCode' was deprecated in watchOS 9: renamed to 'language.languageCode.identifier' [#DeprecatedDeclaration]
| `- note: use 'language.languageCode.identifier' instead
26 | headers[HeaderKeys.acceptLanguage] = languageCode
27 | }
/Users/admin/builder/spi-builder-workspace/Source/Network/Promise/Promise.swift:110:5: warning: 'public' modifier is redundant for property declared in a public extension
108 |
109 | /// `true` if promise is neither fulfilled nor rejected; otherwise, `false`.
110 | public var isPending: Bool {
| `- warning: 'public' modifier is redundant for property declared in a public extension
111 | return !isFulfilled && !isRejected
112 | }
/Users/admin/builder/spi-builder-workspace/Source/Network/Promise/Promise.swift:115:5: warning: 'public' modifier is redundant for property declared in a public extension
113 |
114 | /// `true` if promise completed successfully; otherwise, `false`.
115 | public var isFulfilled: Bool {
| `- warning: 'public' modifier is redundant for property declared in a public extension
116 | return value != nil
117 | }
/Users/admin/builder/spi-builder-workspace/Source/Network/Promise/Promise.swift:120:5: warning: 'public' modifier is redundant for property declared in a public extension
118 |
119 | /// `true` if promise failed; otherwise, `false`.
120 | public var isRejected: Bool {
| `- warning: 'public' modifier is redundant for property declared in a public extension
121 | return error != nil
122 | }
/Users/admin/builder/spi-builder-workspace/Source/Network/Promise/Promise.swift:125:5: warning: 'public' modifier is redundant for property declared in a public extension
123 |
124 | /// Returns associated value if promise completed successfully; otherwise, returns `nil`.
125 | public var value: Value? {
| `- warning: 'public' modifier is redundant for property declared in a public extension
126 | return lockQueue.sync(execute: {
127 | return self.state.value
/Users/admin/builder/spi-builder-workspace/Source/Network/Promise/Promise.swift:132:5: warning: 'public' modifier is redundant for property declared in a public extension
130 |
131 | /// Returns associated error if promise failed; otherwise, returns `nil`.
132 | public var error: Error? {
| `- warning: 'public' modifier is redundant for property declared in a public extension
133 | return lockQueue.sync(execute: {
134 | return self.state.error
/Users/admin/builder/spi-builder-workspace/Source/Network/Promise/Promise.swift:200:5: warning: 'public' modifier is redundant for instance method declared in a public extension
198 | ///
199 | @discardableResult
200 | public func then(on queue: DispatchQueue = .main,
| `- warning: 'public' modifier is redundant for instance method declared in a public extension
201 | _ onFulfill: @escaping (_ value: Value) -> Void,
202 | _ onReject: @escaping (_ error: Error) -> Void = { _ in }) -> Promise<Value> {
/Users/admin/builder/spi-builder-workspace/Source/Network/Promise/Promise.swift:219:5: warning: 'public' modifier is redundant for instance method declared in a public extension
217 | ///
218 | @discardableResult
219 | public func then<NewValue>(on queue: DispatchQueue = .main,
| `- warning: 'public' modifier is redundant for instance method declared in a public extension
220 | _ onFulfill: @escaping (_ value: Value) throws -> NewValue) -> Promise<NewValue> {
221 | return Promise<NewValue>(queue: queue) { fulfill, reject in
/Users/admin/builder/spi-builder-workspace/Source/Network/Promise/Promise.swift:244:5: warning: 'public' modifier is redundant for instance method declared in a public extension
242 | ///
243 | @discardableResult
244 | public func then<NewValue>(on queue: DispatchQueue = .main,
| `- warning: 'public' modifier is redundant for instance method declared in a public extension
245 | _ onFulfill: @escaping (_ value: Value) throws -> Promise<NewValue>) -> Promise<NewValue> {
246 | return Promise<NewValue>(queue: queue) { fulfill, reject in
/Users/admin/builder/spi-builder-workspace/Source/Network/Promise/Promise.swift:271:5: warning: 'public' modifier is redundant for instance method declared in a public extension
269 | ///
270 | @discardableResult
271 | public func recover(on queue: DispatchQueue = .main,
| `- warning: 'public' modifier is redundant for instance method declared in a public extension
272 | _ onReject: @escaping (_ error: Error) throws -> Promise<Value>) -> Promise<Value> {
273 | return Promise(queue: queue) { fulfill, reject in
/Users/admin/builder/spi-builder-workspace/Source/Network/Promise/Promise.swift:298:5: warning: 'public' modifier is redundant for instance method declared in a public extension
296 | ///
297 | @discardableResult
298 | public func `catch`(on queue: DispatchQueue = .main,
| `- warning: 'public' modifier is redundant for instance method declared in a public extension
299 | _ onReject: @escaping (_ error: Error) -> Void) -> Promise<Value> {
300 | return then(on: queue, { _ in }, onReject)
SwiftCompile normal arm64 /Users/admin/builder/spi-builder-workspace/Source/Network/Models/Response.swift (in target 'CoinbaseSDK' from project 'CoinbaseSDK')
cd /Users/admin/builder/spi-builder-workspace/.swiftpm/xcode
builtin-SwiftPerFileCompile Response.swift
SwiftCompile normal arm64 /Users/admin/builder/spi-builder-workspace/Source/Network/Models/ResponseModels/EmptyData.swift (in target 'CoinbaseSDK' from project 'CoinbaseSDK')
cd /Users/admin/builder/spi-builder-workspace/.swiftpm/xcode
builtin-SwiftPerFileCompile EmptyData.swift
SwiftCompile normal arm64 /Users/admin/builder/spi-builder-workspace/Source/Network/Models/ResponseModels/Pagination.swift (in target 'CoinbaseSDK' from project 'CoinbaseSDK')
cd /Users/admin/builder/spi-builder-workspace/.swiftpm/xcode
builtin-SwiftPerFileCompile Pagination.swift
SwiftCompile normal arm64 /Users/admin/builder/spi-builder-workspace/Source/Network/Models/ResponseModels/ResponseModel.swift (in target 'CoinbaseSDK' from project 'CoinbaseSDK')
cd /Users/admin/builder/spi-builder-workspace/.swiftpm/xcode
builtin-SwiftPerFileCompile ResponseModel.swift
SwiftCompile normal arm64 /Users/admin/builder/spi-builder-workspace/Source/Network/Models/ResponseModels/Warning.swift (in target 'CoinbaseSDK' from project 'CoinbaseSDK')
cd /Users/admin/builder/spi-builder-workspace/.swiftpm/xcode
builtin-SwiftPerFileCompile Warning.swift
SwiftCompile normal arm64 /Users/admin/builder/spi-builder-workspace/Source/Network/Models/Result.swift (in target 'CoinbaseSDK' from project 'CoinbaseSDK')
cd /Users/admin/builder/spi-builder-workspace/.swiftpm/xcode
builtin-SwiftPerFileCompile Result.swift
SwiftCompile normal arm64 /Users/admin/builder/spi-builder-workspace/Source/Network/NetworkConstants.swift (in target 'CoinbaseSDK' from project 'CoinbaseSDK')
cd /Users/admin/builder/spi-builder-workspace/.swiftpm/xcode
builtin-SwiftPerFileCompile NetworkConstants.swift
SwiftCompile normal arm64 /Users/admin/builder/spi-builder-workspace/Source/Network/NetworkPromises.swift (in target 'CoinbaseSDK' from project 'CoinbaseSDK')
cd /Users/admin/builder/spi-builder-workspace/.swiftpm/xcode
builtin-SwiftPerFileCompile NetworkPromises.swift
SwiftCompile normal arm64 /Users/admin/builder/spi-builder-workspace/Source/Network/NetworkUtils.swift (in target 'CoinbaseSDK' from project 'CoinbaseSDK')
cd /Users/admin/builder/spi-builder-workspace/.swiftpm/xcode
builtin-SwiftPerFileCompile NetworkUtils.swift
SwiftCompile normal arm64 /Users/admin/builder/spi-builder-workspace/Source/Network/Promise/Callback.swift (in target 'CoinbaseSDK' from project 'CoinbaseSDK')
cd /Users/admin/builder/spi-builder-workspace/.swiftpm/xcode
builtin-SwiftPerFileCompile Callback.swift
SwiftCompile normal arm64 /Users/admin/builder/spi-builder-workspace/Source/Network/Promise/Promise.swift (in target 'CoinbaseSDK' from project 'CoinbaseSDK')
cd /Users/admin/builder/spi-builder-workspace/.swiftpm/xcode
builtin-SwiftPerFileCompile Promise.swift
SwiftCompile normal arm64 Compiling\ OAuth.swift,\ OAuthConstants.swift,\ OAuthError.swift,\ OAuthErrorResponse.swift,\ OAuthFlowType.swift,\ OAuthURLBuilder.swift,\ RedirectURIsValidator.swift,\ String+Random.swift,\ URLOpenerProtocol.swift,\ AccountResource.swift,\ AccountsAPI.swift /Users/admin/builder/spi-builder-workspace/Source/OAuth/OAuth.swift /Users/admin/builder/spi-builder-workspace/Source/OAuth/OAuthConstants.swift /Users/admin/builder/spi-builder-workspace/Source/OAuth/OAuthError.swift /Users/admin/builder/spi-builder-workspace/Source/OAuth/OAuthErrorResponse.swift /Users/admin/builder/spi-builder-workspace/Source/OAuth/OAuthFlowType.swift /Users/admin/builder/spi-builder-workspace/Source/OAuth/OAuthURLBuilder.swift /Users/admin/builder/spi-builder-workspace/Source/OAuth/RedirectURIsValidator.swift /Users/admin/builder/spi-builder-workspace/Source/OAuth/String+Random.swift /Users/admin/builder/spi-builder-workspace/Source/OAuth/URLOpenerProtocol.swift /Users/admin/builder/spi-builder-workspace/Source/Resources/Accounts/AccountResource.swift /Users/admin/builder/spi-builder-workspace/Source/Resources/Accounts/AccountsAPI.swift (in target 'CoinbaseSDK' from project 'CoinbaseSDK')
SwiftCompile normal arm64 /Users/admin/builder/spi-builder-workspace/Source/OAuth/OAuth.swift (in target 'CoinbaseSDK' from project 'CoinbaseSDK')
cd /Users/admin/builder/spi-builder-workspace/.swiftpm/xcode
builtin-SwiftPerFileCompile OAuth.swift
SwiftCompile normal arm64 /Users/admin/builder/spi-builder-workspace/Source/OAuth/OAuthConstants.swift (in target 'CoinbaseSDK' from project 'CoinbaseSDK')
cd /Users/admin/builder/spi-builder-workspace/.swiftpm/xcode
builtin-SwiftPerFileCompile OAuthConstants.swift
SwiftCompile normal arm64 /Users/admin/builder/spi-builder-workspace/Source/OAuth/OAuthError.swift (in target 'CoinbaseSDK' from project 'CoinbaseSDK')
cd /Users/admin/builder/spi-builder-workspace/.swiftpm/xcode
builtin-SwiftPerFileCompile OAuthError.swift
SwiftCompile normal arm64 /Users/admin/builder/spi-builder-workspace/Source/OAuth/OAuthErrorResponse.swift (in target 'CoinbaseSDK' from project 'CoinbaseSDK')
cd /Users/admin/builder/spi-builder-workspace/.swiftpm/xcode
builtin-SwiftPerFileCompile OAuthErrorResponse.swift
SwiftCompile normal arm64 /Users/admin/builder/spi-builder-workspace/Source/OAuth/OAuthFlowType.swift (in target 'CoinbaseSDK' from project 'CoinbaseSDK')
cd /Users/admin/builder/spi-builder-workspace/.swiftpm/xcode
builtin-SwiftPerFileCompile OAuthFlowType.swift
SwiftCompile normal arm64 /Users/admin/builder/spi-builder-workspace/Source/OAuth/OAuthURLBuilder.swift (in target 'CoinbaseSDK' from project 'CoinbaseSDK')
cd /Users/admin/builder/spi-builder-workspace/.swiftpm/xcode
builtin-SwiftPerFileCompile OAuthURLBuilder.swift
SwiftCompile normal arm64 /Users/admin/builder/spi-builder-workspace/Source/OAuth/RedirectURIsValidator.swift (in target 'CoinbaseSDK' from project 'CoinbaseSDK')
cd /Users/admin/builder/spi-builder-workspace/.swiftpm/xcode
builtin-SwiftPerFileCompile RedirectURIsValidator.swift
SwiftCompile normal arm64 /Users/admin/builder/spi-builder-workspace/Source/OAuth/String+Random.swift (in target 'CoinbaseSDK' from project 'CoinbaseSDK')
cd /Users/admin/builder/spi-builder-workspace/.swiftpm/xcode
builtin-SwiftPerFileCompile String+Random.swift
SwiftCompile normal arm64 /Users/admin/builder/spi-builder-workspace/Source/OAuth/URLOpenerProtocol.swift (in target 'CoinbaseSDK' from project 'CoinbaseSDK')
cd /Users/admin/builder/spi-builder-workspace/.swiftpm/xcode
builtin-SwiftPerFileCompile URLOpenerProtocol.swift
SwiftCompile normal arm64 /Users/admin/builder/spi-builder-workspace/Source/Resources/Accounts/AccountResource.swift (in target 'CoinbaseSDK' from project 'CoinbaseSDK')
cd /Users/admin/builder/spi-builder-workspace/.swiftpm/xcode
builtin-SwiftPerFileCompile AccountResource.swift
SwiftCompile normal arm64 /Users/admin/builder/spi-builder-workspace/Source/Resources/Accounts/AccountsAPI.swift (in target 'CoinbaseSDK' from project 'CoinbaseSDK')
cd /Users/admin/builder/spi-builder-workspace/.swiftpm/xcode
builtin-SwiftPerFileCompile AccountsAPI.swift
SwiftCompile normal arm64 Compiling\ MoneyHash.swift,\ ResourceObject.swift,\ Transaction.swift,\ TransactionDetails.swift,\ TransactionNetwork.swift,\ TransactionParty.swift,\ RequestTransactionParameters.swift,\ SendTransactionParameters.swift,\ TransactionParameters.swift,\ TransactionExpandOption.swift,\ TransactionResource.swift /Users/admin/builder/spi-builder-workspace/Source/Resources/Transactions/Models/MoneyHash.swift /Users/admin/builder/spi-builder-workspace/Source/Resources/Transactions/Models/ResourceObject.swift /Users/admin/builder/spi-builder-workspace/Source/Resources/Transactions/Models/Transaction.swift /Users/admin/builder/spi-builder-workspace/Source/Resources/Transactions/Models/TransactionDetails.swift /Users/admin/builder/spi-builder-workspace/Source/Resources/Transactions/Models/TransactionNetwork.swift /Users/admin/builder/spi-builder-workspace/Source/Resources/Transactions/Models/TransactionParty.swift /Users/admin/builder/spi-builder-workspace/Source/Resources/Transactions/RequestParameters/RequestTransactionParameters.swift /Users/admin/builder/spi-builder-workspace/Source/Resources/Transactions/RequestParameters/SendTransactionParameters.swift /Users/admin/builder/spi-builder-workspace/Source/Resources/Transactions/RequestParameters/TransactionParameters.swift /Users/admin/builder/spi-builder-workspace/Source/Resources/Transactions/TransactionExpandOption.swift /Users/admin/builder/spi-builder-workspace/Source/Resources/Transactions/TransactionResource.swift (in target 'CoinbaseSDK' from project 'CoinbaseSDK')
SwiftCompile normal arm64 /Users/admin/builder/spi-builder-workspace/Source/Resources/Transactions/Models/MoneyHash.swift (in target 'CoinbaseSDK' from project 'CoinbaseSDK')
cd /Users/admin/builder/spi-builder-workspace/.swiftpm/xcode
builtin-SwiftPerFileCompile MoneyHash.swift
SwiftCompile normal arm64 /Users/admin/builder/spi-builder-workspace/Source/Resources/Transactions/Models/ResourceObject.swift (in target 'CoinbaseSDK' from project 'CoinbaseSDK')
cd /Users/admin/builder/spi-builder-workspace/.swiftpm/xcode
builtin-SwiftPerFileCompile ResourceObject.swift
SwiftCompile normal arm64 /Users/admin/builder/spi-builder-workspace/Source/Resources/Transactions/Models/Transaction.swift (in target 'CoinbaseSDK' from project 'CoinbaseSDK')
cd /Users/admin/builder/spi-builder-workspace/.swiftpm/xcode
builtin-SwiftPerFileCompile Transaction.swift
SwiftCompile normal arm64 /Users/admin/builder/spi-builder-workspace/Source/Resources/Transactions/Models/TransactionDetails.swift (in target 'CoinbaseSDK' from project 'CoinbaseSDK')
cd /Users/admin/builder/spi-builder-workspace/.swiftpm/xcode
builtin-SwiftPerFileCompile TransactionDetails.swift
SwiftCompile normal arm64 /Users/admin/builder/spi-builder-workspace/Source/Resources/Transactions/Models/TransactionNetwork.swift (in target 'CoinbaseSDK' from project 'CoinbaseSDK')
cd /Users/admin/builder/spi-builder-workspace/.swiftpm/xcode
builtin-SwiftPerFileCompile TransactionNetwork.swift
SwiftCompile normal arm64 /Users/admin/builder/spi-builder-workspace/Source/Resources/Transactions/Models/TransactionParty.swift (in target 'CoinbaseSDK' from project 'CoinbaseSDK')
cd /Users/admin/builder/spi-builder-workspace/.swiftpm/xcode
builtin-SwiftPerFileCompile TransactionParty.swift
SwiftCompile normal arm64 /Users/admin/builder/spi-builder-workspace/Source/Resources/Transactions/RequestParameters/RequestTransactionParameters.swift (in target 'CoinbaseSDK' from project 'CoinbaseSDK')
cd /Users/admin/builder/spi-builder-workspace/.swiftpm/xcode
builtin-SwiftPerFileCompile RequestTransactionParameters.swift
SwiftCompile normal arm64 /Users/admin/builder/spi-builder-workspace/Source/Resources/Transactions/RequestParameters/SendTransactionParameters.swift (in target 'CoinbaseSDK' from project 'CoinbaseSDK')
cd /Users/admin/builder/spi-builder-workspace/.swiftpm/xcode
builtin-SwiftPerFileCompile SendTransactionParameters.swift
SwiftCompile normal arm64 /Users/admin/builder/spi-builder-workspace/Source/Resources/Transactions/RequestParameters/TransactionParameters.swift (in target 'CoinbaseSDK' from project 'CoinbaseSDK')
cd /Users/admin/builder/spi-builder-workspace/.swiftpm/xcode
builtin-SwiftPerFileCompile TransactionParameters.swift
SwiftCompile normal arm64 /Users/admin/builder/spi-builder-workspace/Source/Resources/Transactions/TransactionExpandOption.swift (in target 'CoinbaseSDK' from project 'CoinbaseSDK')
cd /Users/admin/builder/spi-builder-workspace/.swiftpm/xcode
builtin-SwiftPerFileCompile TransactionExpandOption.swift
SwiftCompile normal arm64 /Users/admin/builder/spi-builder-workspace/Source/Resources/Transactions/TransactionResource.swift (in target 'CoinbaseSDK' from project 'CoinbaseSDK')
cd /Users/admin/builder/spi-builder-workspace/.swiftpm/xcode
builtin-SwiftPerFileCompile TransactionResource.swift
SwiftEmitModule normal arm64_32 Emitting\ module\ for\ CoinbaseSDK (in target 'CoinbaseSDK' from project 'CoinbaseSDK')
/Users/admin/builder/spi-builder-workspace/Source/Network/GeneralDeviceInfo.swift:24:9: warning: result of call to 'gethostuuid' is unused [#NoUsage]
22 | var hwUUIDBytes: [UInt8] = [0, 0, 0, 0, 0, 0, 0, 0, 0, 0, 0, 0, 0, 0, 0, 0]
23 | var timeSpec = timespec(tv_sec: 0, tv_nsec: 0)
24 | gethostuuid(&hwUUIDBytes, &timeSpec)
| `- warning: result of call to 'gethostuuid' is unused [#NoUsage]
25 | return NSUUID(uuidBytes: hwUUIDBytes).uuidString
26 | }()
/Users/admin/builder/spi-builder-workspace/Source/Network/GeneralDeviceInfo.swift:24:9: error: 'gethostuuid' is unavailable in watchOS
22 | var hwUUIDBytes: [UInt8] = [0, 0, 0, 0, 0, 0, 0, 0, 0, 0, 0, 0, 0, 0, 0, 0]
23 | var timeSpec = timespec(tv_sec: 0, tv_nsec: 0)
24 | gethostuuid(&hwUUIDBytes, &timeSpec)
| `- error: 'gethostuuid' is unavailable in watchOS
25 | return NSUUID(uuidBytes: hwUUIDBytes).uuidString
26 | }()
/Applications/Xcode-27.0.0-Release.Candidate.app/Contents/Developer/Platforms/WatchOS.platform/Developer/SDKs/WatchOS27.0.sdk/usr/include/gethostuuid.h:41:5: note: 'gethostuuid' has been explicitly marked unavailable here
39 | int gethostuuid(uuid_t, const struct timespec *) __OSX_AVAILABLE_BUT_DEPRECATED_MSG(__MAC_NA, __MAC_NA, __IPHONE_2_0, __IPHONE_5_0, "gethostuuid() is no longer supported");
40 | #else
41 | int gethostuuid(uuid_t, const struct timespec *) __API_AVAILABLE(macos(10.5)) __API_UNAVAILABLE(ios, tvos, watchos);
| `- note: 'gethostuuid' has been explicitly marked unavailable here
42 | #endif
43 | __END_DECLS
/Users/admin/builder/spi-builder-workspace/Source/Network/GeneralDeviceInfo.swift:39:29: error: cannot find 'Host' in scope
37 | }()
38 |
39 | lazy var name: String = Host.current().name ?? ""
| `- error: cannot find 'Host' in scope
40 |
41 | #endif
/Users/admin/builder/spi-builder-workspace/Source/Network/Models/PaginationParameters.swift:135:5: warning: 'public' modifier is redundant for static method declared in a public extension
133 |
134 | /// Creates pagination parameters for next page request.
135 | public static func nextPage(from pagination: Pagination?) -> PaginationParameters? {
| `- warning: 'public' modifier is redundant for static method declared in a public extension
136 | return PaginationParameters(uri: pagination?.nextURI)
137 | }
/Users/admin/builder/spi-builder-workspace/Source/Network/Models/PaginationParameters.swift:140:5: warning: 'public' modifier is redundant for static method declared in a public extension
138 |
139 | /// Creates pagination parameters for previous page request.
140 | public static func previousPage(from pagination: Pagination?) -> PaginationParameters? {
| `- warning: 'public' modifier is redundant for static method declared in a public extension
141 | return PaginationParameters(uri: pagination?.previousURI)
142 | }
/Users/admin/builder/spi-builder-workspace/Source/Network/Promise/Promise.swift:110:5: warning: 'public' modifier is redundant for property declared in a public extension
108 |
109 | /// `true` if promise is neither fulfilled nor rejected; otherwise, `false`.
110 | public var isPending: Bool {
| `- warning: 'public' modifier is redundant for property declared in a public extension
111 | return !isFulfilled && !isRejected
112 | }
/Users/admin/builder/spi-builder-workspace/Source/Network/Promise/Promise.swift:115:5: warning: 'public' modifier is redundant for property declared in a public extension
113 |
114 | /// `true` if promise completed successfully; otherwise, `false`.
115 | public var isFulfilled: Bool {
| `- warning: 'public' modifier is redundant for property declared in a public extension
116 | return value != nil
117 | }
/Users/admin/builder/spi-builder-workspace/Source/Network/Promise/Promise.swift:120:5: warning: 'public' modifier is redundant for property declared in a public extension
118 |
119 | /// `true` if promise failed; otherwise, `false`.
120 | public var isRejected: Bool {
| `- warning: 'public' modifier is redundant for property declared in a public extension
121 | return error != nil
122 | }
/Users/admin/builder/spi-builder-workspace/Source/Network/Promise/Promise.swift:125:5: warning: 'public' modifier is redundant for property declared in a public extension
123 |
124 | /// Returns associated value if promise completed successfully; otherwise, returns `nil`.
125 | public var value: Value? {
| `- warning: 'public' modifier is redundant for property declared in a public extension
126 | return lockQueue.sync(execute: {
127 | return self.state.value
/Users/admin/builder/spi-builder-workspace/Source/Network/Promise/Promise.swift:132:5: warning: 'public' modifier is redundant for property declared in a public extension
130 |
131 | /// Returns associated error if promise failed; otherwise, returns `nil`.
132 | public var error: Error? {
| `- warning: 'public' modifier is redundant for property declared in a public extension
133 | return lockQueue.sync(execute: {
134 | return self.state.error
/Users/admin/builder/spi-builder-workspace/Source/Network/Promise/Promise.swift:200:5: warning: 'public' modifier is redundant for instance method declared in a public extension
198 | ///
199 | @discardableResult
200 | public func then(on queue: DispatchQueue = .main,
| `- warning: 'public' modifier is redundant for instance method declared in a public extension
201 | _ onFulfill: @escaping (_ value: Value) -> Void,
202 | _ onReject: @escaping (_ error: Error) -> Void = { _ in }) -> Promise<Value> {
/Users/admin/builder/spi-builder-workspace/Source/Network/Promise/Promise.swift:219:5: warning: 'public' modifier is redundant for instance method declared in a public extension
217 | ///
218 | @discardableResult
219 | public func then<NewValue>(on queue: DispatchQueue = .main,
| `- warning: 'public' modifier is redundant for instance method declared in a public extension
220 | _ onFulfill: @escaping (_ value: Value) throws -> NewValue) -> Promise<NewValue> {
221 | return Promise<NewValue>(queue: queue) { fulfill, reject in
/Users/admin/builder/spi-builder-workspace/Source/Network/Promise/Promise.swift:244:5: warning: 'public' modifier is redundant for instance method declared in a public extension
242 | ///
243 | @discardableResult
244 | public func then<NewValue>(on queue: DispatchQueue = .main,
| `- warning: 'public' modifier is redundant for instance method declared in a public extension
245 | _ onFulfill: @escaping (_ value: Value) throws -> Promise<NewValue>) -> Promise<NewValue> {
246 | return Promise<NewValue>(queue: queue) { fulfill, reject in
/Users/admin/builder/spi-builder-workspace/Source/Network/Promise/Promise.swift:271:5: warning: 'public' modifier is redundant for instance method declared in a public extension
269 | ///
270 | @discardableResult
271 | public func recover(on queue: DispatchQueue = .main,
| `- warning: 'public' modifier is redundant for instance method declared in a public extension
272 | _ onReject: @escaping (_ error: Error) throws -> Promise<Value>) -> Promise<Value> {
273 | return Promise(queue: queue) { fulfill, reject in
/Users/admin/builder/spi-builder-workspace/Source/Network/Promise/Promise.swift:298:5: warning: 'public' modifier is redundant for instance method declared in a public extension
296 | ///
297 | @discardableResult
298 | public func `catch`(on queue: DispatchQueue = .main,
| `- warning: 'public' modifier is redundant for instance method declared in a public extension
299 | _ onReject: @escaping (_ error: Error) -> Void) -> Promise<Value> {
300 | return then(on: queue, { _ in }, onReject)
/Users/admin/builder/spi-builder-workspace/Source/Network/Promise/Promise.swift:313:5: warning: 'public' modifier is redundant for instance method declared in a public extension
311 | ///
312 | @discardableResult
313 | public func finally(on queue: DispatchQueue = .main,
| `- warning: 'public' modifier is redundant for instance method declared in a public extension
314 | _ onComplete: @escaping () -> Void) -> Promise<Value> {
315 | return then(on: queue, { _ in onComplete() }, { _ in onComplete() })
/Users/admin/builder/spi-builder-workspace/Source/Network/Protocols/ConvertibleFromData.swift:38:12: warning: 'public' modifier is redundant for static method declared in a public extension
36 | public extension ConvertibleFromData where Self: Decodable {
37 |
38 | static public func convert(from data: Data) throws -> Self {
| `- warning: 'public' modifier is redundant for static method declared in a public extension
39 | let decoder = JSONDecoder()
40 | decoder.dateDecodingStrategy = .iso8601
/Users/admin/builder/spi-builder-workspace/Source/OAuth/URLOpenerProtocol.swift:30:37: error: cannot find type 'UIApplication' in scope
28 | /// The block has no return value and takes a Boolean parameter indicating whether the URL was opened successfully.
29 | ///
30 | func open(_ url: URL, options: [UIApplication.OpenExternalURLOptionsKey: Any], completionHandler completion: ((Bool) -> Void)?)
| `- error: cannot find type 'UIApplication' in scope
31 |
32 | }
/Users/admin/builder/spi-builder-workspace/Source/Resources/Trades/TradeResourceProtocol.swift:157:5: warning: 'public' modifier is redundant for instance method declared in a public extension
155 | public extension TradeResourceProtocol where Self: BaseResource {
156 |
157 | public func list(accountID: String, expandOptions: [TradeExpandOption] = [], page: PaginationParameters = PaginationParameters(),
| `- warning: 'public' modifier is redundant for instance method declared in a public extension
158 | completion: @escaping (_ result: Result<ResponseModel<[Model]>>) -> Void) {
159 | let endpoint = TradesAPI.list(tradeType: type, accountID: accountID, expandOptions: expandOptions, page: page)
/Users/admin/builder/spi-builder-workspace/Source/Resources/Trades/TradeResourceProtocol.swift:163:5: warning: 'public' modifier is redundant for instance method declared in a public extension
161 | }
162 |
163 | public func show(accountID: String, tradeID: String, expandOptions: [TradeExpandOption] = [], completion: @escaping (_ result: Result<Model>) -> Void) {
| `- warning: 'public' modifier is redundant for instance method declared in a public extension
164 | let endpoint = TradesAPI.show(tradeType: type, accountID: accountID, tradeID: tradeID, expandOptions: expandOptions)
165 | performRequest(for: endpoint, completion: completion)
/Users/admin/builder/spi-builder-workspace/Source/Resources/Trades/TradeResourceProtocol.swift:168:5: warning: 'public' modifier is redundant for instance method declared in a public extension
166 | }
167 |
168 | public func placeOrder(accountID: String, expandOptions: [TradeExpandOption] = [], parameters: Parameters, completion: @escaping (_ result: Result<Model>) -> Void) {
| `- warning: 'public' modifier is redundant for instance method declared in a public extension
169 | let endpoint = TradesAPI.placeOrder(tradeType: type, accountID: accountID, expandOptions: expandOptions, parameters: parameters)
170 | performRequest(for: endpoint, completion: completion)
SwiftCompile normal arm64_32 (in target 'CoinbaseSDK' from project 'CoinbaseSDK')
cd /Users/admin/builder/spi-builder-workspace/.swiftpm/xcode
SwiftCompile normal arm64_32 Compiling\ TransactionsAPI.swift,\ AuthorizationInfo.swift,\ Country.swift,\ User.swift,\ UserResource.swift,\ UsersAPI.swift,\ Withdrawal.swift,\ WithdrawalResource.swift,\ Array+rawValues.swift,\ DictionaryConvertible.swift,\ Logging.swift /Users/admin/builder/spi-builder-workspace/Source/Resources/Transactions/TransactionsAPI.swift /Users/admin/builder/spi-builder-workspace/Source/Resources/Users/Models/AuthorizationInfo.swift /Users/admin/builder/spi-builder-workspace/Source/Resources/Users/Models/Country.swift /Users/admin/builder/spi-builder-workspace/Source/Resources/Users/Models/User.swift /Users/admin/builder/spi-builder-workspace/Source/Resources/Users/UserResource.swift /Users/admin/builder/spi-builder-workspace/Source/Resources/Users/UsersAPI.swift /Users/admin/builder/spi-builder-workspace/Source/Resources/Withdrawals/Withdrawal.swift /Users/admin/builder/spi-builder-workspace/Source/Resources/Withdrawals/WithdrawalResource.swift /Users/admin/builder/spi-builder-workspace/Source/Utils/Array+rawValues.swift /Users/admin/builder/spi-builder-workspace/Source/Utils/DictionaryConvertible.swift /Users/admin/builder/spi-builder-workspace/Source/Utils/Logging.swift (in target 'CoinbaseSDK' from project 'CoinbaseSDK')
SwiftCompile normal arm64_32 /Users/admin/builder/spi-builder-workspace/Source/Resources/Transactions/TransactionsAPI.swift (in target 'CoinbaseSDK' from project 'CoinbaseSDK')
cd /Users/admin/builder/spi-builder-workspace/.swiftpm/xcode
builtin-SwiftPerFileCompile TransactionsAPI.swift
SwiftCompile normal arm64_32 /Users/admin/builder/spi-builder-workspace/Source/Resources/Users/Models/AuthorizationInfo.swift (in target 'CoinbaseSDK' from project 'CoinbaseSDK')
cd /Users/admin/builder/spi-builder-workspace/.swiftpm/xcode
builtin-SwiftPerFileCompile AuthorizationInfo.swift
SwiftCompile normal arm64_32 /Users/admin/builder/spi-builder-workspace/Source/Resources/Users/Models/Country.swift (in target 'CoinbaseSDK' from project 'CoinbaseSDK')
cd /Users/admin/builder/spi-builder-workspace/.swiftpm/xcode
builtin-SwiftPerFileCompile Country.swift
SwiftCompile normal arm64_32 /Users/admin/builder/spi-builder-workspace/Source/Resources/Users/Models/User.swift (in target 'CoinbaseSDK' from project 'CoinbaseSDK')
cd /Users/admin/builder/spi-builder-workspace/.swiftpm/xcode
builtin-SwiftPerFileCompile User.swift
SwiftCompile normal arm64_32 /Users/admin/builder/spi-builder-workspace/Source/Resources/Users/UserResource.swift (in target 'CoinbaseSDK' from project 'CoinbaseSDK')
cd /Users/admin/builder/spi-builder-workspace/.swiftpm/xcode
builtin-SwiftPerFileCompile UserResource.swift
SwiftCompile normal arm64_32 /Users/admin/builder/spi-builder-workspace/Source/Resources/Users/UsersAPI.swift (in target 'CoinbaseSDK' from project 'CoinbaseSDK')
cd /Users/admin/builder/spi-builder-workspace/.swiftpm/xcode
builtin-SwiftPerFileCompile UsersAPI.swift
SwiftCompile normal arm64_32 /Users/admin/builder/spi-builder-workspace/Source/Resources/Withdrawals/Withdrawal.swift (in target 'CoinbaseSDK' from project 'CoinbaseSDK')
cd /Users/admin/builder/spi-builder-workspace/.swiftpm/xcode
builtin-SwiftPerFileCompile Withdrawal.swift
SwiftCompile normal arm64_32 /Users/admin/builder/spi-builder-workspace/Source/Resources/Withdrawals/WithdrawalResource.swift (in target 'CoinbaseSDK' from project 'CoinbaseSDK')
cd /Users/admin/builder/spi-builder-workspace/.swiftpm/xcode
builtin-SwiftPerFileCompile WithdrawalResource.swift
SwiftCompile normal arm64_32 /Users/admin/builder/spi-builder-workspace/Source/Utils/Array+rawValues.swift (in target 'CoinbaseSDK' from project 'CoinbaseSDK')
cd /Users/admin/builder/spi-builder-workspace/.swiftpm/xcode
builtin-SwiftPerFileCompile Array+rawValues.swift
SwiftCompile normal arm64_32 /Users/admin/builder/spi-builder-workspace/Source/Utils/DictionaryConvertible.swift (in target 'CoinbaseSDK' from project 'CoinbaseSDK')
cd /Users/admin/builder/spi-builder-workspace/.swiftpm/xcode
builtin-SwiftPerFileCompile DictionaryConvertible.swift
SwiftCompile normal arm64_32 /Users/admin/builder/spi-builder-workspace/Source/Utils/Logging.swift (in target 'CoinbaseSDK' from project 'CoinbaseSDK')
cd /Users/admin/builder/spi-builder-workspace/.swiftpm/xcode
builtin-SwiftPerFileCompile Logging.swift
SwiftEmitModule normal arm64_32 Emitting\ module\ for\ RxSwift (in target 'RxSwift' from project 'RxSwift')
SwiftCompile normal arm64_32 (in target 'RxSwift' from project 'RxSwift')
cd /Users/admin/builder/spi-builder-workspace/.swiftpm/xcode
PruneExplicitPrecompiledModules /Users/admin/builder/spi-builder-workspace/.derivedData/Build/Intermediates.noindex/ExplicitPrecompiledModules
PruneExplicitPrecompiledModules /Users/admin/builder/spi-builder-workspace/.derivedData/Build/Intermediates.noindex/SwiftExplicitPrecompiledModules
PruneExplicitPrecompiledModules /Users/admin/builder/spi-builder-workspace/.derivedData/SDKExplicitPrecompiledModules
2026-09-15 23:53:19.519 xcodebuild[820:5310] [MT] IDERunDestination: Supported platforms for the buildables in the current scheme is empty.
** BUILD FAILED **
The following build commands failed:
SwiftEmitModule normal arm64 Emitting\ module\ for\ CoinbaseSDK (in target 'CoinbaseSDK' from project 'CoinbaseSDK')
SwiftCompile normal arm64 (in target 'CoinbaseSDK' from project 'CoinbaseSDK')
Building workspace CoinbaseSDK with scheme CoinbaseSDK-Package
(3 failures)
BUILD FAILURE 6.4 watchOS