The Swift Package Index logo.Swift Package Index

Build Information

Failed to build oauth-kit, reference 1.1.0 (99a8b7), with Swift 6.1 for macOS (SPM) on 28 Sep 2026 19:35:30 UTC.

Build Command

env DEVELOPER_DIR=/Applications/Xcode-16.3.0.app xcrun swift build --arch arm64

Build Log

[76/1003] Compiling ServiceContextModule ServiceContext.swift
[77/1003] Compiling ServiceContextModule ServiceContextKey.swift
[78/1003] Emitting module ServiceContextModule
[79/1003] Compiling RealModule Float16+Real.swift
[79/1003] Compiling fiat_p256_adx_sqr.S
[81/1003] Compiling RealModule ElementaryFunctions.swift
[82/1003] Compiling RealModule Double+Real.swift
[83/1003] Compiling Crypto AES-GCM.swift
[84/1003] Compiling Crypto AES-GCM_boring.swift
[85/1003] Compiling RealModule AugmentedArithmetic.swift
[86/1003] Compiling RealModule Float+Real.swift
[87/1003] Emitting module RealModule
[87/1003] Compiling fiat_p256_adx_mul.S
[89/1003] Compiling _NIODataStructures PriorityQueue.swift
[90/1003] Compiling _NIODataStructures _TinyArray.swift
[90/1003] Compiling fiat_curve25519_adx_square.S
[91/1003] Compiling fiat_curve25519_adx_mul.S
[93/1009] Compiling Logging Logger.swift
[94/1010] Compiling Instrumentation NoOpInstrument.swift
[95/1010] Compiling Instrumentation MultiplexInstrument.swift
[96/1010] Compiling Crypto NISTCurvesKeys.swift
[97/1010] Compiling Crypto X25519Keys.swift
[98/1010] Compiling Crypto AES.swift
[99/1010] Compiling Crypto ECDSASignature_boring.swift
[100/1010] Compiling Crypto MACFunctions.swift
[101/1010] Compiling Crypto MessageAuthenticationCode.swift
[102/1010] Compiling Crypto ASN1BitString.swift
[103/1010] Compiling Crypto ASN1Boolean.swift
[104/1010] Compiling Crypto ASN1.swift
[105/1010] Compiling Crypto ASN1Any.swift
[106/1010] Compiling Crypto Cipher.swift
[107/1010] Compiling Crypto Nonces.swift
[108/1010] Compiling Crypto ChaChaPoly_boring.swift
[109/1010] Compiling Crypto ChaChaPoly.swift
[112/1010] Emitting module InternalCollectionsUtilities
[113/1010] Compiling Crypto SymmetricKeys.swift
[114/1010] Compiling Crypto HMAC.swift
[114/1011] Compiling CNIODarwin shim.c
[116/1011] Compiling Instrumentation Instrument.swift
[117/1011] Compiling Instrumentation InstrumentationSystem.swift
[118/1011] Emitting module Instrumentation
[119/1011] Compiling Instrumentation Locks.swift
[120/1011] Compiling InternalCollectionsUtilities _UniqueCollection.swift
[121/1011] Emitting module _NIODataStructures
[122/1011] Compiling _NIODataStructures Heap.swift
[123/1011] Compiling Logging MetadataProvider.swift
[124/1011] Compiling Logging LoggingSystem.swift
[125/1011] Compiling Logging SwiftLogNoOpLogHandler.swift
[126/1011] Compiling Logging Logger+With.swift
unable to find node: pound
unable to find node: pound
[127/1011] Compiling Logging LogEvent.swift
[128/1011] Compiling Logging LogHandler.swift
[129/1011] Compiling Logging Logger+Attributes.swift
[130/1011] Compiling Logging Locks.swift
[133/1011] Emitting module Logging
unable to find node: pound
unable to find node: pound
[133/1020] Compiling CNIOBoringSSLShims shims.c
[135/1027] Compiling ConcurrencyHelpers Lock.swift
[136/1115] Compiling ContainersPreview Producer+Collect.swift
[137/1115] Compiling ContainersPreview Producer+Filter.swift
[138/1115] Compiling ContainersPreview Producer+Map.swift
[139/1115] Compiling ContainersPreview Producer+Reduce.swift
[140/1118] Compiling ContainersPreview PermutableContainer.swift
[141/1118] Compiling ContainersPreview RandomAccessContainer.swift
[142/1118] Compiling ContainersPreview RangeExpression2.swift
[143/1118] Compiling ContainersPreview RangeReplaceableContainer.swift
[144/1118] Emitting module ConcurrencyHelpers
[145/1118] Compiling ConcurrencyHelpers LockedValueBox.swift
[146/1118] Compiling ContainersPreview Producer.swift
[147/1118] Compiling ContainersPreview InputSpan.swift
[148/1118] Compiling ContainersPreview MutableRef.swift
[149/1118] Compiling ContainersPreview Ref.swift
[150/1118] Compiling ContainersPreview Container.swift
[151/1118] Compiling ContainersPreview ContainerIterator.swift
[152/1118] Compiling ContainersPreview DynamicContainer.swift
[153/1118] Compiling ContainersPreview MutableContainer.swift
[154/1118] Compiling ContainersPreview BorrowingIteratorProtocol.swift
[155/1118] Compiling ContainersPreview BorrowingSequence+Algorithms.swift
[156/1118] Compiling ContainersPreview BorrowingSequence+Standard Conformances.swift
[157/1118] Compiling ContainersPreview BorrowingSequence+Utilities.swift
[158/1118] Compiling ContainersPreview BorrowingIteratorProtocol+Filter.swift
[159/1118] Compiling ContainersPreview BorrowingIteratorProtocol+Map.swift
[160/1118] Compiling ContainersPreview BorrowingIteratorProtocol+Reduce.swift
[161/1118] Compiling ContainersPreview BorrowingIteratorProtocol+SpanwiseZip.swift
[162/1118] Compiling ContainersPreview BorrowingSequence.swift
[163/1118] Compiling ContainersPreview BidirectionalContainer.swift
[164/1118] Compiling ContainersPreview Container+Filter.swift
[165/1118] Compiling ContainersPreview Container+SpanwiseZip.swift
[166/1118] Compiling ContainersPreview OutputSpan+Extras.swift
[167/1118] Compiling ContainersPreview TemporaryAllocation.swift
[168/1118] Compiling ContainersPreview BorrowingIteratorProtocol+Copy.swift
[169/1118] Compiling ContainersPreview BorrowingIteratorProtocol+ElementsEqual.swift
[170/1118] Compiling ContainersPreview Strideable+Limits.swift
[171/1118] Compiling ContainersPreview Drain+Map.swift
[172/1118] Compiling ContainersPreview Drain+Reduce.swift
[173/1118] Compiling ContainersPreview Drain.swift
[174/1118] Emitting module ContainersPreview
[175/1118] Compiling ContainersPreview Shared.swift
[176/1118] Compiling ContainersPreview SpanIterator.swift
[177/1118] Compiling ContainersPreview UniqueBox.swift
[178/1121] Compiling Tracing TracerProtocol+Legacy.swift
[179/1121] Compiling Tracing Tracer.swift
[180/1121] Compiling Tracing WithTracer.swift
[181/1121] Compiling Tracing TracerProtocol.swift
[182/1121] Compiling Tracing TracingTime.swift
[183/1121] Compiling Tracing InstrumentationSystem+Tracing.swift
[184/1121] Compiling Tracing NoOpTracer.swift
[185/1121] Emitting module Tracing
[186/1121] Compiling Tracing SpanProtocol.swift
[187/1121] Compiling OrderedCollections OrderedDictionary+Partial RangeReplaceableCollection.swift
[188/1121] Compiling OrderedCollections OrderedDictionary+Sendable.swift
[189/1121] Compiling OrderedCollections OrderedDictionary+Sequence.swift
[190/1121] Compiling OrderedCollections OrderedDictionary+Values.swift
[191/1121] Compiling OrderedCollections OrderedDictionary.swift
[192/1121] Compiling OrderedCollections OrderedSet+Codable.swift
[194/1121] Compiling OrderedCollections OrderedSet+Descriptions.swift
[195/1121] Compiling OrderedCollections OrderedSet+Diffing.swift
[196/1121] Compiling OrderedCollections OrderedSet+Equatable.swift
[197/1121] Compiling OrderedCollections OrderedSet+ExpressibleByArrayLiteral.swift
[198/1121] Compiling OrderedCollections OrderedSet+Hashable.swift
[199/1121] Compiling OrderedCollections _Hashtable+Header.swift
[200/1121] Compiling OrderedCollections OrderedDictionary+Codable.swift
[201/1121] Compiling OrderedCollections OrderedDictionary+CustomReflectable.swift
[202/1121] Compiling OrderedCollections OrderedDictionary+Deprecations.swift
[203/1121] Compiling OrderedCollections OrderedDictionary+Descriptions.swift
[204/1121] Compiling OrderedCollections OrderedDictionary+Elements.SubSequence.swift
[205/1121] Compiling OrderedCollections OrderedDictionary+Elements.swift
[206/1169] Compiling UnixSignals UnixSignal.swift
[207/1169] Compiling DequeModule RigidDeque+Replacements.swift
[208/1169] Compiling DequeModule RigidDeque+Testing.swift
[209/1169] Compiling DequeModule RigidDeque.swift
[210/1169] Compiling DequeModule UniqueDeque+Append.swift
[211/1169] Compiling DequeModule UniqueDeque+Consumption.swift
[212/1169] Compiling DequeModule UniqueDeque+Container.swift
[213/1169] Compiling DequeModule UniqueDeque+Deprecated.swift
[214/1169] Compiling DequeModule UniqueDeque+Descriptions.swift
[215/1173] Compiling DequeModule RigidDeque+Consumption.swift
[216/1173] Compiling DequeModule RigidDeque+Container.swift
[217/1173] Compiling DequeModule RigidDeque+Descriptions.swift
[218/1173] Compiling DequeModule RigidDeque+Equatable.swift
[219/1173] Compiling DequeModule RigidDeque+Experimental.swift
[219/1173] Compiling tls_record.cc
[220/1173] Compiling tls13_server.cc
[220/1173] Compiling tls_method.cc
[223/1173] Compiling DequeModule _DequeBuffer.swift
[224/1173] Compiling DequeModule _DequeBufferHeader.swift
[225/1173] Compiling DequeModule RigidDeque+Append.swift
[236/1173] Compiling DequeModule RigidDeque+Prepend.swift
[237/1173] Compiling DequeModule RigidDeque+Removals.swift
[238/1173] Compiling DequeModule UniqueDeque+Equatable.swift
[239/1173] Compiling DequeModule UniqueDeque+Experimental.swift
[240/1173] Compiling DequeModule UniqueDeque+Hashable.swift
[241/1173] Compiling DequeModule UniqueDeque+Initializers.swift
[242/1173] Compiling DequeModule Deque+Codable.swift
[243/1173] Compiling DequeModule Deque+Collection.swift
[244/1173] Compiling DequeModule Deque+CustomReflectable.swift
[245/1173] Compiling DequeModule Deque+Descriptions.swift
[246/1173] Compiling DequeModule Deque+Equatable.swift
[247/1173] Compiling DequeModule Deque+ExpressibleByArrayLiteral.swift
[248/1173] Compiling DequeModule UniqueDeque+Insertions.swift
[249/1173] Compiling DequeModule UniqueDeque+Prepend.swift
[250/1173] Compiling DequeModule UniqueDeque+Removals.swift
[251/1173] Compiling DequeModule UniqueDeque+Replacements.swift
[252/1173] Compiling DequeModule Deque._UnsafeHandle.swift
[253/1173] Compiling DequeModule Deque.swift
[254/1173] Compiling DequeModule Deque+Extras.swift
[255/1173] Compiling DequeModule Deque+Hashable.swift
[256/1173] Compiling DequeModule Deque+Testing.swift
[257/1173] Compiling DequeModule Deque._Storage.swift
[258/1173] Compiling DequeModule RigidDeque+Hashable.swift
[259/1173] Compiling DequeModule RigidDeque+Initializers.swift
[260/1173] Compiling DequeModule RigidDeque+Insertions.swift
[260/1173] Compiling tls13_enc.cc
[274/1173] Compiling tls13_client.cc
[276/1173] Compiling OrderedCollections OrderedSet+SubSequence.swift
[277/1173] Compiling OrderedCollections OrderedSet+Testing.swift
[278/1173] Compiling OrderedCollections OrderedSet+UnorderedView.swift
[279/1173] Compiling OrderedCollections OrderedSet+UnstableInternals.swift
[280/1173] Compiling OrderedCollections OrderedSet.swift
[281/1173] Compiling OrderedCollections _UnsafeBitset.swift
[282/1173] Compiling SwiftASN1 DER.swift
[283/1174] Emitting module UnixSignals
[284/1174] Compiling UnixSignals UnixSignalsSequence.swift
[285/1174] Compiling SwiftASN1 Errors.swift
[286/1174] Emitting module OrderedCollections
[286/1174] Compiling t1_enc.cc
[287/1174] Compiling tls13_both.cc
[288/1174] Compiling ssl_x509.cc
[290/1174] Compiling DequeModule UniqueDeque.swift
[291/1174] Compiling DequeModule _DequeSlot.swift
[292/1174] Compiling DequeModule _UnsafeDequeHandle.swift
[293/1174] Compiling DequeModule _UnsafeDequeSegments.swift
[293/1174] Compiling ssl_versions.cc
[310/1174] Emitting module DequeModule
[310/1174] Compiling ssl_transcript.cc
[320/1174] Emitting module SwiftASN1
[320/1174] Compiling ssl_stat.cc
[336/1174] Compiling Crypto GeneralizedTime.swift
[337/1174] Compiling Crypto ObjectIdentifier.swift
[338/1174] Compiling Crypto ECDSASignature.swift
[339/1174] Compiling Crypto PEMDocument.swift
[340/1174] Compiling Crypto MLKEM_wrapper.swift
[341/1174] Compiling Crypto XWing_boring.swift
[342/1174] Compiling Crypto KEM-Errors.swift
[343/1174] Compiling Crypto KEM.swift
[344/1174] Compiling Crypto MLKEM.swift
[345/1174] Compiling Crypto XWing.swift
[346/1174] Compiling Crypto ECDH_boring.swift
[347/1174] Compiling Crypto DH.swift
[348/1174] Compiling Crypto ECDH.swift
[349/1174] Compiling Crypto HPKE-NIST-EC-KEMs.swift
[350/1174] Compiling Crypto HPKE-KEM.swift
[351/1174] Compiling Crypto HPKE-Errors.swift
[352/1174] Compiling Crypto HPKE.swift
[353/1174] Compiling Crypto HPKE-Context.swift
[354/1174] Compiling Crypto HPKE-KeySchedule.swift
[355/1174] Compiling Crypto HPKE-Modes.swift
[356/1174] Compiling Crypto Insecure.swift
[357/1174] Compiling Crypto Insecure_HashFunctions.swift
[358/1174] Compiling Crypto MLKEM_boring.swift
[407/1183] Emitting module Crypto
[416/1183] Compiling ssl_session.cc
[417/1183] Compiling ssl_privkey.cc
[418/1183] Compiling ssl_key_share.cc
[419/1183] Compiling ssl_file.cc
[420/1183] Compiling ssl_credential.cc
[421/1183] Compiling ssl_cipher.cc
[422/1183] Compiling ssl_lib.cc
[423/1183] Compiling ssl_cert.cc
[425/1183] Compiling Crypto RNG_boring.swift
[426/1183] Compiling Crypto SafeCompare_boring.swift
[427/1183] Compiling Crypto Zeroization_boring.swift
[428/1183] Compiling Crypto _CryptoModuleAnchor.swift
[429/1183] Compiling Crypto PrettyBytes.swift
[430/1183] Compiling Crypto SafeCompare.swift
[431/1183] Compiling Crypto SecureBytes.swift
[432/1183] Compiling Crypto Zeroization.swift
[433/1183] Compiling Crypto resource_bundle_accessor.swift
[433/1183] Compiling ssl_buffer.cc
[434/1183] Compiling ssl_aead_ctx.cc
[435/1183] Compiling ssl_asn1.cc
[436/1183] Compiling s3_pkt.cc
[437/1183] Compiling s3_lib.cc
[438/1183] Compiling s3_both.cc
[439/1183] Compiling handshake_server.cc
[440/1183] Compiling handshake_client.cc
[441/1183] Compiling handshake.cc
[442/1183] Compiling handoff.cc
[443/1183] Compiling md5-x86_64-linux.S
[444/1183] Compiling md5-x86_64-apple.S
[445/1183] Compiling md5-586-linux.S
[446/1183] Compiling md5-586-apple.S
[447/1183] Compiling dtls_record.cc
[448/1183] Compiling extensions.cc
[449/1183] Compiling encrypted_client_hello.cc
[450/1183] Compiling chacha20_poly1305_x86_64-linux.S
[451/1183] Compiling d1_srtp.cc
[452/1183] Compiling dtls_method.cc
[453/1183] Compiling chacha20_poly1305_x86_64-apple.S
[453/1183] Compiling chacha20_poly1305_armv8-win.S
[455/1183] Compiling chacha20_poly1305_armv8-linux.S
[456/1183] Compiling chacha-x86_64-linux.S
[457/1183] Compiling chacha-x86-linux.S
[458/1183] Compiling chacha-x86_64-apple.S
[459/1183] Compiling d1_pkt.cc
[460/1183] Compiling chacha20_poly1305_armv8-apple.S
[461/1183] Compiling chacha-x86-apple.S
[462/1183] Compiling chacha-armv8-win.S
[463/1183] Compiling chacha-armv8-linux.S
[464/1183] Compiling chacha-armv4-linux.S
[465/1183] Compiling aes128gcmsiv-x86_64-linux.S
[466/1183] Compiling bio_ssl.cc
[467/1183] Compiling chacha-armv8-apple.S
[468/1183] Compiling aes128gcmsiv-x86_64-apple.S
[469/1183] Compiling d1_lib.cc
[470/1183] Compiling x86_64-mont5-linux.S
[471/1183] Compiling x86_64-mont-linux.S
[472/1183] Compiling x86_64-mont5-apple.S
[473/1183] Compiling err_data.cc
[474/1183] Compiling x86_64-mont-apple.S
[475/1183] Compiling x86-mont-linux.S
[476/1183] Compiling x86-mont-apple.S
[477/1183] Compiling vpaes-x86_64-linux.S
[478/1183] Compiling vpaes-x86_64-apple.S
[479/1183] Compiling vpaes-x86-linux.S
[480/1183] Compiling vpaes-x86-apple.S
[480/1183] Compiling vpaes-armv8-win.S
[482/1183] Compiling vpaes-armv8-linux.S
[483/1183] Compiling vpaes-armv8-apple.S
[484/1183] Compiling vpaes-armv7-linux.S
[484/1183] Compiling sha512-x86_64-linux.S
[486/1183] Compiling sha512-x86_64-apple.S
[487/1183] Compiling sha512-armv8-win.S
[488/1183] Compiling sha512-armv8-linux.S
[489/1183] Compiling d1_both.cc
[490/1183] Compiling sha512-armv4-linux.S
[491/1183] Compiling sha512-armv8-apple.S
[492/1183] Compiling sha512-586-linux.S
[493/1183] Compiling sha256-x86_64-linux.S
[494/1183] Compiling sha256-x86_64-apple.S
[494/1183] Compiling sha256-armv8-linux.S
[496/1183] Compiling sha256-armv8-win.S
[497/1183] Compiling sha512-586-apple.S
[498/1183] Compiling sha256-armv4-linux.S
[499/1183] Compiling sha256-armv8-apple.S
[500/1183] Compiling sha256-586-linux.S
[501/1183] Compiling sha256-586-apple.S
[502/1183] Compiling sha1-x86_64-linux.S
[503/1183] Compiling sha1-x86_64-apple.S
[504/1183] Compiling sha1-armv8-linux.S
[505/1183] Compiling sha1-armv8-win.S
[506/1183] Compiling sha1-armv4-large-linux.S
[507/1183] Compiling sha1-armv8-apple.S
[508/1183] Compiling sha1-586-apple.S
[509/1183] Compiling sha1-586-linux.S
[510/1183] Compiling rsaz-avx2-linux.S
[511/1183] Compiling rsaz-avx2-apple.S
[512/1183] Compiling rdrand-x86_64-linux.S
[513/1183] Compiling p256_beeu-x86_64-asm-linux.S
[514/1183] Compiling p256_beeu-armv8-asm-win.S
[515/1183] Compiling p256_beeu-x86_64-asm-apple.S
[516/1183] Compiling rdrand-x86_64-apple.S
[517/1183] Compiling p256_beeu-armv8-asm-linux.S
[518/1183] Compiling p256-x86_64-asm-linux.S
[519/1183] Compiling p256_beeu-armv8-asm-apple.S
[520/1183] Compiling p256-x86_64-asm-apple.S
[521/1183] Compiling p256-armv8-asm-win.S
[522/1183] Compiling ghashv8-armv8-win.S
[523/1183] Compiling p256-armv8-asm-linux.S
[523/1183] Compiling ghashv8-armv8-linux.S
[525/1183] Compiling p256-armv8-asm-apple.S
[526/1183] Compiling ghashv8-armv8-apple.S
[527/1183] Compiling ghash-x86_64-linux.S
[528/1183] Compiling ghashv8-armv7-linux.S
[529/1183] Compiling ghash-x86_64-apple.S
[530/1183] Compiling ghash-x86-linux.S
[531/1183] Compiling ghash-ssse3-x86_64-apple.S
[532/1183] Compiling ghash-x86-apple.S
[533/1183] Compiling ghash-ssse3-x86-linux.S
[534/1183] Compiling ghash-ssse3-x86_64-linux.S
[535/1183] Compiling ghash-neon-armv8-win.S
[536/1183] Compiling ghash-ssse3-x86-apple.S
[537/1183] Compiling ghash-neon-armv8-linux.S
[538/1183] Compiling ghash-armv4-linux.S
[539/1183] Compiling ghash-neon-armv8-apple.S
[540/1183] Compiling co-586-linux.S
[541/1183] Compiling bsaes-armv7-linux.S
[542/1183] Compiling co-586-apple.S
[543/1183] Compiling bn-armv8-linux.S
[544/1183] Compiling bn-armv8-win.S
[545/1183] Compiling bn-586-linux.S
[546/1183] Compiling bn-armv8-apple.S
[547/1183] Compiling bn-586-apple.S
[548/1183] Compiling armv8-mont-win.S
[549/1183] Compiling armv8-mont-linux.S
[550/1183] Compiling armv8-mont-apple.S
[551/1183] Compiling aesv8-gcm-armv8-win.S
[552/1183] Compiling armv4-mont-linux.S
[553/1183] Compiling aesv8-gcm-armv8-linux.S
[554/1183] Compiling aesv8-armv8-win.S
[555/1183] Compiling aesv8-gcm-armv8-apple.S
[556/1183] Compiling aesv8-armv8-linux.S
[556/1183] Compiling aesv8-armv7-linux.S
[558/1183] Compiling aesni-x86_64-linux.S
[559/1183] Compiling aesv8-armv8-apple.S
[560/1183] Compiling aesni-x86_64-apple.S
[561/1183] Compiling aesni-x86-linux.S
[562/1183] Compiling aesni-x86-apple.S
[563/1183] Compiling aesni-gcm-x86_64-apple.S
[563/1183] Compiling aesni-gcm-x86_64-linux.S
[565/1183] Compiling aes-gcm-avx2-x86_64-linux.S
[566/1183] Compiling aes-gcm-avx10-x86_64-linux.S
[567/1183] Compiling aes-gcm-avx10-x86_64-apple.S
[568/1183] Compiling aes-gcm-avx2-x86_64-apple.S
[569/1183] Compiling x_x509a.cc
[570/1183] Compiling x_spki.cc
[571/1183] Compiling x_sig.cc
[572/1183] Compiling x_req.cc
[573/1183] Compiling x_exten.cc
[574/1183] Compiling x_val.cc
[575/1183] Compiling x_x509.cc
[576/1183] Compiling x_pubkey.cc
[577/1183] Compiling x_crl.cc
[578/1183] Compiling x_name.cc
[579/1183] Compiling x_attrib.cc
[580/1183] Compiling x509spki.cc
[581/1183] Compiling x_algor.cc
[582/1183] Compiling x509rset.cc
[583/1183] Compiling x_all.cc
[584/1183] Compiling x509name.cc
[585/1183] Compiling x509_vpm.cc
[586/1183] Compiling x509cset.cc
[587/1183] Compiling x509_v3.cc
[588/1183] Compiling x509_vfy.cc
[589/1183] Compiling x509_txt.cc
[590/1183] Compiling x509_trs.cc
[591/1183] Compiling x509_set.cc
[592/1183] Compiling x509_req.cc
[593/1183] Compiling x509_obj.cc
[594/1183] Compiling x509_def.cc
[595/1183] Compiling x509_d2.cc
[596/1183] Compiling x509_lu.cc
[597/1183] Compiling x509_ext.cc
[598/1183] Compiling x509_cmp.cc
[599/1183] Compiling x509_att.cc
[600/1183] Compiling x509.cc
[601/1183] Compiling v3_prn.cc
[602/1183] Compiling v3_skey.cc
[603/1183] Compiling v3_ocsp.cc
[604/1183] Compiling v3_purp.cc
[605/1183] Compiling v3_pcons.cc
[606/1183] Compiling v3_utl.cc
[607/1183] Compiling v3_pmaps.cc
[608/1183] Compiling v3_ncons.cc
[609/1183] Compiling v3_lib.cc
[610/1183] Compiling v3_int.cc
[611/1183] Compiling v3_info.cc
[611/1183] Compiling v3_ia5.cc
[613/1183] Compiling v3_genn.cc
[614/1183] Compiling v3_extku.cc
[615/1183] Compiling v3_enum.cc
[616/1183] Compiling v3_cpols.cc
[617/1183] Compiling v3_crld.cc
[618/1183] Compiling v3_conf.cc
[619/1183] Compiling v3_bitst.cc
[620/1183] Compiling v3_bcons.cc
[621/1183] Compiling v3_akeya.cc
[622/1183] Compiling v3_akey.cc
[623/1183] Compiling v3_alt.cc
[624/1183] Compiling t_x509a.cc
[625/1183] Compiling t_x509.cc
[626/1183] Compiling t_crl.cc
[627/1183] Compiling t_req.cc
[628/1183] Compiling rsa_pss.cc
[629/1183] Compiling i2d_pr.cc
[630/1183] Compiling name_print.cc
[631/1183] Compiling policy.cc
[632/1183] Compiling by_file.cc
[633/1183] Compiling by_dir.cc
[634/1183] Compiling a_digest.cc
[635/1183] Compiling algorithm.cc
[636/1183] Compiling a_verify.cc
[637/1183] Compiling a_sign.cc
[638/1183] Compiling asn1_gen.cc
[639/1183] Compiling voprf.cc
[640/1183] Compiling thread_win.cc
[641/1183] Compiling thread_pthread.cc
[642/1183] Compiling trust_token.cc
[643/1183] Compiling thread_none.cc
[644/1183] Compiling thread.cc
[645/1183] Compiling pmbtoken.cc
[646/1183] Compiling stack.cc
[647/1183] Compiling slhdsa.cc
[648/1183] Compiling spake2plus.cc
[649/1183] Compiling siphash.cc
[650/1183] Compiling sha512.cc
[651/1183] Compiling sha256.cc
[652/1183] Compiling sha1.cc
[653/1183] Compiling rsa_extra.cc
[654/1183] Compiling rsa_print.cc
[655/1183] Compiling rsa_crypt.cc
[656/1183] Compiling refcount.cc
[657/1183] Compiling rsa_asn1.cc
[658/1183] Compiling rc4.cc
[659/1183] Compiling urandom.cc
[660/1183] Compiling windows.cc
[661/1183] Compiling trusty.cc
[662/1183] Compiling rand.cc
[663/1183] Compiling ios.cc
[664/1183] Compiling passive.cc
[665/1183] Compiling poly1305_arm_asm.S
[666/1183] Compiling getentropy.cc
[667/1183] Compiling forkunsafe.cc
[668/1183] Compiling deterministic.cc
[669/1183] Compiling fork_detect.cc
[670/1183] Compiling poly1305_vec.cc
[671/1183] Compiling poly1305_arm.cc
[672/1183] Compiling poly1305.cc
[673/1183] Compiling pool.cc
[674/1183] Compiling pkcs7.cc
[675/1183] Compiling pkcs8.cc
[676/1183] Compiling pkcs8_x509.cc
[677/1183] Compiling p5_pbev2.cc
[678/1183] Compiling pkcs7_x509.cc
[679/1183] Compiling pem_xaux.cc
[680/1183] Compiling pem_x509.cc
[681/1183] Compiling pem_pkey.cc
[682/1183] Compiling pem_pk8.cc
[683/1183] Compiling pem_oth.cc
[684/1183] Compiling mlkem.cc
[685/1183] Compiling obj_xref.cc
[686/1183] Compiling pem_info.cc
[687/1183] Compiling pem_lib.cc
[688/1183] Compiling pem_all.cc
[689/1183] Compiling mldsa.cc
[690/1183] Compiling obj.cc
[691/1183] Compiling poly_rq_mul.S
[692/1183] Compiling mem.cc
[693/1183] Compiling fips_shared_support.cc
[694/1183] Compiling md5.cc
[695/1183] Compiling md4.cc
[696/1183] Compiling lhash.cc
[697/1183] Compiling kyber.cc
[698/1183] Compiling ex_data.cc
[699/1183] Compiling sign.cc
[700/1183] Compiling scrypt.cc
[701/1183] Compiling print.cc
[702/1183] Compiling hrss.cc
[703/1183] Compiling hpke.cc
[704/1183] Compiling pbkdf.cc
[705/1183] Compiling p_x25519_asn1.cc
[706/1183] Compiling p_x25519.cc
[707/1183] Compiling p_ed25519.cc
[708/1183] Compiling p_rsa_asn1.cc
[709/1183] Compiling p_rsa.cc
[710/1183] Compiling p_hkdf.cc
[711/1183] Compiling p_ec.cc
[712/1183] Compiling p_ed25519_asn1.cc
[713/1183] Compiling p_ec_asn1.cc
[714/1183] Compiling p_dh_asn1.cc
[715/1183] Compiling p_dsa_asn1.cc
[716/1183] Compiling p_dh.cc
[717/1183] Compiling evp_ctx.cc
[718/1183] Compiling err.cc
[719/1183] Compiling evp.cc
[720/1183] Compiling engine.cc
[721/1183] Compiling evp_asn1.cc
[722/1183] Compiling ecdsa_asn1.cc
[723/1183] Compiling ecdh.cc
[724/1183] Compiling hash_to_curve.cc
[725/1183] Compiling ec_derive.cc
[726/1183] Compiling dsa.cc
[727/1183] Compiling ec_asn1.cc
[728/1183] Compiling dsa_asn1.cc
[729/1183] Compiling bcm.cc
[730/1183] Compiling params.cc
[731/1183] Compiling x25519-asm-arm.S
[732/1183] Compiling digest_extra.cc
[733/1183] Compiling des.cc
[734/1183] Compiling dh_asn1.cc
[735/1183] Compiling curve25519_64_adx.cc
[736/1183] Compiling spake25519.cc
[737/1183] Compiling cpu_intel.cc
[738/1183] Compiling crypto.cc
[739/1183] Compiling cpu_arm_linux.cc
[740/1183] Compiling curve25519.cc
[741/1183] Compiling cpu_arm_freebsd.cc
[742/1183] Compiling cpu_aarch64_win.cc
[743/1183] Compiling cpu_aarch64_sysreg.cc
[744/1183] Compiling cpu_aarch64_openbsd.cc
[745/1183] Compiling cpu_aarch64_linux.cc
[746/1183] Compiling cpu_aarch64_fuchsia.cc
[747/1183] Compiling cpu_aarch64_apple.cc
[748/1183] Compiling tls_cbc.cc
[749/1183] Compiling e_rc4.cc
[750/1183] Compiling conf.cc
[751/1183] Compiling get_cipher.cc
[752/1183] Compiling e_rc2.cc
[753/1183] Compiling e_tls.cc
[754/1183] Compiling e_null.cc
[755/1183] Compiling e_des.cc
[756/1183] Compiling e_chacha20poly1305.cc
[757/1183] Compiling e_aesgcmsiv.cc
[758/1183] Compiling e_aesctrhmac.cc
[759/1183] Compiling derive_key.cc
[760/1183] Compiling chacha.cc
[761/1183] Compiling unicode.cc
[762/1183] Compiling ber.cc
[763/1183] Compiling cbs.cc
[764/1183] Compiling cbb.cc
[765/1183] Compiling asn1_compat.cc
[766/1183] Compiling buf.cc
[767/1183] Compiling blake2.cc
[768/1183] Compiling socket_helper.cc
[769/1183] Compiling bn_asn1.cc
[770/1183] Compiling convert.cc
[771/1183] Compiling printf.cc
[772/1183] Compiling socket.cc
[773/1183] Compiling hexdump.cc
[774/1183] Compiling pair.cc
[775/1183] Compiling fd.cc
[776/1183] Compiling file.cc
[777/1183] Compiling errno.cc
[778/1183] Compiling connect.cc
[779/1183] Compiling bio_mem.cc
[780/1183] Compiling bio.cc
[781/1183] Compiling base64.cc
[782/1183] Compiling tasn_typ.cc
[783/1183] Compiling tasn_fre.cc
[784/1183] Compiling tasn_enc.cc
[785/1183] Compiling tasn_utl.cc
[786/1183] Compiling tasn_new.cc
[787/1183] Compiling posix_time.cc
[788/1183] Compiling f_string.cc
[789/1183] Compiling tasn_dec.cc
[790/1183] Compiling f_int.cc
[791/1183] Compiling asn_pack.cc
[792/1183] Compiling asn1_par.cc
[793/1183] Compiling asn1_lib.cc
[794/1183] Compiling a_utctm.cc
[795/1183] Compiling a_type.cc
[796/1183] Compiling a_octet.cc
[797/1183] Compiling a_time.cc
[798/1183] Compiling a_strnid.cc
[799/1183] Compiling a_strex.cc
[800/1183] Compiling a_object.cc
[801/1183] Compiling a_mbstr.cc
[802/1183] Compiling a_i2d_fp.cc
[803/1183] Compiling a_int.cc
[804/1183] Compiling fiat_p256_adx_sqr.S
[805/1183] Compiling a_dup.cc
[806/1183] Compiling fiat_p256_adx_mul.S
[807/1183] Compiling a_d2i_fp.cc
[808/1183] Compiling fiat_curve25519_adx_square.S
[809/1183] Compiling fiat_curve25519_adx_mul.S
[810/1183] Compiling md5-x86_64-linux.S
[811/1183] Compiling md5-x86_64-apple.S
[812/1183] Compiling md5-586-linux.S
[813/1183] Compiling a_gentm.cc
[814/1183] Compiling md5-586-apple.S
[815/1183] Compiling chacha20_poly1305_x86_64-linux.S
[816/1183] Compiling chacha20_poly1305_x86_64-apple.S
[817/1183] Compiling chacha20_poly1305_armv8-win.S
[818/1183] Compiling a_bool.cc
[819/1183] Compiling chacha20_poly1305_armv8-linux.S
[820/1183] Compiling a_bitstr.cc
[821/1183] Compiling chacha-x86_64-linux.S
[822/1183] Compiling chacha-x86_64-apple.S
[823/1183] Compiling chacha20_poly1305_armv8-apple.S
[823/1183] Compiling chacha-x86-linux.S
[825/1183] Compiling chacha-x86-apple.S
[826/1183] Compiling chacha-armv8-win.S
[827/1183] Compiling chacha-armv4-linux.S
[828/1183] Compiling chacha-armv8-linux.S
[829/1183] Compiling aes128gcmsiv-x86_64-linux.S
[830/1183] Compiling aes128gcmsiv-x86_64-apple.S
[831/1183] Compiling x86_64-mont5-linux.S
[832/1183] Compiling chacha-armv8-apple.S
[833/1183] Compiling x86_64-mont-linux.S
[833/1183] Compiling x86_64-mont5-apple.S
[835/1183] Compiling x86_64-mont-apple.S
[836/1183] Compiling x86-mont-linux.S
[837/1183] Compiling x86-mont-apple.S
[838/1183] Compiling vpaes-x86_64-linux.S
[839/1183] Compiling vpaes-x86-linux.S
[840/1183] Compiling vpaes-armv8-win.S
[840/1183] Compiling vpaes-x86_64-apple.S
[842/1183] Compiling vpaes-x86-apple.S
[843/1183] Compiling err_data.cc
[844/1183] Compiling vpaes-armv8-linux.S
[845/1183] Compiling vpaes-armv8-apple.S
[846/1183] Compiling CCryptoBoringSSLShims shims.c
[847/1183] Compiling vpaes-armv7-linux.S
[848/1183] Compiling sha512-x86_64-linux.S
[849/1183] Compiling sha512-x86_64-apple.S
[850/1183] Compiling sha512-armv8-linux.S
[851/1183] Compiling sha512-armv8-win.S
[852/1183] Compiling sha512-armv4-linux.S
[853/1183] Compiling sha512-586-linux.S
[854/1183] Compiling sha512-armv8-apple.S
[855/1183] Compiling sha256-x86_64-linux.S
[856/1183] Compiling sha256-x86_64-apple.S
[856/1183] Compiling sha256-armv8-linux.S
[856/1183] Compiling sha256-armv8-win.S
[857/1183] Compiling sha512-586-apple.S
[860/1183] Compiling sha256-armv4-linux.S
[861/1183] Compiling sha256-armv8-apple.S
[862/1183] Compiling sha256-586-linux.S
[863/1183] Compiling sha1-x86_64-linux.S
[864/1183] Compiling sha256-586-apple.S
[864/1183] Compiling sha1-armv8-win.S
[865/1183] Compiling sha1-armv8-linux.S
[867/1183] Compiling sha1-x86_64-apple.S
[868/1183] Compiling sha1-586-linux.S
[869/1183] Compiling sha1-armv8-apple.S
[870/1183] Compiling sha1-armv4-large-linux.S
[871/1183] Compiling rdrand-x86_64-apple.S
[872/1183] Compiling rdrand-x86_64-linux.S
[873/1183] Compiling rsaz-avx2-apple.S
[873/1183] Compiling rsaz-avx2-linux.S
[875/1183] Compiling sha1-586-apple.S
[876/1183] Compiling p256_beeu-armv8-asm-win.S
[877/1183] Compiling p256_beeu-x86_64-asm-apple.S
[878/1183] Compiling p256_beeu-x86_64-asm-linux.S
[879/1183] Compiling p256_beeu-armv8-asm-apple.S
[880/1183] Compiling p256_beeu-armv8-asm-linux.S
[881/1183] Compiling p256-x86_64-asm-linux.S
[882/1183] Compiling p256-x86_64-asm-apple.S
[882/1183] Compiling p256-armv8-asm-win.S
[884/1183] Compiling p256-armv8-asm-linux.S
[885/1183] Compiling ghashv8-armv8-win.S
[886/1183] Compiling p256-armv8-asm-apple.S
[887/1183] Compiling ghashv8-armv8-linux.S
[888/1183] Compiling ghash-x86_64-apple.S
[889/1183] Compiling ghashv8-armv8-apple.S
[889/1183] Compiling ghash-x86_64-linux.S
[890/1183] Compiling ghashv8-armv7-linux.S
[892/1183] Compiling ghash-x86-linux.S
[893/1183] Compiling ghash-x86-apple.S
[894/1183] Compiling ghash-ssse3-x86_64-linux.S
[895/1183] Compiling ghash-ssse3-x86_64-apple.S
[896/1183] Compiling ghash-neon-armv8-linux.S
[897/1183] Compiling ghash-ssse3-x86-linux.S
[898/1183] Compiling ghash-neon-armv8-win.S
[898/1183] Compiling ghash-ssse3-x86-apple.S
[900/1183] Compiling ghash-neon-armv8-apple.S
[901/1183] Compiling ghash-armv4-linux.S
[902/1183] Compiling co-586-linux.S
[903/1183] Compiling co-586-apple.S
[904/1183] Compiling bsaes-armv7-linux.S
[905/1183] Compiling bn-armv8-win.S
[905/1183] Compiling bn-armv8-apple.S
[905/1183] Compiling bn-armv8-linux.S
[908/1183] Compiling bn-586-linux.S
[909/1183] Compiling bn-586-apple.S
[910/1183] Compiling armv8-mont-win.S
[911/1183] Compiling armv8-mont-linux.S
[912/1183] Compiling aesv8-gcm-armv8-win.S
[913/1183] Compiling aesv8-gcm-armv8-linux.S
[914/1183] Compiling armv4-mont-linux.S
[915/1183] Compiling armv8-mont-apple.S
[916/1183] Compiling aesv8-armv8-win.S
[916/1183] Compiling aesv8-gcm-armv8-apple.S
[918/1183] Compiling aesv8-armv8-linux.S
[919/1183] Compiling aesv8-armv8-apple.S
[920/1183] Compiling aesni-x86_64-linux.S
[921/1183] Compiling aesv8-armv7-linux.S
[922/1183] Compiling aesni-x86_64-apple.S
[923/1183] Compiling aesni-x86-linux.S
[924/1183] Compiling aesni-gcm-x86_64-linux.S
[925/1183] Compiling aesni-x86-apple.S
[925/1183] Compiling aesni-gcm-x86_64-apple.S
[927/1183] Compiling aes-gcm-avx512-x86_64-linux.S
[928/1183] Compiling aes-gcm-avx2-x86_64-linux.S
[929/1183] Compiling aes-gcm-avx2-x86_64-apple.S
[929/1183] Compiling aes-gcm-avx512-x86_64-apple.S
[931/1183] Compiling c-nioatomics.c
[932/1183] Compiling xwing.cc
[933/1183] Compiling c-atomics.c
[934/1183] Compiling x_x509a.cc
[935/1183] Compiling x_sig.cc
[935/1183] Compiling x_spki.cc
[937/1183] Compiling x_x509.cc
[938/1183] Compiling x_req.cc
[939/1183] Compiling x_name.cc
[940/1183] Compiling x_exten.cc
[941/1183] Compiling x_pubkey.cc
[942/1190] Compiling x_crl.cc
[943/1190] Compiling x_attrib.cc
[945/1190] Compiling NIOConcurrencyHelpers lock.swift
[945/1190] Compiling x509spki.cc
[946/1190] Compiling x_algor.cc
[947/1190] Compiling x_all.cc
[948/1190] Compiling x509rset.cc
[949/1190] Compiling x509cset.cc
[950/1190] Compiling x509name.cc
[951/1190] Compiling x509_vpm.cc
[953/1190] Compiling NIOConcurrencyHelpers NIOLockedValueBox.swift
[954/1190] Compiling NIOConcurrencyHelpers atomics.swift
[955/1190] Compiling NIOConcurrencyHelpers NIOLock.swift
[956/1190] Emitting module NIOConcurrencyHelpers
[957/1190] Compiling NIOConcurrencyHelpers NIOAtomic.swift
[958/1190] Compiling NIOConcurrencyHelpers NIOThreadPoolWorkAvailable.swift
[958/1190] Compiling x509_vfy.cc
[959/1190] Compiling x509_v3.cc
[960/1190] Compiling x509_txt.cc
[961/1190] Compiling x509_trs.cc
[962/1190] Compiling x509_set.cc
[963/1190] Compiling x509_req.cc
[964/1190] Compiling x509_obj.cc
[965/1190] Compiling x509_ext.cc
[966/1190] Compiling x509_lu.cc
[967/1190] Compiling x509_def.cc
[968/1190] Compiling x509_d2.cc
[969/1190] Compiling x509_cmp.cc
[970/1190] Compiling x509_att.cc
[971/1190] Compiling x509.cc
[972/1190] Compiling v3_prn.cc
[973/1190] Compiling v3_skey.cc
[974/1190] Compiling v3_purp.cc
[975/1190] Compiling v3_pmaps.cc
[976/1190] Compiling v3_utl.cc
[977/1190] Compiling v3_pcons.cc
[978/1190] Compiling v3_ocsp.cc
[979/1190] Compiling v3_ncons.cc
[980/1190] Compiling v3_lib.cc
[981/1190] Compiling v3_int.cc
[982/1190] Compiling v3_genn.cc
[983/1190] Compiling v3_info.cc
[984/1190] Compiling v3_ia5.cc
[985/1190] Compiling v3_extku.cc
[986/1190] Compiling v3_enum.cc
[987/1190] Compiling v3_crld.cc
[988/1190] Compiling v3_cpols.cc
[989/1190] Compiling v3_conf.cc
[990/1190] Compiling v3_bitst.cc
[991/1190] Compiling v3_bcons.cc
[992/1190] Compiling v3_alt.cc
[993/1190] Compiling v3_akeya.cc
[994/1190] Compiling v3_akey.cc
[995/1190] Compiling t_x509a.cc
[996/1190] Compiling t_x509.cc
[997/1190] Compiling t_req.cc
[998/1190] Compiling t_crl.cc
[999/1190] Compiling i2d_pr.cc
[1000/1190] Compiling rsa_pss.cc
[1001/1190] Compiling name_print.cc
[1002/1190] Compiling policy.cc
[1003/1190] Compiling algorithm.cc
[1004/1190] Compiling by_file.cc
[1005/1190] Compiling asn1_gen.cc
[1006/1190] Compiling by_dir.cc
[1007/1190] Compiling a_verify.cc
[1008/1190] Compiling a_sign.cc
[1009/1190] Compiling thread_win.cc
[1010/1190] Compiling thread_pthread.cc
[1011/1190] Compiling a_digest.cc
[1012/1190] Compiling thread.cc
[1013/1190] Compiling thread_none.cc
[1014/1190] Compiling voprf.cc
[1015/1190] Compiling stack.cc
[1016/1190] Compiling trust_token.cc
[1017/1190] Compiling pmbtoken.cc
[1018/1190] Compiling sha512.cc
[1019/1190] Compiling siphash.cc
[1020/1190] Compiling sha256.cc
[1021/1190] Compiling sha1.cc
[1022/1190] Compiling rsa_extra.cc
[1023/1190] Compiling rsa_print.cc
[1024/1190] Compiling slhdsa.cc
[1025/1190] Compiling spake2plus.cc
[1026/1190] Compiling rsa_crypt.cc
[1027/1190] Compiling rc4.cc
[1028/1190] Compiling urandom.cc
[1029/1190] Compiling rsa_asn1.cc
[1029/1190] Compiling windows.cc
[1031/1190] Compiling refcount.cc
[1032/1190] Compiling trusty.cc
[1033/1190] Compiling rand.cc
[1034/1190] Compiling ios.cc
[1035/1190] Compiling poly1305_arm_asm.S
[1036/1190] Compiling passive.cc
[1037/1190] Compiling getentropy.cc
[1038/1190] Compiling deterministic.cc
[1039/1190] Compiling forkunsafe.cc
[1040/1190] Compiling poly1305_vec.cc
[1041/1190] Compiling fork_detect.cc
[1042/1190] Compiling poly1305_arm.cc
[1043/1190] Compiling poly1305.cc
[1044/1190] Compiling pool.cc
[1045/1190] Compiling pkcs8.cc
[1046/1190] Compiling pkcs8_x509.cc
[1047/1190] Compiling p5_pbev2.cc
[1048/1190] Compiling pkcs7.cc
[1049/1190] Compiling pem_xaux.cc
[1050/1190] Compiling pem_x509.cc
[1051/1190] Compiling pem_pkey.cc
[1052/1190] Compiling pkcs7_x509.cc
[1053/1190] Compiling pem_pk8.cc
[1054/1190] Compiling pem_oth.cc
[1055/1190] Compiling pem_info.cc
[1056/1190] Compiling pem_lib.cc
[1057/1190] Compiling mlkem.cc
[1058/1190] Compiling mldsa.cc
[1059/1190] Compiling pem_all.cc
[1060/1190] Compiling obj_xref.cc
[1061/1190] Compiling mem.cc
[1062/1190] Compiling poly_rq_mul.S
[1063/1190] Compiling fips_shared_support.cc
[1064/1190] Compiling md5.cc
[1065/1190] Compiling obj.cc
[1066/1190] Compiling md4.cc
[1067/1190] Compiling lhash.cc
[1068/1190] Compiling fuzzer_mode.cc
[1069/1190] Compiling ex_data.cc
[1070/1190] Compiling kyber.cc
[1071/1190] Compiling hrss.cc
[1072/1190] Compiling hpke.cc
[1073/1190] Compiling scrypt.cc
[1074/1190] Compiling print.cc
[1075/1190] Compiling sign.cc
[1076/1190] Compiling pbkdf.cc
[1077/1190] Compiling p_x25519_asn1.cc
[1078/1190] Compiling p_x25519.cc
[1079/1190] Compiling p_rsa_asn1.cc
[1080/1190] Compiling p_ed25519_asn1.cc
[1081/1190] Compiling p_hkdf.cc
[1082/1190] Compiling p_rsa.cc
[1083/1190] Compiling p_ed25519.cc
[1084/1190] Compiling p_ec_asn1.cc
[1085/1190] Compiling p_ec.cc
[1086/1190] Compiling p_dsa_asn1.cc
[1087/1190] Compiling p_dh_asn1.cc
[1088/1190] Compiling err.cc
[1089/1190] Compiling p_dh.cc
[1090/1190] Compiling engine.cc
[1091/1190] Compiling evp.cc
[1092/1190] Compiling evp_ctx.cc
[1093/1190] Compiling ecdsa_p1363.cc
[1094/1190] Compiling evp_asn1.cc
[1095/1190] Compiling ecdh.cc
[1096/1190] Compiling ec_derive.cc
[1097/1190] Compiling ecdsa_asn1.cc
[1098/1190] Compiling dsa.cc
[1099/1190] Compiling hash_to_curve.cc
[1100/1190] Compiling ec_asn1.cc
[1101/1190] Compiling dsa_asn1.cc
[1102/1190] Compiling digest_extra.cc
[1103/1190] Compiling x25519-asm-arm.S
[1104/1190] Compiling params.cc
[1105/1190] Compiling dh_asn1.cc
[1106/1190] Compiling des.cc
[1107/1190] Compiling curve25519_64_adx.cc
[1108/1190] Compiling spake25519.cc
[1109/1190] Compiling cpu_intel.cc
[1110/1190] Compiling crypto.cc
[1111/1190] Compiling curve25519.cc
[1112/1190] Compiling cpu_arm_freebsd.cc
[1113/1190] Compiling cpu_arm_linux.cc
[1114/1190] Compiling cpu_aarch64_win.cc
[1115/1190] Compiling cpu_aarch64_sysreg.cc
[1116/1190] Compiling cpu_aarch64_openbsd.cc
[1117/1190] Compiling cpu_aarch64_linux.cc
[1118/1190] Compiling cpu_aarch64_fuchsia.cc
[1119/1190] Compiling cpu_aarch64_apple.cc
[1120/1190] Compiling conf.cc
[1121/1190] Compiling tls_cbc.cc
[1122/1190] Compiling get_cipher.cc
[1123/1190] Compiling e_rc4.cc
[1124/1190] Compiling e_tls.cc
[1125/1190] Compiling cms.cc
[1126/1190] Compiling e_rc2.cc
[1127/1190] Compiling e_null.cc
[1128/1190] Compiling e_des.cc
[1129/1190] Compiling e_chacha20poly1305.cc
[1130/1190] Compiling e_aesgcmsiv.cc
[1131/1190] Compiling derive_key.cc
[1132/1190] Compiling e_aeseax.cc
[1133/1190] Compiling e_aesctrhmac.cc
[1134/1190] Compiling chacha.cc
[1135/1190] Compiling unicode.cc
[1136/1190] Compiling cbs.cc
[1137/1190] Compiling cbb.cc
[1138/1190] Compiling ber.cc
[1139/1190] Compiling asn1_compat.cc
[1140/1190] Compiling sqrt.cc
[1141/1190] Compiling buf.cc
[1142/1190] Compiling exponentiation.cc
[1143/1190] Compiling div.cc
[1144/1190] Compiling blake2.cc
[1145/1190] Compiling convert.cc
[1146/1190] Compiling printf.cc
[1147/1190] Compiling pair.cc
[1148/1190] Compiling file.cc
[1149/1190] Compiling hexdump.cc
[1150/1190] Compiling bn_asn1.cc
[1151/1190] Compiling fd.cc
[1151/1190] Compiling errno.cc
[1153/1190] Compiling bio_mem.cc
[1154/1190] Compiling base64.cc
[1155/1190] Compiling bio.cc
[1156/1190] Compiling tasn_fre.cc
[1157/1190] Compiling tasn_typ.cc
[1158/1190] Compiling tasn_enc.cc
[1159/1190] Compiling tasn_utl.cc
[1160/1190] Compiling tasn_new.cc
[1161/1190] Compiling tasn_dec.cc
[1162/1190] Compiling bcm.cc
[1163/1190] Compiling posix_time.cc
[1164/1190] Compiling f_string.cc
[1165/1190] Compiling f_int.cc
[1166/1190] Compiling asn1_par.cc
[1167/1190] Compiling asn_pack.cc
[1168/1190] Compiling asn1_lib.cc
[1169/1190] Compiling a_utctm.cc
[1170/1190] Compiling a_type.cc
[1171/1190] Compiling a_octet.cc
[1172/1190] Compiling a_time.cc
[1173/1190] Compiling a_strnid.cc
[1174/1190] Compiling a_strex.cc
[1175/1190] Compiling a_object.cc
[1176/1190] Compiling a_mbstr.cc
[1176/1190] Write sources
[1181/1190] Compiling a_int.cc
[1182/1190] Compiling CAsyncHTTPClient CAsyncHTTPClient.c
[1183/1190] Compiling a_i2d_fp.cc
[1184/1190] Compiling a_dup.cc
[1185/1190] Compiling a_d2i_fp.cc
[1186/1190] Compiling a_gentm.cc
[1187/1290] Compiling aes.cc
[1188/1290] Compiling a_bool.cc
[1190/1290] Compiling Algorithms Suffix.swift
[1191/1290] Compiling Algorithms Trim.swift
[1192/1292] Compiling Algorithms FlattenCollection.swift
[1193/1292] Compiling Algorithms Grouped.swift
[1194/1292] Compiling Algorithms MinMax.swift
[1195/1292] Compiling Algorithms Partition.swift
[1196/1292] Compiling Algorithms Permutations.swift
[1197/1292] Compiling Algorithms Product.swift
[1197/1293] Compiling a_bitstr.cc
[1199/1293] Compiling Atomics Unmanaged extensions.swift
[1200/1302] Compiling Algorithms Unique.swift
[1201/1302] Compiling Algorithms Windows.swift
[1202/1302] Compiling Algorithms Combinations.swift
[1203/1302] Compiling Algorithms Compacted.swift
[1204/1302] Compiling Algorithms Cycle.swift
[1205/1302] Compiling Algorithms Split.swift
[1206/1302] Compiling Algorithms Stride.swift
[1207/1302] Compiling Algorithms RandomSample.swift
[1208/1302] Compiling Algorithms Reductions.swift
[1209/1302] Compiling Algorithms Rotate.swift
[1210/1302] Compiling Algorithms AdjacentPairs.swift
[1211/1302] Compiling Algorithms Chain.swift
[1212/1302] Compiling Algorithms Chunked.swift
[1216/1307] Compiling Algorithms Joined.swift
[1217/1307] Compiling Algorithms Keyed.swift
[1219/1307] Compiling Algorithms EitherSequence.swift
[1220/1307] Compiling Algorithms FirstNonNil.swift
[1223/1307] Compiling Algorithms Indexed.swift
[1224/1307] Compiling Algorithms Intersperse.swift
[1253/1307] Compiling CryptoBoringWrapper resource_bundle_accessor.swift
[1254/1307] Compiling CryptoBoringWrapper RandomBytes.swift
[1255/1307] Compiling CryptoBoringWrapper FiniteFieldArithmeticContext.swift
[1256/1307] Emitting module AsyncAlgorithms
[1259/1307] Emitting module Atomics
[1260/1307] Compiling AsyncAlgorithms AsyncThrowingExclusiveReductionsSequence.swift
[1261/1307] Compiling AsyncAlgorithms AsyncThrowingInclusiveReductionsSequence.swift
[1262/1307] Compiling AsyncAlgorithms AsyncTimerSequence.swift
[1263/1307] Compiling AsyncAlgorithms AsyncBufferSequence.swift
[1264/1307] Compiling AsyncAlgorithms BoundedBufferStateMachine.swift
[1265/1307] Compiling AsyncAlgorithms BoundedBufferStorage.swift
[1266/1307] Compiling AsyncAlgorithms AsyncChunksOfCountOrSignalSequence.swift
[1267/1307] Compiling AsyncAlgorithms AsyncChunksOfCountSequence.swift
[1268/1307] Compiling AsyncAlgorithms AsyncCompactedSequence.swift
[1269/1307] Compiling AsyncAlgorithms AsyncExclusiveReductionsSequence.swift
[1270/1307] Compiling AsyncAlgorithms AsyncInclusiveReductionsSequence.swift
[1271/1307] Compiling AsyncAlgorithms AsyncJoinedBySeparatorSequence.swift
[1272/1307] Compiling AsyncAlgorithms _TinyArray.swift
[1273/1307] Compiling AsyncAlgorithms AsyncInterspersedSequence.swift
[1274/1307] Compiling AsyncAlgorithms Locking.swift
[1275/1307] Compiling AsyncAlgorithms AsyncMerge2Sequence.swift
[1276/1307] Compiling AsyncAlgorithms AsyncMerge3Sequence.swift
[1277/1307] Compiling CryptoBoringWrapper EllipticCurvePoint.swift
[1278/1307] Compiling AsyncAlgorithms MergeStateMachine.swift
[1279/1307] Compiling CryptoBoringWrapper EllipticCurve.swift
[1283/1307] Compiling AsyncAlgorithms AsyncShareSequence.swift
[1284/1307] Compiling AsyncAlgorithms AsyncSyncSequence.swift
[1285/1307] Compiling AsyncAlgorithms AsyncThrottleSequence.swift
[1286/1307] Compiling CryptoBoringWrapper CryptoKitErrors_boring.swift
[1287/1307] Emitting module CryptoBoringWrapper
[1288/1307] Compiling CryptoBoringWrapper BoringSSLAEAD.swift
[1289/1307] Compiling CryptoBoringWrapper ArbitraryPrecisionInteger.swift
[1290/1307] Compiling AsyncAlgorithms AsyncCombineLatest2Sequence.swift
[1291/1307] Compiling AsyncAlgorithms AsyncCombineLatest3Sequence.swift
[1292/1307] Compiling AsyncAlgorithms CombineLatestStateMachine.swift
[1293/1307] Compiling AsyncAlgorithms CombineLatestStorage.swift
[1294/1307] Compiling AsyncAlgorithms AsyncDebounceSequence.swift
[1295/1307] Compiling AsyncAlgorithms DebounceStateMachine.swift
[1296/1307] Compiling AsyncAlgorithms UnsafeTransfer.swift
[1297/1307] Compiling AsyncAlgorithms AsyncZip2Sequence.swift
[1298/1307] Compiling AsyncAlgorithms AsyncZip3Sequence.swift
[1299/1307] Compiling AsyncAlgorithms ZipStateMachine.swift
[1300/1307] Compiling AsyncAlgorithms ZipStorage.swift
[1301/1436] Emitting module Algorithms
[1302/1436] Compiling CryptoExtras ObjectIdentifier.swift
[1303/1436] Compiling CryptoExtras PKCS8DERRepresentation.swift
[1304/1436] Compiling CryptoExtras PKCS8PrivateKey.swift
[1305/1436] Compiling CryptoExtras RFC8410AlgorithmIdentifier.swift
[1306/1436] Compiling CryptoExtras ECToolbox_boring.swift
[1307/1436] Compiling CryptoExtras ECToolbox.swift
[1308/1446] Compiling CryptoExtras Reexport.swift
[1309/1446] Compiling CryptoExtras Zeroization_boring.swift
[1310/1446] Compiling CryptoExtras BoringSSLHelpers.swift
[1311/1446] Compiling CryptoExtras CryptoKitErrors_boring.swift
[1312/1446] Compiling CryptoExtras Data+Extensions.swift
[1313/1446] Compiling CryptoExtras DigestType.swift
[1314/1446] Compiling CryptoExtras Error.swift
[1315/1453] Compiling ServiceLifecycle ServiceRunnerError.swift
[1316/1453] Compiling ServiceLifecycle ServiceGroupConfiguration.swift
[1317/1453] Compiling CryptoExtras BoringSSLSHA512256Context.swift
[1318/1453] Compiling CryptoExtras BoringSSLSHA512256HashFunction.swift
[1319/1453] Compiling CryptoExtras SHA512256.swift
[1320/1453] Compiling CryptoExtras SHA512256Digest.swift
[1321/1453] Compiling CryptoExtras Curve25519+PEM.swift
[1324/1453] Compiling CryptoExtras PBKDF2.swift
[1325/1453] Compiling CryptoExtras Scrypt_boring.swift
[1326/1453] Compiling CryptoExtras Scrypt.swift
[1327/1453] Compiling CryptoExtras OPRF.swift
[1328/1453] Compiling CryptoExtras OPRFClient.swift
[1329/1453] Compiling CryptoExtras OPRFServer.swift
[1330/1453] Compiling CryptoExtras ARCPrecredential.swift
[1331/1460] Emitting module CryptoExtras
[1332/1460] Compiling CryptoExtras AES_CBC.swift
[1333/1460] Compiling CryptoExtras AES_CFB.swift
[1334/1460] Compiling CryptoExtras AES_CTR.swift
[1335/1460] Compiling CryptoExtras AES_GCM_SIV.swift
[1336/1460] Compiling CryptoExtras Block Function.swift
[1337/1460] Compiling CryptoExtras AES_CBC_boring.swift
[1338/1460] Compiling CryptoExtras AES_CFB_boring.swift
[1339/1460] Compiling ServiceLifecycle GracefulShutdown.swift
[1340/1460] Compiling ServiceLifecycle ClosureService.swift
[1341/1460] Compiling ServiceLifecycle Service.swift
[1342/1460] Emitting module ServiceLifecycle
[1343/1460] Compiling ServiceLifecycle CancellationWaiter.swift
[1344/1460] Compiling ServiceLifecycle AsyncCancelOnGracefulShutdownSequence.swift
[1345/1460] Compiling ServiceLifecycle AsyncGracefulShutdownSequence.swift
[1346/1460] Compiling ServiceLifecycle ServiceGroup.swift
[1347/1460] Compiling CryptoExtras IntegerEncoding.swift
[1348/1460] Compiling CryptoExtras PEMDocument.swift
[1349/1460] Compiling CryptoExtras PrettyBytes.swift
[1350/1460] Compiling CryptoExtras SubjectPublicKeyInfo.swift
[1351/1460] Compiling CryptoExtras ThreadOps.swift
[1352/1460] Compiling CryptoExtras ThreadPosix.swift
[1353/1460] Compiling CryptoExtras AES_CTR_boring.swift
[1354/1460] Compiling CryptoExtras AES_GCM_SIV_boring.swift
[1355/1460] Compiling CryptoExtras CMAC.swift
[1356/1460] Compiling CryptoExtras ARC+API.swift
[1357/1460] Compiling CryptoExtras ARC.swift
[1358/1460] Compiling CryptoExtras ARCCredential.swift
[1359/1460] Compiling CryptoExtras ARCEncoding.swift
[1360/1460] Compiling CryptoExtras ThreadSpecific.swift
[1362/1460] Compiling NIOCore SocketAddresses.swift
[1363/1460] Compiling NIOCore SocketOptionProvider.swift
[1364/1460] Compiling NIOCore SystemCallHelpers.swift
[1365/1460] Compiling NIOCore TimeAmount+Duration.swift
[1366/1460] Compiling NIOCore TypeAssistedChannelHandler.swift
[1367/1460] Compiling NIOCore UniversalBootstrapSupport.swift
[1383/1460] Compiling CryptoExtras I2OSP.swift
[1396/1460] Compiling NIOCore Utilities.swift
[1398/1460] Compiling CryptoExtras ARCPresentation.swift
[1399/1460] Compiling CryptoExtras ARCRequest.swift
[1400/1460] Compiling CryptoExtras ARCResponse.swift
[1401/1460] Compiling CryptoExtras ARCServer.swift
[1402/1460] Compiling CryptoExtras ChaCha20CTR_boring.swift
[1403/1460] Compiling CryptoExtras ChaCha20CTR.swift
[1408/1460] Compiling CryptoExtras HashToField.swift
[1409/1460] Compiling CryptoExtras KDF.swift
[1410/1460] Compiling CryptoExtras PBKDF2_boring.swift
[1411/1460] Compiling CryptoExtras PBKDF2_commoncrypto.swift
[1418/1460] Compiling CryptoExtras VOPRF+API.swift
[1419/1460] Compiling CryptoExtras VOPRFClient.swift
[1420/1460] Compiling CryptoExtras VOPRFServer.swift
[1421/1460] Compiling CryptoExtras BoringSSLPassphraseCallbackManager.swift
[1422/1460] Compiling CryptoExtras RSA+BlindSigning.swift
[1423/1460] Compiling CryptoExtras RSA.swift
[1424/1460] Compiling CryptoExtras RSA_boring.swift
[1439/1462] Emitting module _CryptoExtras
[1440/1462] Compiling _CryptoExtras Exports.swift
[1441/1560] Compiling X509 CustomPrivateKey.swift
[1442/1560] Compiling X509 Digests.swift
[1443/1560] Compiling X509 DistinguishedName.swift
[1444/1560] Compiling X509 CommonName.swift
[1445/1560] Compiling X509 CountryName.swift
[1446/1560] Compiling X509 DNBuilder.swift
[1447/1560] Compiling X509 DomainComponent.swift
[1448/1560] Compiling X509 EmailAddress.swift
[1449/1560] Compiling X509 LocalityName.swift
[1450/1560] Compiling X509 OrganizationName.swift
[1451/1560] Compiling X509 OrganizationalUnitName.swift
[1452/1570] Compiling X509 OCSPRequest.swift
[1453/1570] Compiling X509 OCSPResponse.swift
[1454/1570] Compiling X509 OCSPResponseBytes.swift
[1455/1570] Compiling X509 OCSPResponseData.swift
[1456/1570] Compiling X509 OCSPResponseStatus.swift
[1457/1570] Compiling X509 OCSPSignature.swift
[1458/1570] Compiling X509 OCSPSingleRequest.swift
[1459/1570] Compiling X509 OCSPSingleResponse.swift
[1460/1570] Compiling X509 SubjectKeyIdentifier.swift
[1461/1570] Compiling X509 Extension.swift
[1462/1570] Compiling X509 Extensions.swift
[1463/1570] Compiling X509 ExtensionsBuilder.swift
[1464/1570] Compiling X509 GeneralName.swift
[1465/1570] Compiling X509 Lock.swift
[1466/1570] Compiling X509 CMSAttribute.swift
[1467/1570] Compiling X509 CMSContentInfo.swift
[1468/1570] Compiling X509 CMSEncapsulatedContentInfo.swift
[1469/1570] Compiling X509 CMSIssuerAndSerialNumber.swift
[1470/1570] Compiling X509 CMSOperations.swift
[1471/1570] Compiling X509 CMSSignature.swift
[1472/1570] Compiling X509 CMSSignedData.swift
[1473/1570] Compiling X509 CMSSignerIdentifier.swift
[1474/1570] Compiling X509 CMSSignerInfo.swift
[1475/1570] Compiling X509 CMSVersion.swift
[1476/1570] Compiling X509 Curve25519+DER.swift
[1477/1570] Compiling X509 OCSPTBSRequest.swift
[1478/1570] Compiling X509 OCSPVersion.swift
[1479/1570] Compiling X509 PKCS8PrivateKey.swift
[1480/1570] Compiling X509 PromiseAndFuture.swift
[1481/1570] Compiling X509 RDNAttribute.swift
[1482/1570] Compiling X509 RandomNumberGenerator+bytes.swift
[1483/1570] Compiling X509 RelativeDistinguishedName.swift
[1484/1570] Compiling X509 SEC1PrivateKey.swift
[1485/1570] Compiling X509 SecKeyWrapper.swift
[1486/1570] Compiling X509 Signature.swift
[1487/1570] Compiling X509 SignatureAlgorithm.swift
[1488/1570] Compiling X509 AllOfPolicies.swift
[1489/1570] Compiling X509 AnyPolicy.swift
[1490/1570] Compiling X509 CertificateStore.swift
[1491/1570] Compiling X509 CustomCertificateStore.swift
[1492/1570] Compiling X509 OneOfPolicies.swift
[1493/1570] Compiling X509 PolicyBuilder.swift
[1494/1570] Compiling X509 BasicConstraintsPolicy.swift
[1495/1570] Compiling X509 DNSNames.swift
[1496/1570] Compiling X509 ExpiryPolicy.swift
[1497/1570] Compiling X509 IPConstraints.swift
[1498/1570] Compiling X509 CSRAttribute.swift
[1499/1570] Compiling X509 CSRAttributes.swift
[1500/1570] Compiling X509 CSRVersion.swift
[1501/1570] Compiling X509 CertificateSigningRequest.swift
[1502/1570] Compiling X509 CertificationRequestInfo.swift
[1503/1570] Compiling X509 ExtensionRequest.swift
[1504/1570] Compiling X509 Certificate.swift
[1505/1570] Compiling X509 CertificatePrivateKey.swift
[1506/1570] Compiling X509 CertificatePublicKey.swift
[1507/1570] Compiling X509 CertificateSerialNumber.swift
[1508/1570] Compiling X509 CertificateVersion.swift
[1509/1570] Compiling X509 OCSPExtensionID.swift
[1510/1570] Compiling X509 OCSPNonce.swift
[1511/1570] Compiling X509 OCSPPolicy.swift
[1520/1570] Emitting module NIOCore
[1528/1570] Compiling X509 VerifierPolicy.swift
[1529/1570] Compiling X509 AlgorithmIdentifier.swift
[1530/1570] Compiling X509 ECDSASignature.swift
[1531/1570] Compiling X509 RSAPKCS1PublicKey.swift
[1532/1570] Compiling X509 SubjectPublicKeyInfo.swift
[1533/1570] Compiling X509 TBSCertificate.swift
[1534/1570] Compiling X509 Time.swift
[1535/1570] Compiling X509 TimeCalculations.swift
[1536/1570] Compiling X509 Validity.swift
[1537/1570] Compiling X509 X509SendableMetatype.swift
[1544/1570] Compiling X509 LockedValueBox.swift
[1545/1570] Compiling X509 BasicOCSPResponse.swift
[1546/1570] Compiling X509 DirectoryString.swift
[1547/1570] Compiling X509 OCSPCertID.swift
[1548/1570] Compiling X509 OCSPCertStatus.swift
[1549/1570] Compiling X509 StateOrProvinceName.swift
[1550/1570] Compiling X509 StreetAddress.swift
[1551/1570] Compiling X509 Error.swift
[1552/1570] Compiling X509 AuthorityInformationAccess.swift
[1553/1570] Compiling X509 AuthorityKeyIdentifier.swift
[1554/1570] Compiling X509 BasicConstraints.swift
[1555/1570] Compiling X509 ExtendedKeyUsage.swift
[1556/1570] Compiling X509 ExtensionIdentifiers.swift
[1557/1570] Compiling X509 KeyUsage.swift
[1558/1570] Compiling X509 NameConstraints.swift
[1559/1570] Compiling X509 SubjectAlternativeName.swift
[1560/1630] Compiling X509 NameConstraintsPolicy.swift
[1561/1630] Compiling X509 RFC5280Policy.swift
[1562/1630] Compiling X509 URIConstraints.swift
[1563/1630] Compiling X509 VersionPolicy.swift
[1564/1630] Compiling X509 ServerIdentityPolicy.swift
[1565/1630] Compiling X509 TrustRootLoading.swift
[1566/1630] Compiling X509 UnverifiedChain.swift
[1567/1630] Compiling X509 ValidatedCertificateChain.swift
[1568/1630] Compiling X509 VerificationDiagnostic.swift
[1569/1630] Compiling X509 Verifier.swift
[1570/1630] Compiling NIOFoundationEssentialsCompat Codable+ByteBuffer.swift
[1571/1630] Emitting module NIOFoundationEssentialsCompat
[1572/1630] Compiling NIOFoundationEssentialsCompat ByteBuffer-foundation.swift
[1573/1630] Compiling NIOEmbedded AsyncTestingChannel.swift
[1574/1630] Emitting module NIOEmbedded
[1575/1630] Compiling NIOEmbedded AsyncTestingEventLoop.swift
[1576/1630] Compiling NIOEmbedded Embedded.swift
[1577/1630] Emitting module X509
[1578/1630] Compiling NIOPosix Pool.swift
[1579/1630] Compiling NIOPosix PosixSingletons+ConcurrencyTakeOver.swift
[1580/1630] Compiling NIOPosix PosixSingletons.swift
[1581/1630] Compiling NIOPosix RawSocketBootstrap.swift
[1582/1630] Compiling NIOPosix Resolver.swift
[1583/1630] Compiling NIOPosix Selectable.swift
[1584/1630] Compiling NIOPosix Linux.swift
[1585/1630] Compiling NIOPosix LinuxCPUSet.swift
[1586/1630] Compiling NIOPosix LinuxUring.swift
[1587/1630] Compiling NIOPosix MultiThreadedEventLoopGroup.swift
[1588/1630] Compiling NIOPosix NIOPosixSendableMetatype.swift
[1589/1630] Compiling NIOPosix NIORandomizedDNSResolver.swift
[1590/1630] Compiling NIOPosix StructuredConcurrencyHelpers.swift
[1591/1630] Compiling NIOPosix System.swift
[1592/1630] Compiling NIOPosix Thread.swift
[1593/1630] Compiling NIOPosix ThreadPosix.swift
[1594/1630] Compiling NIOPosix ThreadWindows.swift
[1595/1703] Compiling JWTKit CustomizedJSONCoders.swift
[1596/1703] Compiling JWTKit Utilities.swift
[1597/1703] Compiling JWTKit JWTPayload.swift
[1598/1703] Compiling JWTKit JWTSerializer.swift
[1599/1703] Compiling JWTKit JWTSigner.swift
[1600/1703] Emitting module NIOPosix
[1601/1703] Compiling JWTKit HMACError.swift
[1602/1703] Compiling JWTKit JWTAlgorithm.swift
[1603/1703] Compiling JWTKit JWTError.swift
[1604/1703] Compiling JWTKit JWTHeader+CommonFields.swift
[1605/1703] Compiling JWTKit JWTHeader.swift
[1606/1703] Compiling JWTKit BoolClaim.swift
[1607/1703] Compiling JWTKit ExpirationClaim.swift
[1608/1703] Compiling JWTKit GoogleHostedDomainClaim.swift
[1609/1703] Compiling JWTKit IDClaim.swift
[1610/1703] Compiling JWTKit IssuedAtClaim.swift
[1611/1703] Compiling JWTKit IssuerClaim.swift
[1612/1703] Compiling JWTKit SubjectClaim.swift
[1613/1703] Compiling JWTKit TenantIDClaim.swift
[1614/1703] Compiling JWTKit ECDSA.swift
[1615/1703] Compiling JWTKit ECDSACurve.swift
[1616/1703] Compiling JWTKit MLDSAError.swift
[1617/1703] Compiling JWTKit MLDSAKey.swift
[1618/1703] Compiling JWTKit MLDSASigner.swift
[1619/1703] Compiling JWTKit MLDSAType.swift
[1620/1703] Compiling JWTKit JWTKeyCollection+UnsecuredNone.swift
[1621/1703] Compiling JWTKit UnsecuredNoneSigner.swift
[1622/1703] Compiling JWTKit JWTKeyCollection+RSA.swift
[1623/1703] Compiling JWTKit AudienceClaim.swift
[1624/1703] Compiling JWTKit ECDSACurveType.swift
[1625/1703] Compiling JWTKit ECDSAError.swift
[1626/1703] Compiling JWTKit ECDSAKeyTypes.swift
[1627/1703] Compiling JWTKit ECDSASigner.swift
[1628/1703] Compiling JWTKit ECDSASigningAlgorithm.swift
[1629/1703] Compiling JWTKit JWTKeyCollection+ECDSA.swift
[1630/1703] Compiling JWTKit P256+CurveType.swift
[1631/1703] Compiling JWTKit P384+CurveType.swift
[1632/1703] Compiling JWTKit JWTMultiValueClaim.swift
[1633/1703] Compiling JWTKit JWTUnixEpochClaim.swift
[1634/1703] Compiling JWTKit LocaleClaim.swift
[1635/1703] Compiling JWTKit NotBeforeClaim.swift
[1636/1705] Emitting module NIO
[1637/1705] Compiling NIO Exports.swift
[1638/1745] Compiling NIOTLS TLSEvents.swift
[1639/1745] Compiling NIOSOCKS SOCKSResponse.swift
[1640/1746] Compiling NIOSOCKS Helpers.swift
[1641/1746] Compiling NIOFoundationCompat JSONSerialization+ByteBuffer.swift
[1642/1746] Compiling NIOFoundationCompat Exports.swift
[1643/1746] Compiling NIOFoundationCompat WaitSpinningRunLoop.swift
[1644/1746] Emitting module NIOFoundationCompat
[1645/1746] Compiling NIOSOCKS Errors.swift
[1646/1746] Compiling NIOHTTP1 HTTPEncoder.swift
[1647/1746] Compiling NIOHTTP1 HTTPHeaderValidator.swift
[1648/1746] Compiling NIOSOCKS ClientStateMachine.swift
[1649/1746] Compiling NIOSOCKS SelectedAuthenticationMethod.swift
[1650/1746] Compiling NIOSOCKS Messages.swift
[1651/1746] Compiling NIOSOCKS SOCKSRequest.swift
[1652/1746] Compiling NIOHTTP1 NIOTypedHTTPServerUpgradeHandler.swift
[1653/1747] Emitting module NIOSOCKS
[1654/1747] Compiling NIOHTTP1 ByteCollectionUtils.swift
[1655/1747] Compiling NIOHTTP1 HTTPDecoder.swift
[1656/1747] Compiling NIOTLS ProtocolNegotiationHandlerStateMachine.swift
[1657/1747] Compiling NIOTLS NIOTypedApplicationProtocolNegotiationHandler.swift
[1658/1747] Compiling NIOTLS ApplicationProtocolNegotiationHandler.swift
[1659/1747] Emitting module NIOTLS
[1660/1747] Compiling NIOTLS SNIHandler.swift
[1661/1747] Compiling NIOSOCKS ServerStateMachine.swift
[1662/1747] Compiling NIOHTTP1 NIOTypedHTTPClientUpgradeHandler.swift
[1663/1747] Compiling NIOHTTP1 NIOTypedHTTPClientUpgraderStateMachine.swift
[1664/1801] Compiling NIOSSL NIOSSLServerHandler.swift
[1665/1801] Compiling NIOSSL ObjectIdentifier.swift
[1666/1801] Compiling NIOSSL PosixPort.swift
[1667/1801] Compiling NIOSSL IdentityVerification.swift
[1668/1801] Compiling NIOSSL ByteBufferBIO.swift
[1669/1801] Compiling NIOSSL CustomPrivateKey.swift
[1670/1801] Compiling NIOSSL RNG.swift
[1671/1801] Compiling NIOSSL NIOSSLHandler.swift
[1672/1801] Compiling NIOHTTP1 NIOTypedHTTPServerUpgraderStateMachine.swift
[1673/1801] Emitting module NIOHTTP1
[1674/1801] Compiling NIOSSL SubjectAlternativeName.swift
[1675/1801] Compiling NIOSSL NIOSSLSecureBytes.swift
[1676/1801] Compiling NIOSSL LinuxCABundle.swift
[1677/1801] Compiling NIOSSL NIOSSLClientHandler.swift
[1678/1801] Compiling NIOSSL NIOSSLHandler+Configuration.swift
[1679/1801] Compiling NIOSSL AndroidCABundle.swift
[1682/1818] Compiling NIOSSL FreeBSDCABundle.swift
[1683/1818] Compiling NIOSSL SSLCertificateExtensions.swift
[1684/1818] Compiling NIOSSL SSLCertificateName.swift
[1685/1818] Compiling NIOSSL SSLCallbacks.swift
[1686/1818] Compiling NIOSSL SSLCertificate.swift
[1690/1818] Compiling NIOSSL SSLInit.swift
[1691/1818] Compiling NIOSSL SSLPKCS12Bundle.swift
[1692/1820] Emitting module NIOTransportServices
[1693/1820] Compiling NIOHPACK IndexedHeaderTable.swift
[1694/1820] Compiling NIOHPACK IntegerCoding.swift
[1695/1821] Compiling NIOHPACK HuffmanTables.swift
[1696/1821] Compiling NIOHPACK HuffmanCoding.swift
[1697/1821] Compiling NIOHPACK HeaderTables.swift
[1698/1821] Compiling NIOHTTPCompression HTTPDecompressor.swift
[1699/1821] Compiling NIOHTTPCompression HTTPRequestCompressor.swift
[1700/1821] Compiling NIOHTTPCompression HTTPDecompression.swift
[1701/1821] Compiling NIOHTTPCompression HTTPCompression.swift
[1702/1821] Emitting module NIOHTTPCompression
[1703/1821] Compiling NIOHTTPCompression HTTPResponseCompressor.swift
[1704/1821] Compiling NIOTransportServices TCPOptions+SocketChannelOption.swift
[1705/1821] Compiling NIOTransportServices UDPOptions+SocketChannelOption.swift
[1706/1821] Compiling NIOHPACK StaticHeaderTable.swift
[1707/1821] Compiling NIOHPACK HPACKErrors.swift
[1708/1821] Compiling NIOHPACK HPACKEncoder.swift
[1709/1821] Compiling NIOHPACK DynamicHeaderTable.swift
[1710/1821] Compiling NIOHPACK HPACKDecoder.swift
[1711/1821] Emitting module NIOHPACK
[1712/1821] Compiling NIOHPACK HPACKHeader.swift
[1713/1821] Emitting module NIOSSL
/Users/admin/builder/spi-builder-workspace/.build/checkouts/jwt-kit/Sources/JWTKit/MLDSA/MLDSAType.swift:13:11: error: cannot find type 'MLDSA65' in scope
11 | @_spi(PostQuantum)
12 | @available(iOS 26.0, macOS 26.0, watchOS 26.0, tvOS 26.0, *)
13 | extension MLDSA65: MLDSAType {
   |           `- error: cannot find type 'MLDSA65' in scope
14 |     public static var name: String { "ML-DSA-65" }
15 | }
/Users/admin/builder/spi-builder-workspace/.build/checkouts/jwt-kit/Sources/JWTKit/MLDSA/MLDSAType.swift:19:11: error: cannot find type 'MLDSA87' in scope
17 | @_spi(PostQuantum)
18 | @available(iOS 26.0, macOS 26.0, watchOS 26.0, tvOS 26.0, *)
19 | extension MLDSA87: MLDSAType {
   |           `- error: cannot find type 'MLDSA87' in scope
20 |     public static var name: String { "ML-DSA-87" }
21 | }
/Users/admin/builder/spi-builder-workspace/.build/checkouts/jwt-kit/Sources/JWTKit/MLDSA/MLDSAType.swift:13:11: error: cannot find type 'MLDSA65' in scope
11 | @_spi(PostQuantum)
12 | @available(iOS 26.0, macOS 26.0, watchOS 26.0, tvOS 26.0, *)
13 | extension MLDSA65: MLDSAType {
   |           `- error: cannot find type 'MLDSA65' in scope
14 |     public static var name: String { "ML-DSA-65" }
15 | }
/Users/admin/builder/spi-builder-workspace/.build/checkouts/jwt-kit/Sources/JWTKit/MLDSA/MLDSAType.swift:19:11: error: cannot find type 'MLDSA87' in scope
17 | @_spi(PostQuantum)
18 | @available(iOS 26.0, macOS 26.0, watchOS 26.0, tvOS 26.0, *)
19 | extension MLDSA87: MLDSAType {
   |           `- error: cannot find type 'MLDSA87' in scope
20 |     public static var name: String { "ML-DSA-87" }
21 | }
/Users/admin/builder/spi-builder-workspace/.build/checkouts/jwt-kit/Sources/JWTKit/MLDSA/MLDSAType.swift:13:11: error: cannot find type 'MLDSA65' in scope
11 | @_spi(PostQuantum)
12 | @available(iOS 26.0, macOS 26.0, watchOS 26.0, tvOS 26.0, *)
13 | extension MLDSA65: MLDSAType {
   |           `- error: cannot find type 'MLDSA65' in scope
14 |     public static var name: String { "ML-DSA-65" }
15 | }
/Users/admin/builder/spi-builder-workspace/.build/checkouts/jwt-kit/Sources/JWTKit/MLDSA/MLDSAType.swift:19:11: error: cannot find type 'MLDSA87' in scope
17 | @_spi(PostQuantum)
18 | @available(iOS 26.0, macOS 26.0, watchOS 26.0, tvOS 26.0, *)
19 | extension MLDSA87: MLDSAType {
   |           `- error: cannot find type 'MLDSA87' in scope
20 |     public static var name: String { "ML-DSA-87" }
21 | }
/Users/admin/builder/spi-builder-workspace/.build/checkouts/jwt-kit/Sources/JWTKit/MLDSA/MLDSAType.swift:13:11: error: cannot find type 'MLDSA65' in scope
11 | @_spi(PostQuantum)
12 | @available(iOS 26.0, macOS 26.0, watchOS 26.0, tvOS 26.0, *)
13 | extension MLDSA65: MLDSAType {
   |           `- error: cannot find type 'MLDSA65' in scope
14 |     public static var name: String { "ML-DSA-65" }
15 | }
/Users/admin/builder/spi-builder-workspace/.build/checkouts/jwt-kit/Sources/JWTKit/MLDSA/MLDSAType.swift:19:11: error: cannot find type 'MLDSA87' in scope
17 | @_spi(PostQuantum)
18 | @available(iOS 26.0, macOS 26.0, watchOS 26.0, tvOS 26.0, *)
19 | extension MLDSA87: MLDSAType {
   |           `- error: cannot find type 'MLDSA87' in scope
20 |     public static var name: String { "ML-DSA-87" }
21 | }
/Users/admin/builder/spi-builder-workspace/.build/checkouts/jwt-kit/Sources/JWTKit/MLDSA/MLDSAType.swift:13:11: error: cannot find type 'MLDSA65' in scope
11 | @_spi(PostQuantum)
12 | @available(iOS 26.0, macOS 26.0, watchOS 26.0, tvOS 26.0, *)
13 | extension MLDSA65: MLDSAType {
   |           `- error: cannot find type 'MLDSA65' in scope
14 |     public static var name: String { "ML-DSA-65" }
15 | }
/Users/admin/builder/spi-builder-workspace/.build/checkouts/jwt-kit/Sources/JWTKit/MLDSA/MLDSAType.swift:19:11: error: cannot find type 'MLDSA87' in scope
17 | @_spi(PostQuantum)
18 | @available(iOS 26.0, macOS 26.0, watchOS 26.0, tvOS 26.0, *)
19 | extension MLDSA87: MLDSAType {
   |           `- error: cannot find type 'MLDSA87' in scope
20 |     public static var name: String { "ML-DSA-87" }
21 | }
/Users/admin/builder/spi-builder-workspace/.build/checkouts/jwt-kit/Sources/JWTKit/MLDSA/MLDSAType.swift:13:11: error: cannot find type 'MLDSA65' in scope
11 | @_spi(PostQuantum)
12 | @available(iOS 26.0, macOS 26.0, watchOS 26.0, tvOS 26.0, *)
13 | extension MLDSA65: MLDSAType {
   |           `- error: cannot find type 'MLDSA65' in scope
14 |     public static var name: String { "ML-DSA-65" }
15 | }
/Users/admin/builder/spi-builder-workspace/.build/checkouts/jwt-kit/Sources/JWTKit/MLDSA/MLDSAType.swift:19:11: error: cannot find type 'MLDSA87' in scope
17 | @_spi(PostQuantum)
18 | @available(iOS 26.0, macOS 26.0, watchOS 26.0, tvOS 26.0, *)
19 | extension MLDSA87: MLDSAType {
   |           `- error: cannot find type 'MLDSA87' in scope
20 |     public static var name: String { "ML-DSA-87" }
21 | }
/Users/admin/builder/spi-builder-workspace/.build/checkouts/jwt-kit/Sources/JWTKit/MLDSA/MLDSAType.swift:13:11: error: cannot find type 'MLDSA65' in scope
11 | @_spi(PostQuantum)
12 | @available(iOS 26.0, macOS 26.0, watchOS 26.0, tvOS 26.0, *)
13 | extension MLDSA65: MLDSAType {
   |           `- error: cannot find type 'MLDSA65' in scope
14 |     public static var name: String { "ML-DSA-65" }
15 | }
/Users/admin/builder/spi-builder-workspace/.build/checkouts/jwt-kit/Sources/JWTKit/MLDSA/MLDSAType.swift:19:11: error: cannot find type 'MLDSA87' in scope
17 | @_spi(PostQuantum)
18 | @available(iOS 26.0, macOS 26.0, watchOS 26.0, tvOS 26.0, *)
19 | extension MLDSA87: MLDSAType {
   |           `- error: cannot find type 'MLDSA87' in scope
20 |     public static var name: String { "ML-DSA-87" }
21 | }
[1730/1831] Compiling NIOSSL SSLPublicKey.swift
[1731/1831] Compiling NIOSSL SecurityFrameworkCertificateVerification.swift
[1732/1831] Compiling NIOSSL String+unsafeUninitializedCapacity.swift
[1733/1895] Compiling NIOHTTP2 ConnectionStateMachine.swift
[1734/1895] Compiling NIOHTTP2 ConnectionStreamsState.swift
[1735/1895] Compiling NIOHTTP2 MayReceiveFrames.swift
error: emit-module command failed with exit code 1 (use -v to see invocation)
[1736/1895] Emitting module JWTKit
/Users/admin/builder/spi-builder-workspace/.build/checkouts/jwt-kit/Sources/JWTKit/MLDSA/MLDSA65+MLDSAKey.swift:5:11: error: cannot find type 'MLDSA65' in scope
 3 | @_spi(PostQuantum)
 4 | @available(iOS 26.0, macOS 26.0, watchOS 26.0, tvOS 26.0, *)
 5 | extension MLDSA65.PublicKey: MLDSAPublicKey {
   |           `- error: cannot find type 'MLDSA65' in scope
 6 |     public typealias MLDSAType = MLDSA65
 7 | }
/Users/admin/builder/spi-builder-workspace/.build/checkouts/jwt-kit/Sources/JWTKit/MLDSA/MLDSA65+MLDSAKey.swift:11:11: error: cannot find type 'MLDSA65' in scope
 9 | @_spi(PostQuantum)
10 | @available(iOS 26.0, macOS 26.0, watchOS 26.0, tvOS 26.0, *)
11 | extension MLDSA65.PrivateKey: MLDSAPrivateKey {
   |           `- error: cannot find type 'MLDSA65' in scope
12 |     public typealias MLDSAType = MLDSA65
13 | }
/Users/admin/builder/spi-builder-workspace/.build/checkouts/jwt-kit/Sources/JWTKit/MLDSA/MLDSA65+MLDSAKey.swift:17:53: error: cannot find type 'MLDSA65' in scope
15 | @_spi(PostQuantum)
16 | @available(iOS 26.0, macOS 26.0, watchOS 26.0, tvOS 26.0, *)
17 | public typealias MLDSA65PublicKey = MLDSA.PublicKey<MLDSA65>
   |                                                     `- error: cannot find type 'MLDSA65' in scope
18 |
19 | @_spi(PostQuantum)
/Users/admin/builder/spi-builder-workspace/.build/checkouts/jwt-kit/Sources/JWTKit/MLDSA/MLDSA65+MLDSAKey.swift:21:55: error: cannot find type 'MLDSA65' in scope
19 | @_spi(PostQuantum)
20 | @available(iOS 26.0, macOS 26.0, watchOS 26.0, tvOS 26.0, *)
21 | public typealias MLDSA65PrivateKey = MLDSA.PrivateKey<MLDSA65>
   |                                                       `- error: cannot find type 'MLDSA65' in scope
22 |
/Users/admin/builder/spi-builder-workspace/.build/checkouts/jwt-kit/Sources/JWTKit/MLDSA/MLDSA87+MLDSAKey.swift:5:11: error: cannot find type 'MLDSA87' in scope
 3 | @_spi(PostQuantum)
 4 | @available(iOS 26.0, macOS 26.0, watchOS 26.0, tvOS 26.0, *)
 5 | extension MLDSA87.PublicKey: MLDSAPublicKey {
   |           `- error: cannot find type 'MLDSA87' in scope
 6 |     public typealias MLDSAType = MLDSA87
 7 | }
/Users/admin/builder/spi-builder-workspace/.build/checkouts/jwt-kit/Sources/JWTKit/MLDSA/MLDSA87+MLDSAKey.swift:11:11: error: cannot find type 'MLDSA87' in scope
 9 | @_spi(PostQuantum)
10 | @available(iOS 26.0, macOS 26.0, watchOS 26.0, tvOS 26.0, *)
11 | extension MLDSA87.PrivateKey: MLDSAPrivateKey {
   |           `- error: cannot find type 'MLDSA87' in scope
12 |     public typealias MLDSAType = MLDSA87
13 | }
/Users/admin/builder/spi-builder-workspace/.build/checkouts/jwt-kit/Sources/JWTKit/MLDSA/MLDSA87+MLDSAKey.swift:17:53: error: cannot find type 'MLDSA87' in scope
15 | @_spi(PostQuantum)
16 | @available(iOS 26.0, macOS 26.0, watchOS 26.0, tvOS 26.0, *)
17 | public typealias MLDSA87PublicKey = MLDSA.PublicKey<MLDSA87>
   |                                                     `- error: cannot find type 'MLDSA87' in scope
18 |
19 | @_spi(PostQuantum)
/Users/admin/builder/spi-builder-workspace/.build/checkouts/jwt-kit/Sources/JWTKit/MLDSA/MLDSA87+MLDSAKey.swift:21:55: error: cannot find type 'MLDSA87' in scope
19 | @_spi(PostQuantum)
20 | @available(iOS 26.0, macOS 26.0, watchOS 26.0, tvOS 26.0, *)
21 | public typealias MLDSA87PrivateKey = MLDSA.PrivateKey<MLDSA87>
   |                                                       `- error: cannot find type 'MLDSA87' in scope
22 |
/Users/admin/builder/spi-builder-workspace/.build/checkouts/jwt-kit/Sources/JWTKit/MLDSA/MLDSAType.swift:13:11: error: cannot find type 'MLDSA65' in scope
11 | @_spi(PostQuantum)
12 | @available(iOS 26.0, macOS 26.0, watchOS 26.0, tvOS 26.0, *)
13 | extension MLDSA65: MLDSAType {
   |           `- error: cannot find type 'MLDSA65' in scope
14 |     public static var name: String { "ML-DSA-65" }
15 | }
/Users/admin/builder/spi-builder-workspace/.build/checkouts/jwt-kit/Sources/JWTKit/MLDSA/MLDSAType.swift:19:11: error: cannot find type 'MLDSA87' in scope
17 | @_spi(PostQuantum)
18 | @available(iOS 26.0, macOS 26.0, watchOS 26.0, tvOS 26.0, *)
19 | extension MLDSA87: MLDSAType {
   |           `- error: cannot find type 'MLDSA87' in scope
20 |     public static var name: String { "ML-DSA-87" }
21 | }
[1737/1895] Compiling NIOHTTP2 HTTP2ConnectionStateChange.swift
[1738/1895] Compiling NIOHTTP2 HTTP2Error.swift
[1739/1895] Compiling NIOHTTP2 HTTP2ErrorCode.swift
[1740/1895] Compiling JWTKit JWK.swift
[1741/1895] Compiling JWTKit JWKIdentifier.swift
[1742/1895] Compiling JWTKit JWKS.swift
[1743/1895] Compiling JWTKit JWKSigner.swift
[1744/1895] Compiling NIOHTTP2 ReceivingDataState.swift
[1745/1895] Compiling NIOHTTP2 ReceivingGoAwayState.swift
[1746/1895] Compiling NIOHTTP2 ReceivingHeadersState.swift
[1747/1895] Compiling NIOHTTP2 HTTP2UserEvents.swift
[1748/1895] Compiling NIOHTTP2 InboundEventBuffer.swift
[1749/1895] Compiling NIOHTTP2 InboundWindowManager.swift
[1750/1895] Compiling NIOHTTP2 MultiplexerAbstractChannel.swift
[1751/1895] Compiling NIOHTTP2 NIOHTTP2FrameDelegate.swift
[1752/1895] Compiling NIOHTTP2 NIOHTTP2ServerConnectionManagementHandler+StateMachine.swift
[1753/1895] Compiling NIOHTTP2 NIOHTTP2ServerConnectionManagementHandler.swift
[1754/1895] Compiling NIOHTTP2 HTTP2Stream.swift
[1755/1895] Compiling NIOHTTP2 HTTP2StreamChannel+OutboundStreamMultiplexer.swift
[1756/1895] Compiling NIOHTTP2 HTTP2StreamChannel.swift
[1757/1895] Compiling NIOHTTP2 HTTP2StreamDelegate.swift
[1758/1895] Compiling NIOHTTP2 HTTP2StreamID.swift
[1759/1895] Compiling NIOHTTP2 HTTP2StreamMultiplexer.swift
[1760/1895] Compiling NIOHTTP2 HTTP2ToHTTP1Codec.swift
[1761/1895] Compiling NIOHTTP2 HTTP2FlowControlWindow.swift
[1762/1895] Compiling NIOHTTP2 HTTP2Frame.swift
[1763/1895] Compiling NIOHTTP2 SendingDataState.swift
[1764/1895] Compiling NIOHTTP2 SendingGoawayState.swift
[1765/1895] Compiling NIOHTTP2 SendingHeadersState.swift
[1766/1895] Compiling NIOHTTP2 SendingPushPromiseState.swift
[1767/1895] Compiling NIOHTTP2 LocallyQuiescingState.swift
[1768/1895] Compiling NIOHTTP2 QuiescingState.swift
[1769/1895] Compiling NIOHTTP2 RemotelyQuiescingState.swift
[1770/1895] Compiling NIOHTTP2 SendAndReceiveGoawayState.swift
[1774/1895] Compiling NIOHTTP2 ReceivingPushPromiseState.swift
[1775/1895] Compiling NIOHTTP2 Error+Any.swift
[1776/1895] Compiling NIOHTTP2 ConcurrentStreamBuffer.swift
[1777/1895] Compiling NIOHTTP2 ControlFrameBuffer.swift
[1778/1895] Compiling NIOHTTP2 HTTP2SettingsState.swift
[1779/1895] Compiling NIOHTTP2 HasExtendedConnectSettings.swift
[1780/1895] Compiling NIOHTTP2 HasFlowControlWindows.swift
[1781/1895] Compiling NIOHTTP2 HasLocalSettings.swift
[1782/1895] Compiling NIOHTTP2 HasRemoteSettings.swift
[1786/1895] Compiling NIOHTTP2 StateMachineResult.swift
[1787/1895] Compiling NIOHTTP2 ContentLengthVerifier.swift
[1788/1895] Compiling NIOHTTP2 DOSHeuristics.swift
[1789/1895] Compiling NIOHTTP2 HTTP2ChannelHandler+InboundStreamMultiplexer.swift
[1790/1895] Compiling NIOHTTP2 HTTP2ChannelHandler+InlineStreamMultiplexer.swift
[1791/1895] Compiling NIOHTTP2 HTTP2ChannelHandler.swift
[1792/1895] Compiling NIOHTTP2 HTTP2CommonInboundStreamMultiplexer.swift
[1793/1895] Compiling NIOHTTP2 OutboundFlowControlBuffer.swift
/Users/admin/builder/spi-builder-workspace/.build/checkouts/jwt-kit/Sources/JWTKit/MLDSA/MLDSA65+MLDSAKey.swift:5:11: error: cannot find type 'MLDSA65' in scope
 3 | @_spi(PostQuantum)
 4 | @available(iOS 26.0, macOS 26.0, watchOS 26.0, tvOS 26.0, *)
 5 | extension MLDSA65.PublicKey: MLDSAPublicKey {
   |           `- error: cannot find type 'MLDSA65' in scope
 6 |     public typealias MLDSAType = MLDSA65
 7 | }
/Users/admin/builder/spi-builder-workspace/.build/checkouts/jwt-kit/Sources/JWTKit/MLDSA/MLDSA65+MLDSAKey.swift:11:11: error: cannot find type 'MLDSA65' in scope
 9 | @_spi(PostQuantum)
10 | @available(iOS 26.0, macOS 26.0, watchOS 26.0, tvOS 26.0, *)
11 | extension MLDSA65.PrivateKey: MLDSAPrivateKey {
   |           `- error: cannot find type 'MLDSA65' in scope
12 |     public typealias MLDSAType = MLDSA65
13 | }
/Users/admin/builder/spi-builder-workspace/.build/checkouts/jwt-kit/Sources/JWTKit/MLDSA/MLDSA65+MLDSAKey.swift:17:53: error: cannot find type 'MLDSA65' in scope
15 | @_spi(PostQuantum)
16 | @available(iOS 26.0, macOS 26.0, watchOS 26.0, tvOS 26.0, *)
17 | public typealias MLDSA65PublicKey = MLDSA.PublicKey<MLDSA65>
   |                                                     `- error: cannot find type 'MLDSA65' in scope
18 |
19 | @_spi(PostQuantum)
/Users/admin/builder/spi-builder-workspace/.build/checkouts/jwt-kit/Sources/JWTKit/MLDSA/MLDSA65+MLDSAKey.swift:21:55: error: cannot find type 'MLDSA65' in scope
19 | @_spi(PostQuantum)
20 | @available(iOS 26.0, macOS 26.0, watchOS 26.0, tvOS 26.0, *)
21 | public typealias MLDSA65PrivateKey = MLDSA.PrivateKey<MLDSA65>
   |                                                       `- error: cannot find type 'MLDSA65' in scope
22 |
/Users/admin/builder/spi-builder-workspace/.build/checkouts/jwt-kit/Sources/JWTKit/MLDSA/MLDSA87+MLDSAKey.swift:5:11: error: cannot find type 'MLDSA87' in scope
 3 | @_spi(PostQuantum)
 4 | @available(iOS 26.0, macOS 26.0, watchOS 26.0, tvOS 26.0, *)
 5 | extension MLDSA87.PublicKey: MLDSAPublicKey {
   |           `- error: cannot find type 'MLDSA87' in scope
 6 |     public typealias MLDSAType = MLDSA87
 7 | }
/Users/admin/builder/spi-builder-workspace/.build/checkouts/jwt-kit/Sources/JWTKit/MLDSA/MLDSA87+MLDSAKey.swift:11:11: error: cannot find type 'MLDSA87' in scope
 9 | @_spi(PostQuantum)
10 | @available(iOS 26.0, macOS 26.0, watchOS 26.0, tvOS 26.0, *)
11 | extension MLDSA87.PrivateKey: MLDSAPrivateKey {
   |           `- error: cannot find type 'MLDSA87' in scope
12 |     public typealias MLDSAType = MLDSA87
13 | }
/Users/admin/builder/spi-builder-workspace/.build/checkouts/jwt-kit/Sources/JWTKit/MLDSA/MLDSA87+MLDSAKey.swift:17:53: error: cannot find type 'MLDSA87' in scope
15 | @_spi(PostQuantum)
16 | @available(iOS 26.0, macOS 26.0, watchOS 26.0, tvOS 26.0, *)
17 | public typealias MLDSA87PublicKey = MLDSA.PublicKey<MLDSA87>
   |                                                     `- error: cannot find type 'MLDSA87' in scope
18 |
19 | @_spi(PostQuantum)
/Users/admin/builder/spi-builder-workspace/.build/checkouts/jwt-kit/Sources/JWTKit/MLDSA/MLDSA87+MLDSAKey.swift:21:55: error: cannot find type 'MLDSA87' in scope
19 | @_spi(PostQuantum)
20 | @available(iOS 26.0, macOS 26.0, watchOS 26.0, tvOS 26.0, *)
21 | public typealias MLDSA87PrivateKey = MLDSA.PrivateKey<MLDSA87>
   |                                                       `- error: cannot find type 'MLDSA87' in scope
22 |
/Users/admin/builder/spi-builder-workspace/.build/checkouts/jwt-kit/Sources/JWTKit/MLDSA/MLDSA65+MLDSAKey.swift:6:34: error: cannot find type 'MLDSA65' in scope
 4 | @available(iOS 26.0, macOS 26.0, watchOS 26.0, tvOS 26.0, *)
 5 | extension MLDSA65.PublicKey: MLDSAPublicKey {
 6 |     public typealias MLDSAType = MLDSA65
   |                                  `- error: cannot find type 'MLDSA65' in scope
 7 | }
 8 |
/Users/admin/builder/spi-builder-workspace/.build/checkouts/jwt-kit/Sources/JWTKit/MLDSA/MLDSA65+MLDSAKey.swift:12:34: error: cannot find type 'MLDSA65' in scope
10 | @available(iOS 26.0, macOS 26.0, watchOS 26.0, tvOS 26.0, *)
11 | extension MLDSA65.PrivateKey: MLDSAPrivateKey {
12 |     public typealias MLDSAType = MLDSA65
   |                                  `- error: cannot find type 'MLDSA65' in scope
13 | }
14 |
/Users/admin/builder/spi-builder-workspace/.build/checkouts/jwt-kit/Sources/JWTKit/MLDSA/MLDSA87+MLDSAKey.swift:6:34: error: cannot find type 'MLDSA87' in scope
 4 | @available(iOS 26.0, macOS 26.0, watchOS 26.0, tvOS 26.0, *)
 5 | extension MLDSA87.PublicKey: MLDSAPublicKey {
 6 |     public typealias MLDSAType = MLDSA87
   |                                  `- error: cannot find type 'MLDSA87' in scope
 7 | }
 8 |
/Users/admin/builder/spi-builder-workspace/.build/checkouts/jwt-kit/Sources/JWTKit/MLDSA/MLDSA87+MLDSAKey.swift:12:34: error: cannot find type 'MLDSA87' in scope
10 | @available(iOS 26.0, macOS 26.0, watchOS 26.0, tvOS 26.0, *)
11 | extension MLDSA87.PrivateKey: MLDSAPrivateKey {
12 |     public typealias MLDSAType = MLDSA87
   |                                  `- error: cannot find type 'MLDSA87' in scope
13 | }
14 |
[1794/1895] Compiling NIOHTTP2 OutboundFrameBuffer.swift
/Users/admin/builder/spi-builder-workspace/.build/checkouts/jwt-kit/Sources/JWTKit/MLDSA/MLDSA65+MLDSAKey.swift:5:11: error: cannot find type 'MLDSA65' in scope
 3 | @_spi(PostQuantum)
 4 | @available(iOS 26.0, macOS 26.0, watchOS 26.0, tvOS 26.0, *)
 5 | extension MLDSA65.PublicKey: MLDSAPublicKey {
   |           `- error: cannot find type 'MLDSA65' in scope
 6 |     public typealias MLDSAType = MLDSA65
 7 | }
/Users/admin/builder/spi-builder-workspace/.build/checkouts/jwt-kit/Sources/JWTKit/MLDSA/MLDSA65+MLDSAKey.swift:11:11: error: cannot find type 'MLDSA65' in scope
 9 | @_spi(PostQuantum)
10 | @available(iOS 26.0, macOS 26.0, watchOS 26.0, tvOS 26.0, *)
11 | extension MLDSA65.PrivateKey: MLDSAPrivateKey {
   |           `- error: cannot find type 'MLDSA65' in scope
12 |     public typealias MLDSAType = MLDSA65
13 | }
/Users/admin/builder/spi-builder-workspace/.build/checkouts/jwt-kit/Sources/JWTKit/MLDSA/MLDSA65+MLDSAKey.swift:17:53: error: cannot find type 'MLDSA65' in scope
15 | @_spi(PostQuantum)
16 | @available(iOS 26.0, macOS 26.0, watchOS 26.0, tvOS 26.0, *)
17 | public typealias MLDSA65PublicKey = MLDSA.PublicKey<MLDSA65>
   |                                                     `- error: cannot find type 'MLDSA65' in scope
18 |
19 | @_spi(PostQuantum)
/Users/admin/builder/spi-builder-workspace/.build/checkouts/jwt-kit/Sources/JWTKit/MLDSA/MLDSA65+MLDSAKey.swift:21:55: error: cannot find type 'MLDSA65' in scope
19 | @_spi(PostQuantum)
20 | @available(iOS 26.0, macOS 26.0, watchOS 26.0, tvOS 26.0, *)
21 | public typealias MLDSA65PrivateKey = MLDSA.PrivateKey<MLDSA65>
   |                                                       `- error: cannot find type 'MLDSA65' in scope
22 |
/Users/admin/builder/spi-builder-workspace/.build/checkouts/jwt-kit/Sources/JWTKit/MLDSA/MLDSA87+MLDSAKey.swift:5:11: error: cannot find type 'MLDSA87' in scope
 3 | @_spi(PostQuantum)
 4 | @available(iOS 26.0, macOS 26.0, watchOS 26.0, tvOS 26.0, *)
 5 | extension MLDSA87.PublicKey: MLDSAPublicKey {
   |           `- error: cannot find type 'MLDSA87' in scope
 6 |     public typealias MLDSAType = MLDSA87
 7 | }
/Users/admin/builder/spi-builder-workspace/.build/checkouts/jwt-kit/Sources/JWTKit/MLDSA/MLDSA87+MLDSAKey.swift:11:11: error: cannot find type 'MLDSA87' in scope
 9 | @_spi(PostQuantum)
10 | @available(iOS 26.0, macOS 26.0, watchOS 26.0, tvOS 26.0, *)
11 | extension MLDSA87.PrivateKey: MLDSAPrivateKey {
   |           `- error: cannot find type 'MLDSA87' in scope
12 |     public typealias MLDSAType = MLDSA87
13 | }
/Users/admin/builder/spi-builder-workspace/.build/checkouts/jwt-kit/Sources/JWTKit/MLDSA/MLDSA87+MLDSAKey.swift:17:53: error: cannot find type 'MLDSA87' in scope
15 | @_spi(PostQuantum)
16 | @available(iOS 26.0, macOS 26.0, watchOS 26.0, tvOS 26.0, *)
17 | public typealias MLDSA87PublicKey = MLDSA.PublicKey<MLDSA87>
   |                                                     `- error: cannot find type 'MLDSA87' in scope
18 |
19 | @_spi(PostQuantum)
/Users/admin/builder/spi-builder-workspace/.build/checkouts/jwt-kit/Sources/JWTKit/MLDSA/MLDSA87+MLDSAKey.swift:21:55: error: cannot find type 'MLDSA87' in scope
19 | @_spi(PostQuantum)
20 | @available(iOS 26.0, macOS 26.0, watchOS 26.0, tvOS 26.0, *)
21 | public typealias MLDSA87PrivateKey = MLDSA.PrivateKey<MLDSA87>
   |                                                       `- error: cannot find type 'MLDSA87' in scope
22 |
/Users/admin/builder/spi-builder-workspace/.build/checkouts/jwt-kit/Sources/JWTKit/MLDSA/MLDSA65+MLDSAKey.swift:6:34: error: cannot find type 'MLDSA65' in scope
 4 | @available(iOS 26.0, macOS 26.0, watchOS 26.0, tvOS 26.0, *)
 5 | extension MLDSA65.PublicKey: MLDSAPublicKey {
 6 |     public typealias MLDSAType = MLDSA65
   |                                  `- error: cannot find type 'MLDSA65' in scope
 7 | }
 8 |
/Users/admin/builder/spi-builder-workspace/.build/checkouts/jwt-kit/Sources/JWTKit/MLDSA/MLDSA65+MLDSAKey.swift:12:34: error: cannot find type 'MLDSA65' in scope
10 | @available(iOS 26.0, macOS 26.0, watchOS 26.0, tvOS 26.0, *)
11 | extension MLDSA65.PrivateKey: MLDSAPrivateKey {
12 |     public typealias MLDSAType = MLDSA65
   |                                  `- error: cannot find type 'MLDSA65' in scope
13 | }
14 |
/Users/admin/builder/spi-builder-workspace/.build/checkouts/jwt-kit/Sources/JWTKit/MLDSA/MLDSA87+MLDSAKey.swift:6:34: error: cannot find type 'MLDSA87' in scope
 4 | @available(iOS 26.0, macOS 26.0, watchOS 26.0, tvOS 26.0, *)
 5 | extension MLDSA87.PublicKey: MLDSAPublicKey {
 6 |     public typealias MLDSAType = MLDSA87
   |                                  `- error: cannot find type 'MLDSA87' in scope
 7 | }
 8 |
/Users/admin/builder/spi-builder-workspace/.build/checkouts/jwt-kit/Sources/JWTKit/MLDSA/MLDSA87+MLDSAKey.swift:12:34: error: cannot find type 'MLDSA87' in scope
10 | @available(iOS 26.0, macOS 26.0, watchOS 26.0, tvOS 26.0, *)
11 | extension MLDSA87.PrivateKey: MLDSAPrivateKey {
12 |     public typealias MLDSAType = MLDSA87
   |                                  `- error: cannot find type 'MLDSA87' in scope
13 | }
14 |
[1795/1895] Compiling NIOHTTP2 GlitchesMonitor.swift
/Users/admin/builder/spi-builder-workspace/.build/checkouts/jwt-kit/Sources/JWTKit/MLDSA/MLDSA65+MLDSAKey.swift:5:11: error: cannot find type 'MLDSA65' in scope
 3 | @_spi(PostQuantum)
 4 | @available(iOS 26.0, macOS 26.0, watchOS 26.0, tvOS 26.0, *)
 5 | extension MLDSA65.PublicKey: MLDSAPublicKey {
   |           `- error: cannot find type 'MLDSA65' in scope
 6 |     public typealias MLDSAType = MLDSA65
 7 | }
/Users/admin/builder/spi-builder-workspace/.build/checkouts/jwt-kit/Sources/JWTKit/MLDSA/MLDSA65+MLDSAKey.swift:11:11: error: cannot find type 'MLDSA65' in scope
 9 | @_spi(PostQuantum)
10 | @available(iOS 26.0, macOS 26.0, watchOS 26.0, tvOS 26.0, *)
11 | extension MLDSA65.PrivateKey: MLDSAPrivateKey {
   |           `- error: cannot find type 'MLDSA65' in scope
12 |     public typealias MLDSAType = MLDSA65
13 | }
/Users/admin/builder/spi-builder-workspace/.build/checkouts/jwt-kit/Sources/JWTKit/MLDSA/MLDSA65+MLDSAKey.swift:17:53: error: cannot find type 'MLDSA65' in scope
15 | @_spi(PostQuantum)
16 | @available(iOS 26.0, macOS 26.0, watchOS 26.0, tvOS 26.0, *)
17 | public typealias MLDSA65PublicKey = MLDSA.PublicKey<MLDSA65>
   |                                                     `- error: cannot find type 'MLDSA65' in scope
18 |
19 | @_spi(PostQuantum)
/Users/admin/builder/spi-builder-workspace/.build/checkouts/jwt-kit/Sources/JWTKit/MLDSA/MLDSA65+MLDSAKey.swift:21:55: error: cannot find type 'MLDSA65' in scope
19 | @_spi(PostQuantum)
20 | @available(iOS 26.0, macOS 26.0, watchOS 26.0, tvOS 26.0, *)
21 | public typealias MLDSA65PrivateKey = MLDSA.PrivateKey<MLDSA65>
   |                                                       `- error: cannot find type 'MLDSA65' in scope
22 |
/Users/admin/builder/spi-builder-workspace/.build/checkouts/jwt-kit/Sources/JWTKit/MLDSA/MLDSA87+MLDSAKey.swift:5:11: error: cannot find type 'MLDSA87' in scope
 3 | @_spi(PostQuantum)
 4 | @available(iOS 26.0, macOS 26.0, watchOS 26.0, tvOS 26.0, *)
 5 | extension MLDSA87.PublicKey: MLDSAPublicKey {
   |           `- error: cannot find type 'MLDSA87' in scope
 6 |     public typealias MLDSAType = MLDSA87
 7 | }
/Users/admin/builder/spi-builder-workspace/.build/checkouts/jwt-kit/Sources/JWTKit/MLDSA/MLDSA87+MLDSAKey.swift:11:11: error: cannot find type 'MLDSA87' in scope
 9 | @_spi(PostQuantum)
10 | @available(iOS 26.0, macOS 26.0, watchOS 26.0, tvOS 26.0, *)
11 | extension MLDSA87.PrivateKey: MLDSAPrivateKey {
   |           `- error: cannot find type 'MLDSA87' in scope
12 |     public typealias MLDSAType = MLDSA87
13 | }
/Users/admin/builder/spi-builder-workspace/.build/checkouts/jwt-kit/Sources/JWTKit/MLDSA/MLDSA87+MLDSAKey.swift:17:53: error: cannot find type 'MLDSA87' in scope
15 | @_spi(PostQuantum)
16 | @available(iOS 26.0, macOS 26.0, watchOS 26.0, tvOS 26.0, *)
17 | public typealias MLDSA87PublicKey = MLDSA.PublicKey<MLDSA87>
   |                                                     `- error: cannot find type 'MLDSA87' in scope
18 |
19 | @_spi(PostQuantum)
/Users/admin/builder/spi-builder-workspace/.build/checkouts/jwt-kit/Sources/JWTKit/MLDSA/MLDSA87+MLDSAKey.swift:21:55: error: cannot find type 'MLDSA87' in scope
19 | @_spi(PostQuantum)
20 | @available(iOS 26.0, macOS 26.0, watchOS 26.0, tvOS 26.0, *)
21 | public typealias MLDSA87PrivateKey = MLDSA.PrivateKey<MLDSA87>
   |                                                       `- error: cannot find type 'MLDSA87' in scope
22 |
/Users/admin/builder/spi-builder-workspace/.build/checkouts/jwt-kit/Sources/JWTKit/MLDSA/MLDSA65+MLDSAKey.swift:6:34: error: cannot find type 'MLDSA65' in scope
 4 | @available(iOS 26.0, macOS 26.0, watchOS 26.0, tvOS 26.0, *)
 5 | extension MLDSA65.PublicKey: MLDSAPublicKey {
 6 |     public typealias MLDSAType = MLDSA65
   |                                  `- error: cannot find type 'MLDSA65' in scope
 7 | }
 8 |
/Users/admin/builder/spi-builder-workspace/.build/checkouts/jwt-kit/Sources/JWTKit/MLDSA/MLDSA65+MLDSAKey.swift:12:34: error: cannot find type 'MLDSA65' in scope
10 | @available(iOS 26.0, macOS 26.0, watchOS 26.0, tvOS 26.0, *)
11 | extension MLDSA65.PrivateKey: MLDSAPrivateKey {
12 |     public typealias MLDSAType = MLDSA65
   |                                  `- error: cannot find type 'MLDSA65' in scope
13 | }
14 |
/Users/admin/builder/spi-builder-workspace/.build/checkouts/jwt-kit/Sources/JWTKit/MLDSA/MLDSA87+MLDSAKey.swift:6:34: error: cannot find type 'MLDSA87' in scope
 4 | @available(iOS 26.0, macOS 26.0, watchOS 26.0, tvOS 26.0, *)
 5 | extension MLDSA87.PublicKey: MLDSAPublicKey {
 6 |     public typealias MLDSAType = MLDSA87
   |                                  `- error: cannot find type 'MLDSA87' in scope
 7 | }
 8 |
/Users/admin/builder/spi-builder-workspace/.build/checkouts/jwt-kit/Sources/JWTKit/MLDSA/MLDSA87+MLDSAKey.swift:12:34: error: cannot find type 'MLDSA87' in scope
10 | @available(iOS 26.0, macOS 26.0, watchOS 26.0, tvOS 26.0, *)
11 | extension MLDSA87.PrivateKey: MLDSAPrivateKey {
12 |     public typealias MLDSAType = MLDSA87
   |                                  `- error: cannot find type 'MLDSA87' in scope
13 | }
14 |
[1796/1895] Compiling NIOHTTP2 HPACKHeaders+Validation.swift
/Users/admin/builder/spi-builder-workspace/.build/checkouts/jwt-kit/Sources/JWTKit/MLDSA/MLDSA65+MLDSAKey.swift:5:11: error: cannot find type 'MLDSA65' in scope
 3 | @_spi(PostQuantum)
 4 | @available(iOS 26.0, macOS 26.0, watchOS 26.0, tvOS 26.0, *)
 5 | extension MLDSA65.PublicKey: MLDSAPublicKey {
   |           `- error: cannot find type 'MLDSA65' in scope
 6 |     public typealias MLDSAType = MLDSA65
 7 | }
/Users/admin/builder/spi-builder-workspace/.build/checkouts/jwt-kit/Sources/JWTKit/MLDSA/MLDSA65+MLDSAKey.swift:11:11: error: cannot find type 'MLDSA65' in scope
 9 | @_spi(PostQuantum)
10 | @available(iOS 26.0, macOS 26.0, watchOS 26.0, tvOS 26.0, *)
11 | extension MLDSA65.PrivateKey: MLDSAPrivateKey {
   |           `- error: cannot find type 'MLDSA65' in scope
12 |     public typealias MLDSAType = MLDSA65
13 | }
/Users/admin/builder/spi-builder-workspace/.build/checkouts/jwt-kit/Sources/JWTKit/MLDSA/MLDSA65+MLDSAKey.swift:17:53: error: cannot find type 'MLDSA65' in scope
15 | @_spi(PostQuantum)
16 | @available(iOS 26.0, macOS 26.0, watchOS 26.0, tvOS 26.0, *)
17 | public typealias MLDSA65PublicKey = MLDSA.PublicKey<MLDSA65>
   |                                                     `- error: cannot find type 'MLDSA65' in scope
18 |
19 | @_spi(PostQuantum)
/Users/admin/builder/spi-builder-workspace/.build/checkouts/jwt-kit/Sources/JWTKit/MLDSA/MLDSA65+MLDSAKey.swift:21:55: error: cannot find type 'MLDSA65' in scope
19 | @_spi(PostQuantum)
20 | @available(iOS 26.0, macOS 26.0, watchOS 26.0, tvOS 26.0, *)
21 | public typealias MLDSA65PrivateKey = MLDSA.PrivateKey<MLDSA65>
   |                                                       `- error: cannot find type 'MLDSA65' in scope
22 |
/Users/admin/builder/spi-builder-workspace/.build/checkouts/jwt-kit/Sources/JWTKit/MLDSA/MLDSA87+MLDSAKey.swift:5:11: error: cannot find type 'MLDSA87' in scope
 3 | @_spi(PostQuantum)
 4 | @available(iOS 26.0, macOS 26.0, watchOS 26.0, tvOS 26.0, *)
 5 | extension MLDSA87.PublicKey: MLDSAPublicKey {
   |           `- error: cannot find type 'MLDSA87' in scope
 6 |     public typealias MLDSAType = MLDSA87
 7 | }
/Users/admin/builder/spi-builder-workspace/.build/checkouts/jwt-kit/Sources/JWTKit/MLDSA/MLDSA87+MLDSAKey.swift:11:11: error: cannot find type 'MLDSA87' in scope
 9 | @_spi(PostQuantum)
10 | @available(iOS 26.0, macOS 26.0, watchOS 26.0, tvOS 26.0, *)
11 | extension MLDSA87.PrivateKey: MLDSAPrivateKey {
   |           `- error: cannot find type 'MLDSA87' in scope
12 |     public typealias MLDSAType = MLDSA87
13 | }
/Users/admin/builder/spi-builder-workspace/.build/checkouts/jwt-kit/Sources/JWTKit/MLDSA/MLDSA87+MLDSAKey.swift:17:53: error: cannot find type 'MLDSA87' in scope
15 | @_spi(PostQuantum)
16 | @available(iOS 26.0, macOS 26.0, watchOS 26.0, tvOS 26.0, *)
17 | public typealias MLDSA87PublicKey = MLDSA.PublicKey<MLDSA87>
   |                                                     `- error: cannot find type 'MLDSA87' in scope
18 |
19 | @_spi(PostQuantum)
/Users/admin/builder/spi-builder-workspace/.build/checkouts/jwt-kit/Sources/JWTKit/MLDSA/MLDSA87+MLDSAKey.swift:21:55: error: cannot find type 'MLDSA87' in scope
19 | @_spi(PostQuantum)
20 | @available(iOS 26.0, macOS 26.0, watchOS 26.0, tvOS 26.0, *)
21 | public typealias MLDSA87PrivateKey = MLDSA.PrivateKey<MLDSA87>
   |                                                       `- error: cannot find type 'MLDSA87' in scope
22 |
/Users/admin/builder/spi-builder-workspace/.build/checkouts/jwt-kit/Sources/JWTKit/MLDSA/MLDSA65+MLDSAKey.swift:6:34: error: cannot find type 'MLDSA65' in scope
 4 | @available(iOS 26.0, macOS 26.0, watchOS 26.0, tvOS 26.0, *)
 5 | extension MLDSA65.PublicKey: MLDSAPublicKey {
 6 |     public typealias MLDSAType = MLDSA65
   |                                  `- error: cannot find type 'MLDSA65' in scope
 7 | }
 8 |
/Users/admin/builder/spi-builder-workspace/.build/checkouts/jwt-kit/Sources/JWTKit/MLDSA/MLDSA65+MLDSAKey.swift:12:34: error: cannot find type 'MLDSA65' in scope
10 | @available(iOS 26.0, macOS 26.0, watchOS 26.0, tvOS 26.0, *)
11 | extension MLDSA65.PrivateKey: MLDSAPrivateKey {
12 |     public typealias MLDSAType = MLDSA65
   |                                  `- error: cannot find type 'MLDSA65' in scope
13 | }
14 |
/Users/admin/builder/spi-builder-workspace/.build/checkouts/jwt-kit/Sources/JWTKit/MLDSA/MLDSA87+MLDSAKey.swift:6:34: error: cannot find type 'MLDSA87' in scope
 4 | @available(iOS 26.0, macOS 26.0, watchOS 26.0, tvOS 26.0, *)
 5 | extension MLDSA87.PublicKey: MLDSAPublicKey {
 6 |     public typealias MLDSAType = MLDSA87
   |                                  `- error: cannot find type 'MLDSA87' in scope
 7 | }
 8 |
/Users/admin/builder/spi-builder-workspace/.build/checkouts/jwt-kit/Sources/JWTKit/MLDSA/MLDSA87+MLDSAKey.swift:12:34: error: cannot find type 'MLDSA87' in scope
10 | @available(iOS 26.0, macOS 26.0, watchOS 26.0, tvOS 26.0, *)
11 | extension MLDSA87.PrivateKey: MLDSAPrivateKey {
12 |     public typealias MLDSAType = MLDSA87
   |                                  `- error: cannot find type 'MLDSA87' in scope
13 | }
14 |
[1797/1895] Compiling NIOHTTP2 ReceivingRstStreamState.swift
/Users/admin/builder/spi-builder-workspace/.build/checkouts/jwt-kit/Sources/JWTKit/MLDSA/MLDSA65+MLDSAKey.swift:5:11: error: cannot find type 'MLDSA65' in scope
 3 | @_spi(PostQuantum)
 4 | @available(iOS 26.0, macOS 26.0, watchOS 26.0, tvOS 26.0, *)
 5 | extension MLDSA65.PublicKey: MLDSAPublicKey {
   |           `- error: cannot find type 'MLDSA65' in scope
 6 |     public typealias MLDSAType = MLDSA65
 7 | }
/Users/admin/builder/spi-builder-workspace/.build/checkouts/jwt-kit/Sources/JWTKit/MLDSA/MLDSA65+MLDSAKey.swift:11:11: error: cannot find type 'MLDSA65' in scope
 9 | @_spi(PostQuantum)
10 | @available(iOS 26.0, macOS 26.0, watchOS 26.0, tvOS 26.0, *)
11 | extension MLDSA65.PrivateKey: MLDSAPrivateKey {
   |           `- error: cannot find type 'MLDSA65' in scope
12 |     public typealias MLDSAType = MLDSA65
13 | }
/Users/admin/builder/spi-builder-workspace/.build/checkouts/jwt-kit/Sources/JWTKit/MLDSA/MLDSA65+MLDSAKey.swift:17:53: error: cannot find type 'MLDSA65' in scope
15 | @_spi(PostQuantum)
16 | @available(iOS 26.0, macOS 26.0, watchOS 26.0, tvOS 26.0, *)
17 | public typealias MLDSA65PublicKey = MLDSA.PublicKey<MLDSA65>
   |                                                     `- error: cannot find type 'MLDSA65' in scope
18 |
19 | @_spi(PostQuantum)
/Users/admin/builder/spi-builder-workspace/.build/checkouts/jwt-kit/Sources/JWTKit/MLDSA/MLDSA65+MLDSAKey.swift:21:55: error: cannot find type 'MLDSA65' in scope
19 | @_spi(PostQuantum)
20 | @available(iOS 26.0, macOS 26.0, watchOS 26.0, tvOS 26.0, *)
21 | public typealias MLDSA65PrivateKey = MLDSA.PrivateKey<MLDSA65>
   |                                                       `- error: cannot find type 'MLDSA65' in scope
22 |
/Users/admin/builder/spi-builder-workspace/.build/checkouts/jwt-kit/Sources/JWTKit/MLDSA/MLDSA87+MLDSAKey.swift:5:11: error: cannot find type 'MLDSA87' in scope
 3 | @_spi(PostQuantum)
 4 | @available(iOS 26.0, macOS 26.0, watchOS 26.0, tvOS 26.0, *)
 5 | extension MLDSA87.PublicKey: MLDSAPublicKey {
   |           `- error: cannot find type 'MLDSA87' in scope
 6 |     public typealias MLDSAType = MLDSA87
 7 | }
/Users/admin/builder/spi-builder-workspace/.build/checkouts/jwt-kit/Sources/JWTKit/MLDSA/MLDSA87+MLDSAKey.swift:11:11: error: cannot find type 'MLDSA87' in scope
 9 | @_spi(PostQuantum)
10 | @available(iOS 26.0, macOS 26.0, watchOS 26.0, tvOS 26.0, *)
11 | extension MLDSA87.PrivateKey: MLDSAPrivateKey {
   |           `- error: cannot find type 'MLDSA87' in scope
12 |     public typealias MLDSAType = MLDSA87
13 | }
/Users/admin/builder/spi-builder-workspace/.build/checkouts/jwt-kit/Sources/JWTKit/MLDSA/MLDSA87+MLDSAKey.swift:17:53: error: cannot find type 'MLDSA87' in scope
15 | @_spi(PostQuantum)
16 | @available(iOS 26.0, macOS 26.0, watchOS 26.0, tvOS 26.0, *)
17 | public typealias MLDSA87PublicKey = MLDSA.PublicKey<MLDSA87>
   |                                                     `- error: cannot find type 'MLDSA87' in scope
18 |
19 | @_spi(PostQuantum)
/Users/admin/builder/spi-builder-workspace/.build/checkouts/jwt-kit/Sources/JWTKit/MLDSA/MLDSA87+MLDSAKey.swift:21:55: error: cannot find type 'MLDSA87' in scope
19 | @_spi(PostQuantum)
20 | @available(iOS 26.0, macOS 26.0, watchOS 26.0, tvOS 26.0, *)
21 | public typealias MLDSA87PrivateKey = MLDSA.PrivateKey<MLDSA87>
   |                                                       `- error: cannot find type 'MLDSA87' in scope
22 |
/Users/admin/builder/spi-builder-workspace/.build/checkouts/jwt-kit/Sources/JWTKit/MLDSA/MLDSA65+MLDSAKey.swift:6:34: error: cannot find type 'MLDSA65' in scope
 4 | @available(iOS 26.0, macOS 26.0, watchOS 26.0, tvOS 26.0, *)
 5 | extension MLDSA65.PublicKey: MLDSAPublicKey {
 6 |     public typealias MLDSAType = MLDSA65
   |                                  `- error: cannot find type 'MLDSA65' in scope
 7 | }
 8 |
/Users/admin/builder/spi-builder-workspace/.build/checkouts/jwt-kit/Sources/JWTKit/MLDSA/MLDSA65+MLDSAKey.swift:12:34: error: cannot find type 'MLDSA65' in scope
10 | @available(iOS 26.0, macOS 26.0, watchOS 26.0, tvOS 26.0, *)
11 | extension MLDSA65.PrivateKey: MLDSAPrivateKey {
12 |     public typealias MLDSAType = MLDSA65
   |                                  `- error: cannot find type 'MLDSA65' in scope
13 | }
14 |
/Users/admin/builder/spi-builder-workspace/.build/checkouts/jwt-kit/Sources/JWTKit/MLDSA/MLDSA87+MLDSAKey.swift:6:34: error: cannot find type 'MLDSA87' in scope
 4 | @available(iOS 26.0, macOS 26.0, watchOS 26.0, tvOS 26.0, *)
 5 | extension MLDSA87.PublicKey: MLDSAPublicKey {
 6 |     public typealias MLDSAType = MLDSA87
   |                                  `- error: cannot find type 'MLDSA87' in scope
 7 | }
 8 |
/Users/admin/builder/spi-builder-workspace/.build/checkouts/jwt-kit/Sources/JWTKit/MLDSA/MLDSA87+MLDSAKey.swift:12:34: error: cannot find type 'MLDSA87' in scope
10 | @available(iOS 26.0, macOS 26.0, watchOS 26.0, tvOS 26.0, *)
11 | extension MLDSA87.PrivateKey: MLDSAPrivateKey {
12 |     public typealias MLDSAType = MLDSA87
   |                                  `- error: cannot find type 'MLDSA87' in scope
13 | }
14 |
[1798/1895] Compiling NIOHTTP2 ReceivingWindowUpdateState.swift
/Users/admin/builder/spi-builder-workspace/.build/checkouts/jwt-kit/Sources/JWTKit/MLDSA/MLDSA65+MLDSAKey.swift:5:11: error: cannot find type 'MLDSA65' in scope
 3 | @_spi(PostQuantum)
 4 | @available(iOS 26.0, macOS 26.0, watchOS 26.0, tvOS 26.0, *)
 5 | extension MLDSA65.PublicKey: MLDSAPublicKey {
   |           `- error: cannot find type 'MLDSA65' in scope
 6 |     public typealias MLDSAType = MLDSA65
 7 | }
/Users/admin/builder/spi-builder-workspace/.build/checkouts/jwt-kit/Sources/JWTKit/MLDSA/MLDSA65+MLDSAKey.swift:11:11: error: cannot find type 'MLDSA65' in scope
 9 | @_spi(PostQuantum)
10 | @available(iOS 26.0, macOS 26.0, watchOS 26.0, tvOS 26.0, *)
11 | extension MLDSA65.PrivateKey: MLDSAPrivateKey {
   |           `- error: cannot find type 'MLDSA65' in scope
12 |     public typealias MLDSAType = MLDSA65
13 | }
/Users/admin/builder/spi-builder-workspace/.build/checkouts/jwt-kit/Sources/JWTKit/MLDSA/MLDSA65+MLDSAKey.swift:17:53: error: cannot find type 'MLDSA65' in scope
15 | @_spi(PostQuantum)
16 | @available(iOS 26.0, macOS 26.0, watchOS 26.0, tvOS 26.0, *)
17 | public typealias MLDSA65PublicKey = MLDSA.PublicKey<MLDSA65>
   |                                                     `- error: cannot find type 'MLDSA65' in scope
18 |
19 | @_spi(PostQuantum)
/Users/admin/builder/spi-builder-workspace/.build/checkouts/jwt-kit/Sources/JWTKit/MLDSA/MLDSA65+MLDSAKey.swift:21:55: error: cannot find type 'MLDSA65' in scope
19 | @_spi(PostQuantum)
20 | @available(iOS 26.0, macOS 26.0, watchOS 26.0, tvOS 26.0, *)
21 | public typealias MLDSA65PrivateKey = MLDSA.PrivateKey<MLDSA65>
   |                                                       `- error: cannot find type 'MLDSA65' in scope
22 |
/Users/admin/builder/spi-builder-workspace/.build/checkouts/jwt-kit/Sources/JWTKit/MLDSA/MLDSA87+MLDSAKey.swift:5:11: error: cannot find type 'MLDSA87' in scope
 3 | @_spi(PostQuantum)
 4 | @available(iOS 26.0, macOS 26.0, watchOS 26.0, tvOS 26.0, *)
 5 | extension MLDSA87.PublicKey: MLDSAPublicKey {
   |           `- error: cannot find type 'MLDSA87' in scope
 6 |     public typealias MLDSAType = MLDSA87
 7 | }
/Users/admin/builder/spi-builder-workspace/.build/checkouts/jwt-kit/Sources/JWTKit/MLDSA/MLDSA87+MLDSAKey.swift:11:11: error: cannot find type 'MLDSA87' in scope
 9 | @_spi(PostQuantum)
10 | @available(iOS 26.0, macOS 26.0, watchOS 26.0, tvOS 26.0, *)
11 | extension MLDSA87.PrivateKey: MLDSAPrivateKey {
   |           `- error: cannot find type 'MLDSA87' in scope
12 |     public typealias MLDSAType = MLDSA87
13 | }
/Users/admin/builder/spi-builder-workspace/.build/checkouts/jwt-kit/Sources/JWTKit/MLDSA/MLDSA87+MLDSAKey.swift:17:53: error: cannot find type 'MLDSA87' in scope
15 | @_spi(PostQuantum)
16 | @available(iOS 26.0, macOS 26.0, watchOS 26.0, tvOS 26.0, *)
17 | public typealias MLDSA87PublicKey = MLDSA.PublicKey<MLDSA87>
   |                                                     `- error: cannot find type 'MLDSA87' in scope
18 |
19 | @_spi(PostQuantum)
/Users/admin/builder/spi-builder-workspace/.build/checkouts/jwt-kit/Sources/JWTKit/MLDSA/MLDSA87+MLDSAKey.swift:21:55: error: cannot find type 'MLDSA87' in scope
19 | @_spi(PostQuantum)
20 | @available(iOS 26.0, macOS 26.0, watchOS 26.0, tvOS 26.0, *)
21 | public typealias MLDSA87PrivateKey = MLDSA.PrivateKey<MLDSA87>
   |                                                       `- error: cannot find type 'MLDSA87' in scope
22 |
/Users/admin/builder/spi-builder-workspace/.build/checkouts/jwt-kit/Sources/JWTKit/MLDSA/MLDSA65+MLDSAKey.swift:6:34: error: cannot find type 'MLDSA65' in scope
 4 | @available(iOS 26.0, macOS 26.0, watchOS 26.0, tvOS 26.0, *)
 5 | extension MLDSA65.PublicKey: MLDSAPublicKey {
 6 |     public typealias MLDSAType = MLDSA65
   |                                  `- error: cannot find type 'MLDSA65' in scope
 7 | }
 8 |
/Users/admin/builder/spi-builder-workspace/.build/checkouts/jwt-kit/Sources/JWTKit/MLDSA/MLDSA65+MLDSAKey.swift:12:34: error: cannot find type 'MLDSA65' in scope
10 | @available(iOS 26.0, macOS 26.0, watchOS 26.0, tvOS 26.0, *)
11 | extension MLDSA65.PrivateKey: MLDSAPrivateKey {
12 |     public typealias MLDSAType = MLDSA65
   |                                  `- error: cannot find type 'MLDSA65' in scope
13 | }
14 |
/Users/admin/builder/spi-builder-workspace/.build/checkouts/jwt-kit/Sources/JWTKit/MLDSA/MLDSA87+MLDSAKey.swift:6:34: error: cannot find type 'MLDSA87' in scope
 4 | @available(iOS 26.0, macOS 26.0, watchOS 26.0, tvOS 26.0, *)
 5 | extension MLDSA87.PublicKey: MLDSAPublicKey {
 6 |     public typealias MLDSAType = MLDSA87
   |                                  `- error: cannot find type 'MLDSA87' in scope
 7 | }
 8 |
/Users/admin/builder/spi-builder-workspace/.build/checkouts/jwt-kit/Sources/JWTKit/MLDSA/MLDSA87+MLDSAKey.swift:12:34: error: cannot find type 'MLDSA87' in scope
10 | @available(iOS 26.0, macOS 26.0, watchOS 26.0, tvOS 26.0, *)
11 | extension MLDSA87.PrivateKey: MLDSAPrivateKey {
12 |     public typealias MLDSAType = MLDSA87
   |                                  `- error: cannot find type 'MLDSA87' in scope
13 | }
14 |
[1799/1895] Compiling NIOHTTP2 MaySendFrames.swift
/Users/admin/builder/spi-builder-workspace/.build/checkouts/jwt-kit/Sources/JWTKit/MLDSA/MLDSA65+MLDSAKey.swift:5:11: error: cannot find type 'MLDSA65' in scope
 3 | @_spi(PostQuantum)
 4 | @available(iOS 26.0, macOS 26.0, watchOS 26.0, tvOS 26.0, *)
 5 | extension MLDSA65.PublicKey: MLDSAPublicKey {
   |           `- error: cannot find type 'MLDSA65' in scope
 6 |     public typealias MLDSAType = MLDSA65
 7 | }
/Users/admin/builder/spi-builder-workspace/.build/checkouts/jwt-kit/Sources/JWTKit/MLDSA/MLDSA65+MLDSAKey.swift:11:11: error: cannot find type 'MLDSA65' in scope
 9 | @_spi(PostQuantum)
10 | @available(iOS 26.0, macOS 26.0, watchOS 26.0, tvOS 26.0, *)
11 | extension MLDSA65.PrivateKey: MLDSAPrivateKey {
   |           `- error: cannot find type 'MLDSA65' in scope
12 |     public typealias MLDSAType = MLDSA65
13 | }
/Users/admin/builder/spi-builder-workspace/.build/checkouts/jwt-kit/Sources/JWTKit/MLDSA/MLDSA65+MLDSAKey.swift:17:53: error: cannot find type 'MLDSA65' in scope
15 | @_spi(PostQuantum)
16 | @available(iOS 26.0, macOS 26.0, watchOS 26.0, tvOS 26.0, *)
17 | public typealias MLDSA65PublicKey = MLDSA.PublicKey<MLDSA65>
   |                                                     `- error: cannot find type 'MLDSA65' in scope
18 |
19 | @_spi(PostQuantum)
/Users/admin/builder/spi-builder-workspace/.build/checkouts/jwt-kit/Sources/JWTKit/MLDSA/MLDSA65+MLDSAKey.swift:21:55: error: cannot find type 'MLDSA65' in scope
19 | @_spi(PostQuantum)
20 | @available(iOS 26.0, macOS 26.0, watchOS 26.0, tvOS 26.0, *)
21 | public typealias MLDSA65PrivateKey = MLDSA.PrivateKey<MLDSA65>
   |                                                       `- error: cannot find type 'MLDSA65' in scope
22 |
/Users/admin/builder/spi-builder-workspace/.build/checkouts/jwt-kit/Sources/JWTKit/MLDSA/MLDSA87+MLDSAKey.swift:5:11: error: cannot find type 'MLDSA87' in scope
 3 | @_spi(PostQuantum)
 4 | @available(iOS 26.0, macOS 26.0, watchOS 26.0, tvOS 26.0, *)
 5 | extension MLDSA87.PublicKey: MLDSAPublicKey {
   |           `- error: cannot find type 'MLDSA87' in scope
 6 |     public typealias MLDSAType = MLDSA87
 7 | }
/Users/admin/builder/spi-builder-workspace/.build/checkouts/jwt-kit/Sources/JWTKit/MLDSA/MLDSA87+MLDSAKey.swift:11:11: error: cannot find type 'MLDSA87' in scope
 9 | @_spi(PostQuantum)
10 | @available(iOS 26.0, macOS 26.0, watchOS 26.0, tvOS 26.0, *)
11 | extension MLDSA87.PrivateKey: MLDSAPrivateKey {
   |           `- error: cannot find type 'MLDSA87' in scope
12 |     public typealias MLDSAType = MLDSA87
13 | }
/Users/admin/builder/spi-builder-workspace/.build/checkouts/jwt-kit/Sources/JWTKit/MLDSA/MLDSA87+MLDSAKey.swift:17:53: error: cannot find type 'MLDSA87' in scope
15 | @_spi(PostQuantum)
16 | @available(iOS 26.0, macOS 26.0, watchOS 26.0, tvOS 26.0, *)
17 | public typealias MLDSA87PublicKey = MLDSA.PublicKey<MLDSA87>
   |                                                     `- error: cannot find type 'MLDSA87' in scope
18 |
19 | @_spi(PostQuantum)
/Users/admin/builder/spi-builder-workspace/.build/checkouts/jwt-kit/Sources/JWTKit/MLDSA/MLDSA87+MLDSAKey.swift:21:55: error: cannot find type 'MLDSA87' in scope
19 | @_spi(PostQuantum)
20 | @available(iOS 26.0, macOS 26.0, watchOS 26.0, tvOS 26.0, *)
21 | public typealias MLDSA87PrivateKey = MLDSA.PrivateKey<MLDSA87>
   |                                                       `- error: cannot find type 'MLDSA87' in scope
22 |
/Users/admin/builder/spi-builder-workspace/.build/checkouts/jwt-kit/Sources/JWTKit/MLDSA/MLDSA65+MLDSAKey.swift:6:34: error: cannot find type 'MLDSA65' in scope
 4 | @available(iOS 26.0, macOS 26.0, watchOS 26.0, tvOS 26.0, *)
 5 | extension MLDSA65.PublicKey: MLDSAPublicKey {
 6 |     public typealias MLDSAType = MLDSA65
   |                                  `- error: cannot find type 'MLDSA65' in scope
 7 | }
 8 |
/Users/admin/builder/spi-builder-workspace/.build/checkouts/jwt-kit/Sources/JWTKit/MLDSA/MLDSA65+MLDSAKey.swift:12:34: error: cannot find type 'MLDSA65' in scope
10 | @available(iOS 26.0, macOS 26.0, watchOS 26.0, tvOS 26.0, *)
11 | extension MLDSA65.PrivateKey: MLDSAPrivateKey {
12 |     public typealias MLDSAType = MLDSA65
   |                                  `- error: cannot find type 'MLDSA65' in scope
13 | }
14 |
/Users/admin/builder/spi-builder-workspace/.build/checkouts/jwt-kit/Sources/JWTKit/MLDSA/MLDSA87+MLDSAKey.swift:6:34: error: cannot find type 'MLDSA87' in scope
 4 | @available(iOS 26.0, macOS 26.0, watchOS 26.0, tvOS 26.0, *)
 5 | extension MLDSA87.PublicKey: MLDSAPublicKey {
 6 |     public typealias MLDSAType = MLDSA87
   |                                  `- error: cannot find type 'MLDSA87' in scope
 7 | }
 8 |
/Users/admin/builder/spi-builder-workspace/.build/checkouts/jwt-kit/Sources/JWTKit/MLDSA/MLDSA87+MLDSAKey.swift:12:34: error: cannot find type 'MLDSA87' in scope
10 | @available(iOS 26.0, macOS 26.0, watchOS 26.0, tvOS 26.0, *)
11 | extension MLDSA87.PrivateKey: MLDSAPrivateKey {
12 |     public typealias MLDSAType = MLDSA87
   |                                  `- error: cannot find type 'MLDSA87' in scope
13 | }
14 |
[1800/1895] Compiling NIOHTTP2 HTTP2PipelineHelpers.swift
[1801/1895] Compiling NIOHTTP2 HTTP2Settings.swift
[1802/1895] Compiling NIOHTTP2 SendingRstStreamState.swift
[1804/1895] Compiling NIOHTTP2 HTTP2FrameEncoder.swift
[1805/1895] Compiling NIOHTTP2 HTTP2FrameParser.swift
[1806/1895] Compiling NIOHTTP2 HTTP2PingData.swift
[1822/1895] Compiling NIOHTTP2 SendingWindowUpdateState.swift
[1825/1895] Compiling JWTKit AppleIdentityToken.swift
[1826/1895] Compiling JWTKit FirebaseAuthIdentityToken.swift
[1827/1895] Compiling JWTKit GoogleIdentityToken.swift
[1828/1895] Compiling JWTKit MicrosoftIdentityToken.swift
[1829/1895] Compiling JWTKit EmptyPolicy.swift
[1830/1895] Compiling JWTKit ValidationTimePayload.swift
[1831/1895] Compiling JWTKit X5CVerifier.swift
[1832/1895] Emitting module NIOHTTP2
Fetching https://github.com/apple/swift-async-algorithms.git
Fetching https://github.com/swift-server/swift-service-lifecycle.git
Fetching https://github.com/vapor/jwt-kit.git
Fetching https://github.com/apple/swift-nio.git from cache
Fetching https://github.com/apple/swift-log.git from cache
Fetching https://github.com/swift-server/async-http-client.git from cache
[1/2843] Fetching swift-service-lifecycle
[257/9633] Fetching swift-service-lifecycle, swift-async-algorithms
[713/19887] Fetching swift-service-lifecycle, swift-async-algorithms, jwt-kit
Fetched https://github.com/vapor/jwt-kit.git from cache (4.52s)
Fetched https://github.com/apple/swift-async-algorithms.git from cache (4.52s)
Fetched https://github.com/swift-server/swift-service-lifecycle.git from cache (4.52s)
Fetched https://github.com/swift-server/async-http-client.git from cache (4.60s)
Fetched https://github.com/apple/swift-log.git from cache (4.61s)
Fetched https://github.com/apple/swift-nio.git from cache (4.73s)
Computing version for https://github.com/vapor/jwt-kit.git
Computed https://github.com/vapor/jwt-kit.git at 5.6.0 (0.49s)
Fetching https://github.com/apple/swift-certificates.git
Fetching https://github.com/apple/swift-crypto.git from cache
[1/7598] Fetching swift-certificates
Fetched https://github.com/apple/swift-certificates.git from cache (1.45s)
Fetched https://github.com/apple/swift-crypto.git from cache (1.88s)
Computing version for https://github.com/swift-server/async-http-client.git
Computed https://github.com/swift-server/async-http-client.git at 1.36.2 (2.47s)
Fetching https://github.com/apple/swift-distributed-tracing.git
Fetching https://github.com/apple/swift-nio-transport-services.git from cache
Fetching https://github.com/apple/swift-nio-ssl.git from cache
Fetching https://github.com/apple/swift-nio-http2.git from cache
Fetching https://github.com/apple/swift-atomics.git from cache
Fetching https://github.com/apple/swift-algorithms.git from cache
Fetching https://github.com/apple/swift-nio-extras.git from cache
[1/6363] Fetching swift-distributed-tracing
Fetched https://github.com/apple/swift-atomics.git from cache (1.04s)
Fetched https://github.com/apple/swift-nio-transport-services.git from cache (1.05s)
Fetched https://github.com/apple/swift-distributed-tracing.git from cache (1.49s)
Fetched https://github.com/apple/swift-algorithms.git from cache (1.59s)
Fetched https://github.com/apple/swift-nio-http2.git from cache (1.59s)
Fetched https://github.com/apple/swift-nio-extras.git from cache (1.60s)
Fetched https://github.com/apple/swift-nio-ssl.git from cache (1.60s)
Computing version for https://github.com/apple/swift-algorithms.git
Computed https://github.com/apple/swift-algorithms.git at 1.2.1 (5.46s)
Fetching https://github.com/apple/swift-numerics.git from cache
Fetched https://github.com/apple/swift-numerics.git from cache (1.60s)
Computing version for https://github.com/apple/swift-distributed-tracing.git
Computed https://github.com/apple/swift-distributed-tracing.git at 1.5.0 (2.17s)
Fetching https://github.com/apple/swift-service-context.git
[1/1387] Fetching swift-service-context
Fetched https://github.com/apple/swift-service-context.git from cache (1.23s)
Computing version for https://github.com/apple/swift-service-context.git
Computed https://github.com/apple/swift-service-context.git at 1.3.0 (1.78s)
Computing version for https://github.com/apple/swift-atomics.git
Computed https://github.com/apple/swift-atomics.git at 1.3.1 (0.51s)
Computing version for https://github.com/apple/swift-numerics.git
Computed https://github.com/apple/swift-numerics.git at 1.1.1 (0.51s)
Computing version for https://github.com/apple/swift-nio.git
Computed https://github.com/apple/swift-nio.git at 2.103.0 (0.73s)
Fetching https://github.com/apple/swift-collections.git from cache
Fetching https://github.com/apple/swift-system.git from cache
Fetched https://github.com/apple/swift-system.git from cache (1.36s)
Fetched https://github.com/apple/swift-collections.git from cache (2.16s)
Computing version for https://github.com/apple/swift-nio-transport-services.git
Computed https://github.com/apple/swift-nio-transport-services.git at 1.28.0 (2.73s)
Computing version for https://github.com/apple/swift-crypto.git
Computed https://github.com/apple/swift-crypto.git at 4.5.2 (3.23s)
Fetching https://github.com/apple/swift-asn1.git from cache
Fetched https://github.com/apple/swift-asn1.git from cache (1.45s)
Computing version for https://github.com/apple/swift-async-algorithms.git
Computed https://github.com/apple/swift-async-algorithms.git at 1.1.6 (2.05s)
Computing version for https://github.com/apple/swift-nio-http2.git
Computed https://github.com/apple/swift-nio-http2.git at 1.46.0 (0.53s)
Computing version for https://github.com/apple/swift-asn1.git
Computed https://github.com/apple/swift-asn1.git at 1.7.3 (0.64s)
Computing version for https://github.com/apple/swift-certificates.git
Computed https://github.com/apple/swift-certificates.git at 1.21.0 (0.65s)
Computing version for https://github.com/apple/swift-log.git
Computed https://github.com/apple/swift-log.git at 1.15.1 (0.52s)
Computing version for https://github.com/apple/swift-nio-ssl.git
Computed https://github.com/apple/swift-nio-ssl.git at 2.37.5 (0.54s)
Computing version for https://github.com/apple/swift-collections.git
Computed https://github.com/apple/swift-collections.git at 1.6.0 (0.61s)
Computing version for https://github.com/apple/swift-nio-extras.git
Computed https://github.com/apple/swift-nio-extras.git at 1.35.1 (0.72s)
Fetching https://github.com/apple/swift-http-structured-headers.git from cache
Fetching https://github.com/apple/swift-http-types.git from cache
Fetched https://github.com/apple/swift-http-structured-headers.git from cache (0.79s)
Fetched https://github.com/apple/swift-http-types.git from cache (1.08s)
Computing version for https://github.com/swift-server/swift-service-lifecycle.git
Computed https://github.com/swift-server/swift-service-lifecycle.git at 2.12.0 (1.63s)
Computing version for https://github.com/apple/swift-http-structured-headers.git
Computed https://github.com/apple/swift-http-structured-headers.git at 1.7.0 (0.50s)
Computing version for https://github.com/apple/swift-http-types.git
Computed https://github.com/apple/swift-http-types.git at 1.8.0 (0.54s)
Computing version for https://github.com/apple/swift-system.git
Computed https://github.com/apple/swift-system.git at 1.8.1 (0.55s)
Creating working copy for https://github.com/apple/swift-async-algorithms.git
Working copy of https://github.com/apple/swift-async-algorithms.git resolved at 1.1.6
Creating working copy for https://github.com/apple/swift-nio-extras.git
Working copy of https://github.com/apple/swift-nio-extras.git resolved at 1.35.1
Creating working copy for https://github.com/apple/swift-numerics.git
Working copy of https://github.com/apple/swift-numerics.git resolved at 1.1.1
Creating working copy for https://github.com/apple/swift-system.git
Working copy of https://github.com/apple/swift-system.git resolved at 1.8.1
Creating working copy for https://github.com/apple/swift-certificates.git
Working copy of https://github.com/apple/swift-certificates.git resolved at 1.21.0
Creating working copy for https://github.com/vapor/jwt-kit.git
Working copy of https://github.com/vapor/jwt-kit.git resolved at 5.6.0
Creating working copy for https://github.com/apple/swift-algorithms.git
Working copy of https://github.com/apple/swift-algorithms.git resolved at 1.2.1
Creating working copy for https://github.com/apple/swift-nio-ssl.git
Working copy of https://github.com/apple/swift-nio-ssl.git resolved at 2.37.5
Creating working copy for https://github.com/apple/swift-http-types.git
Working copy of https://github.com/apple/swift-http-types.git resolved at 1.8.0
Creating working copy for https://github.com/apple/swift-log.git
Working copy of https://github.com/apple/swift-log.git resolved at 1.15.1
Creating working copy for https://github.com/apple/swift-nio-transport-services.git
Working copy of https://github.com/apple/swift-nio-transport-services.git resolved at 1.28.0
Creating working copy for https://github.com/apple/swift-service-context.git
Working copy of https://github.com/apple/swift-service-context.git resolved at 1.3.0
Creating working copy for https://github.com/apple/swift-asn1.git
Working copy of https://github.com/apple/swift-asn1.git resolved at 1.7.3
Creating working copy for https://github.com/apple/swift-collections.git
Working copy of https://github.com/apple/swift-collections.git resolved at 1.6.0
Creating working copy for https://github.com/apple/swift-nio.git
Working copy of https://github.com/apple/swift-nio.git resolved at 2.103.0
Creating working copy for https://github.com/swift-server/async-http-client.git
Working copy of https://github.com/swift-server/async-http-client.git resolved at 1.36.2
Creating working copy for https://github.com/apple/swift-distributed-tracing.git
Working copy of https://github.com/apple/swift-distributed-tracing.git resolved at 1.5.0
Creating working copy for https://github.com/apple/swift-nio-http2.git
Working copy of https://github.com/apple/swift-nio-http2.git resolved at 1.46.0
Creating working copy for https://github.com/swift-server/swift-service-lifecycle.git
Working copy of https://github.com/swift-server/swift-service-lifecycle.git resolved at 2.12.0
Creating working copy for https://github.com/apple/swift-atomics.git
Working copy of https://github.com/apple/swift-atomics.git resolved at 1.3.1
Creating working copy for https://github.com/apple/swift-crypto.git
Working copy of https://github.com/apple/swift-crypto.git resolved at 4.5.2
Creating working copy for https://github.com/apple/swift-http-structured-headers.git
Working copy of https://github.com/apple/swift-http-structured-headers.git resolved at 1.7.0
Running build ...
env DEVELOPER_DIR=/Applications/Xcode-16.3.0.app xcrun swift build --arch arm64
[0/1] Planning build
Building for debugging...
[0/1] Write swift-version-2F0A5646E1D333AE.txt
[2/87] Compiling ServiceContextModule ServiceContextKey.swift
[3/87] Emitting module ServiceContextModule
[4/87] Compiling ServiceContextModule ServiceContext.swift
[5/87] Compiling RealModule RealFunctions.swift
[6/88] Compiling SwiftASN1 ASN1.swift
[7/88] Compiling SwiftASN1 BER.swift
[8/88] Emitting module _CertificateInternals
[9/88] Compiling _CertificateInternals _TinyArray.swift
[10/88] Compiling InternalCollectionsUtilities UnsafeRawBufferPointer+Extras.swift
[11/88] Compiling InternalCollectionsUtilities _SortedCollection.swift
[12/89] Compiling SwiftASN1 ASN1Integer.swift
[13/89] Compiling SwiftASN1 ASN1Null.swift
[14/89] Compiling RealModule Float80+Real.swift
[15/89] Compiling RealModule Real.swift
[16/89] Compiling SwiftASN1 ASN1Boolean.swift
[17/89] Compiling SwiftASN1 ASN1Identifier.swift
[18/89] Compiling RealModule RelaxedArithmetic.swift
[19/89] Compiling RealModule AugmentedArithmetic.swift
[20/89] Compiling RealModule Double+Real.swift
[21/89] Compiling RealModule ElementaryFunctions.swift
[22/89] Compiling Logging LogEvent.swift
[23/89] Compiling RealModule Float+Real.swift
[24/89] Compiling RealModule Float16+Real.swift
[25/90] Compiling NIOConcurrencyHelpers NIOLockedValueBox.swift
[26/90] Compiling CryptoBoringWrapper resource_bundle_accessor.swift
[27/90] Compiling InternalCollectionsUtilities _UniqueCollection.swift
[28/96] Emitting module _NIOBase64
[29/96] Compiling _NIOBase64 Base64.swift
[30/96] Compiling Logging SwiftLogNoOpLogHandler.swift
[31/96] Compiling Logging Locks.swift
[32/96] Compiling NIOConcurrencyHelpers NIOLock.swift
[33/96] Compiling _NIODataStructures PriorityQueue.swift
[34/96] Compiling _NIODataStructures Heap.swift
[35/96] Compiling _NIODataStructures _TinyArray.swift
[36/96] Emitting module RealModule
[37/96] Compiling Logging LoggingSystem.swift
[38/96] Compiling SwiftASN1 TimeUtilities.swift
[39/96] Compiling SwiftASN1 UTCTime.swift
[40/111] Emitting module _NIODataStructures
[41/183] Compiling NIOConcurrencyHelpers lock.swift
[42/183] Compiling CryptoBoringWrapper CryptoKitErrors_boring.swift
[43/183] Compiling NIOConcurrencyHelpers NIOAtomic.swift
[44/183] Compiling CryptoBoringWrapper BoringSSLAEAD.swift
[45/183] Compiling Logging Logger+Attributes.swift
[46/183] Compiling Logging LogHandler.swift
[47/183] Compiling Crypto MLKEM_wrapper.swift
[48/183] Compiling Crypto XWing_boring.swift
[49/183] Compiling Crypto KEM-Errors.swift
[50/183] Compiling Crypto KEM.swift
[51/183] Compiling CryptoBoringWrapper RandomBytes.swift
[52/186] Compiling NIOConcurrencyHelpers atomics.swift
[53/186] Compiling NIOConcurrencyHelpers NIOThreadPoolWorkAvailable.swift
[54/186] Emitting module CryptoBoringWrapper
[55/186] Compiling Logging MetadataProvider.swift
[56/186] Compiling Instrumentation MultiplexInstrument.swift
[57/186] Compiling CryptoBoringWrapper FiniteFieldArithmeticContext.swift
[58/186] Compiling CryptoBoringWrapper EllipticCurve.swift
[59/190] Compiling Logging Logger+With.swift
unable to find node: pound
unable to find node: pound
[60/193] Compiling Logging Logger.swift
[61/197] Compiling Crypto ChaChaPoly.swift
[62/197] Compiling Crypto Cipher.swift
[63/205] Emitting module NIOConcurrencyHelpers
[64/231] Compiling Instrumentation NoOpInstrument.swift
[65/231] Compiling Instrumentation InstrumentationSystem.swift
[66/231] Compiling Instrumentation Instrument.swift
[67/231] Compiling Instrumentation Locks.swift
[68/231] Emitting module Instrumentation
[69/231] Compiling Algorithms AdjacentPairs.swift
[70/231] Compiling Algorithms Chain.swift
[71/232] Compiling Algorithms Split.swift
[72/232] Compiling Algorithms Stride.swift
[73/232] Compiling Algorithms Partition.swift
[74/232] Compiling Algorithms Permutations.swift
[75/232] Compiling Algorithms FirstNonNil.swift
[76/232] Compiling Algorithms FlattenCollection.swift
[77/232] Emitting module Logging
unable to find node: pound
unable to find node: pound
[78/232] Compiling Algorithms RandomSample.swift
[79/232] Compiling Algorithms Reductions.swift
[80/232] Compiling Algorithms Rotate.swift
[81/232] Compiling Algorithms Grouped.swift
[82/232] Compiling Algorithms Indexed.swift
[83/232] Compiling Algorithms Intersperse.swift
[84/232] Compiling Crypto AES.swift
[85/232] Compiling Crypto ECDSASignature_boring.swift
[86/232] Compiling Crypto ECDSA_boring.swift
[87/241] Compiling Crypto HPKE-NIST-EC-KEMs.swift
[88/241] Compiling Crypto HPKE-KEM.swift
[89/241] Compiling Crypto HPKE-Errors.swift
[90/241] Compiling Crypto HPKE.swift
[91/241] Compiling Crypto HPKE-Context.swift
[92/241] Compiling Crypto HPKE-KeySchedule.swift
[93/241] Compiling Crypto HPKE-Modes.swift
[94/241] Compiling Crypto Insecure.swift
[95/241] Compiling Crypto Insecure_HashFunctions.swift
[96/241] Compiling Crypto MLKEM_boring.swift
[100/241] Compiling Algorithms Product.swift
[101/241] Compiling Algorithms Combinations.swift
[102/241] Compiling Algorithms Compacted.swift
[103/241] Compiling Algorithms Cycle.swift
[104/241] Compiling Algorithms Joined.swift
[105/241] Compiling Algorithms Keyed.swift
[106/241] Compiling Algorithms MinMax.swift
[107/241] Compiling ConcurrencyHelpers LockedValueBox.swift
[108/241] Compiling ConcurrencyHelpers Lock.swift
[109/241] Emitting module ConcurrencyHelpers
[110/250] Compiling Algorithms Chunked.swift
[111/250] Compiling Algorithms Suffix.swift
[112/250] Compiling SwiftASN1 DER.swift
[113/250] Emitting module InternalCollectionsUtilities
[120/250] Compiling Algorithms Trim.swift
[121/250] Compiling Algorithms EitherSequence.swift
[123/250] Emitting module Crypto
[124/250] Compiling Crypto ANSIx963.swift
[125/250] Compiling Crypto HKDF.swift
[126/250] Compiling Crypto AESWrap.swift
[127/250] Compiling Crypto AESWrap_boring.swift
[128/250] Compiling Crypto Ed25519_boring.swift
[129/250] Compiling Crypto NISTCurvesKeys_boring.swift
[130/250] Compiling Crypto X25519Keys_boring.swift
[131/250] Compiling Crypto Curve25519.swift
[132/250] Compiling Crypto Ed25519Keys.swift
[133/250] Compiling Crypto HashFunctions_SHA3.swift
[134/250] Compiling Crypto Digest_xkcp.swift
[135/250] Compiling Crypto HPKE-AEAD.swift
[136/250] Compiling Crypto HPKE-Ciphersuite.swift
[137/250] Compiling Crypto HPKE-KDF.swift
[138/250] Compiling Crypto HPKE-KexKeyDerivation.swift
[139/250] Compiling Crypto HPKE-LabeledExtract.swift
[140/250] Compiling Crypto HPKE-Utils.swift
[141/250] Compiling Crypto DHKEM.swift
[142/250] Compiling Crypto HPKE-KEM-Curve25519.swift
[143/250] Compiling Crypto ASN1Identifier.swift
[144/250] Compiling Crypto ASN1Integer.swift
[145/250] Compiling Crypto ASN1Null.swift
[146/250] Compiling Crypto ASN1OctetString.swift
[147/250] Compiling Crypto ASN1Strings.swift
[148/250] Compiling Crypto ArraySliceBigint.swift
[149/250] Compiling Crypto GeneralizedTime.swift
[150/250] Compiling Crypto ObjectIdentifier.swift
[151/250] Compiling Crypto ECDSASignature.swift
[152/250] Compiling Crypto PEMDocument.swift
[153/250] Compiling Crypto PKCS8PrivateKey.swift
[154/250] Compiling Crypto SEC1PrivateKey.swift
[155/250] Compiling Crypto SubjectPublicKeyInfo.swift
[156/250] Compiling Crypto CryptoError_boring.swift
[157/250] Compiling Crypto CryptoKitErrors.swift
[158/250] Compiling Crypto Digest_boring.swift
[159/250] Compiling Crypto Digest.swift
[160/250] Compiling Crypto Digests.swift
[161/250] Compiling Crypto HashFunctions.swift
[162/250] Compiling Crypto HashFunctions_SHA2.swift
[163/250] Compiling Crypto EdDSA_boring.swift
[164/250] Compiling Crypto MLDSA_boring.swift
[165/250] Compiling Crypto MLDSA_wrapper.swift
[166/250] Compiling Crypto ECDSA.swift
[167/250] Compiling Crypto Ed25519.swift
[168/250] Compiling Crypto MLDSA.swift
[169/250] Compiling Crypto Signature.swift
[170/250] Compiling Crypto CryptoKitErrors_boring.swift
[171/250] Compiling Crypto Optional+withUnsafeBytes_boring.swift
[172/253] Compiling CryptoBoringWrapper EllipticCurvePoint.swift
[173/253] Compiling CryptoBoringWrapper ArbitraryPrecisionInteger.swift
[180/290] Compiling ContainersPreview BorrowingIteratorProtocol+Filter.swift
[181/290] Compiling ContainersPreview BorrowingIteratorProtocol+Map.swift
[182/290] Compiling ContainersPreview BorrowingIteratorProtocol+Reduce.swift
[183/290] Compiling ContainersPreview BorrowingIteratorProtocol+SpanwiseZip.swift
[184/290] Compiling ContainersPreview OutputSpan+Extras.swift
[185/290] Compiling ContainersPreview TemporaryAllocation.swift
[186/290] Compiling ContainersPreview BorrowingIteratorProtocol+Copy.swift
[187/290] Compiling ContainersPreview BorrowingIteratorProtocol+ElementsEqual.swift
[188/290] Compiling ContainersPreview BorrowingIteratorProtocol.swift
[189/290] Compiling ContainersPreview BorrowingSequence+Algorithms.swift
[190/290] Compiling ContainersPreview BorrowingSequence+Standard Conformances.swift
[191/290] Compiling ContainersPreview BorrowingSequence+Utilities.swift
[192/293] Compiling SwiftASN1 Errors.swift
[193/293] Compiling ContainersPreview Container+Filter.swift
[194/293] Compiling ContainersPreview Container+SpanwiseZip.swift
[195/293] Compiling ContainersPreview BorrowingSequence.swift
[196/293] Compiling ContainersPreview BidirectionalContainer.swift
[197/293] Compiling ContainersPreview PermutableContainer.swift
[198/293] Compiling ContainersPreview RandomAccessContainer.swift
[203/294] Emitting module ContainersPreview
[204/294] Compiling ContainersPreview Producer.swift
[205/294] Compiling ContainersPreview InputSpan.swift
[206/294] Compiling ContainersPreview MutableRef.swift
[207/294] Compiling ContainersPreview Ref.swift
[208/294] Compiling ContainersPreview Container.swift
[209/294] Compiling ContainersPreview ContainerIterator.swift
[210/294] Compiling ContainersPreview DynamicContainer.swift
[211/294] Compiling ContainersPreview MutableContainer.swift
[214/294] Compiling ContainersPreview RangeExpression2.swift
[215/294] Compiling ContainersPreview RangeReplaceableContainer.swift
[216/294] Compiling ContainersPreview Producer+Collect.swift
[217/294] Compiling ContainersPreview Producer+Filter.swift
[218/294] Compiling ContainersPreview Producer+Map.swift
[219/294] Compiling ContainersPreview Producer+Reduce.swift
[224/294] Compiling ContainersPreview Strideable+Limits.swift
[225/294] Compiling ContainersPreview Drain+Map.swift
[226/294] Compiling ContainersPreview Drain+Reduce.swift
[227/294] Compiling ContainersPreview Drain.swift
[228/294] Compiling ContainersPreview Shared.swift
[229/294] Compiling ContainersPreview SpanIterator.swift
[230/294] Compiling ContainersPreview UniqueBox.swift
[235/294] Compiling Tracing WithTracer.swift
[236/294] Compiling Tracing TracingTime.swift
[237/309] Compiling OrderedCollections _HashTable+Bucket.swift
[238/309] Compiling OrderedCollections _HashTable+BucketIterator.swift
[239/352] Compiling Atomics Unmanaged extensions.swift
[240/352] Compiling UnixSignals UnixSignal.swift
[241/352] Compiling UnixSignals UnixSignalsSequence.swift
[242/352] Emitting module UnixSignals
[243/352] Compiling OrderedCollections OrderedDictionary+Move.swift
[244/352] Compiling OrderedCollections OrderedDictionary+Partial MutableCollection.swift
[245/352] Compiling OrderedCollections OrderedDictionary+Partial RangeReplaceableCollection.swift
[246/352] Compiling OrderedCollections OrderedDictionary+Sendable.swift
[247/352] Compiling OrderedCollections OrderedDictionary+Sequence.swift
[248/352] Compiling OrderedCollections OrderedDictionary+Values.swift
[249/354] Compiling OrderedCollections OrderedDictionary+Hashable.swift
[250/354] Compiling OrderedCollections OrderedDictionary+Initializers.swift
[251/354] Compiling OrderedCollections OrderedDictionary+Invariants.swift
[252/354] Compiling OrderedCollections OrderedDictionary+Elements.swift
[253/354] Compiling OrderedCollections OrderedDictionary+Equatable.swift
[254/354] Compiling OrderedCollections OrderedDictionary+ExpressibleByDictionaryLiteral.swift
[255/396] Compiling Tracing Tracer.swift
[256/396] Compiling Tracing TracerProtocol.swift
[257/396] Compiling Tracing TracerProtocol+Legacy.swift
[258/396] Emitting module Tracing
[259/396] Compiling Tracing NoOpTracer.swift
[260/396] Compiling Tracing InstrumentationSystem+Tracing.swift
[261/396] Compiling Tracing SpanProtocol.swift
[262/396] Compiling DequeModule Deque+Descriptions.swift
[263/396] Compiling DequeModule Deque+Equatable.swift
[264/396] Compiling OrderedCollections OrderedSet+Diffing.swift
[265/396] Compiling OrderedCollections OrderedSet+Equatable.swift
[266/396] Compiling OrderedCollections OrderedSet+ExpressibleByArrayLiteral.swift
[267/396] Compiling OrderedCollections OrderedSet+Hashable.swift
[268/396] Compiling OrderedCollections OrderedSet+Partial SetAlgebra symmetricDifference.swift
[269/396] Compiling OrderedCollections OrderedSet+Partial SetAlgebra union.swift
[270/396] Compiling OrderedCollections OrderedSet+Partial SetAlgebra+Basics.swift
[271/396] Compiling OrderedCollections OrderedSet+RandomAccessCollection.swift
[272/396] Compiling OrderedCollections OrderedSet+ReserveCapacity.swift
[273/396] Compiling OrderedCollections OrderedSet+Sendable.swift
[274/396] Compiling OrderedCollections OrderedSet+Partial SetAlgebra formIntersection.swift
[275/396] Compiling OrderedCollections OrderedSet+Partial SetAlgebra formSymmetricDifference.swift
[276/396] Compiling OrderedCollections OrderedSet+Partial SetAlgebra formUnion.swift
[277/396] Compiling OrderedCollections OrderedSet+Partial SetAlgebra intersection.swift
[278/396] Compiling OrderedCollections OrderedSet+Partial SetAlgebra isDisjoint.swift
[279/396] Compiling OrderedCollections OrderedSet+Partial SetAlgebra isEqualSet.swift
[280/402] Compiling Crypto RNG_boring.swift
[281/402] Compiling Crypto SafeCompare_boring.swift
[282/402] Compiling Crypto Zeroization_boring.swift
[283/402] Compiling Crypto _CryptoModuleAnchor.swift
[284/402] Compiling Crypto PrettyBytes.swift
[285/402] Compiling Crypto SafeCompare.swift
[286/402] Compiling Crypto SecureBytes.swift
[287/402] Compiling Crypto Zeroization.swift
[288/402] Compiling Crypto resource_bundle_accessor.swift
[289/402] Compiling DequeModule UniqueDeque+Removals.swift
[290/402] Compiling DequeModule UniqueDeque+Replacements.swift
[291/402] Compiling DequeModule UniqueDeque+Equatable.swift
[292/402] Compiling DequeModule UniqueDeque+Insertions.swift
[293/402] Compiling DequeModule UniqueDeque+Prepend.swift
[294/402] Compiling DequeModule UniqueDeque+Experimental.swift
[295/402] Compiling DequeModule UniqueDeque+Hashable.swift
[296/402] Compiling DequeModule UniqueDeque+Initializers.swift
[297/402] Compiling DequeModule _DequeBuffer.swift
[298/402] Compiling DequeModule _DequeBufferHeader.swift
[299/402] Compiling DequeModule Deque+ExpressibleByArrayLiteral.swift
[300/402] Compiling DequeModule Deque+Extras.swift
[301/402] Compiling DequeModule Deque+Hashable.swift
[302/402] Compiling DequeModule Deque+Testing.swift
[303/402] Compiling DequeModule Deque._Storage.swift
[304/402] Compiling DequeModule RigidDeque+Equatable.swift
[305/402] Compiling DequeModule RigidDeque+Experimental.swift
[306/402] Compiling DequeModule Deque._UnsafeHandle.swift
[307/402] Compiling DequeModule Deque.swift
[310/402] Compiling DequeModule RigidDeque+Initializers.swift
[311/402] Compiling DequeModule RigidDeque+Insertions.swift
[312/402] Compiling DequeModule RigidDeque+Prepend.swift
[313/402] Compiling DequeModule RigidDeque+Removals.swift
[314/402] Compiling DequeModule RigidDeque+Consumption.swift
[315/402] Compiling DequeModule RigidDeque+Container.swift
[316/402] Compiling DequeModule RigidDeque+Descriptions.swift
[328/406] Compiling DequeModule RigidDeque+Hashable.swift
[335/406] Compiling DequeModule UniqueDeque+Consumption.swift
[336/406] Compiling DequeModule UniqueDeque+Container.swift
[337/406] Compiling DequeModule UniqueDeque+Deprecated.swift
[338/406] Compiling DequeModule UniqueDeque+Descriptions.swift
[339/406] Compiling DequeModule RigidDeque+Replacements.swift
[340/406] Compiling DequeModule RigidDeque+Testing.swift
[341/406] Compiling DequeModule RigidDeque.swift
[342/406] Compiling DequeModule UniqueDeque+Append.swift
[361/406] Compiling DequeModule RigidDeque+Append.swift
[362/406] Compiling DequeModule Deque+Codable.swift
[363/406] Compiling DequeModule Deque+Collection.swift
[364/406] Compiling DequeModule Deque+CustomReflectable.swift
[383/406] Emitting module SwiftASN1
[384/406] Compiling OrderedCollections OrderedSet+SubSequence.swift
[385/406] Compiling OrderedCollections OrderedSet+Testing.swift
[386/406] Compiling OrderedCollections OrderedSet+UnorderedView.swift
[387/406] Compiling OrderedCollections OrderedSet+UnstableInternals.swift
[388/406] Compiling OrderedCollections OrderedSet.swift
[389/406] Compiling OrderedCollections _UnsafeBitset.swift
[392/406] Emitting module Atomics
[393/470] Compiling CryptoExtras ThreadPosix.swift
[394/470] Compiling CryptoExtras BoringSSLSHA512256Context.swift
[395/470] Compiling CryptoExtras BoringSSLSHA512256HashFunction.swift
[396/470] Compiling CryptoExtras SHA512256.swift
[397/470] Emitting module DequeModule
[398/470] Emitting module Algorithms
[399/470] Emitting module OrderedCollections
[400/470] Compiling CryptoExtras AES_CBC.swift
[401/470] Compiling CryptoExtras AES_CFB.swift
[402/470] Compiling CryptoExtras AES_CTR.swift
[403/470] Compiling CryptoExtras AES_GCM_SIV.swift
[404/470] Compiling CryptoExtras Block Function.swift
[405/470] Compiling CryptoExtras AES_CBC_boring.swift
[406/470] Compiling CryptoExtras AES_CFB_boring.swift
[407/590] Compiling AsyncAlgorithms CombineLatestStateMachine.swift
[408/590] Compiling AsyncAlgorithms CombineLatestStorage.swift
[409/590] Compiling AsyncAlgorithms AsyncDebounceSequence.swift
[410/590] Compiling AsyncAlgorithms DebounceStateMachine.swift
[411/590] Compiling AsyncAlgorithms DebounceStorage.swift
[412/590] Compiling AsyncAlgorithms Dictionary.swift
[413/590] Compiling AsyncAlgorithms AsyncFlatMapLatestSequence.swift
[414/597] Emitting module CryptoExtras
[415/597] Compiling AsyncAlgorithms AsyncAdjacentPairsSequence.swift
[416/597] Compiling AsyncAlgorithms AsyncBufferedByteIterator.swift
[417/597] Compiling AsyncAlgorithms AsyncChain2Sequence.swift
[418/597] Compiling AsyncAlgorithms AsyncChain3Sequence.swift
[419/597] Compiling AsyncAlgorithms AsyncChunkedByGroupSequence.swift
[420/597] Compiling AsyncAlgorithms AsyncChunkedOnProjectionSequence.swift
[421/597] Compiling AsyncAlgorithms UnboundedBufferStateMachine.swift
[425/597] Compiling AsyncAlgorithms FlatMapLatestStateMachine.swift
[426/597] Compiling AsyncAlgorithms FlatMapLatestStorage.swift
[427/597] Compiling AsyncAlgorithms Disconnected.swift
[428/602] Compiling AsyncAlgorithms AsyncThrowingExclusiveReductionsSequence.swift
[429/602] Compiling AsyncAlgorithms AsyncThrowingInclusiveReductionsSequence.swift
[430/602] Compiling AsyncAlgorithms AsyncTimerSequence.swift
[431/602] Compiling AsyncAlgorithms AsyncBufferSequence.swift
[432/602] Compiling AsyncAlgorithms BoundedBufferStateMachine.swift
[433/602] Compiling AsyncAlgorithms BoundedBufferStorage.swift
[434/602] Compiling AsyncAlgorithms MultiProducerSingleConsumerAsyncChannel+Internal.swift
[435/602] Compiling AsyncAlgorithms MultiProducerSingleConsumerAsyncChannel.swift
[436/602] Compiling AsyncAlgorithms RangeReplaceableCollection.swift
[437/602] Compiling AsyncAlgorithms Rethrow.swift
[438/602] Compiling AsyncAlgorithms SetAlgebra.swift
[439/602] Compiling AsyncAlgorithms UnsafeTransfer.swift
[440/602] Compiling AsyncAlgorithms AsyncZip2Sequence.swift
[441/602] Compiling AsyncAlgorithms AsyncThrottleSequence.swift
[442/602] Compiling AsyncAlgorithms _TinyArray.swift
[443/602] Compiling AsyncAlgorithms AsyncInterspersedSequence.swift
[444/602] Compiling AsyncAlgorithms Locking.swift
[445/602] Compiling AsyncAlgorithms AsyncMerge2Sequence.swift
[446/602] Compiling AsyncAlgorithms AsyncMerge3Sequence.swift
[447/602] Compiling AsyncAlgorithms MergeStateMachine.swift
[448/602] Compiling AsyncAlgorithms AsyncChunksOfCountOrSignalSequence.swift
[449/602] Compiling AsyncAlgorithms AsyncChunksOfCountSequence.swift
[450/602] Compiling AsyncAlgorithms AsyncCompactedSequence.swift
[451/602] Compiling AsyncAlgorithms AsyncExclusiveReductionsSequence.swift
[452/602] Compiling AsyncAlgorithms AsyncInclusiveReductionsSequence.swift
[453/602] Compiling AsyncAlgorithms AsyncJoinedBySeparatorSequence.swift
[454/602] Compiling AsyncAlgorithms MergeStorage.swift
[455/602] Compiling AsyncAlgorithms AsyncZip3Sequence.swift
[456/602] Compiling AsyncAlgorithms ZipStateMachine.swift
[457/602] Compiling AsyncAlgorithms ZipStorage.swift
[458/602] Compiling NIOCore NIOSendable.swift
[459/602] Compiling NIOCore NIOSplitLinesMessageDecoder.swift
[460/602] Compiling NIOCore NIOTransportAccessibleChannelCore.swift
[461/602] Compiling NIOCore RecvByteBufferAllocator.swift
[475/602] Compiling CryptoExtras ThreadSpecific.swift
[483/609] Compiling NIOCore SocketAddresses.swift
[484/609] Compiling NIOCore SocketOptionProvider.swift
[485/609] Compiling NIOCore SystemCallHelpers.swift
[486/609] Compiling NIOCore TimeAmount+Duration.swift
[487/609] Compiling NIOCore TypeAssistedChannelHandler.swift
[488/609] Compiling NIOCore UniversalBootstrapSupport.swift
[491/609] Compiling AsyncAlgorithms AsyncJoinedSequence.swift
[492/609] Compiling AsyncAlgorithms AsyncMapErrorSequence.swift
[493/609] Compiling AsyncAlgorithms AsyncRemoveDuplicatesSequence.swift
[494/609] Compiling AsyncAlgorithms AsyncShareSequence.swift
[495/609] Compiling AsyncAlgorithms AsyncSyncSequence.swift
[508/609] Compiling AsyncAlgorithms UnboundedBufferStorage.swift
[509/609] Compiling AsyncAlgorithms AsyncChannel.swift
[510/609] Compiling AsyncAlgorithms AsyncThrowingChannel.swift
[511/609] Compiling AsyncAlgorithms ChannelStateMachine.swift
[512/609] Compiling AsyncAlgorithms ChannelStorage.swift
[513/609] Compiling AsyncAlgorithms AsyncCombineLatest2Sequence.swift
[514/609] Compiling AsyncAlgorithms AsyncCombineLatest3Sequence.swift
[551/609] Emitting module AsyncAlgorithms
[580/621] Compiling _CryptoExtras Exports.swift
[581/621] Emitting module _CryptoExtras
[588/621] Compiling NIOCore Utilities.swift
[589/719] Compiling ServiceLifecycle ServiceRunnerError.swift
[590/719] Compiling ServiceLifecycle Service.swift
[591/719] Compiling ServiceLifecycle CancellationWaiter.swift
[592/719] Compiling ServiceLifecycle ServiceGroupConfiguration.swift
[593/719] Compiling ServiceLifecycle GracefulShutdown.swift
[594/719] Emitting module ServiceLifecycle
[595/719] Compiling ServiceLifecycle AsyncGracefulShutdownSequence.swift
[596/719] Compiling ServiceLifecycle AsyncCancelOnGracefulShutdownSequence.swift
[597/719] Compiling ServiceLifecycle ClosureService.swift
[598/719] Compiling ServiceLifecycle ServiceGroup.swift
[599/719] Compiling X509 CustomPrivateKey.swift
[600/719] Compiling X509 Digests.swift
[601/719] Compiling X509 DistinguishedName.swift
[602/719] Compiling X509 CommonName.swift
[603/719] Compiling X509 CountryName.swift
[604/719] Compiling X509 DNBuilder.swift
[605/719] Compiling X509 DomainComponent.swift
[606/719] Compiling X509 EmailAddress.swift
[607/719] Compiling X509 LocalityName.swift
[608/719] Compiling X509 OrganizationName.swift
[609/719] Compiling X509 OrganizationalUnitName.swift
[610/729] Compiling X509 AllOfPolicies.swift
[611/729] Compiling X509 AnyPolicy.swift
[612/729] Compiling X509 CertificateStore.swift
[613/729] Compiling X509 CustomCertificateStore.swift
[614/729] Compiling X509 OneOfPolicies.swift
[615/729] Compiling X509 PolicyBuilder.swift
[616/729] Compiling X509 BasicConstraintsPolicy.swift
[617/729] Compiling X509 DNSNames.swift
[618/729] Compiling X509 ExpiryPolicy.swift
[619/729] Compiling X509 IPConstraints.swift
[620/729] Compiling X509 SubjectKeyIdentifier.swift
[621/729] Compiling X509 Extension.swift
[622/729] Compiling X509 Extensions.swift
[623/729] Compiling X509 ExtensionsBuilder.swift
[624/729] Compiling X509 GeneralName.swift
[625/729] Compiling X509 Lock.swift
[626/729] Compiling X509 LockedValueBox.swift
[627/729] Compiling X509 BasicOCSPResponse.swift
[628/729] Compiling X509 DirectoryString.swift
[629/729] Compiling X509 OCSPCertID.swift
[630/729] Compiling X509 OCSPCertStatus.swift
[631/729] Compiling X509 OCSPExtensionID.swift
[632/729] Compiling X509 OCSPNonce.swift
[633/729] Compiling X509 OCSPPolicy.swift
[634/729] Compiling X509 OCSPRequest.swift
[635/729] Compiling X509 OCSPResponse.swift
[636/729] Compiling X509 OCSPResponseBytes.swift
[637/729] Compiling X509 OCSPResponseData.swift
[638/729] Compiling X509 OCSPResponseStatus.swift
[639/729] Compiling X509 OCSPSignature.swift
[640/729] Compiling X509 OCSPSingleRequest.swift
[641/729] Compiling X509 OCSPSingleResponse.swift
[642/729] Compiling X509 CSRAttribute.swift
[643/729] Compiling X509 CSRAttributes.swift
[644/729] Compiling X509 CSRVersion.swift
[645/729] Compiling X509 CertificateSigningRequest.swift
[646/729] Compiling X509 CertificationRequestInfo.swift
[647/729] Compiling X509 ExtensionRequest.swift
[648/729] Compiling X509 Certificate.swift
[649/729] Compiling X509 CertificatePrivateKey.swift
[650/729] Compiling X509 CertificatePublicKey.swift
[651/729] Compiling X509 CertificateSerialNumber.swift
[652/729] Compiling X509 CertificateVersion.swift
[653/729] Compiling X509 StateOrProvinceName.swift
[654/729] Compiling X509 StreetAddress.swift
[655/729] Compiling X509 Error.swift
[656/729] Compiling X509 AuthorityInformationAccess.swift
[657/729] Compiling X509 AuthorityKeyIdentifier.swift
[658/729] Compiling X509 BasicConstraints.swift
[659/729] Compiling X509 ExtendedKeyUsage.swift
[660/729] Compiling X509 VerifierPolicy.swift
[661/729] Compiling X509 AlgorithmIdentifier.swift
[662/729] Compiling X509 ECDSASignature.swift
[663/729] Compiling X509 RSAPKCS1PublicKey.swift
[664/729] Compiling X509 SubjectPublicKeyInfo.swift
[665/729] Compiling X509 TBSCertificate.swift
[666/729] Compiling X509 Time.swift
[667/729] Compiling X509 TimeCalculations.swift
[668/729] Compiling X509 Validity.swift
[669/729] Compiling X509 X509SendableMetatype.swift
[670/729] Compiling X509 CMSAttribute.swift
[671/729] Compiling X509 CMSContentInfo.swift
[672/729] Compiling X509 CMSEncapsulatedContentInfo.swift
[673/729] Compiling X509 CMSIssuerAndSerialNumber.swift
[674/729] Compiling X509 CMSOperations.swift
[675/729] Compiling X509 CMSSignature.swift
[676/729] Compiling X509 CMSSignedData.swift
[677/729] Compiling X509 CMSSignerIdentifier.swift
[678/729] Compiling X509 CMSSignerInfo.swift
[679/729] Compiling X509 CMSVersion.swift
[680/729] Compiling X509 Curve25519+DER.swift
[681/729] Compiling X509 NameConstraintsPolicy.swift
[682/729] Compiling X509 RFC5280Policy.swift
[683/729] Compiling X509 URIConstraints.swift
[684/729] Compiling X509 VersionPolicy.swift
[685/729] Compiling X509 ServerIdentityPolicy.swift
[686/729] Compiling X509 TrustRootLoading.swift
[687/729] Compiling X509 UnverifiedChain.swift
[688/729] Compiling X509 ValidatedCertificateChain.swift
[689/729] Compiling X509 VerificationDiagnostic.swift
[690/729] Compiling X509 Verifier.swift
[698/729] Emitting module NIOCore
[707/729] Compiling X509 OCSPTBSRequest.swift
[708/729] Compiling X509 OCSPVersion.swift
[709/729] Compiling X509 PKCS8PrivateKey.swift
[710/729] Compiling X509 PromiseAndFuture.swift
[711/729] Compiling X509 RDNAttribute.swift
[712/729] Compiling X509 RandomNumberGenerator+bytes.swift
[713/729] Compiling X509 RelativeDistinguishedName.swift
[714/729] Compiling X509 SEC1PrivateKey.swift
[715/729] Compiling X509 SecKeyWrapper.swift
[716/729] Compiling X509 Signature.swift
[717/729] Compiling X509 SignatureAlgorithm.swift
[725/729] Compiling X509 ExtensionIdentifiers.swift
[726/729] Compiling X509 KeyUsage.swift
[727/729] Compiling X509 NameConstraints.swift
[728/729] Compiling X509 SubjectAlternativeName.swift
[729/729] Emitting module X509
[730/813] Compiling NIOFoundationEssentialsCompat Codable+ByteBuffer.swift
[731/857] Compiling JWTKit MLDSAError.swift
/Users/admin/builder/spi-builder-workspace/.build/checkouts/jwt-kit/Sources/JWTKit/MLDSA/MLDSAType.swift:13:11: error: cannot find type 'MLDSA65' in scope
11 | @_spi(PostQuantum)
12 | @available(iOS 26.0, macOS 26.0, watchOS 26.0, tvOS 26.0, *)
13 | extension MLDSA65: MLDSAType {
   |           `- error: cannot find type 'MLDSA65' in scope
14 |     public static var name: String { "ML-DSA-65" }
15 | }
/Users/admin/builder/spi-builder-workspace/.build/checkouts/jwt-kit/Sources/JWTKit/MLDSA/MLDSAType.swift:19:11: error: cannot find type 'MLDSA87' in scope
17 | @_spi(PostQuantum)
18 | @available(iOS 26.0, macOS 26.0, watchOS 26.0, tvOS 26.0, *)
19 | extension MLDSA87: MLDSAType {
   |           `- error: cannot find type 'MLDSA87' in scope
20 |     public static var name: String { "ML-DSA-87" }
21 | }
[732/857] Compiling JWTKit MLDSAKey.swift
/Users/admin/builder/spi-builder-workspace/.build/checkouts/jwt-kit/Sources/JWTKit/MLDSA/MLDSAType.swift:13:11: error: cannot find type 'MLDSA65' in scope
11 | @_spi(PostQuantum)
12 | @available(iOS 26.0, macOS 26.0, watchOS 26.0, tvOS 26.0, *)
13 | extension MLDSA65: MLDSAType {
   |           `- error: cannot find type 'MLDSA65' in scope
14 |     public static var name: String { "ML-DSA-65" }
15 | }
/Users/admin/builder/spi-builder-workspace/.build/checkouts/jwt-kit/Sources/JWTKit/MLDSA/MLDSAType.swift:19:11: error: cannot find type 'MLDSA87' in scope
17 | @_spi(PostQuantum)
18 | @available(iOS 26.0, macOS 26.0, watchOS 26.0, tvOS 26.0, *)
19 | extension MLDSA87: MLDSAType {
   |           `- error: cannot find type 'MLDSA87' in scope
20 |     public static var name: String { "ML-DSA-87" }
21 | }
[733/857] Compiling JWTKit MLDSASigner.swift
/Users/admin/builder/spi-builder-workspace/.build/checkouts/jwt-kit/Sources/JWTKit/MLDSA/MLDSAType.swift:13:11: error: cannot find type 'MLDSA65' in scope
11 | @_spi(PostQuantum)
12 | @available(iOS 26.0, macOS 26.0, watchOS 26.0, tvOS 26.0, *)
13 | extension MLDSA65: MLDSAType {
   |           `- error: cannot find type 'MLDSA65' in scope
14 |     public static var name: String { "ML-DSA-65" }
15 | }
/Users/admin/builder/spi-builder-workspace/.build/checkouts/jwt-kit/Sources/JWTKit/MLDSA/MLDSAType.swift:19:11: error: cannot find type 'MLDSA87' in scope
17 | @_spi(PostQuantum)
18 | @available(iOS 26.0, macOS 26.0, watchOS 26.0, tvOS 26.0, *)
19 | extension MLDSA87: MLDSAType {
   |           `- error: cannot find type 'MLDSA87' in scope
20 |     public static var name: String { "ML-DSA-87" }
21 | }
[734/857] Compiling JWTKit MLDSAType.swift
/Users/admin/builder/spi-builder-workspace/.build/checkouts/jwt-kit/Sources/JWTKit/MLDSA/MLDSAType.swift:13:11: error: cannot find type 'MLDSA65' in scope
11 | @_spi(PostQuantum)
12 | @available(iOS 26.0, macOS 26.0, watchOS 26.0, tvOS 26.0, *)
13 | extension MLDSA65: MLDSAType {
   |           `- error: cannot find type 'MLDSA65' in scope
14 |     public static var name: String { "ML-DSA-65" }
15 | }
/Users/admin/builder/spi-builder-workspace/.build/checkouts/jwt-kit/Sources/JWTKit/MLDSA/MLDSAType.swift:19:11: error: cannot find type 'MLDSA87' in scope
17 | @_spi(PostQuantum)
18 | @available(iOS 26.0, macOS 26.0, watchOS 26.0, tvOS 26.0, *)
19 | extension MLDSA87: MLDSAType {
   |           `- error: cannot find type 'MLDSA87' in scope
20 |     public static var name: String { "ML-DSA-87" }
21 | }
[735/857] Compiling JWTKit JWTKeyCollection+UnsecuredNone.swift
/Users/admin/builder/spi-builder-workspace/.build/checkouts/jwt-kit/Sources/JWTKit/MLDSA/MLDSAType.swift:13:11: error: cannot find type 'MLDSA65' in scope
11 | @_spi(PostQuantum)
12 | @available(iOS 26.0, macOS 26.0, watchOS 26.0, tvOS 26.0, *)
13 | extension MLDSA65: MLDSAType {
   |           `- error: cannot find type 'MLDSA65' in scope
14 |     public static var name: String { "ML-DSA-65" }
15 | }
/Users/admin/builder/spi-builder-workspace/.build/checkouts/jwt-kit/Sources/JWTKit/MLDSA/MLDSAType.swift:19:11: error: cannot find type 'MLDSA87' in scope
17 | @_spi(PostQuantum)
18 | @available(iOS 26.0, macOS 26.0, watchOS 26.0, tvOS 26.0, *)
19 | extension MLDSA87: MLDSAType {
   |           `- error: cannot find type 'MLDSA87' in scope
20 |     public static var name: String { "ML-DSA-87" }
21 | }
[736/857] Compiling JWTKit UnsecuredNoneSigner.swift
/Users/admin/builder/spi-builder-workspace/.build/checkouts/jwt-kit/Sources/JWTKit/MLDSA/MLDSAType.swift:13:11: error: cannot find type 'MLDSA65' in scope
11 | @_spi(PostQuantum)
12 | @available(iOS 26.0, macOS 26.0, watchOS 26.0, tvOS 26.0, *)
13 | extension MLDSA65: MLDSAType {
   |           `- error: cannot find type 'MLDSA65' in scope
14 |     public static var name: String { "ML-DSA-65" }
15 | }
/Users/admin/builder/spi-builder-workspace/.build/checkouts/jwt-kit/Sources/JWTKit/MLDSA/MLDSAType.swift:19:11: error: cannot find type 'MLDSA87' in scope
17 | @_spi(PostQuantum)
18 | @available(iOS 26.0, macOS 26.0, watchOS 26.0, tvOS 26.0, *)
19 | extension MLDSA87: MLDSAType {
   |           `- error: cannot find type 'MLDSA87' in scope
20 |     public static var name: String { "ML-DSA-87" }
21 | }
[737/857] Compiling JWTKit JWTKeyCollection+RSA.swift
/Users/admin/builder/spi-builder-workspace/.build/checkouts/jwt-kit/Sources/JWTKit/MLDSA/MLDSAType.swift:13:11: error: cannot find type 'MLDSA65' in scope
11 | @_spi(PostQuantum)
12 | @available(iOS 26.0, macOS 26.0, watchOS 26.0, tvOS 26.0, *)
13 | extension MLDSA65: MLDSAType {
   |           `- error: cannot find type 'MLDSA65' in scope
14 |     public static var name: String { "ML-DSA-65" }
15 | }
/Users/admin/builder/spi-builder-workspace/.build/checkouts/jwt-kit/Sources/JWTKit/MLDSA/MLDSAType.swift:19:11: error: cannot find type 'MLDSA87' in scope
17 | @_spi(PostQuantum)
18 | @available(iOS 26.0, macOS 26.0, watchOS 26.0, tvOS 26.0, *)
19 | extension MLDSA87: MLDSAType {
   |           `- error: cannot find type 'MLDSA87' in scope
20 |     public static var name: String { "ML-DSA-87" }
21 | }
[738/861] Emitting module NIOFoundationEssentialsCompat
[739/861] Compiling NIOFoundationEssentialsCompat ByteBuffer-foundation.swift
[740/864] Compiling NIOEmbedded AsyncTestingEventLoop.swift
[741/864] Compiling NIOEmbedded AsyncTestingChannel.swift
[742/864] Compiling NIOEmbedded Embedded.swift
[743/864] Emitting module NIOEmbedded
[744/864] Compiling JWTKit AudienceClaim.swift
[745/864] Compiling JWTKit BoolClaim.swift
[746/864] Compiling JWTKit ExpirationClaim.swift
[747/864] Compiling JWTKit GoogleHostedDomainClaim.swift
[748/864] Compiling JWTKit IDClaim.swift
[749/864] Compiling JWTKit IssuedAtClaim.swift
[750/864] Compiling JWTKit IssuerClaim.swift
[751/864] Compiling JWTKit JWTClaim.swift
[752/864] Compiling JWTKit RSA.swift
[753/864] Compiling JWTKit RSAError.swift
[754/864] Compiling JWTKit RSASigner.swift
[755/864] Compiling JWTKit Base64URL.swift
[756/864] Compiling JWTKit CryptoSigner.swift
[757/864] Compiling JWTKit CustomizedJSONCoders.swift
[758/864] Compiling JWTKit Utilities.swift
error: emit-module command failed with exit code 1 (use -v to see invocation)
[759/864] Emitting module JWTKit
/Users/admin/builder/spi-builder-workspace/.build/checkouts/jwt-kit/Sources/JWTKit/MLDSA/MLDSA65+MLDSAKey.swift:5:11: error: cannot find type 'MLDSA65' in scope
 3 | @_spi(PostQuantum)
 4 | @available(iOS 26.0, macOS 26.0, watchOS 26.0, tvOS 26.0, *)
 5 | extension MLDSA65.PublicKey: MLDSAPublicKey {
   |           `- error: cannot find type 'MLDSA65' in scope
 6 |     public typealias MLDSAType = MLDSA65
 7 | }
/Users/admin/builder/spi-builder-workspace/.build/checkouts/jwt-kit/Sources/JWTKit/MLDSA/MLDSA65+MLDSAKey.swift:11:11: error: cannot find type 'MLDSA65' in scope
 9 | @_spi(PostQuantum)
10 | @available(iOS 26.0, macOS 26.0, watchOS 26.0, tvOS 26.0, *)
11 | extension MLDSA65.PrivateKey: MLDSAPrivateKey {
   |           `- error: cannot find type 'MLDSA65' in scope
12 |     public typealias MLDSAType = MLDSA65
13 | }
/Users/admin/builder/spi-builder-workspace/.build/checkouts/jwt-kit/Sources/JWTKit/MLDSA/MLDSA65+MLDSAKey.swift:17:53: error: cannot find type 'MLDSA65' in scope
15 | @_spi(PostQuantum)
16 | @available(iOS 26.0, macOS 26.0, watchOS 26.0, tvOS 26.0, *)
17 | public typealias MLDSA65PublicKey = MLDSA.PublicKey<MLDSA65>
   |                                                     `- error: cannot find type 'MLDSA65' in scope
18 |
19 | @_spi(PostQuantum)
/Users/admin/builder/spi-builder-workspace/.build/checkouts/jwt-kit/Sources/JWTKit/MLDSA/MLDSA65+MLDSAKey.swift:21:55: error: cannot find type 'MLDSA65' in scope
19 | @_spi(PostQuantum)
20 | @available(iOS 26.0, macOS 26.0, watchOS 26.0, tvOS 26.0, *)
21 | public typealias MLDSA65PrivateKey = MLDSA.PrivateKey<MLDSA65>
   |                                                       `- error: cannot find type 'MLDSA65' in scope
22 |
/Users/admin/builder/spi-builder-workspace/.build/checkouts/jwt-kit/Sources/JWTKit/MLDSA/MLDSA87+MLDSAKey.swift:5:11: error: cannot find type 'MLDSA87' in scope
 3 | @_spi(PostQuantum)
 4 | @available(iOS 26.0, macOS 26.0, watchOS 26.0, tvOS 26.0, *)
 5 | extension MLDSA87.PublicKey: MLDSAPublicKey {
   |           `- error: cannot find type 'MLDSA87' in scope
 6 |     public typealias MLDSAType = MLDSA87
 7 | }
/Users/admin/builder/spi-builder-workspace/.build/checkouts/jwt-kit/Sources/JWTKit/MLDSA/MLDSA87+MLDSAKey.swift:11:11: error: cannot find type 'MLDSA87' in scope
 9 | @_spi(PostQuantum)
10 | @available(iOS 26.0, macOS 26.0, watchOS 26.0, tvOS 26.0, *)
11 | extension MLDSA87.PrivateKey: MLDSAPrivateKey {
   |           `- error: cannot find type 'MLDSA87' in scope
12 |     public typealias MLDSAType = MLDSA87
13 | }
/Users/admin/builder/spi-builder-workspace/.build/checkouts/jwt-kit/Sources/JWTKit/MLDSA/MLDSA87+MLDSAKey.swift:17:53: error: cannot find type 'MLDSA87' in scope
15 | @_spi(PostQuantum)
16 | @available(iOS 26.0, macOS 26.0, watchOS 26.0, tvOS 26.0, *)
17 | public typealias MLDSA87PublicKey = MLDSA.PublicKey<MLDSA87>
   |                                                     `- error: cannot find type 'MLDSA87' in scope
18 |
19 | @_spi(PostQuantum)
/Users/admin/builder/spi-builder-workspace/.build/checkouts/jwt-kit/Sources/JWTKit/MLDSA/MLDSA87+MLDSAKey.swift:21:55: error: cannot find type 'MLDSA87' in scope
19 | @_spi(PostQuantum)
20 | @available(iOS 26.0, macOS 26.0, watchOS 26.0, tvOS 26.0, *)
21 | public typealias MLDSA87PrivateKey = MLDSA.PrivateKey<MLDSA87>
   |                                                       `- error: cannot find type 'MLDSA87' in scope
22 |
/Users/admin/builder/spi-builder-workspace/.build/checkouts/jwt-kit/Sources/JWTKit/MLDSA/MLDSAType.swift:13:11: error: cannot find type 'MLDSA65' in scope
11 | @_spi(PostQuantum)
12 | @available(iOS 26.0, macOS 26.0, watchOS 26.0, tvOS 26.0, *)
13 | extension MLDSA65: MLDSAType {
   |           `- error: cannot find type 'MLDSA65' in scope
14 |     public static var name: String { "ML-DSA-65" }
15 | }
/Users/admin/builder/spi-builder-workspace/.build/checkouts/jwt-kit/Sources/JWTKit/MLDSA/MLDSAType.swift:19:11: error: cannot find type 'MLDSA87' in scope
17 | @_spi(PostQuantum)
18 | @available(iOS 26.0, macOS 26.0, watchOS 26.0, tvOS 26.0, *)
19 | extension MLDSA87: MLDSAType {
   |           `- error: cannot find type 'MLDSA87' in scope
20 |     public static var name: String { "ML-DSA-87" }
21 | }
[768/869] Compiling JWTKit JWTMultiValueClaim.swift
[769/869] Compiling JWTKit JWTUnixEpochClaim.swift
[770/869] Compiling JWTKit LocaleClaim.swift
[771/869] Compiling JWTKit NotBeforeClaim.swift
[776/869] Compiling JWTKit SubjectClaim.swift
[777/869] Compiling JWTKit TenantIDClaim.swift
[778/869] Compiling JWTKit ECDSA.swift
[779/869] Compiling JWTKit ECDSACurve.swift
[780/869] Compiling JWTKit JWTError.swift
[781/869] Compiling JWTKit JWTHeader+CommonFields.swift
[782/869] Compiling JWTKit JWTHeader.swift
[783/869] Compiling JWTKit JWTHeaderField.swift
[784/869] Compiling JWTKit JWTKeyCollection.swift
[785/869] Compiling JWTKit HMACSigner.swift
[786/869] Compiling JWTKit JWTKeyCollection+HMAC.swift
[787/869] Compiling JWTKit Insecure.swift
[788/869] Compiling JWTKit JWK.swift
[789/869] Compiling JWTKit JWKIdentifier.swift
[790/869] Compiling JWTKit JWKS.swift
[791/869] Compiling JWTKit JWKSigner.swift
[792/869] Compiling JWTKit P521+CurveType.swift
[793/869] Compiling JWTKit EdDSA.swift
[794/869] Compiling JWTKit EdDSACurve.swift
[795/869] Compiling JWTKit EdDSAError.swift
[796/869] Compiling JWTKit EdDSASigner.swift
[797/869] Compiling JWTKit JWTKeyCollection+EdDSA.swift
[798/869] Compiling JWTKit HMAC.swift
[799/869] Compiling JWTKit HMACError.swift
[800/869] Compiling JWTKit ECDSACurveType.swift
[801/869] Compiling JWTKit ECDSAError.swift
[802/869] Compiling JWTKit ECDSAKeyTypes.swift
[803/869] Compiling JWTKit ECDSASigner.swift
[804/869] Compiling JWTKit ECDSASigningAlgorithm.swift
[805/869] Compiling JWTKit JWTKeyCollection+ECDSA.swift
[806/869] Compiling JWTKit P256+CurveType.swift
[807/869] Compiling JWTKit P384+CurveType.swift
[808/869] Compiling JWTKit JWTAlgorithm.swift
[814/869] Compiling NIOPosix Utilities.swift
[815/869] Compiling JWTKit JWTPayload.swift
/Users/admin/builder/spi-builder-workspace/.build/checkouts/jwt-kit/Sources/JWTKit/MLDSA/MLDSA65+MLDSAKey.swift:5:11: error: cannot find type 'MLDSA65' in scope
 3 | @_spi(PostQuantum)
 4 | @available(iOS 26.0, macOS 26.0, watchOS 26.0, tvOS 26.0, *)
 5 | extension MLDSA65.PublicKey: MLDSAPublicKey {
   |           `- error: cannot find type 'MLDSA65' in scope
 6 |     public typealias MLDSAType = MLDSA65
 7 | }
/Users/admin/builder/spi-builder-workspace/.build/checkouts/jwt-kit/Sources/JWTKit/MLDSA/MLDSA65+MLDSAKey.swift:11:11: error: cannot find type 'MLDSA65' in scope
 9 | @_spi(PostQuantum)
10 | @available(iOS 26.0, macOS 26.0, watchOS 26.0, tvOS 26.0, *)
11 | extension MLDSA65.PrivateKey: MLDSAPrivateKey {
   |           `- error: cannot find type 'MLDSA65' in scope
12 |     public typealias MLDSAType = MLDSA65
13 | }
/Users/admin/builder/spi-builder-workspace/.build/checkouts/jwt-kit/Sources/JWTKit/MLDSA/MLDSA65+MLDSAKey.swift:17:53: error: cannot find type 'MLDSA65' in scope
15 | @_spi(PostQuantum)
16 | @available(iOS 26.0, macOS 26.0, watchOS 26.0, tvOS 26.0, *)
17 | public typealias MLDSA65PublicKey = MLDSA.PublicKey<MLDSA65>
   |                                                     `- error: cannot find type 'MLDSA65' in scope
18 |
19 | @_spi(PostQuantum)
/Users/admin/builder/spi-builder-workspace/.build/checkouts/jwt-kit/Sources/JWTKit/MLDSA/MLDSA65+MLDSAKey.swift:21:55: error: cannot find type 'MLDSA65' in scope
19 | @_spi(PostQuantum)
20 | @available(iOS 26.0, macOS 26.0, watchOS 26.0, tvOS 26.0, *)
21 | public typealias MLDSA65PrivateKey = MLDSA.PrivateKey<MLDSA65>
   |                                                       `- error: cannot find type 'MLDSA65' in scope
22 |
/Users/admin/builder/spi-builder-workspace/.build/checkouts/jwt-kit/Sources/JWTKit/MLDSA/MLDSA87+MLDSAKey.swift:5:11: error: cannot find type 'MLDSA87' in scope
 3 | @_spi(PostQuantum)
 4 | @available(iOS 26.0, macOS 26.0, watchOS 26.0, tvOS 26.0, *)
 5 | extension MLDSA87.PublicKey: MLDSAPublicKey {
   |           `- error: cannot find type 'MLDSA87' in scope
 6 |     public typealias MLDSAType = MLDSA87
 7 | }
/Users/admin/builder/spi-builder-workspace/.build/checkouts/jwt-kit/Sources/JWTKit/MLDSA/MLDSA87+MLDSAKey.swift:11:11: error: cannot find type 'MLDSA87' in scope
 9 | @_spi(PostQuantum)
10 | @available(iOS 26.0, macOS 26.0, watchOS 26.0, tvOS 26.0, *)
11 | extension MLDSA87.PrivateKey: MLDSAPrivateKey {
   |           `- error: cannot find type 'MLDSA87' in scope
12 |     public typealias MLDSAType = MLDSA87
13 | }
/Users/admin/builder/spi-builder-workspace/.build/checkouts/jwt-kit/Sources/JWTKit/MLDSA/MLDSA87+MLDSAKey.swift:17:53: error: cannot find type 'MLDSA87' in scope
15 | @_spi(PostQuantum)
16 | @available(iOS 26.0, macOS 26.0, watchOS 26.0, tvOS 26.0, *)
17 | public typealias MLDSA87PublicKey = MLDSA.PublicKey<MLDSA87>
   |                                                     `- error: cannot find type 'MLDSA87' in scope
18 |
19 | @_spi(PostQuantum)
/Users/admin/builder/spi-builder-workspace/.build/checkouts/jwt-kit/Sources/JWTKit/MLDSA/MLDSA87+MLDSAKey.swift:21:55: error: cannot find type 'MLDSA87' in scope
19 | @_spi(PostQuantum)
20 | @available(iOS 26.0, macOS 26.0, watchOS 26.0, tvOS 26.0, *)
21 | public typealias MLDSA87PrivateKey = MLDSA.PrivateKey<MLDSA87>
   |                                                       `- error: cannot find type 'MLDSA87' in scope
22 |
/Users/admin/builder/spi-builder-workspace/.build/checkouts/jwt-kit/Sources/JWTKit/MLDSA/MLDSA65+MLDSAKey.swift:6:34: error: cannot find type 'MLDSA65' in scope
 4 | @available(iOS 26.0, macOS 26.0, watchOS 26.0, tvOS 26.0, *)
 5 | extension MLDSA65.PublicKey: MLDSAPublicKey {
 6 |     public typealias MLDSAType = MLDSA65
   |                                  `- error: cannot find type 'MLDSA65' in scope
 7 | }
 8 |
/Users/admin/builder/spi-builder-workspace/.build/checkouts/jwt-kit/Sources/JWTKit/MLDSA/MLDSA65+MLDSAKey.swift:12:34: error: cannot find type 'MLDSA65' in scope
10 | @available(iOS 26.0, macOS 26.0, watchOS 26.0, tvOS 26.0, *)
11 | extension MLDSA65.PrivateKey: MLDSAPrivateKey {
12 |     public typealias MLDSAType = MLDSA65
   |                                  `- error: cannot find type 'MLDSA65' in scope
13 | }
14 |
/Users/admin/builder/spi-builder-workspace/.build/checkouts/jwt-kit/Sources/JWTKit/MLDSA/MLDSA87+MLDSAKey.swift:6:34: error: cannot find type 'MLDSA87' in scope
 4 | @available(iOS 26.0, macOS 26.0, watchOS 26.0, tvOS 26.0, *)
 5 | extension MLDSA87.PublicKey: MLDSAPublicKey {
 6 |     public typealias MLDSAType = MLDSA87
   |                                  `- error: cannot find type 'MLDSA87' in scope
 7 | }
 8 |
/Users/admin/builder/spi-builder-workspace/.build/checkouts/jwt-kit/Sources/JWTKit/MLDSA/MLDSA87+MLDSAKey.swift:12:34: error: cannot find type 'MLDSA87' in scope
10 | @available(iOS 26.0, macOS 26.0, watchOS 26.0, tvOS 26.0, *)
11 | extension MLDSA87.PrivateKey: MLDSAPrivateKey {
12 |     public typealias MLDSAType = MLDSA87
   |                                  `- error: cannot find type 'MLDSA87' in scope
13 | }
14 |
[816/869] Compiling JWTKit JWTSerializer.swift
/Users/admin/builder/spi-builder-workspace/.build/checkouts/jwt-kit/Sources/JWTKit/MLDSA/MLDSA65+MLDSAKey.swift:5:11: error: cannot find type 'MLDSA65' in scope
 3 | @_spi(PostQuantum)
 4 | @available(iOS 26.0, macOS 26.0, watchOS 26.0, tvOS 26.0, *)
 5 | extension MLDSA65.PublicKey: MLDSAPublicKey {
   |           `- error: cannot find type 'MLDSA65' in scope
 6 |     public typealias MLDSAType = MLDSA65
 7 | }
/Users/admin/builder/spi-builder-workspace/.build/checkouts/jwt-kit/Sources/JWTKit/MLDSA/MLDSA65+MLDSAKey.swift:11:11: error: cannot find type 'MLDSA65' in scope
 9 | @_spi(PostQuantum)
10 | @available(iOS 26.0, macOS 26.0, watchOS 26.0, tvOS 26.0, *)
11 | extension MLDSA65.PrivateKey: MLDSAPrivateKey {
   |           `- error: cannot find type 'MLDSA65' in scope
12 |     public typealias MLDSAType = MLDSA65
13 | }
/Users/admin/builder/spi-builder-workspace/.build/checkouts/jwt-kit/Sources/JWTKit/MLDSA/MLDSA65+MLDSAKey.swift:17:53: error: cannot find type 'MLDSA65' in scope
15 | @_spi(PostQuantum)
16 | @available(iOS 26.0, macOS 26.0, watchOS 26.0, tvOS 26.0, *)
17 | public typealias MLDSA65PublicKey = MLDSA.PublicKey<MLDSA65>
   |                                                     `- error: cannot find type 'MLDSA65' in scope
18 |
19 | @_spi(PostQuantum)
/Users/admin/builder/spi-builder-workspace/.build/checkouts/jwt-kit/Sources/JWTKit/MLDSA/MLDSA65+MLDSAKey.swift:21:55: error: cannot find type 'MLDSA65' in scope
19 | @_spi(PostQuantum)
20 | @available(iOS 26.0, macOS 26.0, watchOS 26.0, tvOS 26.0, *)
21 | public typealias MLDSA65PrivateKey = MLDSA.PrivateKey<MLDSA65>
   |                                                       `- error: cannot find type 'MLDSA65' in scope
22 |
/Users/admin/builder/spi-builder-workspace/.build/checkouts/jwt-kit/Sources/JWTKit/MLDSA/MLDSA87+MLDSAKey.swift:5:11: error: cannot find type 'MLDSA87' in scope
 3 | @_spi(PostQuantum)
 4 | @available(iOS 26.0, macOS 26.0, watchOS 26.0, tvOS 26.0, *)
 5 | extension MLDSA87.PublicKey: MLDSAPublicKey {
   |           `- error: cannot find type 'MLDSA87' in scope
 6 |     public typealias MLDSAType = MLDSA87
 7 | }
/Users/admin/builder/spi-builder-workspace/.build/checkouts/jwt-kit/Sources/JWTKit/MLDSA/MLDSA87+MLDSAKey.swift:11:11: error: cannot find type 'MLDSA87' in scope
 9 | @_spi(PostQuantum)
10 | @available(iOS 26.0, macOS 26.0, watchOS 26.0, tvOS 26.0, *)
11 | extension MLDSA87.PrivateKey: MLDSAPrivateKey {
   |           `- error: cannot find type 'MLDSA87' in scope
12 |     public typealias MLDSAType = MLDSA87
13 | }
/Users/admin/builder/spi-builder-workspace/.build/checkouts/jwt-kit/Sources/JWTKit/MLDSA/MLDSA87+MLDSAKey.swift:17:53: error: cannot find type 'MLDSA87' in scope
15 | @_spi(PostQuantum)
16 | @available(iOS 26.0, macOS 26.0, watchOS 26.0, tvOS 26.0, *)
17 | public typealias MLDSA87PublicKey = MLDSA.PublicKey<MLDSA87>
   |                                                     `- error: cannot find type 'MLDSA87' in scope
18 |
19 | @_spi(PostQuantum)
/Users/admin/builder/spi-builder-workspace/.build/checkouts/jwt-kit/Sources/JWTKit/MLDSA/MLDSA87+MLDSAKey.swift:21:55: error: cannot find type 'MLDSA87' in scope
19 | @_spi(PostQuantum)
20 | @available(iOS 26.0, macOS 26.0, watchOS 26.0, tvOS 26.0, *)
21 | public typealias MLDSA87PrivateKey = MLDSA.PrivateKey<MLDSA87>
   |                                                       `- error: cannot find type 'MLDSA87' in scope
22 |
/Users/admin/builder/spi-builder-workspace/.build/checkouts/jwt-kit/Sources/JWTKit/MLDSA/MLDSA65+MLDSAKey.swift:6:34: error: cannot find type 'MLDSA65' in scope
 4 | @available(iOS 26.0, macOS 26.0, watchOS 26.0, tvOS 26.0, *)
 5 | extension MLDSA65.PublicKey: MLDSAPublicKey {
 6 |     public typealias MLDSAType = MLDSA65
   |                                  `- error: cannot find type 'MLDSA65' in scope
 7 | }
 8 |
/Users/admin/builder/spi-builder-workspace/.build/checkouts/jwt-kit/Sources/JWTKit/MLDSA/MLDSA65+MLDSAKey.swift:12:34: error: cannot find type 'MLDSA65' in scope
10 | @available(iOS 26.0, macOS 26.0, watchOS 26.0, tvOS 26.0, *)
11 | extension MLDSA65.PrivateKey: MLDSAPrivateKey {
12 |     public typealias MLDSAType = MLDSA65
   |                                  `- error: cannot find type 'MLDSA65' in scope
13 | }
14 |
/Users/admin/builder/spi-builder-workspace/.build/checkouts/jwt-kit/Sources/JWTKit/MLDSA/MLDSA87+MLDSAKey.swift:6:34: error: cannot find type 'MLDSA87' in scope
 4 | @available(iOS 26.0, macOS 26.0, watchOS 26.0, tvOS 26.0, *)
 5 | extension MLDSA87.PublicKey: MLDSAPublicKey {
 6 |     public typealias MLDSAType = MLDSA87
   |                                  `- error: cannot find type 'MLDSA87' in scope
 7 | }
 8 |
/Users/admin/builder/spi-builder-workspace/.build/checkouts/jwt-kit/Sources/JWTKit/MLDSA/MLDSA87+MLDSAKey.swift:12:34: error: cannot find type 'MLDSA87' in scope
10 | @available(iOS 26.0, macOS 26.0, watchOS 26.0, tvOS 26.0, *)
11 | extension MLDSA87.PrivateKey: MLDSAPrivateKey {
12 |     public typealias MLDSAType = MLDSA87
   |                                  `- error: cannot find type 'MLDSA87' in scope
13 | }
14 |
[817/869] Compiling JWTKit JWTSigner.swift
/Users/admin/builder/spi-builder-workspace/.build/checkouts/jwt-kit/Sources/JWTKit/MLDSA/MLDSA65+MLDSAKey.swift:5:11: error: cannot find type 'MLDSA65' in scope
 3 | @_spi(PostQuantum)
 4 | @available(iOS 26.0, macOS 26.0, watchOS 26.0, tvOS 26.0, *)
 5 | extension MLDSA65.PublicKey: MLDSAPublicKey {
   |           `- error: cannot find type 'MLDSA65' in scope
 6 |     public typealias MLDSAType = MLDSA65
 7 | }
/Users/admin/builder/spi-builder-workspace/.build/checkouts/jwt-kit/Sources/JWTKit/MLDSA/MLDSA65+MLDSAKey.swift:11:11: error: cannot find type 'MLDSA65' in scope
 9 | @_spi(PostQuantum)
10 | @available(iOS 26.0, macOS 26.0, watchOS 26.0, tvOS 26.0, *)
11 | extension MLDSA65.PrivateKey: MLDSAPrivateKey {
   |           `- error: cannot find type 'MLDSA65' in scope
12 |     public typealias MLDSAType = MLDSA65
13 | }
/Users/admin/builder/spi-builder-workspace/.build/checkouts/jwt-kit/Sources/JWTKit/MLDSA/MLDSA65+MLDSAKey.swift:17:53: error: cannot find type 'MLDSA65' in scope
15 | @_spi(PostQuantum)
16 | @available(iOS 26.0, macOS 26.0, watchOS 26.0, tvOS 26.0, *)
17 | public typealias MLDSA65PublicKey = MLDSA.PublicKey<MLDSA65>
   |                                                     `- error: cannot find type 'MLDSA65' in scope
18 |
19 | @_spi(PostQuantum)
/Users/admin/builder/spi-builder-workspace/.build/checkouts/jwt-kit/Sources/JWTKit/MLDSA/MLDSA65+MLDSAKey.swift:21:55: error: cannot find type 'MLDSA65' in scope
19 | @_spi(PostQuantum)
20 | @available(iOS 26.0, macOS 26.0, watchOS 26.0, tvOS 26.0, *)
21 | public typealias MLDSA65PrivateKey = MLDSA.PrivateKey<MLDSA65>
   |                                                       `- error: cannot find type 'MLDSA65' in scope
22 |
/Users/admin/builder/spi-builder-workspace/.build/checkouts/jwt-kit/Sources/JWTKit/MLDSA/MLDSA87+MLDSAKey.swift:5:11: error: cannot find type 'MLDSA87' in scope
 3 | @_spi(PostQuantum)
 4 | @available(iOS 26.0, macOS 26.0, watchOS 26.0, tvOS 26.0, *)
 5 | extension MLDSA87.PublicKey: MLDSAPublicKey {
   |           `- error: cannot find type 'MLDSA87' in scope
 6 |     public typealias MLDSAType = MLDSA87
 7 | }
/Users/admin/builder/spi-builder-workspace/.build/checkouts/jwt-kit/Sources/JWTKit/MLDSA/MLDSA87+MLDSAKey.swift:11:11: error: cannot find type 'MLDSA87' in scope
 9 | @_spi(PostQuantum)
10 | @available(iOS 26.0, macOS 26.0, watchOS 26.0, tvOS 26.0, *)
11 | extension MLDSA87.PrivateKey: MLDSAPrivateKey {
   |           `- error: cannot find type 'MLDSA87' in scope
12 |     public typealias MLDSAType = MLDSA87
13 | }
/Users/admin/builder/spi-builder-workspace/.build/checkouts/jwt-kit/Sources/JWTKit/MLDSA/MLDSA87+MLDSAKey.swift:17:53: error: cannot find type 'MLDSA87' in scope
15 | @_spi(PostQuantum)
16 | @available(iOS 26.0, macOS 26.0, watchOS 26.0, tvOS 26.0, *)
17 | public typealias MLDSA87PublicKey = MLDSA.PublicKey<MLDSA87>
   |                                                     `- error: cannot find type 'MLDSA87' in scope
18 |
19 | @_spi(PostQuantum)
/Users/admin/builder/spi-builder-workspace/.build/checkouts/jwt-kit/Sources/JWTKit/MLDSA/MLDSA87+MLDSAKey.swift:21:55: error: cannot find type 'MLDSA87' in scope
19 | @_spi(PostQuantum)
20 | @available(iOS 26.0, macOS 26.0, watchOS 26.0, tvOS 26.0, *)
21 | public typealias MLDSA87PrivateKey = MLDSA.PrivateKey<MLDSA87>
   |                                                       `- error: cannot find type 'MLDSA87' in scope
22 |
/Users/admin/builder/spi-builder-workspace/.build/checkouts/jwt-kit/Sources/JWTKit/MLDSA/MLDSA65+MLDSAKey.swift:6:34: error: cannot find type 'MLDSA65' in scope
 4 | @available(iOS 26.0, macOS 26.0, watchOS 26.0, tvOS 26.0, *)
 5 | extension MLDSA65.PublicKey: MLDSAPublicKey {
 6 |     public typealias MLDSAType = MLDSA65
   |                                  `- error: cannot find type 'MLDSA65' in scope
 7 | }
 8 |
/Users/admin/builder/spi-builder-workspace/.build/checkouts/jwt-kit/Sources/JWTKit/MLDSA/MLDSA65+MLDSAKey.swift:12:34: error: cannot find type 'MLDSA65' in scope
10 | @available(iOS 26.0, macOS 26.0, watchOS 26.0, tvOS 26.0, *)
11 | extension MLDSA65.PrivateKey: MLDSAPrivateKey {
12 |     public typealias MLDSAType = MLDSA65
   |                                  `- error: cannot find type 'MLDSA65' in scope
13 | }
14 |
/Users/admin/builder/spi-builder-workspace/.build/checkouts/jwt-kit/Sources/JWTKit/MLDSA/MLDSA87+MLDSAKey.swift:6:34: error: cannot find type 'MLDSA87' in scope
 4 | @available(iOS 26.0, macOS 26.0, watchOS 26.0, tvOS 26.0, *)
 5 | extension MLDSA87.PublicKey: MLDSAPublicKey {
 6 |     public typealias MLDSAType = MLDSA87
   |                                  `- error: cannot find type 'MLDSA87' in scope
 7 | }
 8 |
/Users/admin/builder/spi-builder-workspace/.build/checkouts/jwt-kit/Sources/JWTKit/MLDSA/MLDSA87+MLDSAKey.swift:12:34: error: cannot find type 'MLDSA87' in scope
10 | @available(iOS 26.0, macOS 26.0, watchOS 26.0, tvOS 26.0, *)
11 | extension MLDSA87.PrivateKey: MLDSAPrivateKey {
12 |     public typealias MLDSAType = MLDSA87
   |                                  `- error: cannot find type 'MLDSA87' in scope
13 | }
14 |
[818/869] Compiling JWTKit JWTKeyCollection+MLDSA.swift
/Users/admin/builder/spi-builder-workspace/.build/checkouts/jwt-kit/Sources/JWTKit/MLDSA/MLDSA65+MLDSAKey.swift:5:11: error: cannot find type 'MLDSA65' in scope
 3 | @_spi(PostQuantum)
 4 | @available(iOS 26.0, macOS 26.0, watchOS 26.0, tvOS 26.0, *)
 5 | extension MLDSA65.PublicKey: MLDSAPublicKey {
   |           `- error: cannot find type 'MLDSA65' in scope
 6 |     public typealias MLDSAType = MLDSA65
 7 | }
/Users/admin/builder/spi-builder-workspace/.build/checkouts/jwt-kit/Sources/JWTKit/MLDSA/MLDSA65+MLDSAKey.swift:11:11: error: cannot find type 'MLDSA65' in scope
 9 | @_spi(PostQuantum)
10 | @available(iOS 26.0, macOS 26.0, watchOS 26.0, tvOS 26.0, *)
11 | extension MLDSA65.PrivateKey: MLDSAPrivateKey {
   |           `- error: cannot find type 'MLDSA65' in scope
12 |     public typealias MLDSAType = MLDSA65
13 | }
/Users/admin/builder/spi-builder-workspace/.build/checkouts/jwt-kit/Sources/JWTKit/MLDSA/MLDSA65+MLDSAKey.swift:17:53: error: cannot find type 'MLDSA65' in scope
15 | @_spi(PostQuantum)
16 | @available(iOS 26.0, macOS 26.0, watchOS 26.0, tvOS 26.0, *)
17 | public typealias MLDSA65PublicKey = MLDSA.PublicKey<MLDSA65>
   |                                                     `- error: cannot find type 'MLDSA65' in scope
18 |
19 | @_spi(PostQuantum)
/Users/admin/builder/spi-builder-workspace/.build/checkouts/jwt-kit/Sources/JWTKit/MLDSA/MLDSA65+MLDSAKey.swift:21:55: error: cannot find type 'MLDSA65' in scope
19 | @_spi(PostQuantum)
20 | @available(iOS 26.0, macOS 26.0, watchOS 26.0, tvOS 26.0, *)
21 | public typealias MLDSA65PrivateKey = MLDSA.PrivateKey<MLDSA65>
   |                                                       `- error: cannot find type 'MLDSA65' in scope
22 |
/Users/admin/builder/spi-builder-workspace/.build/checkouts/jwt-kit/Sources/JWTKit/MLDSA/MLDSA87+MLDSAKey.swift:5:11: error: cannot find type 'MLDSA87' in scope
 3 | @_spi(PostQuantum)
 4 | @available(iOS 26.0, macOS 26.0, watchOS 26.0, tvOS 26.0, *)
 5 | extension MLDSA87.PublicKey: MLDSAPublicKey {
   |           `- error: cannot find type 'MLDSA87' in scope
 6 |     public typealias MLDSAType = MLDSA87
 7 | }
/Users/admin/builder/spi-builder-workspace/.build/checkouts/jwt-kit/Sources/JWTKit/MLDSA/MLDSA87+MLDSAKey.swift:11:11: error: cannot find type 'MLDSA87' in scope
 9 | @_spi(PostQuantum)
10 | @available(iOS 26.0, macOS 26.0, watchOS 26.0, tvOS 26.0, *)
11 | extension MLDSA87.PrivateKey: MLDSAPrivateKey {
   |           `- error: cannot find type 'MLDSA87' in scope
12 |     public typealias MLDSAType = MLDSA87
13 | }
/Users/admin/builder/spi-builder-workspace/.build/checkouts/jwt-kit/Sources/JWTKit/MLDSA/MLDSA87+MLDSAKey.swift:17:53: error: cannot find type 'MLDSA87' in scope
15 | @_spi(PostQuantum)
16 | @available(iOS 26.0, macOS 26.0, watchOS 26.0, tvOS 26.0, *)
17 | public typealias MLDSA87PublicKey = MLDSA.PublicKey<MLDSA87>
   |                                                     `- error: cannot find type 'MLDSA87' in scope
18 |
19 | @_spi(PostQuantum)
/Users/admin/builder/spi-builder-workspace/.build/checkouts/jwt-kit/Sources/JWTKit/MLDSA/MLDSA87+MLDSAKey.swift:21:55: error: cannot find type 'MLDSA87' in scope
19 | @_spi(PostQuantum)
20 | @available(iOS 26.0, macOS 26.0, watchOS 26.0, tvOS 26.0, *)
21 | public typealias MLDSA87PrivateKey = MLDSA.PrivateKey<MLDSA87>
   |                                                       `- error: cannot find type 'MLDSA87' in scope
22 |
/Users/admin/builder/spi-builder-workspace/.build/checkouts/jwt-kit/Sources/JWTKit/MLDSA/MLDSA65+MLDSAKey.swift:6:34: error: cannot find type 'MLDSA65' in scope
 4 | @available(iOS 26.0, macOS 26.0, watchOS 26.0, tvOS 26.0, *)
 5 | extension MLDSA65.PublicKey: MLDSAPublicKey {
 6 |     public typealias MLDSAType = MLDSA65
   |                                  `- error: cannot find type 'MLDSA65' in scope
 7 | }
 8 |
/Users/admin/builder/spi-builder-workspace/.build/checkouts/jwt-kit/Sources/JWTKit/MLDSA/MLDSA65+MLDSAKey.swift:12:34: error: cannot find type 'MLDSA65' in scope
10 | @available(iOS 26.0, macOS 26.0, watchOS 26.0, tvOS 26.0, *)
11 | extension MLDSA65.PrivateKey: MLDSAPrivateKey {
12 |     public typealias MLDSAType = MLDSA65
   |                                  `- error: cannot find type 'MLDSA65' in scope
13 | }
14 |
/Users/admin/builder/spi-builder-workspace/.build/checkouts/jwt-kit/Sources/JWTKit/MLDSA/MLDSA87+MLDSAKey.swift:6:34: error: cannot find type 'MLDSA87' in scope
 4 | @available(iOS 26.0, macOS 26.0, watchOS 26.0, tvOS 26.0, *)
 5 | extension MLDSA87.PublicKey: MLDSAPublicKey {
 6 |     public typealias MLDSAType = MLDSA87
   |                                  `- error: cannot find type 'MLDSA87' in scope
 7 | }
 8 |
/Users/admin/builder/spi-builder-workspace/.build/checkouts/jwt-kit/Sources/JWTKit/MLDSA/MLDSA87+MLDSAKey.swift:12:34: error: cannot find type 'MLDSA87' in scope
10 | @available(iOS 26.0, macOS 26.0, watchOS 26.0, tvOS 26.0, *)
11 | extension MLDSA87.PrivateKey: MLDSAPrivateKey {
12 |     public typealias MLDSAType = MLDSA87
   |                                  `- error: cannot find type 'MLDSA87' in scope
13 | }
14 |
[819/869] Compiling JWTKit MLDSA.swift
/Users/admin/builder/spi-builder-workspace/.build/checkouts/jwt-kit/Sources/JWTKit/MLDSA/MLDSA65+MLDSAKey.swift:5:11: error: cannot find type 'MLDSA65' in scope
 3 | @_spi(PostQuantum)
 4 | @available(iOS 26.0, macOS 26.0, watchOS 26.0, tvOS 26.0, *)
 5 | extension MLDSA65.PublicKey: MLDSAPublicKey {
   |           `- error: cannot find type 'MLDSA65' in scope
 6 |     public typealias MLDSAType = MLDSA65
 7 | }
/Users/admin/builder/spi-builder-workspace/.build/checkouts/jwt-kit/Sources/JWTKit/MLDSA/MLDSA65+MLDSAKey.swift:11:11: error: cannot find type 'MLDSA65' in scope
 9 | @_spi(PostQuantum)
10 | @available(iOS 26.0, macOS 26.0, watchOS 26.0, tvOS 26.0, *)
11 | extension MLDSA65.PrivateKey: MLDSAPrivateKey {
   |           `- error: cannot find type 'MLDSA65' in scope
12 |     public typealias MLDSAType = MLDSA65
13 | }
/Users/admin/builder/spi-builder-workspace/.build/checkouts/jwt-kit/Sources/JWTKit/MLDSA/MLDSA65+MLDSAKey.swift:17:53: error: cannot find type 'MLDSA65' in scope
15 | @_spi(PostQuantum)
16 | @available(iOS 26.0, macOS 26.0, watchOS 26.0, tvOS 26.0, *)
17 | public typealias MLDSA65PublicKey = MLDSA.PublicKey<MLDSA65>
   |                                                     `- error: cannot find type 'MLDSA65' in scope
18 |
19 | @_spi(PostQuantum)
/Users/admin/builder/spi-builder-workspace/.build/checkouts/jwt-kit/Sources/JWTKit/MLDSA/MLDSA65+MLDSAKey.swift:21:55: error: cannot find type 'MLDSA65' in scope
19 | @_spi(PostQuantum)
20 | @available(iOS 26.0, macOS 26.0, watchOS 26.0, tvOS 26.0, *)
21 | public typealias MLDSA65PrivateKey = MLDSA.PrivateKey<MLDSA65>
   |                                                       `- error: cannot find type 'MLDSA65' in scope
22 |
/Users/admin/builder/spi-builder-workspace/.build/checkouts/jwt-kit/Sources/JWTKit/MLDSA/MLDSA87+MLDSAKey.swift:5:11: error: cannot find type 'MLDSA87' in scope
 3 | @_spi(PostQuantum)
 4 | @available(iOS 26.0, macOS 26.0, watchOS 26.0, tvOS 26.0, *)
 5 | extension MLDSA87.PublicKey: MLDSAPublicKey {
   |           `- error: cannot find type 'MLDSA87' in scope
 6 |     public typealias MLDSAType = MLDSA87
 7 | }
/Users/admin/builder/spi-builder-workspace/.build/checkouts/jwt-kit/Sources/JWTKit/MLDSA/MLDSA87+MLDSAKey.swift:11:11: error: cannot find type 'MLDSA87' in scope
 9 | @_spi(PostQuantum)
10 | @available(iOS 26.0, macOS 26.0, watchOS 26.0, tvOS 26.0, *)
11 | extension MLDSA87.PrivateKey: MLDSAPrivateKey {
   |           `- error: cannot find type 'MLDSA87' in scope
12 |     public typealias MLDSAType = MLDSA87
13 | }
/Users/admin/builder/spi-builder-workspace/.build/checkouts/jwt-kit/Sources/JWTKit/MLDSA/MLDSA87+MLDSAKey.swift:17:53: error: cannot find type 'MLDSA87' in scope
15 | @_spi(PostQuantum)
16 | @available(iOS 26.0, macOS 26.0, watchOS 26.0, tvOS 26.0, *)
17 | public typealias MLDSA87PublicKey = MLDSA.PublicKey<MLDSA87>
   |                                                     `- error: cannot find type 'MLDSA87' in scope
18 |
19 | @_spi(PostQuantum)
/Users/admin/builder/spi-builder-workspace/.build/checkouts/jwt-kit/Sources/JWTKit/MLDSA/MLDSA87+MLDSAKey.swift:21:55: error: cannot find type 'MLDSA87' in scope
19 | @_spi(PostQuantum)
20 | @available(iOS 26.0, macOS 26.0, watchOS 26.0, tvOS 26.0, *)
21 | public typealias MLDSA87PrivateKey = MLDSA.PrivateKey<MLDSA87>
   |                                                       `- error: cannot find type 'MLDSA87' in scope
22 |
/Users/admin/builder/spi-builder-workspace/.build/checkouts/jwt-kit/Sources/JWTKit/MLDSA/MLDSA65+MLDSAKey.swift:6:34: error: cannot find type 'MLDSA65' in scope
 4 | @available(iOS 26.0, macOS 26.0, watchOS 26.0, tvOS 26.0, *)
 5 | extension MLDSA65.PublicKey: MLDSAPublicKey {
 6 |     public typealias MLDSAType = MLDSA65
   |                                  `- error: cannot find type 'MLDSA65' in scope
 7 | }
 8 |
/Users/admin/builder/spi-builder-workspace/.build/checkouts/jwt-kit/Sources/JWTKit/MLDSA/MLDSA65+MLDSAKey.swift:12:34: error: cannot find type 'MLDSA65' in scope
10 | @available(iOS 26.0, macOS 26.0, watchOS 26.0, tvOS 26.0, *)
11 | extension MLDSA65.PrivateKey: MLDSAPrivateKey {
12 |     public typealias MLDSAType = MLDSA65
   |                                  `- error: cannot find type 'MLDSA65' in scope
13 | }
14 |
/Users/admin/builder/spi-builder-workspace/.build/checkouts/jwt-kit/Sources/JWTKit/MLDSA/MLDSA87+MLDSAKey.swift:6:34: error: cannot find type 'MLDSA87' in scope
 4 | @available(iOS 26.0, macOS 26.0, watchOS 26.0, tvOS 26.0, *)
 5 | extension MLDSA87.PublicKey: MLDSAPublicKey {
 6 |     public typealias MLDSAType = MLDSA87
   |                                  `- error: cannot find type 'MLDSA87' in scope
 7 | }
 8 |
/Users/admin/builder/spi-builder-workspace/.build/checkouts/jwt-kit/Sources/JWTKit/MLDSA/MLDSA87+MLDSAKey.swift:12:34: error: cannot find type 'MLDSA87' in scope
10 | @available(iOS 26.0, macOS 26.0, watchOS 26.0, tvOS 26.0, *)
11 | extension MLDSA87.PrivateKey: MLDSAPrivateKey {
12 |     public typealias MLDSAType = MLDSA87
   |                                  `- error: cannot find type 'MLDSA87' in scope
13 | }
14 |
[820/869] Compiling JWTKit MLDSA65+MLDSAKey.swift
/Users/admin/builder/spi-builder-workspace/.build/checkouts/jwt-kit/Sources/JWTKit/MLDSA/MLDSA65+MLDSAKey.swift:5:11: error: cannot find type 'MLDSA65' in scope
 3 | @_spi(PostQuantum)
 4 | @available(iOS 26.0, macOS 26.0, watchOS 26.0, tvOS 26.0, *)
 5 | extension MLDSA65.PublicKey: MLDSAPublicKey {
   |           `- error: cannot find type 'MLDSA65' in scope
 6 |     public typealias MLDSAType = MLDSA65
 7 | }
/Users/admin/builder/spi-builder-workspace/.build/checkouts/jwt-kit/Sources/JWTKit/MLDSA/MLDSA65+MLDSAKey.swift:11:11: error: cannot find type 'MLDSA65' in scope
 9 | @_spi(PostQuantum)
10 | @available(iOS 26.0, macOS 26.0, watchOS 26.0, tvOS 26.0, *)
11 | extension MLDSA65.PrivateKey: MLDSAPrivateKey {
   |           `- error: cannot find type 'MLDSA65' in scope
12 |     public typealias MLDSAType = MLDSA65
13 | }
/Users/admin/builder/spi-builder-workspace/.build/checkouts/jwt-kit/Sources/JWTKit/MLDSA/MLDSA65+MLDSAKey.swift:17:53: error: cannot find type 'MLDSA65' in scope
15 | @_spi(PostQuantum)
16 | @available(iOS 26.0, macOS 26.0, watchOS 26.0, tvOS 26.0, *)
17 | public typealias MLDSA65PublicKey = MLDSA.PublicKey<MLDSA65>
   |                                                     `- error: cannot find type 'MLDSA65' in scope
18 |
19 | @_spi(PostQuantum)
/Users/admin/builder/spi-builder-workspace/.build/checkouts/jwt-kit/Sources/JWTKit/MLDSA/MLDSA65+MLDSAKey.swift:21:55: error: cannot find type 'MLDSA65' in scope
19 | @_spi(PostQuantum)
20 | @available(iOS 26.0, macOS 26.0, watchOS 26.0, tvOS 26.0, *)
21 | public typealias MLDSA65PrivateKey = MLDSA.PrivateKey<MLDSA65>
   |                                                       `- error: cannot find type 'MLDSA65' in scope
22 |
/Users/admin/builder/spi-builder-workspace/.build/checkouts/jwt-kit/Sources/JWTKit/MLDSA/MLDSA87+MLDSAKey.swift:5:11: error: cannot find type 'MLDSA87' in scope
 3 | @_spi(PostQuantum)
 4 | @available(iOS 26.0, macOS 26.0, watchOS 26.0, tvOS 26.0, *)
 5 | extension MLDSA87.PublicKey: MLDSAPublicKey {
   |           `- error: cannot find type 'MLDSA87' in scope
 6 |     public typealias MLDSAType = MLDSA87
 7 | }
/Users/admin/builder/spi-builder-workspace/.build/checkouts/jwt-kit/Sources/JWTKit/MLDSA/MLDSA87+MLDSAKey.swift:11:11: error: cannot find type 'MLDSA87' in scope
 9 | @_spi(PostQuantum)
10 | @available(iOS 26.0, macOS 26.0, watchOS 26.0, tvOS 26.0, *)
11 | extension MLDSA87.PrivateKey: MLDSAPrivateKey {
   |           `- error: cannot find type 'MLDSA87' in scope
12 |     public typealias MLDSAType = MLDSA87
13 | }
/Users/admin/builder/spi-builder-workspace/.build/checkouts/jwt-kit/Sources/JWTKit/MLDSA/MLDSA87+MLDSAKey.swift:17:53: error: cannot find type 'MLDSA87' in scope
15 | @_spi(PostQuantum)
16 | @available(iOS 26.0, macOS 26.0, watchOS 26.0, tvOS 26.0, *)
17 | public typealias MLDSA87PublicKey = MLDSA.PublicKey<MLDSA87>
   |                                                     `- error: cannot find type 'MLDSA87' in scope
18 |
19 | @_spi(PostQuantum)
/Users/admin/builder/spi-builder-workspace/.build/checkouts/jwt-kit/Sources/JWTKit/MLDSA/MLDSA87+MLDSAKey.swift:21:55: error: cannot find type 'MLDSA87' in scope
19 | @_spi(PostQuantum)
20 | @available(iOS 26.0, macOS 26.0, watchOS 26.0, tvOS 26.0, *)
21 | public typealias MLDSA87PrivateKey = MLDSA.PrivateKey<MLDSA87>
   |                                                       `- error: cannot find type 'MLDSA87' in scope
22 |
/Users/admin/builder/spi-builder-workspace/.build/checkouts/jwt-kit/Sources/JWTKit/MLDSA/MLDSA65+MLDSAKey.swift:6:34: error: cannot find type 'MLDSA65' in scope
 4 | @available(iOS 26.0, macOS 26.0, watchOS 26.0, tvOS 26.0, *)
 5 | extension MLDSA65.PublicKey: MLDSAPublicKey {
 6 |     public typealias MLDSAType = MLDSA65
   |                                  `- error: cannot find type 'MLDSA65' in scope
 7 | }
 8 |
/Users/admin/builder/spi-builder-workspace/.build/checkouts/jwt-kit/Sources/JWTKit/MLDSA/MLDSA65+MLDSAKey.swift:12:34: error: cannot find type 'MLDSA65' in scope
10 | @available(iOS 26.0, macOS 26.0, watchOS 26.0, tvOS 26.0, *)
11 | extension MLDSA65.PrivateKey: MLDSAPrivateKey {
12 |     public typealias MLDSAType = MLDSA65
   |                                  `- error: cannot find type 'MLDSA65' in scope
13 | }
14 |
/Users/admin/builder/spi-builder-workspace/.build/checkouts/jwt-kit/Sources/JWTKit/MLDSA/MLDSA87+MLDSAKey.swift:6:34: error: cannot find type 'MLDSA87' in scope
 4 | @available(iOS 26.0, macOS 26.0, watchOS 26.0, tvOS 26.0, *)
 5 | extension MLDSA87.PublicKey: MLDSAPublicKey {
 6 |     public typealias MLDSAType = MLDSA87
   |                                  `- error: cannot find type 'MLDSA87' in scope
 7 | }
 8 |
/Users/admin/builder/spi-builder-workspace/.build/checkouts/jwt-kit/Sources/JWTKit/MLDSA/MLDSA87+MLDSAKey.swift:12:34: error: cannot find type 'MLDSA87' in scope
10 | @available(iOS 26.0, macOS 26.0, watchOS 26.0, tvOS 26.0, *)
11 | extension MLDSA87.PrivateKey: MLDSAPrivateKey {
12 |     public typealias MLDSAType = MLDSA87
   |                                  `- error: cannot find type 'MLDSA87' in scope
13 | }
14 |
[821/869] Compiling JWTKit MLDSA87+MLDSAKey.swift
/Users/admin/builder/spi-builder-workspace/.build/checkouts/jwt-kit/Sources/JWTKit/MLDSA/MLDSA65+MLDSAKey.swift:5:11: error: cannot find type 'MLDSA65' in scope
 3 | @_spi(PostQuantum)
 4 | @available(iOS 26.0, macOS 26.0, watchOS 26.0, tvOS 26.0, *)
 5 | extension MLDSA65.PublicKey: MLDSAPublicKey {
   |           `- error: cannot find type 'MLDSA65' in scope
 6 |     public typealias MLDSAType = MLDSA65
 7 | }
/Users/admin/builder/spi-builder-workspace/.build/checkouts/jwt-kit/Sources/JWTKit/MLDSA/MLDSA65+MLDSAKey.swift:11:11: error: cannot find type 'MLDSA65' in scope
 9 | @_spi(PostQuantum)
10 | @available(iOS 26.0, macOS 26.0, watchOS 26.0, tvOS 26.0, *)
11 | extension MLDSA65.PrivateKey: MLDSAPrivateKey {
   |           `- error: cannot find type 'MLDSA65' in scope
12 |     public typealias MLDSAType = MLDSA65
13 | }
/Users/admin/builder/spi-builder-workspace/.build/checkouts/jwt-kit/Sources/JWTKit/MLDSA/MLDSA65+MLDSAKey.swift:17:53: error: cannot find type 'MLDSA65' in scope
15 | @_spi(PostQuantum)
16 | @available(iOS 26.0, macOS 26.0, watchOS 26.0, tvOS 26.0, *)
17 | public typealias MLDSA65PublicKey = MLDSA.PublicKey<MLDSA65>
   |                                                     `- error: cannot find type 'MLDSA65' in scope
18 |
19 | @_spi(PostQuantum)
/Users/admin/builder/spi-builder-workspace/.build/checkouts/jwt-kit/Sources/JWTKit/MLDSA/MLDSA65+MLDSAKey.swift:21:55: error: cannot find type 'MLDSA65' in scope
19 | @_spi(PostQuantum)
20 | @available(iOS 26.0, macOS 26.0, watchOS 26.0, tvOS 26.0, *)
21 | public typealias MLDSA65PrivateKey = MLDSA.PrivateKey<MLDSA65>
   |                                                       `- error: cannot find type 'MLDSA65' in scope
22 |
/Users/admin/builder/spi-builder-workspace/.build/checkouts/jwt-kit/Sources/JWTKit/MLDSA/MLDSA87+MLDSAKey.swift:5:11: error: cannot find type 'MLDSA87' in scope
 3 | @_spi(PostQuantum)
 4 | @available(iOS 26.0, macOS 26.0, watchOS 26.0, tvOS 26.0, *)
 5 | extension MLDSA87.PublicKey: MLDSAPublicKey {
   |           `- error: cannot find type 'MLDSA87' in scope
 6 |     public typealias MLDSAType = MLDSA87
 7 | }
/Users/admin/builder/spi-builder-workspace/.build/checkouts/jwt-kit/Sources/JWTKit/MLDSA/MLDSA87+MLDSAKey.swift:11:11: error: cannot find type 'MLDSA87' in scope
 9 | @_spi(PostQuantum)
10 | @available(iOS 26.0, macOS 26.0, watchOS 26.0, tvOS 26.0, *)
11 | extension MLDSA87.PrivateKey: MLDSAPrivateKey {
   |           `- error: cannot find type 'MLDSA87' in scope
12 |     public typealias MLDSAType = MLDSA87
13 | }
/Users/admin/builder/spi-builder-workspace/.build/checkouts/jwt-kit/Sources/JWTKit/MLDSA/MLDSA87+MLDSAKey.swift:17:53: error: cannot find type 'MLDSA87' in scope
15 | @_spi(PostQuantum)
16 | @available(iOS 26.0, macOS 26.0, watchOS 26.0, tvOS 26.0, *)
17 | public typealias MLDSA87PublicKey = MLDSA.PublicKey<MLDSA87>
   |                                                     `- error: cannot find type 'MLDSA87' in scope
18 |
19 | @_spi(PostQuantum)
/Users/admin/builder/spi-builder-workspace/.build/checkouts/jwt-kit/Sources/JWTKit/MLDSA/MLDSA87+MLDSAKey.swift:21:55: error: cannot find type 'MLDSA87' in scope
19 | @_spi(PostQuantum)
20 | @available(iOS 26.0, macOS 26.0, watchOS 26.0, tvOS 26.0, *)
21 | public typealias MLDSA87PrivateKey = MLDSA.PrivateKey<MLDSA87>
   |                                                       `- error: cannot find type 'MLDSA87' in scope
22 |
/Users/admin/builder/spi-builder-workspace/.build/checkouts/jwt-kit/Sources/JWTKit/MLDSA/MLDSA65+MLDSAKey.swift:6:34: error: cannot find type 'MLDSA65' in scope
 4 | @available(iOS 26.0, macOS 26.0, watchOS 26.0, tvOS 26.0, *)
 5 | extension MLDSA65.PublicKey: MLDSAPublicKey {
 6 |     public typealias MLDSAType = MLDSA65
   |                                  `- error: cannot find type 'MLDSA65' in scope
 7 | }
 8 |
/Users/admin/builder/spi-builder-workspace/.build/checkouts/jwt-kit/Sources/JWTKit/MLDSA/MLDSA65+MLDSAKey.swift:12:34: error: cannot find type 'MLDSA65' in scope
10 | @available(iOS 26.0, macOS 26.0, watchOS 26.0, tvOS 26.0, *)
11 | extension MLDSA65.PrivateKey: MLDSAPrivateKey {
12 |     public typealias MLDSAType = MLDSA65
   |                                  `- error: cannot find type 'MLDSA65' in scope
13 | }
14 |
/Users/admin/builder/spi-builder-workspace/.build/checkouts/jwt-kit/Sources/JWTKit/MLDSA/MLDSA87+MLDSAKey.swift:6:34: error: cannot find type 'MLDSA87' in scope
 4 | @available(iOS 26.0, macOS 26.0, watchOS 26.0, tvOS 26.0, *)
 5 | extension MLDSA87.PublicKey: MLDSAPublicKey {
 6 |     public typealias MLDSAType = MLDSA87
   |                                  `- error: cannot find type 'MLDSA87' in scope
 7 | }
 8 |
/Users/admin/builder/spi-builder-workspace/.build/checkouts/jwt-kit/Sources/JWTKit/MLDSA/MLDSA87+MLDSAKey.swift:12:34: error: cannot find type 'MLDSA87' in scope
10 | @available(iOS 26.0, macOS 26.0, watchOS 26.0, tvOS 26.0, *)
11 | extension MLDSA87.PrivateKey: MLDSAPrivateKey {
12 |     public typealias MLDSAType = MLDSA87
   |                                  `- error: cannot find type 'MLDSA87' in scope
13 | }
14 |
[823/869] Compiling NIOPosix VsockAddress.swift
[824/869] Compiling NIOPosix VsockChannelEvents.swift
[825/869] Compiling NIOPosix Windows.swift
[826/869] Compiling NIOPosix resource_bundle_accessor.swift
[827/869] Compiling JWTKit AppleIdentityToken.swift
[828/869] Compiling JWTKit FirebaseAuthIdentityToken.swift
[829/869] Compiling JWTKit GoogleIdentityToken.swift
[830/869] Compiling JWTKit MicrosoftIdentityToken.swift
[831/869] Compiling JWTKit EmptyPolicy.swift
[832/869] Compiling JWTKit ValidationTimePayload.swift
[833/869] Compiling JWTKit X5CVerifier.swift
BUILD FAILURE 6.1 macosSpm