Build Information
Failed to build WWCameraPickerController, reference main (548b34), with Swift 6.4 for watchOS using Xcode 27.0 on 21 Sep 2026 02:45:54 UTC.
Build Command
env DEVELOPER_DIR=/Applications/Xcode-27.0.0-Release.Candidate.app xcrun xcodebuild -IDEClonedSourcePackagesDirPathOverride=$PWD/.dependencies -skipMacroValidation -skipPackagePluginValidation -derivedDataPath $PWD/.derivedData build -scheme WWCameraPickerController -destination generic/platform=watchOSBuild Log
========================================
RunAll
========================================
Builder version: 5.1.0
Interrupt handler set up.
========================================
Checkout
========================================
Clone URL: https://github.com/William-Weng/WWCameraPickerController.git
Reference: main
Initialized empty Git repository in /Users/admin/builder/spi-builder-workspace/.git/
From https://github.com/William-Weng/WWCameraPickerController
* branch main -> FETCH_HEAD
* [new branch] main -> origin/main
HEAD is now at 548b344 - update package
Cloned https://github.com/William-Weng/WWCameraPickerController.git
Revision (git rev-parse @):
548b3443663427c1e5b0f851c6bf0b729ba4fce2
SUCCESS checkout https://github.com/William-Weng/WWCameraPickerController.git at main
========================================
Build
========================================
Selected platform: watchOS
Swift version: 6.4
Building package at path: $PWD
https://github.com/William-Weng/WWCameraPickerController.git
Command line invocation:
/Applications/Xcode-27.0.0-Release.Candidate.app/Contents/Developer/usr/bin/xcodebuild -IDEClonedSourcePackagesDirPathOverride=/Users/admin/builder/spi-builder-workspace/.dependencies -resolvePackageDependencies
Resolve Package Graph
Resolve Package Graph
Resolved source packages:
WWCameraPickerController: /Users/admin/builder/spi-builder-workspace
resolved source packages: WWCameraPickerController
2026-09-20 22:45:04.609 xcodebuild[560:3034] [MT] IDERunDestination: Supported platforms for the buildables in the current scheme is empty.
{
"dependencies" : [
],
"manifest_display_name" : "WWCameraPickerController",
"name" : "WWCameraPickerController",
"path" : "/Users/admin/builder/spi-builder-workspace",
"platforms" : [
{
"name" : "ios",
"version" : "14.0"
}
],
"products" : [
{
"name" : "WWCameraPickerController",
"targets" : [
"WWCameraPickerController"
],
"type" : {
"library" : [
"automatic"
]
}
}
],
"swift_languages_versions" : [
"5"
],
"targets" : [
{
"c99name" : "WWCameraPickerController",
"module_type" : "SwiftTarget",
"name" : "WWCameraPickerController",
"path" : "Sources/WWCameraPickerController",
"product_memberships" : [
"WWCameraPickerController"
],
"resources" : [
{
"path" : "/Users/admin/builder/spi-builder-workspace/Sources/WWCameraPickerController/Privacy",
"rule" : {
"copy" : {
}
}
}
],
"sources" : [
"Constant.swift",
"Extension+.swift",
"WWCameraPickerController.swift"
],
"type" : "library"
}
],
"tools_version" : "5.6"
}
{
"workspace" : {
"name" : "WWCameraPickerController",
"schemes" : [
"WWCameraPickerController"
]
}
}
2026-09-20 22:45:45.797 xcodebuild[690:4192] [MT] IDERunDestination: Supported platforms for the buildables in the current scheme is empty.
Running build ...
env DEVELOPER_DIR=/Applications/Xcode-27.0.0-Release.Candidate.app xcrun xcodebuild -IDEClonedSourcePackagesDirPathOverride=$PWD/.dependencies -skipMacroValidation -skipPackagePluginValidation -derivedDataPath $PWD/.derivedData build -scheme WWCameraPickerController -destination generic/platform=watchOS
Command line invocation:
/Applications/Xcode-27.0.0-Release.Candidate.app/Contents/Developer/usr/bin/xcodebuild -IDEClonedSourcePackagesDirPathOverride=/Users/admin/builder/spi-builder-workspace/.dependencies -skipMacroValidation -skipPackagePluginValidation -derivedDataPath /Users/admin/builder/spi-builder-workspace/.derivedData build -scheme WWCameraPickerController -destination generic/platform=watchOS
Resolve Package Graph
Resolved source packages:
WWCameraPickerController: /Users/admin/builder/spi-builder-workspace
ComputePackagePrebuildTargetDependencyGraph
Prepare packages
CreateBuildRequest
SendProjectDescription
CreateBuildOperation
ComputeTargetDependencyGraph
note: Building targets in dependency order
note: Target dependency graph (3 targets)
Target 'WWCameraPickerController-product' in project 'WWCameraPickerController'
➜ Explicit dependency on target 'WWCameraPickerController' in project 'WWCameraPickerController'
➜ Explicit dependency on target 'WWCameraPickerController_WWCameraPickerController' in project 'WWCameraPickerController'
Target 'WWCameraPickerController' in project 'WWCameraPickerController'
➜ Explicit dependency on target 'WWCameraPickerController_WWCameraPickerController' in project 'WWCameraPickerController'
Target 'WWCameraPickerController_WWCameraPickerController' in project 'WWCameraPickerController' (no dependencies)
GatherProvisioningInputs
CreateBuildDescription
ExecuteExternalTool /Applications/Xcode-27.0.0-Release.Candidate.app/Contents/Developer/Toolchains/XcodeDefault.xctoolchain/usr/bin/clang -v -E -dM -isysroot /Applications/Xcode-27.0.0-Release.Candidate.app/Contents/Developer/Platforms/WatchOS.platform/Developer/SDKs/WatchOS27.0.sdk -x c -c /dev/null
ExecuteExternalTool /Applications/Xcode-27.0.0-Release.Candidate.app/Contents/Developer/Toolchains/XcodeDefault.xctoolchain/usr/bin/swiftc --version
ExecuteExternalTool /Applications/Xcode-27.0.0-Release.Candidate.app/Contents/Developer/Toolchains/XcodeDefault.xctoolchain/usr/bin/ld -version_details
Build description signature: 3844832db0428792668581b2c00054c7
Build description path: /Users/admin/builder/spi-builder-workspace/.derivedData/Build/Intermediates.noindex/XCBuildData/3844832db0428792668581b2c00054c7.xcbuilddata
CreateBuildDirectory /Users/admin/builder/spi-builder-workspace/.derivedData/SDKExplicitPrecompiledModules
cd /Users/admin/builder/spi-builder-workspace/.swiftpm/xcode
builtin-create-build-directory /Users/admin/builder/spi-builder-workspace/.derivedData/SDKExplicitPrecompiledModules
CreateBuildDirectory /Users/admin/builder/spi-builder-workspace/.derivedData/ModuleCache.noindex
cd /Users/admin/builder/spi-builder-workspace/.swiftpm/xcode
builtin-create-build-directory /Users/admin/builder/spi-builder-workspace/.derivedData/ModuleCache.noindex
CreateBuildDirectory /Users/admin/builder/spi-builder-workspace/.derivedData/CompilationCache.noindex
cd /Users/admin/builder/spi-builder-workspace/.swiftpm/xcode
builtin-create-build-directory /Users/admin/builder/spi-builder-workspace/.derivedData/CompilationCache.noindex
CreateBuildDirectory /Users/admin/builder/spi-builder-workspace/.derivedData/Build/Products
cd /Users/admin/builder/spi-builder-workspace/.swiftpm/xcode
builtin-create-build-directory /Users/admin/builder/spi-builder-workspace/.derivedData/Build/Products
CreateBuildDirectory /Users/admin/builder/spi-builder-workspace/.derivedData/Build/Intermediates.noindex
cd /Users/admin/builder/spi-builder-workspace/.swiftpm/xcode
builtin-create-build-directory /Users/admin/builder/spi-builder-workspace/.derivedData/Build/Intermediates.noindex
ClangStatCache /Applications/Xcode-27.0.0-Release.Candidate.app/Contents/Developer/Toolchains/XcodeDefault.xctoolchain/usr/bin/clang-stat-cache /Applications/Xcode-27.0.0-Release.Candidate.app/Contents/Developer/Platforms/WatchOS.platform/Developer/SDKs/WatchOS27.0.sdk /Users/admin/builder/spi-builder-workspace/.derivedData/SDKStatCaches.noindex/watchos27.0-24R360-e829b21a6f8c9b70876ba0858053c04477534ef55a1706bf4c1112bbb242f0a2.sdkstatcache
cd /Users/admin/builder/spi-builder-workspace/.swiftpm/xcode
/Applications/Xcode-27.0.0-Release.Candidate.app/Contents/Developer/Toolchains/XcodeDefault.xctoolchain/usr/bin/clang-stat-cache /Applications/Xcode-27.0.0-Release.Candidate.app/Contents/Developer/Platforms/WatchOS.platform/Developer/SDKs/WatchOS27.0.sdk -o /Users/admin/builder/spi-builder-workspace/.derivedData/SDKStatCaches.noindex/watchos27.0-24R360-e829b21a6f8c9b70876ba0858053c04477534ef55a1706bf4c1112bbb242f0a2.sdkstatcache
CreateBuildDirectory /Users/admin/builder/spi-builder-workspace/.derivedData/Build/Intermediates.noindex/PrecompiledHeaders
cd /Users/admin/builder/spi-builder-workspace/.swiftpm/xcode
builtin-create-build-directory /Users/admin/builder/spi-builder-workspace/.derivedData/Build/Intermediates.noindex/PrecompiledHeaders
CreateBuildDirectory /Users/admin/builder/spi-builder-workspace/.derivedData/Build/Intermediates.noindex/SwiftExplicitPrecompiledModules
cd /Users/admin/builder/spi-builder-workspace/.swiftpm/xcode
builtin-create-build-directory /Users/admin/builder/spi-builder-workspace/.derivedData/Build/Intermediates.noindex/SwiftExplicitPrecompiledModules
CreateBuildDirectory /Users/admin/builder/spi-builder-workspace/.derivedData/Build/Intermediates.noindex/ExplicitPrecompiledModules
cd /Users/admin/builder/spi-builder-workspace/.swiftpm/xcode
builtin-create-build-directory /Users/admin/builder/spi-builder-workspace/.derivedData/Build/Intermediates.noindex/ExplicitPrecompiledModules
CreateBuildDirectory /Users/admin/builder/spi-builder-workspace/.derivedData/Build/Products/Debug-watchos
cd /Users/admin/builder/spi-builder-workspace/.swiftpm/xcode
builtin-create-build-directory /Users/admin/builder/spi-builder-workspace/.derivedData/Build/Products/Debug-watchos
CreateBuildDirectory /Users/admin/builder/spi-builder-workspace/.derivedData/Build/Intermediates.noindex/EagerLinkingTBDs/Debug-watchos
cd /Users/admin/builder/spi-builder-workspace/.swiftpm/xcode
builtin-create-build-directory /Users/admin/builder/spi-builder-workspace/.derivedData/Build/Intermediates.noindex/EagerLinkingTBDs/Debug-watchos
CreateBuildDirectory /Users/admin/builder/spi-builder-workspace/.derivedData/Build/Products/Debug-watchos/PackageFrameworks
cd /Users/admin/builder/spi-builder-workspace/.swiftpm/xcode
builtin-create-build-directory /Users/admin/builder/spi-builder-workspace/.derivedData/Build/Products/Debug-watchos/PackageFrameworks
MkDir /Users/admin/builder/spi-builder-workspace/.derivedData/Build/Products/Debug-watchos/WWCameraPickerController_WWCameraPickerController.bundle (in target 'WWCameraPickerController_WWCameraPickerController' from project 'WWCameraPickerController')
cd /Users/admin/builder/spi-builder-workspace
/bin/mkdir -p /Users/admin/builder/spi-builder-workspace/.derivedData/Build/Products/Debug-watchos/WWCameraPickerController_WWCameraPickerController.bundle
WriteAuxiliaryFile /Users/admin/builder/spi-builder-workspace/.derivedData/Build/Intermediates.noindex/WWCameraPickerController.build/Debug-watchos/WWCameraPickerController_WWCameraPickerController-b.build/empty-WWCameraPickerController_WWCameraPickerController.plist (in target 'WWCameraPickerController_WWCameraPickerController' from project 'WWCameraPickerController')
cd /Users/admin/builder/spi-builder-workspace
write-file /Users/admin/builder/spi-builder-workspace/.derivedData/Build/Intermediates.noindex/WWCameraPickerController.build/Debug-watchos/WWCameraPickerController_WWCameraPickerController-b.build/empty-WWCameraPickerController_WWCameraPickerController.plist
WriteAuxiliaryFile /Users/admin/builder/spi-builder-workspace/.derivedData/Build/Intermediates.noindex/WWCameraPickerController.build/Debug-watchos/WWCameraPickerController_WWCameraPickerController-b.build/WWCameraPickerController_WWCameraPickerController.DependencyMetadataFileList (in target 'WWCameraPickerController_WWCameraPickerController' from project 'WWCameraPickerController')
cd /Users/admin/builder/spi-builder-workspace
write-file /Users/admin/builder/spi-builder-workspace/.derivedData/Build/Intermediates.noindex/WWCameraPickerController.build/Debug-watchos/WWCameraPickerController_WWCameraPickerController-b.build/WWCameraPickerController_WWCameraPickerController.DependencyMetadataFileList
WriteAuxiliaryFile /Users/admin/builder/spi-builder-workspace/.derivedData/Build/Intermediates.noindex/WWCameraPickerController.build/Debug-watchos/WWCameraPickerController_WWCameraPickerController-b.build/WWCameraPickerController_WWCameraPickerController.DependencyStaticMetadataFileList (in target 'WWCameraPickerController_WWCameraPickerController' from project 'WWCameraPickerController')
cd /Users/admin/builder/spi-builder-workspace
write-file /Users/admin/builder/spi-builder-workspace/.derivedData/Build/Intermediates.noindex/WWCameraPickerController.build/Debug-watchos/WWCameraPickerController_WWCameraPickerController-b.build/WWCameraPickerController_WWCameraPickerController.DependencyStaticMetadataFileList
WriteAuxiliaryFile /Users/admin/builder/spi-builder-workspace/.derivedData/Build/Intermediates.noindex/WWCameraPickerController.build/Debug-watchos/WWCameraPickerController-t.build/WWCameraPickerController.DependencyStaticMetadataFileList (in target 'WWCameraPickerController' from project 'WWCameraPickerController')
cd /Users/admin/builder/spi-builder-workspace
write-file /Users/admin/builder/spi-builder-workspace/.derivedData/Build/Intermediates.noindex/WWCameraPickerController.build/Debug-watchos/WWCameraPickerController-t.build/WWCameraPickerController.DependencyStaticMetadataFileList
WriteAuxiliaryFile /Users/admin/builder/spi-builder-workspace/.derivedData/Build/Intermediates.noindex/WWCameraPickerController.build/Debug-watchos/WWCameraPickerController-t.build/WWCameraPickerController.DependencyMetadataFileList (in target 'WWCameraPickerController' from project 'WWCameraPickerController')
cd /Users/admin/builder/spi-builder-workspace
write-file /Users/admin/builder/spi-builder-workspace/.derivedData/Build/Intermediates.noindex/WWCameraPickerController.build/Debug-watchos/WWCameraPickerController-t.build/WWCameraPickerController.DependencyMetadataFileList
WriteAuxiliaryFile /Users/admin/builder/spi-builder-workspace/.derivedData/Build/Intermediates.noindex/WWCameraPickerController.build/Debug-watchos/WWCameraPickerController-t.build/WWCameraPickerController.modulemap (in target 'WWCameraPickerController' from project 'WWCameraPickerController')
cd /Users/admin/builder/spi-builder-workspace
write-file /Users/admin/builder/spi-builder-workspace/.derivedData/Build/Intermediates.noindex/WWCameraPickerController.build/Debug-watchos/WWCameraPickerController-t.build/WWCameraPickerController.modulemap
WriteAuxiliaryFile /Users/admin/builder/spi-builder-workspace/.derivedData/Build/Intermediates.noindex/WWCameraPickerController.build/Debug-watchos/WWCameraPickerController-t.build/Objects-normal/arm64_32/WWCameraPickerController.SwiftFileList (in target 'WWCameraPickerController' from project 'WWCameraPickerController')
cd /Users/admin/builder/spi-builder-workspace
write-file /Users/admin/builder/spi-builder-workspace/.derivedData/Build/Intermediates.noindex/WWCameraPickerController.build/Debug-watchos/WWCameraPickerController-t.build/Objects-normal/arm64_32/WWCameraPickerController.SwiftFileList
WriteAuxiliaryFile /Users/admin/builder/spi-builder-workspace/.derivedData/Build/Intermediates.noindex/WWCameraPickerController.build/Debug-watchos/WWCameraPickerController-t.build/Objects-normal/arm64_32/WWCameraPickerController.SwiftConstValuesFileList (in target 'WWCameraPickerController' from project 'WWCameraPickerController')
cd /Users/admin/builder/spi-builder-workspace
write-file /Users/admin/builder/spi-builder-workspace/.derivedData/Build/Intermediates.noindex/WWCameraPickerController.build/Debug-watchos/WWCameraPickerController-t.build/Objects-normal/arm64_32/WWCameraPickerController.SwiftConstValuesFileList
WriteAuxiliaryFile /Users/admin/builder/spi-builder-workspace/.derivedData/Build/Intermediates.noindex/WWCameraPickerController.build/Debug-watchos/WWCameraPickerController-t.build/Objects-normal/arm64_32/WWCameraPickerController_const_extract_protocols.json (in target 'WWCameraPickerController' from project 'WWCameraPickerController')
cd /Users/admin/builder/spi-builder-workspace
write-file /Users/admin/builder/spi-builder-workspace/.derivedData/Build/Intermediates.noindex/WWCameraPickerController.build/Debug-watchos/WWCameraPickerController-t.build/Objects-normal/arm64_32/WWCameraPickerController_const_extract_protocols.json
WriteAuxiliaryFile /Users/admin/builder/spi-builder-workspace/.derivedData/Build/Intermediates.noindex/WWCameraPickerController.build/Debug-watchos/WWCameraPickerController-t.build/Objects-normal/arm64_32/WWCameraPickerController.LinkFileList (in target 'WWCameraPickerController' from project 'WWCameraPickerController')
cd /Users/admin/builder/spi-builder-workspace
write-file /Users/admin/builder/spi-builder-workspace/.derivedData/Build/Intermediates.noindex/WWCameraPickerController.build/Debug-watchos/WWCameraPickerController-t.build/Objects-normal/arm64_32/WWCameraPickerController.LinkFileList
WriteAuxiliaryFile /Users/admin/builder/spi-builder-workspace/.derivedData/Build/Intermediates.noindex/WWCameraPickerController.build/Debug-watchos/WWCameraPickerController-t.build/Objects-normal/arm64_32/WWCameraPickerController-OutputFileMap.json (in target 'WWCameraPickerController' from project 'WWCameraPickerController')
cd /Users/admin/builder/spi-builder-workspace
write-file /Users/admin/builder/spi-builder-workspace/.derivedData/Build/Intermediates.noindex/WWCameraPickerController.build/Debug-watchos/WWCameraPickerController-t.build/Objects-normal/arm64_32/WWCameraPickerController-OutputFileMap.json
WriteAuxiliaryFile /Users/admin/builder/spi-builder-workspace/.derivedData/Build/Intermediates.noindex/WWCameraPickerController.build/Debug-watchos/WWCameraPickerController-t.build/Objects-normal/arm64/WWCameraPickerController_const_extract_protocols.json (in target 'WWCameraPickerController' from project 'WWCameraPickerController')
cd /Users/admin/builder/spi-builder-workspace
write-file /Users/admin/builder/spi-builder-workspace/.derivedData/Build/Intermediates.noindex/WWCameraPickerController.build/Debug-watchos/WWCameraPickerController-t.build/Objects-normal/arm64/WWCameraPickerController_const_extract_protocols.json
WriteAuxiliaryFile /Users/admin/builder/spi-builder-workspace/.derivedData/Build/Intermediates.noindex/WWCameraPickerController.build/Debug-watchos/WWCameraPickerController-t.build/Objects-normal/arm64/WWCameraPickerController.SwiftConstValuesFileList (in target 'WWCameraPickerController' from project 'WWCameraPickerController')
cd /Users/admin/builder/spi-builder-workspace
write-file /Users/admin/builder/spi-builder-workspace/.derivedData/Build/Intermediates.noindex/WWCameraPickerController.build/Debug-watchos/WWCameraPickerController-t.build/Objects-normal/arm64/WWCameraPickerController.SwiftConstValuesFileList
WriteAuxiliaryFile /Users/admin/builder/spi-builder-workspace/.derivedData/Build/Intermediates.noindex/WWCameraPickerController.build/Debug-watchos/WWCameraPickerController-t.build/Objects-normal/arm64/WWCameraPickerController.SwiftFileList (in target 'WWCameraPickerController' from project 'WWCameraPickerController')
cd /Users/admin/builder/spi-builder-workspace
write-file /Users/admin/builder/spi-builder-workspace/.derivedData/Build/Intermediates.noindex/WWCameraPickerController.build/Debug-watchos/WWCameraPickerController-t.build/Objects-normal/arm64/WWCameraPickerController.SwiftFileList
WriteAuxiliaryFile /Users/admin/builder/spi-builder-workspace/.derivedData/Build/Intermediates.noindex/WWCameraPickerController.build/Debug-watchos/WWCameraPickerController-t.build/Objects-normal/arm64/WWCameraPickerController.LinkFileList (in target 'WWCameraPickerController' from project 'WWCameraPickerController')
cd /Users/admin/builder/spi-builder-workspace
write-file /Users/admin/builder/spi-builder-workspace/.derivedData/Build/Intermediates.noindex/WWCameraPickerController.build/Debug-watchos/WWCameraPickerController-t.build/Objects-normal/arm64/WWCameraPickerController.LinkFileList
WriteAuxiliaryFile /Users/admin/builder/spi-builder-workspace/.derivedData/Build/Intermediates.noindex/WWCameraPickerController.build/Debug-watchos/WWCameraPickerController-t.build/Objects-normal/arm64/WWCameraPickerController-OutputFileMap.json (in target 'WWCameraPickerController' from project 'WWCameraPickerController')
cd /Users/admin/builder/spi-builder-workspace
write-file /Users/admin/builder/spi-builder-workspace/.derivedData/Build/Intermediates.noindex/WWCameraPickerController.build/Debug-watchos/WWCameraPickerController-t.build/Objects-normal/arm64/WWCameraPickerController-OutputFileMap.json
Copy /Users/admin/builder/spi-builder-workspace/.derivedData/Build/Intermediates.noindex/GeneratedModuleMaps-watchos/WWCameraPickerController.modulemap /Users/admin/builder/spi-builder-workspace/.derivedData/Build/Intermediates.noindex/WWCameraPickerController.build/Debug-watchos/WWCameraPickerController-t.build/WWCameraPickerController.modulemap (in target 'WWCameraPickerController' from project 'WWCameraPickerController')
cd /Users/admin/builder/spi-builder-workspace
builtin-copy -exclude .DS_Store -exclude CVS -exclude .svn -exclude .git -exclude .hg -resolve-src-symlinks /Users/admin/builder/spi-builder-workspace/.derivedData/Build/Intermediates.noindex/WWCameraPickerController.build/Debug-watchos/WWCameraPickerController-t.build/WWCameraPickerController.modulemap /Users/admin/builder/spi-builder-workspace/.derivedData/Build/Intermediates.noindex/GeneratedModuleMaps-watchos
WriteAuxiliaryFile /Users/admin/builder/spi-builder-workspace/.derivedData/Build/Intermediates.noindex/WWCameraPickerController.build/Debug-watchos/WWCameraPickerController-t.build/DerivedSources/resource_bundle_accessor.swift (in target 'WWCameraPickerController' from project 'WWCameraPickerController')
cd /Users/admin/builder/spi-builder-workspace
write-file /Users/admin/builder/spi-builder-workspace/.derivedData/Build/Intermediates.noindex/WWCameraPickerController.build/Debug-watchos/WWCameraPickerController-t.build/DerivedSources/resource_bundle_accessor.swift
ProcessInfoPlistFile /Users/admin/builder/spi-builder-workspace/.derivedData/Build/Products/Debug-watchos/WWCameraPickerController_WWCameraPickerController.bundle/Info.plist /Users/admin/builder/spi-builder-workspace/.derivedData/Build/Intermediates.noindex/WWCameraPickerController.build/Debug-watchos/WWCameraPickerController_WWCameraPickerController-b.build/empty-WWCameraPickerController_WWCameraPickerController.plist (in target 'WWCameraPickerController_WWCameraPickerController' from project 'WWCameraPickerController')
cd /Users/admin/builder/spi-builder-workspace
builtin-infoPlistUtility /Users/admin/builder/spi-builder-workspace/.derivedData/Build/Intermediates.noindex/WWCameraPickerController.build/Debug-watchos/WWCameraPickerController_WWCameraPickerController-b.build/empty-WWCameraPickerController_WWCameraPickerController.plist -producttype com.apple.product-type.bundle -expandbuildsettings -format binary -platform watchos -o /Users/admin/builder/spi-builder-workspace/.derivedData/Build/Products/Debug-watchos/WWCameraPickerController_WWCameraPickerController.bundle/Info.plist
CpResource /Users/admin/builder/spi-builder-workspace/.derivedData/Build/Products/Debug-watchos/WWCameraPickerController_WWCameraPickerController.bundle/Privacy /Users/admin/builder/spi-builder-workspace/Sources/WWCameraPickerController/Privacy (in target 'WWCameraPickerController_WWCameraPickerController' from project 'WWCameraPickerController')
cd /Users/admin/builder/spi-builder-workspace
builtin-copy -exclude .DS_Store -exclude CVS -exclude .svn -exclude .git -exclude .hg -resolve-src-symlinks /Users/admin/builder/spi-builder-workspace/Sources/WWCameraPickerController/Privacy /Users/admin/builder/spi-builder-workspace/.derivedData/Build/Products/Debug-watchos/WWCameraPickerController_WWCameraPickerController.bundle
RegisterExecutionPolicyException /Users/admin/builder/spi-builder-workspace/.derivedData/Build/Products/Debug-watchos/WWCameraPickerController_WWCameraPickerController.bundle (in target 'WWCameraPickerController_WWCameraPickerController' from project 'WWCameraPickerController')
cd /Users/admin/builder/spi-builder-workspace
builtin-RegisterExecutionPolicyException /Users/admin/builder/spi-builder-workspace/.derivedData/Build/Products/Debug-watchos/WWCameraPickerController_WWCameraPickerController.bundle
Touch /Users/admin/builder/spi-builder-workspace/.derivedData/Build/Products/Debug-watchos/WWCameraPickerController_WWCameraPickerController.bundle (in target 'WWCameraPickerController_WWCameraPickerController' from project 'WWCameraPickerController')
cd /Users/admin/builder/spi-builder-workspace
/usr/bin/touch -c /Users/admin/builder/spi-builder-workspace/.derivedData/Build/Products/Debug-watchos/WWCameraPickerController_WWCameraPickerController.bundle
SwiftDriver WWCameraPickerController normal arm64_32 com.apple.xcode.tools.swift.compiler (in target 'WWCameraPickerController' from project 'WWCameraPickerController')
cd /Users/admin/builder/spi-builder-workspace/.swiftpm/xcode
builtin-SwiftDriver -- /Applications/Xcode-27.0.0-Release.Candidate.app/Contents/Developer/Toolchains/XcodeDefault.xctoolchain/usr/bin/swiftc -parse-as-library -module-name WWCameraPickerController -Onone @/Users/admin/builder/spi-builder-workspace/.derivedData/Build/Intermediates.noindex/WWCameraPickerController.build/Debug-watchos/WWCameraPickerController-t.build/Objects-normal/arm64_32/WWCameraPickerController.SwiftFileList -DSWIFT_PACKAGE -DDEBUG -DSWIFT_MODULE_RESOURCE_BUNDLE_AVAILABLE -DXcode -plugin-path /Applications/Xcode-27.0.0-Release.Candidate.app/Contents/Developer/Toolchains/XcodeDefault.xctoolchain/usr/lib/swift/host/plugins/testing -enable-experimental-feature DebugDescriptionMacro -sdk /Applications/Xcode-27.0.0-Release.Candidate.app/Contents/Developer/Platforms/WatchOS.platform/Developer/SDKs/WatchOS27.0.sdk -target arm64_32-apple-watchos9.0 -g -module-cache-path /Users/admin/builder/spi-builder-workspace/.derivedData/ModuleCache.noindex -Xfrontend -serialize-debugging-options -enable-testing -index-store-path /Users/admin/builder/spi-builder-workspace/.derivedData/Index.noindex/DataStore -Xcc -D_LIBCPP_HARDENING_MODE\=_LIBCPP_HARDENING_MODE_DEBUG -swift-version 5 -I /Users/admin/builder/spi-builder-workspace/.derivedData/Build/Products/Debug-watchos -Isystem /Applications/Xcode-27.0.0-Release.Candidate.app/Contents/Developer/Platforms/WatchOS.platform/Developer/usr/lib -F /Users/admin/builder/spi-builder-workspace/.derivedData/Build/Products/Debug-watchos -F /Applications/Xcode-27.0.0-Release.Candidate.app/Contents/Developer/Platforms/WatchOS.platform/Developer/Library/Frameworks -F /Applications/Xcode-27.0.0-Release.Candidate.app/Contents/Developer/Platforms/WatchOS.platform/Developer/SDKs/WatchOS27.0.sdk/Developer/Library/Frameworks -c -j10 -enable-batch-mode -incremental -Xcc -ivfsstatcache -Xcc /Users/admin/builder/spi-builder-workspace/.derivedData/SDKStatCaches.noindex/watchos27.0-24R360-e829b21a6f8c9b70876ba0858053c04477534ef55a1706bf4c1112bbb242f0a2.sdkstatcache -output-file-map /Users/admin/builder/spi-builder-workspace/.derivedData/Build/Intermediates.noindex/WWCameraPickerController.build/Debug-watchos/WWCameraPickerController-t.build/Objects-normal/arm64_32/WWCameraPickerController-OutputFileMap.json -save-temps -no-color-diagnostics -explicit-module-build -module-cache-path /Users/admin/builder/spi-builder-workspace/.derivedData/Build/Intermediates.noindex/SwiftExplicitPrecompiledModules -clang-scanner-module-cache-path /Users/admin/builder/spi-builder-workspace/.derivedData/ModuleCache.noindex -sdk-module-cache-path /Users/admin/builder/spi-builder-workspace/.derivedData/SDKExplicitPrecompiledModules -emit-dependencies -emit-module -emit-module-path /Users/admin/builder/spi-builder-workspace/.derivedData/Build/Intermediates.noindex/WWCameraPickerController.build/Debug-watchos/WWCameraPickerController-t.build/Objects-normal/arm64_32/WWCameraPickerController.swiftmodule -serialize-diagnostics -dependency-scan-serialize-diagnostics-path /Users/admin/builder/spi-builder-workspace/.derivedData/Build/Intermediates.noindex/WWCameraPickerController.build/Debug-watchos/WWCameraPickerController-t.build/Objects-normal/arm64_32/WWCameraPickerController-dependency-scan.dia -validate-clang-modules-once -clang-build-session-file /Users/admin/builder/spi-builder-workspace/.derivedData/ModuleCache.noindex/Session.modulevalidation -Xcc -fmodules-prune-interval\=86400 -Xcc -fmodules-prune-after\=345600 -emit-const-values -const-gather-protocols-list /Users/admin/builder/spi-builder-workspace/.derivedData/Build/Intermediates.noindex/WWCameraPickerController.build/Debug-watchos/WWCameraPickerController-t.build/Objects-normal/arm64_32/WWCameraPickerController_const_extract_protocols.json -Xcc -I/Users/admin/builder/spi-builder-workspace/.derivedData/Build/Products/Debug-watchos/include -Xcc -I/Users/admin/builder/spi-builder-workspace/.derivedData/Build/Intermediates.noindex/WWCameraPickerController.build/Debug-watchos/WWCameraPickerController-t.build/DerivedSources-normal/arm64_32 -Xcc -I/Users/admin/builder/spi-builder-workspace/.derivedData/Build/Intermediates.noindex/WWCameraPickerController.build/Debug-watchos/WWCameraPickerController-t.build/DerivedSources/arm64_32 -Xcc -I/Users/admin/builder/spi-builder-workspace/.derivedData/Build/Intermediates.noindex/WWCameraPickerController.build/Debug-watchos/WWCameraPickerController-t.build/DerivedSources -Xcc -DSWIFT_PACKAGE -Xcc -DDEBUG\=1 -emit-objc-header -emit-objc-header-path /Users/admin/builder/spi-builder-workspace/.derivedData/Build/Intermediates.noindex/WWCameraPickerController.build/Debug-watchos/WWCameraPickerController-t.build/Objects-normal/arm64_32/WWCameraPickerController-Swift.h -working-directory /Users/admin/builder/spi-builder-workspace/.swiftpm/xcode -experimental-emit-module-separately -disable-cmo
/Users/admin/builder/spi-builder-workspace/Sources/WWCameraPickerController/Extension+.swift:10:8: error: Unable to resolve module dependency: 'Photos' (in target 'WWCameraPickerController' from project 'WWCameraPickerController')
note: A dependency of main module 'WWCameraPickerController'
/Users/admin/builder/spi-builder-workspace/Sources/WWCameraPickerController/Extension+.swift:10:8: note: A dependency of main module 'WWCameraPickerController'
import Photos
^ (in target 'WWCameraPickerController' from project 'WWCameraPickerController')
SwiftDriver WWCameraPickerController normal arm64 com.apple.xcode.tools.swift.compiler (in target 'WWCameraPickerController' from project 'WWCameraPickerController')
cd /Users/admin/builder/spi-builder-workspace/.swiftpm/xcode
builtin-SwiftDriver -- /Applications/Xcode-27.0.0-Release.Candidate.app/Contents/Developer/Toolchains/XcodeDefault.xctoolchain/usr/bin/swiftc -parse-as-library -module-name WWCameraPickerController -Onone @/Users/admin/builder/spi-builder-workspace/.derivedData/Build/Intermediates.noindex/WWCameraPickerController.build/Debug-watchos/WWCameraPickerController-t.build/Objects-normal/arm64/WWCameraPickerController.SwiftFileList -DSWIFT_PACKAGE -DDEBUG -DSWIFT_MODULE_RESOURCE_BUNDLE_AVAILABLE -DXcode -plugin-path /Applications/Xcode-27.0.0-Release.Candidate.app/Contents/Developer/Toolchains/XcodeDefault.xctoolchain/usr/lib/swift/host/plugins/testing -enable-experimental-feature DebugDescriptionMacro -sdk /Applications/Xcode-27.0.0-Release.Candidate.app/Contents/Developer/Platforms/WatchOS.platform/Developer/SDKs/WatchOS27.0.sdk -target arm64-apple-watchos9.0 -g -module-cache-path /Users/admin/builder/spi-builder-workspace/.derivedData/ModuleCache.noindex -Xfrontend -serialize-debugging-options -enable-testing -index-store-path /Users/admin/builder/spi-builder-workspace/.derivedData/Index.noindex/DataStore -Xcc -D_LIBCPP_HARDENING_MODE\=_LIBCPP_HARDENING_MODE_DEBUG -swift-version 5 -I /Users/admin/builder/spi-builder-workspace/.derivedData/Build/Products/Debug-watchos -Isystem /Applications/Xcode-27.0.0-Release.Candidate.app/Contents/Developer/Platforms/WatchOS.platform/Developer/usr/lib -F /Users/admin/builder/spi-builder-workspace/.derivedData/Build/Products/Debug-watchos -F /Applications/Xcode-27.0.0-Release.Candidate.app/Contents/Developer/Platforms/WatchOS.platform/Developer/Library/Frameworks -F /Applications/Xcode-27.0.0-Release.Candidate.app/Contents/Developer/Platforms/WatchOS.platform/Developer/SDKs/WatchOS27.0.sdk/Developer/Library/Frameworks -c -j10 -enable-batch-mode -incremental -Xcc -ivfsstatcache -Xcc /Users/admin/builder/spi-builder-workspace/.derivedData/SDKStatCaches.noindex/watchos27.0-24R360-e829b21a6f8c9b70876ba0858053c04477534ef55a1706bf4c1112bbb242f0a2.sdkstatcache -output-file-map /Users/admin/builder/spi-builder-workspace/.derivedData/Build/Intermediates.noindex/WWCameraPickerController.build/Debug-watchos/WWCameraPickerController-t.build/Objects-normal/arm64/WWCameraPickerController-OutputFileMap.json -save-temps -no-color-diagnostics -explicit-module-build -module-cache-path /Users/admin/builder/spi-builder-workspace/.derivedData/Build/Intermediates.noindex/SwiftExplicitPrecompiledModules -clang-scanner-module-cache-path /Users/admin/builder/spi-builder-workspace/.derivedData/ModuleCache.noindex -sdk-module-cache-path /Users/admin/builder/spi-builder-workspace/.derivedData/SDKExplicitPrecompiledModules -emit-dependencies -emit-module -emit-module-path /Users/admin/builder/spi-builder-workspace/.derivedData/Build/Intermediates.noindex/WWCameraPickerController.build/Debug-watchos/WWCameraPickerController-t.build/Objects-normal/arm64/WWCameraPickerController.swiftmodule -serialize-diagnostics -dependency-scan-serialize-diagnostics-path /Users/admin/builder/spi-builder-workspace/.derivedData/Build/Intermediates.noindex/WWCameraPickerController.build/Debug-watchos/WWCameraPickerController-t.build/Objects-normal/arm64/WWCameraPickerController-dependency-scan.dia -validate-clang-modules-once -clang-build-session-file /Users/admin/builder/spi-builder-workspace/.derivedData/ModuleCache.noindex/Session.modulevalidation -Xcc -fmodules-prune-interval\=86400 -Xcc -fmodules-prune-after\=345600 -emit-const-values -const-gather-protocols-list /Users/admin/builder/spi-builder-workspace/.derivedData/Build/Intermediates.noindex/WWCameraPickerController.build/Debug-watchos/WWCameraPickerController-t.build/Objects-normal/arm64/WWCameraPickerController_const_extract_protocols.json -Xcc -I/Users/admin/builder/spi-builder-workspace/.derivedData/Build/Products/Debug-watchos/include -Xcc -I/Users/admin/builder/spi-builder-workspace/.derivedData/Build/Intermediates.noindex/WWCameraPickerController.build/Debug-watchos/WWCameraPickerController-t.build/DerivedSources-normal/arm64 -Xcc -I/Users/admin/builder/spi-builder-workspace/.derivedData/Build/Intermediates.noindex/WWCameraPickerController.build/Debug-watchos/WWCameraPickerController-t.build/DerivedSources/arm64 -Xcc -I/Users/admin/builder/spi-builder-workspace/.derivedData/Build/Intermediates.noindex/WWCameraPickerController.build/Debug-watchos/WWCameraPickerController-t.build/DerivedSources -Xcc -DSWIFT_PACKAGE -Xcc -DDEBUG\=1 -emit-objc-header -emit-objc-header-path /Users/admin/builder/spi-builder-workspace/.derivedData/Build/Intermediates.noindex/WWCameraPickerController.build/Debug-watchos/WWCameraPickerController-t.build/Objects-normal/arm64/WWCameraPickerController-Swift.h -working-directory /Users/admin/builder/spi-builder-workspace/.swiftpm/xcode -experimental-emit-module-separately -disable-cmo
/Users/admin/builder/spi-builder-workspace/Sources/WWCameraPickerController/Extension+.swift:10:8: error: Unable to resolve module dependency: 'Photos' (in target 'WWCameraPickerController' from project 'WWCameraPickerController')
note: A dependency of main module 'WWCameraPickerController'
/Users/admin/builder/spi-builder-workspace/Sources/WWCameraPickerController/Extension+.swift:10:8: note: A dependency of main module 'WWCameraPickerController'
import Photos
^ (in target 'WWCameraPickerController' from project 'WWCameraPickerController')
PruneExplicitPrecompiledModules /Users/admin/builder/spi-builder-workspace/.derivedData/Build/Intermediates.noindex/SwiftExplicitPrecompiledModules
PruneExplicitPrecompiledModules /Users/admin/builder/spi-builder-workspace/.derivedData/Build/Intermediates.noindex/ExplicitPrecompiledModules
PruneExplicitPrecompiledModules /Users/admin/builder/spi-builder-workspace/.derivedData/SDKExplicitPrecompiledModules
2026-09-20 22:45:47.473 xcodebuild[717:4372] [MT] IDERunDestination: Supported platforms for the buildables in the current scheme is empty.
** BUILD FAILED **
The following build commands failed:
SwiftDriver WWCameraPickerController normal arm64_32 com.apple.xcode.tools.swift.compiler (in target 'WWCameraPickerController' from project 'WWCameraPickerController')
SwiftDriver WWCameraPickerController normal arm64 com.apple.xcode.tools.swift.compiler (in target 'WWCameraPickerController' from project 'WWCameraPickerController')
Building workspace WWCameraPickerController with scheme WWCameraPickerController
(3 failures)
Command line invocation:
/Applications/Xcode-27.0.0-Release.Candidate.app/Contents/Developer/usr/bin/xcodebuild -IDEClonedSourcePackagesDirPathOverride=/Users/admin/builder/spi-builder-workspace/.dependencies -resolvePackageDependencies
Resolve Package Graph
Resolved source packages:
WWCameraPickerController: /Users/admin/builder/spi-builder-workspace
resolved source packages: WWCameraPickerController
2026-09-20 22:45:51.034 xcodebuild[733:4628] [MT] IDERunDestination: Supported platforms for the buildables in the current scheme is empty.
{
"dependencies" : [
],
"manifest_display_name" : "WWCameraPickerController",
"name" : "WWCameraPickerController",
"path" : "/Users/admin/builder/spi-builder-workspace",
"platforms" : [
{
"name" : "ios",
"version" : "14.0"
}
],
"products" : [
{
"name" : "WWCameraPickerController",
"targets" : [
"WWCameraPickerController"
],
"type" : {
"library" : [
"automatic"
]
}
}
],
"swift_languages_versions" : [
"5"
],
"targets" : [
{
"c99name" : "WWCameraPickerController",
"module_type" : "SwiftTarget",
"name" : "WWCameraPickerController",
"path" : "Sources/WWCameraPickerController",
"product_memberships" : [
"WWCameraPickerController"
],
"resources" : [
{
"path" : "/Users/admin/builder/spi-builder-workspace/Sources/WWCameraPickerController/Privacy",
"rule" : {
"copy" : {
}
}
}
],
"sources" : [
"Constant.swift",
"Extension+.swift",
"WWCameraPickerController.swift"
],
"type" : "library"
}
],
"tools_version" : "5.6"
}
{
"workspace" : {
"name" : "WWCameraPickerController",
"schemes" : [
"WWCameraPickerController"
]
}
}
2026-09-20 22:45:52.392 xcodebuild[741:4684] [MT] IDERunDestination: Supported platforms for the buildables in the current scheme is empty.
Running build ...
env DEVELOPER_DIR=/Applications/Xcode-27.0.0-Release.Candidate.app xcrun xcodebuild -IDEClonedSourcePackagesDirPathOverride=$PWD/.dependencies -skipMacroValidation -skipPackagePluginValidation -derivedDataPath $PWD/.derivedData build -scheme WWCameraPickerController -destination generic/platform=watchOS
Command line invocation:
/Applications/Xcode-27.0.0-Release.Candidate.app/Contents/Developer/usr/bin/xcodebuild -IDEClonedSourcePackagesDirPathOverride=/Users/admin/builder/spi-builder-workspace/.dependencies -skipMacroValidation -skipPackagePluginValidation -derivedDataPath /Users/admin/builder/spi-builder-workspace/.derivedData build -scheme WWCameraPickerController -destination generic/platform=watchOS
Resolve Package Graph
Resolved source packages:
WWCameraPickerController: /Users/admin/builder/spi-builder-workspace
ComputePackagePrebuildTargetDependencyGraph
Prepare packages
CreateBuildRequest
SendProjectDescription
CreateBuildOperation
ComputeTargetDependencyGraph
note: Building targets in dependency order
note: Target dependency graph (3 targets)
Target 'WWCameraPickerController-product' in project 'WWCameraPickerController'
➜ Explicit dependency on target 'WWCameraPickerController' in project 'WWCameraPickerController'
➜ Explicit dependency on target 'WWCameraPickerController_WWCameraPickerController' in project 'WWCameraPickerController'
Target 'WWCameraPickerController' in project 'WWCameraPickerController'
➜ Explicit dependency on target 'WWCameraPickerController_WWCameraPickerController' in project 'WWCameraPickerController'
Target 'WWCameraPickerController_WWCameraPickerController' in project 'WWCameraPickerController' (no dependencies)
GatherProvisioningInputs
CreateBuildDescription
ClangStatCache /Applications/Xcode-27.0.0-Release.Candidate.app/Contents/Developer/Toolchains/XcodeDefault.xctoolchain/usr/bin/clang-stat-cache /Applications/Xcode-27.0.0-Release.Candidate.app/Contents/Developer/Platforms/WatchOS.platform/Developer/SDKs/WatchOS27.0.sdk /Users/admin/builder/spi-builder-workspace/.derivedData/SDKStatCaches.noindex/watchos27.0-24R360-e829b21a6f8c9b70876ba0858053c04477534ef55a1706bf4c1112bbb242f0a2.sdkstatcache
cd /Users/admin/builder/spi-builder-workspace/.swiftpm/xcode
/Applications/Xcode-27.0.0-Release.Candidate.app/Contents/Developer/Toolchains/XcodeDefault.xctoolchain/usr/bin/clang-stat-cache /Applications/Xcode-27.0.0-Release.Candidate.app/Contents/Developer/Platforms/WatchOS.platform/Developer/SDKs/WatchOS27.0.sdk -o /Users/admin/builder/spi-builder-workspace/.derivedData/SDKStatCaches.noindex/watchos27.0-24R360-e829b21a6f8c9b70876ba0858053c04477534ef55a1706bf4c1112bbb242f0a2.sdkstatcache
SwiftDriver WWCameraPickerController normal arm64_32 com.apple.xcode.tools.swift.compiler (in target 'WWCameraPickerController' from project 'WWCameraPickerController')
cd /Users/admin/builder/spi-builder-workspace/.swiftpm/xcode
builtin-SwiftDriver -- /Applications/Xcode-27.0.0-Release.Candidate.app/Contents/Developer/Toolchains/XcodeDefault.xctoolchain/usr/bin/swiftc -parse-as-library -module-name WWCameraPickerController -Onone @/Users/admin/builder/spi-builder-workspace/.derivedData/Build/Intermediates.noindex/WWCameraPickerController.build/Debug-watchos/WWCameraPickerController-t.build/Objects-normal/arm64_32/WWCameraPickerController.SwiftFileList -DSWIFT_PACKAGE -DDEBUG -DSWIFT_MODULE_RESOURCE_BUNDLE_AVAILABLE -DXcode -plugin-path /Applications/Xcode-27.0.0-Release.Candidate.app/Contents/Developer/Toolchains/XcodeDefault.xctoolchain/usr/lib/swift/host/plugins/testing -enable-experimental-feature DebugDescriptionMacro -sdk /Applications/Xcode-27.0.0-Release.Candidate.app/Contents/Developer/Platforms/WatchOS.platform/Developer/SDKs/WatchOS27.0.sdk -target arm64_32-apple-watchos9.0 -g -module-cache-path /Users/admin/builder/spi-builder-workspace/.derivedData/ModuleCache.noindex -Xfrontend -serialize-debugging-options -enable-testing -index-store-path /Users/admin/builder/spi-builder-workspace/.derivedData/Index.noindex/DataStore -Xcc -D_LIBCPP_HARDENING_MODE\=_LIBCPP_HARDENING_MODE_DEBUG -swift-version 5 -I /Users/admin/builder/spi-builder-workspace/.derivedData/Build/Products/Debug-watchos -Isystem /Applications/Xcode-27.0.0-Release.Candidate.app/Contents/Developer/Platforms/WatchOS.platform/Developer/usr/lib -F /Users/admin/builder/spi-builder-workspace/.derivedData/Build/Products/Debug-watchos -F /Applications/Xcode-27.0.0-Release.Candidate.app/Contents/Developer/Platforms/WatchOS.platform/Developer/Library/Frameworks -F /Applications/Xcode-27.0.0-Release.Candidate.app/Contents/Developer/Platforms/WatchOS.platform/Developer/SDKs/WatchOS27.0.sdk/Developer/Library/Frameworks -c -j10 -enable-batch-mode -incremental -Xcc -ivfsstatcache -Xcc /Users/admin/builder/spi-builder-workspace/.derivedData/SDKStatCaches.noindex/watchos27.0-24R360-e829b21a6f8c9b70876ba0858053c04477534ef55a1706bf4c1112bbb242f0a2.sdkstatcache -output-file-map /Users/admin/builder/spi-builder-workspace/.derivedData/Build/Intermediates.noindex/WWCameraPickerController.build/Debug-watchos/WWCameraPickerController-t.build/Objects-normal/arm64_32/WWCameraPickerController-OutputFileMap.json -save-temps -no-color-diagnostics -explicit-module-build -module-cache-path /Users/admin/builder/spi-builder-workspace/.derivedData/Build/Intermediates.noindex/SwiftExplicitPrecompiledModules -clang-scanner-module-cache-path /Users/admin/builder/spi-builder-workspace/.derivedData/ModuleCache.noindex -sdk-module-cache-path /Users/admin/builder/spi-builder-workspace/.derivedData/SDKExplicitPrecompiledModules -emit-dependencies -emit-module -emit-module-path /Users/admin/builder/spi-builder-workspace/.derivedData/Build/Intermediates.noindex/WWCameraPickerController.build/Debug-watchos/WWCameraPickerController-t.build/Objects-normal/arm64_32/WWCameraPickerController.swiftmodule -serialize-diagnostics -dependency-scan-serialize-diagnostics-path /Users/admin/builder/spi-builder-workspace/.derivedData/Build/Intermediates.noindex/WWCameraPickerController.build/Debug-watchos/WWCameraPickerController-t.build/Objects-normal/arm64_32/WWCameraPickerController-dependency-scan.dia -validate-clang-modules-once -clang-build-session-file /Users/admin/builder/spi-builder-workspace/.derivedData/ModuleCache.noindex/Session.modulevalidation -Xcc -fmodules-prune-interval\=86400 -Xcc -fmodules-prune-after\=345600 -emit-const-values -const-gather-protocols-list /Users/admin/builder/spi-builder-workspace/.derivedData/Build/Intermediates.noindex/WWCameraPickerController.build/Debug-watchos/WWCameraPickerController-t.build/Objects-normal/arm64_32/WWCameraPickerController_const_extract_protocols.json -Xcc -I/Users/admin/builder/spi-builder-workspace/.derivedData/Build/Products/Debug-watchos/include -Xcc -I/Users/admin/builder/spi-builder-workspace/.derivedData/Build/Intermediates.noindex/WWCameraPickerController.build/Debug-watchos/WWCameraPickerController-t.build/DerivedSources-normal/arm64_32 -Xcc -I/Users/admin/builder/spi-builder-workspace/.derivedData/Build/Intermediates.noindex/WWCameraPickerController.build/Debug-watchos/WWCameraPickerController-t.build/DerivedSources/arm64_32 -Xcc -I/Users/admin/builder/spi-builder-workspace/.derivedData/Build/Intermediates.noindex/WWCameraPickerController.build/Debug-watchos/WWCameraPickerController-t.build/DerivedSources -Xcc -DSWIFT_PACKAGE -Xcc -DDEBUG\=1 -emit-objc-header -emit-objc-header-path /Users/admin/builder/spi-builder-workspace/.derivedData/Build/Intermediates.noindex/WWCameraPickerController.build/Debug-watchos/WWCameraPickerController-t.build/Objects-normal/arm64_32/WWCameraPickerController-Swift.h -working-directory /Users/admin/builder/spi-builder-workspace/.swiftpm/xcode -experimental-emit-module-separately -disable-cmo
/Users/admin/builder/spi-builder-workspace/Sources/WWCameraPickerController/Extension+.swift:10:8: error: Unable to resolve module dependency: 'Photos' (in target 'WWCameraPickerController' from project 'WWCameraPickerController')
note: A dependency of main module 'WWCameraPickerController'
/Users/admin/builder/spi-builder-workspace/Sources/WWCameraPickerController/Extension+.swift:10:8: note: A dependency of main module 'WWCameraPickerController'
import Photos
^ (in target 'WWCameraPickerController' from project 'WWCameraPickerController')
SwiftDriver WWCameraPickerController normal arm64 com.apple.xcode.tools.swift.compiler (in target 'WWCameraPickerController' from project 'WWCameraPickerController')
cd /Users/admin/builder/spi-builder-workspace/.swiftpm/xcode
builtin-SwiftDriver -- /Applications/Xcode-27.0.0-Release.Candidate.app/Contents/Developer/Toolchains/XcodeDefault.xctoolchain/usr/bin/swiftc -parse-as-library -module-name WWCameraPickerController -Onone @/Users/admin/builder/spi-builder-workspace/.derivedData/Build/Intermediates.noindex/WWCameraPickerController.build/Debug-watchos/WWCameraPickerController-t.build/Objects-normal/arm64/WWCameraPickerController.SwiftFileList -DSWIFT_PACKAGE -DDEBUG -DSWIFT_MODULE_RESOURCE_BUNDLE_AVAILABLE -DXcode -plugin-path /Applications/Xcode-27.0.0-Release.Candidate.app/Contents/Developer/Toolchains/XcodeDefault.xctoolchain/usr/lib/swift/host/plugins/testing -enable-experimental-feature DebugDescriptionMacro -sdk /Applications/Xcode-27.0.0-Release.Candidate.app/Contents/Developer/Platforms/WatchOS.platform/Developer/SDKs/WatchOS27.0.sdk -target arm64-apple-watchos9.0 -g -module-cache-path /Users/admin/builder/spi-builder-workspace/.derivedData/ModuleCache.noindex -Xfrontend -serialize-debugging-options -enable-testing -index-store-path /Users/admin/builder/spi-builder-workspace/.derivedData/Index.noindex/DataStore -Xcc -D_LIBCPP_HARDENING_MODE\=_LIBCPP_HARDENING_MODE_DEBUG -swift-version 5 -I /Users/admin/builder/spi-builder-workspace/.derivedData/Build/Products/Debug-watchos -Isystem /Applications/Xcode-27.0.0-Release.Candidate.app/Contents/Developer/Platforms/WatchOS.platform/Developer/usr/lib -F /Users/admin/builder/spi-builder-workspace/.derivedData/Build/Products/Debug-watchos -F /Applications/Xcode-27.0.0-Release.Candidate.app/Contents/Developer/Platforms/WatchOS.platform/Developer/Library/Frameworks -F /Applications/Xcode-27.0.0-Release.Candidate.app/Contents/Developer/Platforms/WatchOS.platform/Developer/SDKs/WatchOS27.0.sdk/Developer/Library/Frameworks -c -j10 -enable-batch-mode -incremental -Xcc -ivfsstatcache -Xcc /Users/admin/builder/spi-builder-workspace/.derivedData/SDKStatCaches.noindex/watchos27.0-24R360-e829b21a6f8c9b70876ba0858053c04477534ef55a1706bf4c1112bbb242f0a2.sdkstatcache -output-file-map /Users/admin/builder/spi-builder-workspace/.derivedData/Build/Intermediates.noindex/WWCameraPickerController.build/Debug-watchos/WWCameraPickerController-t.build/Objects-normal/arm64/WWCameraPickerController-OutputFileMap.json -save-temps -no-color-diagnostics -explicit-module-build -module-cache-path /Users/admin/builder/spi-builder-workspace/.derivedData/Build/Intermediates.noindex/SwiftExplicitPrecompiledModules -clang-scanner-module-cache-path /Users/admin/builder/spi-builder-workspace/.derivedData/ModuleCache.noindex -sdk-module-cache-path /Users/admin/builder/spi-builder-workspace/.derivedData/SDKExplicitPrecompiledModules -emit-dependencies -emit-module -emit-module-path /Users/admin/builder/spi-builder-workspace/.derivedData/Build/Intermediates.noindex/WWCameraPickerController.build/Debug-watchos/WWCameraPickerController-t.build/Objects-normal/arm64/WWCameraPickerController.swiftmodule -serialize-diagnostics -dependency-scan-serialize-diagnostics-path /Users/admin/builder/spi-builder-workspace/.derivedData/Build/Intermediates.noindex/WWCameraPickerController.build/Debug-watchos/WWCameraPickerController-t.build/Objects-normal/arm64/WWCameraPickerController-dependency-scan.dia -validate-clang-modules-once -clang-build-session-file /Users/admin/builder/spi-builder-workspace/.derivedData/ModuleCache.noindex/Session.modulevalidation -Xcc -fmodules-prune-interval\=86400 -Xcc -fmodules-prune-after\=345600 -emit-const-values -const-gather-protocols-list /Users/admin/builder/spi-builder-workspace/.derivedData/Build/Intermediates.noindex/WWCameraPickerController.build/Debug-watchos/WWCameraPickerController-t.build/Objects-normal/arm64/WWCameraPickerController_const_extract_protocols.json -Xcc -I/Users/admin/builder/spi-builder-workspace/.derivedData/Build/Products/Debug-watchos/include -Xcc -I/Users/admin/builder/spi-builder-workspace/.derivedData/Build/Intermediates.noindex/WWCameraPickerController.build/Debug-watchos/WWCameraPickerController-t.build/DerivedSources-normal/arm64 -Xcc -I/Users/admin/builder/spi-builder-workspace/.derivedData/Build/Intermediates.noindex/WWCameraPickerController.build/Debug-watchos/WWCameraPickerController-t.build/DerivedSources/arm64 -Xcc -I/Users/admin/builder/spi-builder-workspace/.derivedData/Build/Intermediates.noindex/WWCameraPickerController.build/Debug-watchos/WWCameraPickerController-t.build/DerivedSources -Xcc -DSWIFT_PACKAGE -Xcc -DDEBUG\=1 -emit-objc-header -emit-objc-header-path /Users/admin/builder/spi-builder-workspace/.derivedData/Build/Intermediates.noindex/WWCameraPickerController.build/Debug-watchos/WWCameraPickerController-t.build/Objects-normal/arm64/WWCameraPickerController-Swift.h -working-directory /Users/admin/builder/spi-builder-workspace/.swiftpm/xcode -experimental-emit-module-separately -disable-cmo
/Users/admin/builder/spi-builder-workspace/Sources/WWCameraPickerController/Extension+.swift:10:8: error: Unable to resolve module dependency: 'Photos' (in target 'WWCameraPickerController' from project 'WWCameraPickerController')
note: A dependency of main module 'WWCameraPickerController'
/Users/admin/builder/spi-builder-workspace/Sources/WWCameraPickerController/Extension+.swift:10:8: note: A dependency of main module 'WWCameraPickerController'
import Photos
^ (in target 'WWCameraPickerController' from project 'WWCameraPickerController')
PruneExplicitPrecompiledModules /Users/admin/builder/spi-builder-workspace/.derivedData/Build/Intermediates.noindex/ExplicitPrecompiledModules
PruneExplicitPrecompiledModules /Users/admin/builder/spi-builder-workspace/.derivedData/Build/Intermediates.noindex/SwiftExplicitPrecompiledModules
PruneExplicitPrecompiledModules /Users/admin/builder/spi-builder-workspace/.derivedData/SDKExplicitPrecompiledModules
2026-09-20 22:45:53.406 xcodebuild[742:4715] [MT] IDERunDestination: Supported platforms for the buildables in the current scheme is empty.
** BUILD FAILED **
The following build commands failed:
SwiftDriver WWCameraPickerController normal arm64_32 com.apple.xcode.tools.swift.compiler (in target 'WWCameraPickerController' from project 'WWCameraPickerController')
SwiftDriver WWCameraPickerController normal arm64 com.apple.xcode.tools.swift.compiler (in target 'WWCameraPickerController' from project 'WWCameraPickerController')
Building workspace WWCameraPickerController with scheme WWCameraPickerController
(3 failures)
BUILD FAILURE 6.4 watchOS