Build Information
Failed to build Caesura, reference master (19d78c), with Swift 6.4 for iOS using Xcode 27.0 on 18 Sep 2026 00:45:55 UTC.
Build Command
No build command. This typically means the build failed at an early stage where we determine the build command.Build Log
========================================
RunAll
========================================
Builder version: 5.1.0
Interrupt handler set up.
========================================
Checkout
========================================
Clone URL: https://github.com/LucianoPolit/Caesura.git
Reference: master
Initialized empty Git repository in /Users/admin/builder/spi-builder-workspace/.git/
From https://github.com/LucianoPolit/Caesura
* branch master -> FETCH_HEAD
* [new branch] master -> origin/master
HEAD is now at 19d78c7 New release
Cloned https://github.com/LucianoPolit/Caesura.git
Revision (git rev-parse @):
19d78c7e340078d506765a8458f019aef5f22aa8
SUCCESS checkout https://github.com/LucianoPolit/Caesura.git at master
========================================
Build
========================================
Selected platform: iOS
Swift version: 6.4
Building package at path: $PWD
https://github.com/LucianoPolit/Caesura.git
Command line invocation:
/Applications/Xcode-27.0.0-Release.Candidate.app/Contents/Developer/usr/bin/xcodebuild -IDEClonedSourcePackagesDirPathOverride=/Users/admin/builder/spi-builder-workspace/.dependencies -resolvePackageDependencies
Resolve Package Graph
Fetching from https://github.com/Quick/Nimble.git
Fetching from https://github.com/svdo/ReRxSwift.git
Fetching from https://github.com/devxoul/Then.git
Fetching from https://github.com/ReSwift/ReSwift.git
Fetching from https://github.com/mattgallagher/CwlPreconditionTesting.git
the package manifest at '/Package.swift' cannot be accessed (/Package.swift doesn't exist in file system)Resolve Package Graph
Updating from https://github.com/Quick/Nimble.git
Updating from https://github.com/ReSwift/ReSwift.git
Updating from https://github.com/devxoul/Then.git
Updating from https://github.com/svdo/ReRxSwift.git
Updating from https://github.com/mattgallagher/CwlPreconditionTesting.git
the package manifest at '/Package.swift' cannot be accessed (/Package.swift doesn't exist in file system)Resolve Package Graph
Updating from https://github.com/devxoul/Then.git
Updating from https://github.com/svdo/ReRxSwift.git
Updating from https://github.com/ReSwift/ReSwift.git
Updating from https://github.com/Quick/Nimble.git
Updating from https://github.com/mattgallagher/CwlPreconditionTesting.git
the package manifest at '/Package.swift' cannot be accessed (/Package.swift doesn't exist in file system)Resolve Package Graph
Updating from https://github.com/ReSwift/ReSwift.git
Updating from https://github.com/svdo/ReRxSwift.git
Updating from https://github.com/devxoul/Then.git
Updating from https://github.com/Quick/Nimble.git
Updating from https://github.com/mattgallagher/CwlPreconditionTesting.git
the package manifest at '/Package.swift' cannot be accessed (/Package.swift doesn't exist in file system)
Resolved source packages:
spi-builder-workspace: (null)
2026-09-17 20:45:52.474 xcodebuild[528:3048] Writing error result bundle to /var/folders/xq/y_g06wb113726d38xsyx71_h0000gn/T/ResultBundle_2026-17-09_20-45-0052.xcresult
xcodebuild: error: Could not resolve package dependencies:
the package manifest at '/Package.swift' cannot be accessed (/Package.swift doesn't exist in file system)
Command line invocation:
/Applications/Xcode-27.0.0-Release.Candidate.app/Contents/Developer/usr/bin/xcodebuild -IDEClonedSourcePackagesDirPathOverride=/Users/admin/builder/spi-builder-workspace/.dependencies -resolvePackageDependencies
Resolve Package Graph
Updating from https://github.com/ReSwift/ReSwift.git
Updating from https://github.com/Quick/Nimble.git
Updating from https://github.com/devxoul/Then.git
Updating from https://github.com/svdo/ReRxSwift.git
Updating from https://github.com/mattgallagher/CwlPreconditionTesting.git
the package manifest at '/Package.swift' cannot be accessed (/Package.swift doesn't exist in file system)
Resolved source packages:
spi-builder-workspace: (null)
2026-09-17 20:45:55.159 xcodebuild[869:4570] Writing error result bundle to /var/folders/xq/y_g06wb113726d38xsyx71_h0000gn/T/ResultBundle_2026-17-09_20-45-0055.xcresult
xcodebuild: error: Could not resolve package dependencies:
the package manifest at '/Package.swift' cannot be accessed (/Package.swift doesn't exist in file system)
BUILD FAILURE 6.4 iOS