Build Information
Failed to build COpenSSL, reference main (9dfa68), with Swift 6.4 for watchOS using Xcode 27.0 on 21 Sep 2026 08:14:26 UTC.
Build Command
No build command. This typically means the build failed at an early stage where we determine the build command.Build Log
========================================
RunAll
========================================
Builder version: 5.1.0
Interrupt handler set up.
========================================
Checkout
========================================
Clone URL: https://github.com/xcode-actions/COpenSSL.git
Reference: main
Initialized empty Git repository in /Users/admin/builder/spi-builder-workspace/.git/
From https://github.com/xcode-actions/COpenSSL
* branch main -> FETCH_HEAD
* [new branch] main -> origin/main
HEAD is now at 9dfa686 Use new path for happn dependencies
Cloned https://github.com/xcode-actions/COpenSSL.git
Revision (git rev-parse @):
9dfa6863cdf35ad495d442626f89d6312c5b1f4a
SUCCESS checkout https://github.com/xcode-actions/COpenSSL.git at main
========================================
Build
========================================
Selected platform: watchOS
Swift version: 6.4
Building package at path: $PWD
https://github.com/xcode-actions/COpenSSL.git
Command line invocation:
/Applications/Xcode-27.0.0-Release.Candidate.app/Contents/Developer/usr/bin/xcodebuild -IDEClonedSourcePackagesDirPathOverride=/Users/admin/builder/spi-builder-workspace/.dependencies -resolvePackageDependencies
Resolve Package Graph
Fetching from https://github.com/xcode-actions/XcodeTools.git
Fetching from https://github.com/xcode-actions/clt-logger.git
Fetching from https://github.com/apple/swift-argument-parser.git
Fetching from https://github.com/xcode-actions/swift-signal-handling.git
Fetching from https://github.com/happn-app/XibLoc.git
Fetching from https://github.com/apple/swift-log.git
Fetching from https://github.com/apple/swift-system.git
Fetching from https://github.com/xcode-actions/eXtenderZ.git
Fetching from https://github.com/xcode-actions/stream-reader.git
skipping cache due to an error: Failed to clone repository https://github.com/xcode-actions/stream-reader.git:
Cloning into bare repository '/Users/admin/Library/Caches/org.swift.swiftpm/repositories/stream-reader-b4dacb16'...
fatal: could not read Username for 'https://github.com': terminal prompts disabled
Fetching from https://github.com/xcode-actions/stream-reader.git
skipping cache due to an error: Failed to clone repository https://github.com/xcode-actions/stream-reader.git:
Cloning into bare repository '/Users/admin/Library/Caches/org.swift.swiftpm/repositories/stream-reader-b4dacb16'...
fatal: could not read Username for 'https://github.com': terminal prompts disabled
Resolve Package Graph
Updating from https://github.com/xcode-actions/swift-signal-handling.git
Updating from https://github.com/xcode-actions/clt-logger.git
Updating from https://github.com/happn-app/XibLoc.git
Updating from https://github.com/xcode-actions/XcodeTools.git
Updating from https://github.com/apple/swift-argument-parser.git
Updating from https://github.com/apple/swift-system.git
Updating from https://github.com/apple/swift-log.git
Fetching from https://github.com/xcode-actions/stream-reader.git
skipping cache due to an error: Failed to clone repository https://github.com/xcode-actions/stream-reader.git:
Cloning into bare repository '/Users/admin/Library/Caches/org.swift.swiftpm/repositories/stream-reader-b4dacb16'...
fatal: could not read Username for 'https://github.com': terminal prompts disabled
Updating from https://github.com/xcode-actions/eXtenderZ.git
Fetching from https://github.com/xcode-actions/stream-reader.git
skipping cache due to an error: Failed to clone repository https://github.com/xcode-actions/stream-reader.git:
Cloning into bare repository '/Users/admin/Library/Caches/org.swift.swiftpm/repositories/stream-reader-b4dacb16'...
fatal: could not read Username for 'https://github.com': terminal prompts disabled
Resolve Package Graph
Updating from https://github.com/xcode-actions/clt-logger.git
Updating from https://github.com/xcode-actions/swift-signal-handling.git
Updating from https://github.com/happn-app/XibLoc.git
Updating from https://github.com/apple/swift-argument-parser.git
Updating from https://github.com/xcode-actions/XcodeTools.git
Updating from https://github.com/apple/swift-system.git
Updating from https://github.com/apple/swift-log.git
Fetching from https://github.com/xcode-actions/stream-reader.git
skipping cache due to an error: Failed to clone repository https://github.com/xcode-actions/stream-reader.git:
Cloning into bare repository '/Users/admin/Library/Caches/org.swift.swiftpm/repositories/stream-reader-b4dacb16'...
fatal: could not read Username for 'https://github.com': terminal prompts disabled
Updating from https://github.com/xcode-actions/eXtenderZ.git
Fetching from https://github.com/xcode-actions/stream-reader.git
skipping cache due to an error: Failed to clone repository https://github.com/xcode-actions/stream-reader.git:
Cloning into bare repository '/Users/admin/Library/Caches/org.swift.swiftpm/repositories/stream-reader-b4dacb16'...
fatal: could not read Username for 'https://github.com': terminal prompts disabled
Resolve Package Graph
Updating from https://github.com/xcode-actions/clt-logger.git
Updating from https://github.com/apple/swift-argument-parser.git
Updating from https://github.com/xcode-actions/swift-signal-handling.git
Updating from https://github.com/xcode-actions/XcodeTools.git
Updating from https://github.com/happn-app/XibLoc.git
Updating from https://github.com/apple/swift-system.git
Updating from https://github.com/apple/swift-log.git
Updating from https://github.com/xcode-actions/eXtenderZ.git
Fetching from https://github.com/xcode-actions/stream-reader.git
skipping cache due to an error: Failed to clone repository https://github.com/xcode-actions/stream-reader.git:
Cloning into bare repository '/Users/admin/Library/Caches/org.swift.swiftpm/repositories/stream-reader-b4dacb16'...
fatal: could not read Username for 'https://github.com': terminal prompts disabled
Fetching from https://github.com/xcode-actions/stream-reader.git
skipping cache due to an error: Failed to clone repository https://github.com/xcode-actions/stream-reader.git:
Cloning into bare repository '/Users/admin/Library/Caches/org.swift.swiftpm/repositories/stream-reader-b4dacb16'...
fatal: could not read Username for 'https://github.com': terminal prompts disabled
Resolve Package Graph
Updating from https://github.com/xcode-actions/XcodeTools.git
Updating from https://github.com/xcode-actions/swift-signal-handling.git
Updating from https://github.com/apple/swift-argument-parser.git
Updating from https://github.com/xcode-actions/clt-logger.git
Updating from https://github.com/happn-app/XibLoc.git
Updating from https://github.com/apple/swift-system.git
Updating from https://github.com/apple/swift-log.git
Fetching from https://github.com/xcode-actions/stream-reader.git
skipping cache due to an error: Failed to clone repository https://github.com/xcode-actions/stream-reader.git:
Cloning into bare repository '/Users/admin/Library/Caches/org.swift.swiftpm/repositories/stream-reader-b4dacb16'...
fatal: could not read Username for 'https://github.com': terminal prompts disabled
Updating from https://github.com/xcode-actions/eXtenderZ.git
Fetching from https://github.com/xcode-actions/stream-reader.git
skipping cache due to an error: Failed to clone repository https://github.com/xcode-actions/stream-reader.git:
Cloning into bare repository '/Users/admin/Library/Caches/org.swift.swiftpm/repositories/stream-reader-b4dacb16'...
fatal: could not read Username for 'https://github.com': terminal prompts disabled
Resolve Package Graph
Updating from https://github.com/apple/swift-argument-parser.git
Updating from https://github.com/xcode-actions/clt-logger.git
Updating from https://github.com/xcode-actions/swift-signal-handling.git
Updating from https://github.com/happn-app/XibLoc.git
Updating from https://github.com/xcode-actions/XcodeTools.git
Updating from https://github.com/apple/swift-log.git
Updating from https://github.com/apple/swift-system.git
Fetching from https://github.com/xcode-actions/stream-reader.git
skipping cache due to an error: Failed to clone repository https://github.com/xcode-actions/stream-reader.git:
Cloning into bare repository '/Users/admin/Library/Caches/org.swift.swiftpm/repositories/stream-reader-b4dacb16'...
fatal: could not read Username for 'https://github.com': terminal prompts disabled
Updating from https://github.com/xcode-actions/eXtenderZ.git
Fetching from https://github.com/xcode-actions/stream-reader.git
skipping cache due to an error: Failed to clone repository https://github.com/xcode-actions/stream-reader.git:
Cloning into bare repository '/Users/admin/Library/Caches/org.swift.swiftpm/repositories/stream-reader-b4dacb16'...
fatal: could not read Username for 'https://github.com': terminal prompts disabled
Resolve Package Graph
Updating from https://github.com/apple/swift-argument-parser.git
Updating from https://github.com/happn-app/XibLoc.git
Updating from https://github.com/xcode-actions/swift-signal-handling.git
Updating from https://github.com/xcode-actions/XcodeTools.git
Updating from https://github.com/xcode-actions/clt-logger.git
Updating from https://github.com/apple/swift-system.git
Updating from https://github.com/apple/swift-log.git
Fetching from https://github.com/xcode-actions/stream-reader.git
skipping cache due to an error: Failed to clone repository https://github.com/xcode-actions/stream-reader.git:
Cloning into bare repository '/Users/admin/Library/Caches/org.swift.swiftpm/repositories/stream-reader-b4dacb16'...
fatal: could not read Username for 'https://github.com': terminal prompts disabled
Updating from https://github.com/xcode-actions/eXtenderZ.git
Fetching from https://github.com/xcode-actions/stream-reader.git
skipping cache due to an error: Failed to clone repository https://github.com/xcode-actions/stream-reader.git:
Cloning into bare repository '/Users/admin/Library/Caches/org.swift.swiftpm/repositories/stream-reader-b4dacb16'...
fatal: could not read Username for 'https://github.com': terminal prompts disabled
Resolved source packages:
spi-builder-workspace: (null)
2026-09-21 04:14:22.264 xcodebuild[524:3006] Writing error result bundle to /var/folders/xq/y_g06wb113726d38xsyx71_h0000gn/T/ResultBundle_2026-21-09_04-14-0022.xcresult
xcodebuild: error: Could not resolve package dependencies:
Failed to clone repository https://github.com/xcode-actions/stream-reader.git:
Cloning into bare repository '/Users/admin/builder/spi-builder-workspace/.dependencies/repositories/stream-reader-b4dacb16'...
fatal: could not read Username for 'https://github.com': terminal prompts disabled
Command line invocation:
/Applications/Xcode-27.0.0-Release.Candidate.app/Contents/Developer/usr/bin/xcodebuild -IDEClonedSourcePackagesDirPathOverride=/Users/admin/builder/spi-builder-workspace/.dependencies -resolvePackageDependencies
Resolve Package Graph
Updating from https://github.com/xcode-actions/XcodeTools.git
Updating from https://github.com/xcode-actions/swift-signal-handling.git
Updating from https://github.com/happn-app/XibLoc.git
Updating from https://github.com/apple/swift-argument-parser.git
Updating from https://github.com/xcode-actions/clt-logger.git
Updating from https://github.com/apple/swift-log.git
Updating from https://github.com/apple/swift-system.git
Fetching from https://github.com/xcode-actions/stream-reader.git
skipping cache due to an error: Failed to clone repository https://github.com/xcode-actions/stream-reader.git:
Cloning into bare repository '/Users/admin/Library/Caches/org.swift.swiftpm/repositories/stream-reader-b4dacb16'...
fatal: could not read Username for 'https://github.com': terminal prompts disabled
Updating from https://github.com/xcode-actions/eXtenderZ.git
Fetching from https://github.com/xcode-actions/stream-reader.git
skipping cache due to an error: Failed to clone repository https://github.com/xcode-actions/stream-reader.git:
Cloning into bare repository '/Users/admin/Library/Caches/org.swift.swiftpm/repositories/stream-reader-b4dacb16'...
fatal: could not read Username for 'https://github.com': terminal prompts disabled
Resolved source packages:
spi-builder-workspace: (null)
2026-09-21 04:14:26.656 xcodebuild[1582:6959] Writing error result bundle to /var/folders/xq/y_g06wb113726d38xsyx71_h0000gn/T/ResultBundle_2026-21-09_04-14-0026.xcresult
xcodebuild: error: Could not resolve package dependencies:
Failed to clone repository https://github.com/xcode-actions/stream-reader.git:
Cloning into bare repository '/Users/admin/builder/spi-builder-workspace/.dependencies/repositories/stream-reader-b4dacb16'...
fatal: could not read Username for 'https://github.com': terminal prompts disabled
BUILD FAILURE 6.4 watchOS