Build Information
Failed to build vgsl, reference 8.3.1 (2d628f), with Swift 6.2 for watchOS using Xcode 26.3 on 3 Oct 2026 12:07:09 UTC.
Build Command
env DEVELOPER_DIR=/Applications/Xcode-26.3.0.app xcrun xcodebuild -IDEClonedSourcePackagesDirPathOverride=$PWD/.dependencies -skipMacroValidation -skipPackagePluginValidation -derivedDataPath $PWD/.derivedData build -scheme vgsl-Package -destination generic/platform=watchOSBuild Log
SwiftCompile normal arm64 /Users/admin/builder/spi-builder-workspace/VGSLFundamentals/extensions/ResultExtensions.swift (in target 'VGSLFundamentals' from project 'vgsl')
cd /Users/admin/builder/spi-builder-workspace/.swiftpm/xcode
SwiftCompile normal arm64 /Users/admin/builder/spi-builder-workspace/VGSLFundamentals/extensions/SequenceExtensions.swift (in target 'VGSLFundamentals' from project 'vgsl')
cd /Users/admin/builder/spi-builder-workspace/.swiftpm/xcode
SwiftCompile normal arm64 /Users/admin/builder/spi-builder-workspace/VGSLFundamentals/extensions/SetExtensions.swift (in target 'VGSLFundamentals' from project 'vgsl')
cd /Users/admin/builder/spi-builder-workspace/.swiftpm/xcode
SwiftCompile normal arm64 /Users/admin/builder/spi-builder-workspace/VGSLFundamentals/extensions/StringExtensions+Foundation.swift (in target 'VGSLFundamentals' from project 'vgsl')
cd /Users/admin/builder/spi-builder-workspace/.swiftpm/xcode
SwiftCompile normal arm64 /Users/admin/builder/spi-builder-workspace/VGSLFundamentals/extensions/StringExtensions.swift (in target 'VGSLFundamentals' from project 'vgsl')
cd /Users/admin/builder/spi-builder-workspace/.swiftpm/xcode
SwiftCompile normal arm64 /Users/admin/builder/spi-builder-workspace/VGSLFundamentals/extensions/TupleExtensions.swift (in target 'VGSLFundamentals' from project 'vgsl')
cd /Users/admin/builder/spi-builder-workspace/.swiftpm/xcode
SwiftCompile normal arm64 /Users/admin/builder/spi-builder-workspace/VGSLFundamentals/extensions/URLExtensions.swift (in target 'VGSLFundamentals' from project 'vgsl')
cd /Users/admin/builder/spi-builder-workspace/.swiftpm/xcode
SwiftCompile normal arm64 /Users/admin/builder/spi-builder-workspace/VGSLFundamentals/extensions/UnsignedIntegerExtensions.swift (in target 'VGSLFundamentals' from project 'vgsl')
cd /Users/admin/builder/spi-builder-workspace/.swiftpm/xcode
SwiftCompile normal arm64 /Users/admin/builder/spi-builder-workspace/VGSLFundamentals/networking/LocalResourceURLProviding.swift (in target 'VGSLFundamentals' from project 'vgsl')
cd /Users/admin/builder/spi-builder-workspace/.swiftpm/xcode
SwiftCompile normal arm64 /Users/admin/builder/spi-builder-workspace/VGSLFundamentals/networking/URLResourceRequesting.swift (in target 'VGSLFundamentals' from project 'vgsl')
cd /Users/admin/builder/spi-builder-workspace/.swiftpm/xcode
SwiftDriverJobDiscovery normal arm64_32 Compiling Functions.swift, InvalidArgumentError.swift, JSONDictionaryExtensions.swift, JSONObject.swift, LoginWithSourcePerformer.swift, Memoization.swift, Modifier.swift, NSTimerExtensions.swift, OAuthToken.swift, OSInfo.swift, OSVersion.swift (in target 'VGSLFundamentals' from project 'vgsl')
SwiftCompile normal armv7k Compiling\ Result.swift,\ Signal+CombineLatest.swift,\ Signal.swift,\ SignalPipe.swift,\ Variable.swift,\ AutodisposePool.swift,\ Disposable.swift,\ ObservableProperty.swift,\ ObservableVariable.swift,\ ObservableVariableConnection.swift /Users/admin/builder/spi-builder-workspace/VGSLFundamentals/reactive/Result.swift /Users/admin/builder/spi-builder-workspace/VGSLFundamentals/reactive/Signal+CombineLatest.swift /Users/admin/builder/spi-builder-workspace/VGSLFundamentals/reactive/Signal.swift /Users/admin/builder/spi-builder-workspace/VGSLFundamentals/reactive/SignalPipe.swift /Users/admin/builder/spi-builder-workspace/VGSLFundamentals/reactive/Variable.swift /Users/admin/builder/spi-builder-workspace/VGSLFundamentals/reactive/disposable/AutodisposePool.swift /Users/admin/builder/spi-builder-workspace/VGSLFundamentals/reactive/disposable/Disposable.swift /Users/admin/builder/spi-builder-workspace/VGSLFundamentals/reactive/observing/ObservableProperty.swift /Users/admin/builder/spi-builder-workspace/VGSLFundamentals/reactive/observing/ObservableVariable.swift /Users/admin/builder/spi-builder-workspace/VGSLFundamentals/reactive/observing/ObservableVariableConnection.swift (in target 'VGSLFundamentals' from project 'vgsl')
SwiftCompile normal armv7k /Users/admin/builder/spi-builder-workspace/VGSLFundamentals/reactive/Result.swift (in target 'VGSLFundamentals' from project 'vgsl')
cd /Users/admin/builder/spi-builder-workspace/.swiftpm/xcode
SwiftCompile normal armv7k /Users/admin/builder/spi-builder-workspace/VGSLFundamentals/reactive/Signal+CombineLatest.swift (in target 'VGSLFundamentals' from project 'vgsl')
cd /Users/admin/builder/spi-builder-workspace/.swiftpm/xcode
SwiftCompile normal armv7k /Users/admin/builder/spi-builder-workspace/VGSLFundamentals/reactive/Signal.swift (in target 'VGSLFundamentals' from project 'vgsl')
cd /Users/admin/builder/spi-builder-workspace/.swiftpm/xcode
SwiftCompile normal armv7k /Users/admin/builder/spi-builder-workspace/VGSLFundamentals/reactive/SignalPipe.swift (in target 'VGSLFundamentals' from project 'vgsl')
cd /Users/admin/builder/spi-builder-workspace/.swiftpm/xcode
SwiftCompile normal armv7k /Users/admin/builder/spi-builder-workspace/VGSLFundamentals/reactive/Variable.swift (in target 'VGSLFundamentals' from project 'vgsl')
cd /Users/admin/builder/spi-builder-workspace/.swiftpm/xcode
SwiftCompile normal armv7k /Users/admin/builder/spi-builder-workspace/VGSLFundamentals/reactive/disposable/AutodisposePool.swift (in target 'VGSLFundamentals' from project 'vgsl')
cd /Users/admin/builder/spi-builder-workspace/.swiftpm/xcode
SwiftCompile normal armv7k /Users/admin/builder/spi-builder-workspace/VGSLFundamentals/reactive/disposable/Disposable.swift (in target 'VGSLFundamentals' from project 'vgsl')
cd /Users/admin/builder/spi-builder-workspace/.swiftpm/xcode
SwiftCompile normal armv7k /Users/admin/builder/spi-builder-workspace/VGSLFundamentals/reactive/observing/ObservableProperty.swift (in target 'VGSLFundamentals' from project 'vgsl')
cd /Users/admin/builder/spi-builder-workspace/.swiftpm/xcode
SwiftCompile normal armv7k /Users/admin/builder/spi-builder-workspace/VGSLFundamentals/reactive/observing/ObservableVariable.swift (in target 'VGSLFundamentals' from project 'vgsl')
cd /Users/admin/builder/spi-builder-workspace/.swiftpm/xcode
SwiftCompile normal armv7k /Users/admin/builder/spi-builder-workspace/VGSLFundamentals/reactive/observing/ObservableVariableConnection.swift (in target 'VGSLFundamentals' from project 'vgsl')
cd /Users/admin/builder/spi-builder-workspace/.swiftpm/xcode
SwiftDriverJobDiscovery normal arm64 Emitting module for VGSLFundamentals (in target 'VGSLFundamentals' from project 'vgsl')
SwiftDriverJobDiscovery normal arm64_32 Compiling resource_bundle_accessor.swift, Action.swift, Archivable.swift, ArrayBuilder.swift, CFCasting.swift, Clamp.swift, Combine.swift, CompletionAccumulating.swift, CompletionAccumulator.swift, EqualByReference.swift, FloatingPointComparison.swift (in target 'VGSLFundamentals' from project 'vgsl')
SwiftCompile normal arm64 Compiling\ Functions.swift,\ InvalidArgumentError.swift,\ JSONDictionaryExtensions.swift,\ JSONObject.swift,\ LoginWithSourcePerformer.swift,\ Memoization.swift,\ Modifier.swift,\ NSTimerExtensions.swift,\ OAuthToken.swift,\ OSInfo.swift,\ OSVersion.swift /Users/admin/builder/spi-builder-workspace/VGSLFundamentals/Functions.swift /Users/admin/builder/spi-builder-workspace/VGSLFundamentals/InvalidArgumentError.swift /Users/admin/builder/spi-builder-workspace/VGSLFundamentals/JSONDictionaryExtensions.swift /Users/admin/builder/spi-builder-workspace/VGSLFundamentals/JSONObject.swift /Users/admin/builder/spi-builder-workspace/VGSLFundamentals/LoginWithSourcePerformer.swift /Users/admin/builder/spi-builder-workspace/VGSLFundamentals/Memoization.swift /Users/admin/builder/spi-builder-workspace/VGSLFundamentals/Modifier.swift /Users/admin/builder/spi-builder-workspace/VGSLFundamentals/NSTimerExtensions.swift /Users/admin/builder/spi-builder-workspace/VGSLFundamentals/OAuthToken.swift /Users/admin/builder/spi-builder-workspace/VGSLFundamentals/OSInfo.swift /Users/admin/builder/spi-builder-workspace/VGSLFundamentals/OSVersion.swift (in target 'VGSLFundamentals' from project 'vgsl')
SwiftCompile normal arm64 /Users/admin/builder/spi-builder-workspace/VGSLFundamentals/Functions.swift (in target 'VGSLFundamentals' from project 'vgsl')
cd /Users/admin/builder/spi-builder-workspace/.swiftpm/xcode
SwiftCompile normal arm64 /Users/admin/builder/spi-builder-workspace/VGSLFundamentals/InvalidArgumentError.swift (in target 'VGSLFundamentals' from project 'vgsl')
cd /Users/admin/builder/spi-builder-workspace/.swiftpm/xcode
SwiftCompile normal arm64 /Users/admin/builder/spi-builder-workspace/VGSLFundamentals/JSONDictionaryExtensions.swift (in target 'VGSLFundamentals' from project 'vgsl')
cd /Users/admin/builder/spi-builder-workspace/.swiftpm/xcode
SwiftCompile normal arm64 /Users/admin/builder/spi-builder-workspace/VGSLFundamentals/JSONObject.swift (in target 'VGSLFundamentals' from project 'vgsl')
cd /Users/admin/builder/spi-builder-workspace/.swiftpm/xcode
SwiftCompile normal arm64 /Users/admin/builder/spi-builder-workspace/VGSLFundamentals/LoginWithSourcePerformer.swift (in target 'VGSLFundamentals' from project 'vgsl')
cd /Users/admin/builder/spi-builder-workspace/.swiftpm/xcode
SwiftCompile normal arm64 /Users/admin/builder/spi-builder-workspace/VGSLFundamentals/Memoization.swift (in target 'VGSLFundamentals' from project 'vgsl')
cd /Users/admin/builder/spi-builder-workspace/.swiftpm/xcode
SwiftCompile normal arm64 /Users/admin/builder/spi-builder-workspace/VGSLFundamentals/Modifier.swift (in target 'VGSLFundamentals' from project 'vgsl')
cd /Users/admin/builder/spi-builder-workspace/.swiftpm/xcode
SwiftCompile normal arm64 /Users/admin/builder/spi-builder-workspace/VGSLFundamentals/NSTimerExtensions.swift (in target 'VGSLFundamentals' from project 'vgsl')
cd /Users/admin/builder/spi-builder-workspace/.swiftpm/xcode
SwiftCompile normal arm64 /Users/admin/builder/spi-builder-workspace/VGSLFundamentals/OAuthToken.swift (in target 'VGSLFundamentals' from project 'vgsl')
cd /Users/admin/builder/spi-builder-workspace/.swiftpm/xcode
SwiftCompile normal arm64 /Users/admin/builder/spi-builder-workspace/VGSLFundamentals/OSInfo.swift (in target 'VGSLFundamentals' from project 'vgsl')
cd /Users/admin/builder/spi-builder-workspace/.swiftpm/xcode
SwiftCompile normal arm64 /Users/admin/builder/spi-builder-workspace/VGSLFundamentals/OSVersion.swift (in target 'VGSLFundamentals' from project 'vgsl')
cd /Users/admin/builder/spi-builder-workspace/.swiftpm/xcode
SwiftDriverJobDiscovery normal arm64_32 Compiling SafeDecodable.swift, SizedItem.swift, AllocatedUnfairLock.swift, AnyAsyncSequence.swift, Atomic.swift, GCD.swift, ThreadExtensions.swift, AsyncOperation.swift, MainQueue.swift, OperationQueue.swift, ArrayExtensions.swift (in target 'VGSLFundamentals' from project 'vgsl')
SwiftDriver\ Compilation\ Requirements VGSLFundamentals normal arm64 com.apple.xcode.tools.swift.compiler (in target 'VGSLFundamentals' from project 'vgsl')
cd /Users/admin/builder/spi-builder-workspace/.swiftpm/xcode
builtin-Swift-Compilation-Requirements -- /Applications/Xcode-26.3.0.app/Contents/Developer/Toolchains/XcodeDefault.xctoolchain/usr/bin/swiftc -module-name VGSLFundamentals -Onone -enforce-exclusivity\=checked @/Users/admin/builder/spi-builder-workspace/.derivedData/Build/Intermediates.noindex/vgsl.build/Debug-watchos/VGSLFundamentals.build/Objects-normal/arm64/VGSLFundamentals.SwiftFileList -DSWIFT_PACKAGE -DDEBUG -DSWIFT_MODULE_RESOURCE_BUNDLE_AVAILABLE -DXcode -enable-experimental-feature AccessLevelOnImport -plugin-path /Applications/Xcode-26.3.0.app/Contents/Developer/Toolchains/XcodeDefault.xctoolchain/usr/lib/swift/host/plugins/testing -enable-experimental-feature DebugDescriptionMacro -sdk /Applications/Xcode-26.3.0.app/Contents/Developer/Platforms/WatchOS.platform/Developer/SDKs/WatchOS26.2.sdk -target arm64-apple-watchos6.0 -g -module-cache-path /Users/admin/builder/spi-builder-workspace/.derivedData/ModuleCache.noindex -Xfrontend -serialize-debugging-options -enable-testing -index-store-path /Users/admin/builder/spi-builder-workspace/.derivedData/Index.noindex/DataStore -Xcc -D_LIBCPP_HARDENING_MODE\=_LIBCPP_HARDENING_MODE_DEBUG -swift-version 6 -I /Users/admin/builder/spi-builder-workspace/.derivedData/Build/Products/Debug-watchos -Isystem /Applications/Xcode-26.3.0.app/Contents/Developer/Platforms/WatchOS.platform/Developer/usr/lib -F /Users/admin/builder/spi-builder-workspace/.derivedData/Build/Products/Debug-watchos -F /Applications/Xcode-26.3.0.app/Contents/Developer/Platforms/WatchOS.platform/Developer/Library/Frameworks -F /Applications/Xcode-26.3.0.app/Contents/Developer/Platforms/WatchOS.platform/Developer/SDKs/WatchOS26.2.sdk/Developer/Library/Frameworks -c -j10 -enable-batch-mode -incremental -Xcc -ivfsstatcache -Xcc /Users/admin/builder/spi-builder-workspace/.derivedData/SDKStatCaches.noindex/watchos26.2-23S303-dc75598d0054f22ec865fa860f139d721753b489057de6bda919edfa1c59a62b.sdkstatcache -output-file-map /Users/admin/builder/spi-builder-workspace/.derivedData/Build/Intermediates.noindex/vgsl.build/Debug-watchos/VGSLFundamentals.build/Objects-normal/arm64/VGSLFundamentals-OutputFileMap.json -use-frontend-parseable-output -save-temps -no-color-diagnostics -explicit-module-build -module-cache-path /Users/admin/builder/spi-builder-workspace/.derivedData/Build/Intermediates.noindex/SwiftExplicitPrecompiledModules -clang-scanner-module-cache-path /Users/admin/builder/spi-builder-workspace/.derivedData/ModuleCache.noindex -sdk-module-cache-path /Users/admin/builder/spi-builder-workspace/.derivedData/ModuleCache.noindex -serialize-diagnostics -emit-dependencies -emit-module -emit-module-path /Users/admin/builder/spi-builder-workspace/.derivedData/Build/Intermediates.noindex/vgsl.build/Debug-watchos/VGSLFundamentals.build/Objects-normal/arm64/VGSLFundamentals.swiftmodule -validate-clang-modules-once -clang-build-session-file /Users/admin/builder/spi-builder-workspace/.derivedData/ModuleCache.noindex/Session.modulevalidation -package-name spi_builder_workspace -Xcc -I/Users/admin/builder/spi-builder-workspace/.derivedData/Build/Intermediates.noindex/vgsl.build/Debug-watchos/VGSLFundamentals.build/swift-overrides.hmap -emit-const-values -Xfrontend -const-gather-protocols-file -Xfrontend /Users/admin/builder/spi-builder-workspace/.derivedData/Build/Intermediates.noindex/vgsl.build/Debug-watchos/VGSLFundamentals.build/Objects-normal/arm64/VGSLFundamentals_const_extract_protocols.json -Xcc -I/Users/admin/builder/spi-builder-workspace/.derivedData/Build/Products/Debug-watchos/include -Xcc -I/Users/admin/builder/spi-builder-workspace/.derivedData/Build/Intermediates.noindex/vgsl.build/Debug-watchos/VGSLFundamentals.build/DerivedSources-normal/arm64 -Xcc -I/Users/admin/builder/spi-builder-workspace/.derivedData/Build/Intermediates.noindex/vgsl.build/Debug-watchos/VGSLFundamentals.build/DerivedSources/arm64 -Xcc -I/Users/admin/builder/spi-builder-workspace/.derivedData/Build/Intermediates.noindex/vgsl.build/Debug-watchos/VGSLFundamentals.build/DerivedSources -Xcc -DSWIFT_PACKAGE -Xcc -DDEBUG\=1 -emit-objc-header -emit-objc-header-path /Users/admin/builder/spi-builder-workspace/.derivedData/Build/Intermediates.noindex/vgsl.build/Debug-watchos/VGSLFundamentals.build/Objects-normal/arm64/VGSLFundamentals-Swift.h -working-directory /Users/admin/builder/spi-builder-workspace/.swiftpm/xcode -experimental-emit-module-separately -disable-cmo
SwiftDriverJobDiscovery normal armv7k Compiling CacheContent.swift, CacheFactory.swift, CacheKey.swift, CacheRecord.swift, CacheStorage.swift, DiskCache.swift, LRUCacheStorage.swift, LRUMemoization.swift, LinkedListOrderedDictionary.swift, OrderedDictionary.swift, ParameterizedDiskCache.swift (in target 'VGSLFundamentals' from project 'vgsl')
SwiftCompile normal armv7k Compiling\ ResultExtensions.swift,\ SequenceExtensions.swift,\ SetExtensions.swift,\ StringExtensions+Foundation.swift,\ StringExtensions.swift,\ TupleExtensions.swift,\ URLExtensions.swift,\ UnsignedIntegerExtensions.swift,\ LocalResourceURLProviding.swift,\ URLResourceRequesting.swift /Users/admin/builder/spi-builder-workspace/VGSLFundamentals/extensions/ResultExtensions.swift /Users/admin/builder/spi-builder-workspace/VGSLFundamentals/extensions/SequenceExtensions.swift /Users/admin/builder/spi-builder-workspace/VGSLFundamentals/extensions/SetExtensions.swift /Users/admin/builder/spi-builder-workspace/VGSLFundamentals/extensions/StringExtensions+Foundation.swift /Users/admin/builder/spi-builder-workspace/VGSLFundamentals/extensions/StringExtensions.swift /Users/admin/builder/spi-builder-workspace/VGSLFundamentals/extensions/TupleExtensions.swift /Users/admin/builder/spi-builder-workspace/VGSLFundamentals/extensions/URLExtensions.swift /Users/admin/builder/spi-builder-workspace/VGSLFundamentals/extensions/UnsignedIntegerExtensions.swift /Users/admin/builder/spi-builder-workspace/VGSLFundamentals/networking/LocalResourceURLProviding.swift /Users/admin/builder/spi-builder-workspace/VGSLFundamentals/networking/URLResourceRequesting.swift (in target 'VGSLFundamentals' from project 'vgsl')
SwiftCompile normal armv7k /Users/admin/builder/spi-builder-workspace/VGSLFundamentals/extensions/ResultExtensions.swift (in target 'VGSLFundamentals' from project 'vgsl')
cd /Users/admin/builder/spi-builder-workspace/.swiftpm/xcode
SwiftCompile normal armv7k /Users/admin/builder/spi-builder-workspace/VGSLFundamentals/extensions/SequenceExtensions.swift (in target 'VGSLFundamentals' from project 'vgsl')
cd /Users/admin/builder/spi-builder-workspace/.swiftpm/xcode
SwiftCompile normal armv7k /Users/admin/builder/spi-builder-workspace/VGSLFundamentals/extensions/SetExtensions.swift (in target 'VGSLFundamentals' from project 'vgsl')
cd /Users/admin/builder/spi-builder-workspace/.swiftpm/xcode
SwiftCompile normal armv7k /Users/admin/builder/spi-builder-workspace/VGSLFundamentals/extensions/StringExtensions+Foundation.swift (in target 'VGSLFundamentals' from project 'vgsl')
cd /Users/admin/builder/spi-builder-workspace/.swiftpm/xcode
SwiftCompile normal armv7k /Users/admin/builder/spi-builder-workspace/VGSLFundamentals/extensions/StringExtensions.swift (in target 'VGSLFundamentals' from project 'vgsl')
cd /Users/admin/builder/spi-builder-workspace/.swiftpm/xcode
SwiftCompile normal armv7k /Users/admin/builder/spi-builder-workspace/VGSLFundamentals/extensions/TupleExtensions.swift (in target 'VGSLFundamentals' from project 'vgsl')
cd /Users/admin/builder/spi-builder-workspace/.swiftpm/xcode
SwiftCompile normal armv7k /Users/admin/builder/spi-builder-workspace/VGSLFundamentals/extensions/URLExtensions.swift (in target 'VGSLFundamentals' from project 'vgsl')
cd /Users/admin/builder/spi-builder-workspace/.swiftpm/xcode
SwiftCompile normal armv7k /Users/admin/builder/spi-builder-workspace/VGSLFundamentals/extensions/UnsignedIntegerExtensions.swift (in target 'VGSLFundamentals' from project 'vgsl')
cd /Users/admin/builder/spi-builder-workspace/.swiftpm/xcode
SwiftCompile normal armv7k /Users/admin/builder/spi-builder-workspace/VGSLFundamentals/networking/LocalResourceURLProviding.swift (in target 'VGSLFundamentals' from project 'vgsl')
cd /Users/admin/builder/spi-builder-workspace/.swiftpm/xcode
SwiftCompile normal armv7k /Users/admin/builder/spi-builder-workspace/VGSLFundamentals/networking/URLResourceRequesting.swift (in target 'VGSLFundamentals' from project 'vgsl')
cd /Users/admin/builder/spi-builder-workspace/.swiftpm/xcode
SwiftCompile normal arm64 Compiling\ CacheContent.swift,\ CacheFactory.swift,\ CacheKey.swift,\ CacheRecord.swift,\ CacheStorage.swift,\ DiskCache.swift,\ LRUCacheStorage.swift,\ LRUMemoization.swift,\ LinkedListOrderedDictionary.swift,\ OrderedDictionary.swift,\ ParameterizedDiskCache.swift /Users/admin/builder/spi-builder-workspace/VGSLFundamentals/cache/CacheContent.swift /Users/admin/builder/spi-builder-workspace/VGSLFundamentals/cache/CacheFactory.swift /Users/admin/builder/spi-builder-workspace/VGSLFundamentals/cache/CacheKey.swift /Users/admin/builder/spi-builder-workspace/VGSLFundamentals/cache/CacheRecord.swift /Users/admin/builder/spi-builder-workspace/VGSLFundamentals/cache/CacheStorage.swift /Users/admin/builder/spi-builder-workspace/VGSLFundamentals/cache/DiskCache.swift /Users/admin/builder/spi-builder-workspace/VGSLFundamentals/cache/LRUCacheStorage.swift /Users/admin/builder/spi-builder-workspace/VGSLFundamentals/cache/LRUMemoization.swift /Users/admin/builder/spi-builder-workspace/VGSLFundamentals/cache/LinkedListOrderedDictionary.swift /Users/admin/builder/spi-builder-workspace/VGSLFundamentals/cache/OrderedDictionary.swift /Users/admin/builder/spi-builder-workspace/VGSLFundamentals/cache/ParameterizedDiskCache.swift (in target 'VGSLFundamentals' from project 'vgsl')
SwiftCompile normal arm64 /Users/admin/builder/spi-builder-workspace/VGSLFundamentals/cache/CacheContent.swift (in target 'VGSLFundamentals' from project 'vgsl')
cd /Users/admin/builder/spi-builder-workspace/.swiftpm/xcode
SwiftCompile normal arm64 /Users/admin/builder/spi-builder-workspace/VGSLFundamentals/cache/CacheFactory.swift (in target 'VGSLFundamentals' from project 'vgsl')
cd /Users/admin/builder/spi-builder-workspace/.swiftpm/xcode
SwiftCompile normal arm64 /Users/admin/builder/spi-builder-workspace/VGSLFundamentals/cache/CacheKey.swift (in target 'VGSLFundamentals' from project 'vgsl')
cd /Users/admin/builder/spi-builder-workspace/.swiftpm/xcode
SwiftCompile normal arm64 /Users/admin/builder/spi-builder-workspace/VGSLFundamentals/cache/CacheRecord.swift (in target 'VGSLFundamentals' from project 'vgsl')
cd /Users/admin/builder/spi-builder-workspace/.swiftpm/xcode
SwiftCompile normal arm64 /Users/admin/builder/spi-builder-workspace/VGSLFundamentals/cache/CacheStorage.swift (in target 'VGSLFundamentals' from project 'vgsl')
cd /Users/admin/builder/spi-builder-workspace/.swiftpm/xcode
SwiftCompile normal arm64 /Users/admin/builder/spi-builder-workspace/VGSLFundamentals/cache/DiskCache.swift (in target 'VGSLFundamentals' from project 'vgsl')
cd /Users/admin/builder/spi-builder-workspace/.swiftpm/xcode
SwiftCompile normal arm64 /Users/admin/builder/spi-builder-workspace/VGSLFundamentals/cache/LRUCacheStorage.swift (in target 'VGSLFundamentals' from project 'vgsl')
cd /Users/admin/builder/spi-builder-workspace/.swiftpm/xcode
SwiftCompile normal arm64 /Users/admin/builder/spi-builder-workspace/VGSLFundamentals/cache/LRUMemoization.swift (in target 'VGSLFundamentals' from project 'vgsl')
cd /Users/admin/builder/spi-builder-workspace/.swiftpm/xcode
SwiftCompile normal arm64 /Users/admin/builder/spi-builder-workspace/VGSLFundamentals/cache/LinkedListOrderedDictionary.swift (in target 'VGSLFundamentals' from project 'vgsl')
cd /Users/admin/builder/spi-builder-workspace/.swiftpm/xcode
SwiftCompile normal arm64 /Users/admin/builder/spi-builder-workspace/VGSLFundamentals/cache/OrderedDictionary.swift (in target 'VGSLFundamentals' from project 'vgsl')
cd /Users/admin/builder/spi-builder-workspace/.swiftpm/xcode
SwiftCompile normal arm64 /Users/admin/builder/spi-builder-workspace/VGSLFundamentals/cache/ParameterizedDiskCache.swift (in target 'VGSLFundamentals' from project 'vgsl')
cd /Users/admin/builder/spi-builder-workspace/.swiftpm/xcode
SwiftCompile normal armv7k Compiling\ Observer.swift,\ Either.swift,\ Future.swift,\ FutureExtensions.swift,\ Promise.swift,\ KeyValueDirectStoringSupporting.swift,\ KeyValueStorage.swift,\ SettingProperty.swift,\ SingleValueCoder.swift,\ weakify.swift /Users/admin/builder/spi-builder-workspace/VGSLFundamentals/reactive/observing/Observer.swift /Users/admin/builder/spi-builder-workspace/VGSLFundamentals/reactive/promises/Either.swift /Users/admin/builder/spi-builder-workspace/VGSLFundamentals/reactive/promises/Future.swift /Users/admin/builder/spi-builder-workspace/VGSLFundamentals/reactive/promises/FutureExtensions.swift /Users/admin/builder/spi-builder-workspace/VGSLFundamentals/reactive/promises/Promise.swift /Users/admin/builder/spi-builder-workspace/VGSLFundamentals/storage/KeyValueDirectStoringSupporting.swift /Users/admin/builder/spi-builder-workspace/VGSLFundamentals/storage/KeyValueStorage.swift /Users/admin/builder/spi-builder-workspace/VGSLFundamentals/storage/SettingProperty.swift /Users/admin/builder/spi-builder-workspace/VGSLFundamentals/storage/SingleValueCoder.swift /Users/admin/builder/spi-builder-workspace/VGSLFundamentals/weakify.swift (in target 'VGSLFundamentals' from project 'vgsl')
SwiftCompile normal armv7k /Users/admin/builder/spi-builder-workspace/VGSLFundamentals/reactive/observing/Observer.swift (in target 'VGSLFundamentals' from project 'vgsl')
cd /Users/admin/builder/spi-builder-workspace/.swiftpm/xcode
SwiftCompile normal armv7k /Users/admin/builder/spi-builder-workspace/VGSLFundamentals/reactive/promises/Either.swift (in target 'VGSLFundamentals' from project 'vgsl')
cd /Users/admin/builder/spi-builder-workspace/.swiftpm/xcode
SwiftCompile normal armv7k /Users/admin/builder/spi-builder-workspace/VGSLFundamentals/reactive/promises/Future.swift (in target 'VGSLFundamentals' from project 'vgsl')
cd /Users/admin/builder/spi-builder-workspace/.swiftpm/xcode
SwiftCompile normal armv7k /Users/admin/builder/spi-builder-workspace/VGSLFundamentals/reactive/promises/FutureExtensions.swift (in target 'VGSLFundamentals' from project 'vgsl')
cd /Users/admin/builder/spi-builder-workspace/.swiftpm/xcode
SwiftCompile normal armv7k /Users/admin/builder/spi-builder-workspace/VGSLFundamentals/reactive/promises/Promise.swift (in target 'VGSLFundamentals' from project 'vgsl')
cd /Users/admin/builder/spi-builder-workspace/.swiftpm/xcode
SwiftCompile normal armv7k /Users/admin/builder/spi-builder-workspace/VGSLFundamentals/storage/KeyValueDirectStoringSupporting.swift (in target 'VGSLFundamentals' from project 'vgsl')
cd /Users/admin/builder/spi-builder-workspace/.swiftpm/xcode
SwiftCompile normal armv7k /Users/admin/builder/spi-builder-workspace/VGSLFundamentals/storage/KeyValueStorage.swift (in target 'VGSLFundamentals' from project 'vgsl')
cd /Users/admin/builder/spi-builder-workspace/.swiftpm/xcode
SwiftCompile normal armv7k /Users/admin/builder/spi-builder-workspace/VGSLFundamentals/storage/SettingProperty.swift (in target 'VGSLFundamentals' from project 'vgsl')
cd /Users/admin/builder/spi-builder-workspace/.swiftpm/xcode
SwiftCompile normal armv7k /Users/admin/builder/spi-builder-workspace/VGSLFundamentals/storage/SingleValueCoder.swift (in target 'VGSLFundamentals' from project 'vgsl')
cd /Users/admin/builder/spi-builder-workspace/.swiftpm/xcode
SwiftCompile normal armv7k /Users/admin/builder/spi-builder-workspace/VGSLFundamentals/weakify.swift (in target 'VGSLFundamentals' from project 'vgsl')
cd /Users/admin/builder/spi-builder-workspace/.swiftpm/xcode
SwiftCompile normal arm64 Compiling\ ObjectsReusability.swift,\ PersistentStorage.swift,\ Property+Storage.swift,\ Radix.swift,\ Resetting.swift,\ Tagged.swift,\ Time.swift,\ UrlOpener.swift,\ WeakCollection.swift,\ Zip3.swift,\ Cache.swift /Users/admin/builder/spi-builder-workspace/VGSLFundamentals/ObjectsReusability.swift /Users/admin/builder/spi-builder-workspace/VGSLFundamentals/PersistentStorage.swift /Users/admin/builder/spi-builder-workspace/VGSLFundamentals/Property+Storage.swift /Users/admin/builder/spi-builder-workspace/VGSLFundamentals/Radix.swift /Users/admin/builder/spi-builder-workspace/VGSLFundamentals/Resetting.swift /Users/admin/builder/spi-builder-workspace/VGSLFundamentals/Tagged.swift /Users/admin/builder/spi-builder-workspace/VGSLFundamentals/Time.swift /Users/admin/builder/spi-builder-workspace/VGSLFundamentals/UrlOpener.swift /Users/admin/builder/spi-builder-workspace/VGSLFundamentals/WeakCollection.swift /Users/admin/builder/spi-builder-workspace/VGSLFundamentals/Zip3.swift /Users/admin/builder/spi-builder-workspace/VGSLFundamentals/cache/Cache.swift (in target 'VGSLFundamentals' from project 'vgsl')
SwiftCompile normal arm64 /Users/admin/builder/spi-builder-workspace/VGSLFundamentals/ObjectsReusability.swift (in target 'VGSLFundamentals' from project 'vgsl')
cd /Users/admin/builder/spi-builder-workspace/.swiftpm/xcode
SwiftCompile normal arm64 /Users/admin/builder/spi-builder-workspace/VGSLFundamentals/PersistentStorage.swift (in target 'VGSLFundamentals' from project 'vgsl')
cd /Users/admin/builder/spi-builder-workspace/.swiftpm/xcode
SwiftCompile normal arm64 /Users/admin/builder/spi-builder-workspace/VGSLFundamentals/Property+Storage.swift (in target 'VGSLFundamentals' from project 'vgsl')
cd /Users/admin/builder/spi-builder-workspace/.swiftpm/xcode
SwiftCompile normal arm64 /Users/admin/builder/spi-builder-workspace/VGSLFundamentals/Radix.swift (in target 'VGSLFundamentals' from project 'vgsl')
cd /Users/admin/builder/spi-builder-workspace/.swiftpm/xcode
SwiftCompile normal arm64 /Users/admin/builder/spi-builder-workspace/VGSLFundamentals/Resetting.swift (in target 'VGSLFundamentals' from project 'vgsl')
cd /Users/admin/builder/spi-builder-workspace/.swiftpm/xcode
SwiftCompile normal arm64 /Users/admin/builder/spi-builder-workspace/VGSLFundamentals/Tagged.swift (in target 'VGSLFundamentals' from project 'vgsl')
cd /Users/admin/builder/spi-builder-workspace/.swiftpm/xcode
SwiftCompile normal arm64 /Users/admin/builder/spi-builder-workspace/VGSLFundamentals/Time.swift (in target 'VGSLFundamentals' from project 'vgsl')
cd /Users/admin/builder/spi-builder-workspace/.swiftpm/xcode
SwiftCompile normal arm64 /Users/admin/builder/spi-builder-workspace/VGSLFundamentals/UrlOpener.swift (in target 'VGSLFundamentals' from project 'vgsl')
cd /Users/admin/builder/spi-builder-workspace/.swiftpm/xcode
SwiftCompile normal arm64 /Users/admin/builder/spi-builder-workspace/VGSLFundamentals/WeakCollection.swift (in target 'VGSLFundamentals' from project 'vgsl')
cd /Users/admin/builder/spi-builder-workspace/.swiftpm/xcode
SwiftCompile normal arm64 /Users/admin/builder/spi-builder-workspace/VGSLFundamentals/Zip3.swift (in target 'VGSLFundamentals' from project 'vgsl')
cd /Users/admin/builder/spi-builder-workspace/.swiftpm/xcode
SwiftCompile normal arm64 /Users/admin/builder/spi-builder-workspace/VGSLFundamentals/cache/Cache.swift (in target 'VGSLFundamentals' from project 'vgsl')
cd /Users/admin/builder/spi-builder-workspace/.swiftpm/xcode
SwiftDriverJobDiscovery normal armv7k Compiling ObjectsReusability.swift, PersistentStorage.swift, Property+Storage.swift, Radix.swift, Resetting.swift, Tagged.swift, Time.swift, UrlOpener.swift, WeakCollection.swift, Zip3.swift, Cache.swift (in target 'VGSLFundamentals' from project 'vgsl')
SwiftDriverJobDiscovery normal armv7k Compiling SafeDecodable.swift, SizedItem.swift, AllocatedUnfairLock.swift, AnyAsyncSequence.swift, Atomic.swift, GCD.swift, ThreadExtensions.swift, AsyncOperation.swift, MainQueue.swift, OperationQueue.swift, ArrayExtensions.swift (in target 'VGSLFundamentals' from project 'vgsl')
SwiftDriverJobDiscovery normal armv7k Compiling Functions.swift, InvalidArgumentError.swift, JSONDictionaryExtensions.swift, JSONObject.swift, LoginWithSourcePerformer.swift, Memoization.swift, Modifier.swift, NSTimerExtensions.swift, OAuthToken.swift, OSInfo.swift, OSVersion.swift (in target 'VGSLFundamentals' from project 'vgsl')
SwiftMergeGeneratedHeaders /Users/admin/builder/spi-builder-workspace/.derivedData/Build/Intermediates.noindex/GeneratedModuleMaps-watchos/VGSLFundamentals-Swift.h /Users/admin/builder/spi-builder-workspace/.derivedData/Build/Intermediates.noindex/vgsl.build/Debug-watchos/VGSLFundamentals.build/Objects-normal/arm64/VGSLFundamentals-Swift.h /Users/admin/builder/spi-builder-workspace/.derivedData/Build/Intermediates.noindex/vgsl.build/Debug-watchos/VGSLFundamentals.build/Objects-normal/arm64_32/VGSLFundamentals-Swift.h /Users/admin/builder/spi-builder-workspace/.derivedData/Build/Intermediates.noindex/vgsl.build/Debug-watchos/VGSLFundamentals.build/Objects-normal/armv7k/VGSLFundamentals-Swift.h (in target 'VGSLFundamentals' from project 'vgsl')
cd /Users/admin/builder/spi-builder-workspace
builtin-swiftHeaderTool -arch arm64 /Users/admin/builder/spi-builder-workspace/.derivedData/Build/Intermediates.noindex/vgsl.build/Debug-watchos/VGSLFundamentals.build/Objects-normal/arm64/VGSLFundamentals-Swift.h -arch arm64_32 /Users/admin/builder/spi-builder-workspace/.derivedData/Build/Intermediates.noindex/vgsl.build/Debug-watchos/VGSLFundamentals.build/Objects-normal/arm64_32/VGSLFundamentals-Swift.h -arch armv7k /Users/admin/builder/spi-builder-workspace/.derivedData/Build/Intermediates.noindex/vgsl.build/Debug-watchos/VGSLFundamentals.build/Objects-normal/armv7k/VGSLFundamentals-Swift.h -o /Users/admin/builder/spi-builder-workspace/.derivedData/Build/Intermediates.noindex/GeneratedModuleMaps-watchos/VGSLFundamentals-Swift.h
SwiftDriverJobDiscovery normal armv7k Compiling Result.swift, Signal+CombineLatest.swift, Signal.swift, SignalPipe.swift, Variable.swift, AutodisposePool.swift, Disposable.swift, ObservableProperty.swift, ObservableVariable.swift, ObservableVariableConnection.swift (in target 'VGSLFundamentals' from project 'vgsl')
Copy /Users/admin/builder/spi-builder-workspace/.derivedData/Build/Products/Debug-watchos/VGSLFundamentals.swiftmodule/arm64-apple-watchos.swiftmodule /Users/admin/builder/spi-builder-workspace/.derivedData/Build/Intermediates.noindex/vgsl.build/Debug-watchos/VGSLFundamentals.build/Objects-normal/arm64/VGSLFundamentals.swiftmodule (in target 'VGSLFundamentals' from project 'vgsl')
cd /Users/admin/builder/spi-builder-workspace
builtin-copy -exclude .DS_Store -exclude CVS -exclude .svn -exclude .git -exclude .hg -resolve-src-symlinks -rename /Users/admin/builder/spi-builder-workspace/.derivedData/Build/Intermediates.noindex/vgsl.build/Debug-watchos/VGSLFundamentals.build/Objects-normal/arm64/VGSLFundamentals.swiftmodule /Users/admin/builder/spi-builder-workspace/.derivedData/Build/Products/Debug-watchos/VGSLFundamentals.swiftmodule/arm64-apple-watchos.swiftmodule
Copy /Users/admin/builder/spi-builder-workspace/.derivedData/Build/Products/Debug-watchos/VGSLFundamentals.swiftmodule/arm64-apple-watchos.swiftdoc /Users/admin/builder/spi-builder-workspace/.derivedData/Build/Intermediates.noindex/vgsl.build/Debug-watchos/VGSLFundamentals.build/Objects-normal/arm64/VGSLFundamentals.swiftdoc (in target 'VGSLFundamentals' from project 'vgsl')
cd /Users/admin/builder/spi-builder-workspace
builtin-copy -exclude .DS_Store -exclude CVS -exclude .svn -exclude .git -exclude .hg -resolve-src-symlinks -rename /Users/admin/builder/spi-builder-workspace/.derivedData/Build/Intermediates.noindex/vgsl.build/Debug-watchos/VGSLFundamentals.build/Objects-normal/arm64/VGSLFundamentals.swiftdoc /Users/admin/builder/spi-builder-workspace/.derivedData/Build/Products/Debug-watchos/VGSLFundamentals.swiftmodule/arm64-apple-watchos.swiftdoc
Copy /Users/admin/builder/spi-builder-workspace/.derivedData/Build/Products/Debug-watchos/VGSLFundamentals.swiftmodule/arm64-apple-watchos.abi.json /Users/admin/builder/spi-builder-workspace/.derivedData/Build/Intermediates.noindex/vgsl.build/Debug-watchos/VGSLFundamentals.build/Objects-normal/arm64/VGSLFundamentals.abi.json (in target 'VGSLFundamentals' from project 'vgsl')
cd /Users/admin/builder/spi-builder-workspace
builtin-copy -exclude .DS_Store -exclude CVS -exclude .svn -exclude .git -exclude .hg -resolve-src-symlinks -rename /Users/admin/builder/spi-builder-workspace/.derivedData/Build/Intermediates.noindex/vgsl.build/Debug-watchos/VGSLFundamentals.build/Objects-normal/arm64/VGSLFundamentals.abi.json /Users/admin/builder/spi-builder-workspace/.derivedData/Build/Products/Debug-watchos/VGSLFundamentals.swiftmodule/arm64-apple-watchos.abi.json
Copy /Users/admin/builder/spi-builder-workspace/.derivedData/Build/Products/Debug-watchos/VGSLFundamentals.swiftmodule/Project/arm64-apple-watchos.swiftsourceinfo /Users/admin/builder/spi-builder-workspace/.derivedData/Build/Intermediates.noindex/vgsl.build/Debug-watchos/VGSLFundamentals.build/Objects-normal/arm64/VGSLFundamentals.swiftsourceinfo (in target 'VGSLFundamentals' from project 'vgsl')
cd /Users/admin/builder/spi-builder-workspace
builtin-copy -exclude .DS_Store -exclude CVS -exclude .svn -exclude .git -exclude .hg -resolve-src-symlinks -rename /Users/admin/builder/spi-builder-workspace/.derivedData/Build/Intermediates.noindex/vgsl.build/Debug-watchos/VGSLFundamentals.build/Objects-normal/arm64/VGSLFundamentals.swiftsourceinfo /Users/admin/builder/spi-builder-workspace/.derivedData/Build/Products/Debug-watchos/VGSLFundamentals.swiftmodule/Project/arm64-apple-watchos.swiftsourceinfo
SwiftCompile normal arm64 Compiling\ SafeDecodable.swift,\ SizedItem.swift,\ AllocatedUnfairLock.swift,\ AnyAsyncSequence.swift,\ Atomic.swift,\ GCD.swift,\ ThreadExtensions.swift,\ AsyncOperation.swift,\ MainQueue.swift,\ OperationQueue.swift,\ ArrayExtensions.swift /Users/admin/builder/spi-builder-workspace/VGSLFundamentals/cache/SafeDecodable.swift /Users/admin/builder/spi-builder-workspace/VGSLFundamentals/cache/SizedItem.swift /Users/admin/builder/spi-builder-workspace/VGSLFundamentals/concurrency/AllocatedUnfairLock.swift /Users/admin/builder/spi-builder-workspace/VGSLFundamentals/concurrency/AnyAsyncSequence.swift /Users/admin/builder/spi-builder-workspace/VGSLFundamentals/concurrency/Atomic.swift /Users/admin/builder/spi-builder-workspace/VGSLFundamentals/concurrency/GCD.swift /Users/admin/builder/spi-builder-workspace/VGSLFundamentals/concurrency/ThreadExtensions.swift /Users/admin/builder/spi-builder-workspace/VGSLFundamentals/concurrency/operations/AsyncOperation.swift /Users/admin/builder/spi-builder-workspace/VGSLFundamentals/concurrency/operations/MainQueue.swift /Users/admin/builder/spi-builder-workspace/VGSLFundamentals/concurrency/operations/OperationQueue.swift /Users/admin/builder/spi-builder-workspace/VGSLFundamentals/extensions/ArrayExtensions.swift (in target 'VGSLFundamentals' from project 'vgsl')
SwiftCompile normal arm64 /Users/admin/builder/spi-builder-workspace/VGSLFundamentals/cache/SafeDecodable.swift (in target 'VGSLFundamentals' from project 'vgsl')
cd /Users/admin/builder/spi-builder-workspace/.swiftpm/xcode
SwiftCompile normal arm64 /Users/admin/builder/spi-builder-workspace/VGSLFundamentals/cache/SizedItem.swift (in target 'VGSLFundamentals' from project 'vgsl')
cd /Users/admin/builder/spi-builder-workspace/.swiftpm/xcode
SwiftCompile normal arm64 /Users/admin/builder/spi-builder-workspace/VGSLFundamentals/concurrency/AllocatedUnfairLock.swift (in target 'VGSLFundamentals' from project 'vgsl')
cd /Users/admin/builder/spi-builder-workspace/.swiftpm/xcode
SwiftCompile normal arm64 /Users/admin/builder/spi-builder-workspace/VGSLFundamentals/concurrency/AnyAsyncSequence.swift (in target 'VGSLFundamentals' from project 'vgsl')
cd /Users/admin/builder/spi-builder-workspace/.swiftpm/xcode
SwiftCompile normal arm64 /Users/admin/builder/spi-builder-workspace/VGSLFundamentals/concurrency/Atomic.swift (in target 'VGSLFundamentals' from project 'vgsl')
cd /Users/admin/builder/spi-builder-workspace/.swiftpm/xcode
SwiftCompile normal arm64 /Users/admin/builder/spi-builder-workspace/VGSLFundamentals/concurrency/GCD.swift (in target 'VGSLFundamentals' from project 'vgsl')
cd /Users/admin/builder/spi-builder-workspace/.swiftpm/xcode
SwiftCompile normal arm64 /Users/admin/builder/spi-builder-workspace/VGSLFundamentals/concurrency/ThreadExtensions.swift (in target 'VGSLFundamentals' from project 'vgsl')
cd /Users/admin/builder/spi-builder-workspace/.swiftpm/xcode
SwiftCompile normal arm64 /Users/admin/builder/spi-builder-workspace/VGSLFundamentals/concurrency/operations/AsyncOperation.swift (in target 'VGSLFundamentals' from project 'vgsl')
cd /Users/admin/builder/spi-builder-workspace/.swiftpm/xcode
SwiftCompile normal arm64 /Users/admin/builder/spi-builder-workspace/VGSLFundamentals/concurrency/operations/MainQueue.swift (in target 'VGSLFundamentals' from project 'vgsl')
cd /Users/admin/builder/spi-builder-workspace/.swiftpm/xcode
SwiftCompile normal arm64 /Users/admin/builder/spi-builder-workspace/VGSLFundamentals/concurrency/operations/OperationQueue.swift (in target 'VGSLFundamentals' from project 'vgsl')
cd /Users/admin/builder/spi-builder-workspace/.swiftpm/xcode
SwiftCompile normal arm64 /Users/admin/builder/spi-builder-workspace/VGSLFundamentals/extensions/ArrayExtensions.swift (in target 'VGSLFundamentals' from project 'vgsl')
cd /Users/admin/builder/spi-builder-workspace/.swiftpm/xcode
SwiftDriverJobDiscovery normal armv7k Compiling NonEmpty+Array.swift, NonEmpty+Set.swift, NonEmpty+String.swift, NonEmpty.swift, FileManaging.swift, Cancellable.swift, DebugInfo.swift, Lazy.swift, Property.swift, ResettableLazy.swift (in target 'VGSLFundamentals' from project 'vgsl')
SwiftCompile normal arm64 Compiling\ NonEmpty+Array.swift,\ NonEmpty+Set.swift,\ NonEmpty+String.swift,\ NonEmpty.swift,\ FileManaging.swift,\ Cancellable.swift,\ DebugInfo.swift,\ Lazy.swift,\ Property.swift,\ ResettableLazy.swift /Users/admin/builder/spi-builder-workspace/VGSLFundamentals/nonempty/NonEmpty+Array.swift /Users/admin/builder/spi-builder-workspace/VGSLFundamentals/nonempty/NonEmpty+Set.swift /Users/admin/builder/spi-builder-workspace/VGSLFundamentals/nonempty/NonEmpty+String.swift /Users/admin/builder/spi-builder-workspace/VGSLFundamentals/nonempty/NonEmpty.swift /Users/admin/builder/spi-builder-workspace/VGSLFundamentals/os/FileManaging.swift /Users/admin/builder/spi-builder-workspace/VGSLFundamentals/reactive/Cancellable.swift /Users/admin/builder/spi-builder-workspace/VGSLFundamentals/reactive/DebugInfo.swift /Users/admin/builder/spi-builder-workspace/VGSLFundamentals/reactive/Lazy.swift /Users/admin/builder/spi-builder-workspace/VGSLFundamentals/reactive/Property.swift /Users/admin/builder/spi-builder-workspace/VGSLFundamentals/reactive/ResettableLazy.swift (in target 'VGSLFundamentals' from project 'vgsl')
SwiftCompile normal arm64 /Users/admin/builder/spi-builder-workspace/VGSLFundamentals/nonempty/NonEmpty+Array.swift (in target 'VGSLFundamentals' from project 'vgsl')
cd /Users/admin/builder/spi-builder-workspace/.swiftpm/xcode
SwiftCompile normal arm64 /Users/admin/builder/spi-builder-workspace/VGSLFundamentals/nonempty/NonEmpty+Set.swift (in target 'VGSLFundamentals' from project 'vgsl')
cd /Users/admin/builder/spi-builder-workspace/.swiftpm/xcode
SwiftCompile normal arm64 /Users/admin/builder/spi-builder-workspace/VGSLFundamentals/nonempty/NonEmpty+String.swift (in target 'VGSLFundamentals' from project 'vgsl')
cd /Users/admin/builder/spi-builder-workspace/.swiftpm/xcode
SwiftCompile normal arm64 /Users/admin/builder/spi-builder-workspace/VGSLFundamentals/nonempty/NonEmpty.swift (in target 'VGSLFundamentals' from project 'vgsl')
cd /Users/admin/builder/spi-builder-workspace/.swiftpm/xcode
SwiftCompile normal arm64 /Users/admin/builder/spi-builder-workspace/VGSLFundamentals/os/FileManaging.swift (in target 'VGSLFundamentals' from project 'vgsl')
cd /Users/admin/builder/spi-builder-workspace/.swiftpm/xcode
SwiftCompile normal arm64 /Users/admin/builder/spi-builder-workspace/VGSLFundamentals/reactive/Cancellable.swift (in target 'VGSLFundamentals' from project 'vgsl')
cd /Users/admin/builder/spi-builder-workspace/.swiftpm/xcode
SwiftCompile normal arm64 /Users/admin/builder/spi-builder-workspace/VGSLFundamentals/reactive/DebugInfo.swift (in target 'VGSLFundamentals' from project 'vgsl')
cd /Users/admin/builder/spi-builder-workspace/.swiftpm/xcode
SwiftCompile normal arm64 /Users/admin/builder/spi-builder-workspace/VGSLFundamentals/reactive/Lazy.swift (in target 'VGSLFundamentals' from project 'vgsl')
cd /Users/admin/builder/spi-builder-workspace/.swiftpm/xcode
SwiftCompile normal arm64 /Users/admin/builder/spi-builder-workspace/VGSLFundamentals/reactive/Property.swift (in target 'VGSLFundamentals' from project 'vgsl')
cd /Users/admin/builder/spi-builder-workspace/.swiftpm/xcode
SwiftCompile normal arm64 /Users/admin/builder/spi-builder-workspace/VGSLFundamentals/reactive/ResettableLazy.swift (in target 'VGSLFundamentals' from project 'vgsl')
cd /Users/admin/builder/spi-builder-workspace/.swiftpm/xcode
SwiftDriverJobDiscovery normal arm64 Compiling CollectionExtensions.swift, DictionaryExtensions.swift, EncodableExtensions.swift, HTTPURLResponse+Extensions.swift, IndexSetExtensions.swift, LazyExtensions.swift, NSArrayExtensions.swift, NotificationCenter+Signal.swift, OptionalExtensions.swift, RangeExtensions.swift (in target 'VGSLFundamentals' from project 'vgsl')
SwiftCompile normal armv7k Compiling\ CollectionExtensions.swift,\ DictionaryExtensions.swift,\ EncodableExtensions.swift,\ HTTPURLResponse+Extensions.swift,\ IndexSetExtensions.swift,\ LazyExtensions.swift,\ NSArrayExtensions.swift,\ NotificationCenter+Signal.swift,\ OptionalExtensions.swift,\ RangeExtensions.swift /Users/admin/builder/spi-builder-workspace/VGSLFundamentals/extensions/CollectionExtensions.swift /Users/admin/builder/spi-builder-workspace/VGSLFundamentals/extensions/DictionaryExtensions.swift /Users/admin/builder/spi-builder-workspace/VGSLFundamentals/extensions/EncodableExtensions.swift /Users/admin/builder/spi-builder-workspace/VGSLFundamentals/extensions/HTTPURLResponse+Extensions.swift /Users/admin/builder/spi-builder-workspace/VGSLFundamentals/extensions/IndexSetExtensions.swift /Users/admin/builder/spi-builder-workspace/VGSLFundamentals/extensions/LazyExtensions.swift /Users/admin/builder/spi-builder-workspace/VGSLFundamentals/extensions/NSArrayExtensions.swift /Users/admin/builder/spi-builder-workspace/VGSLFundamentals/extensions/NotificationCenter+Signal.swift /Users/admin/builder/spi-builder-workspace/VGSLFundamentals/extensions/OptionalExtensions.swift /Users/admin/builder/spi-builder-workspace/VGSLFundamentals/extensions/RangeExtensions.swift (in target 'VGSLFundamentals' from project 'vgsl')
SwiftCompile normal armv7k /Users/admin/builder/spi-builder-workspace/VGSLFundamentals/extensions/CollectionExtensions.swift (in target 'VGSLFundamentals' from project 'vgsl')
cd /Users/admin/builder/spi-builder-workspace/.swiftpm/xcode
SwiftCompile normal armv7k /Users/admin/builder/spi-builder-workspace/VGSLFundamentals/extensions/DictionaryExtensions.swift (in target 'VGSLFundamentals' from project 'vgsl')
cd /Users/admin/builder/spi-builder-workspace/.swiftpm/xcode
SwiftCompile normal armv7k /Users/admin/builder/spi-builder-workspace/VGSLFundamentals/extensions/EncodableExtensions.swift (in target 'VGSLFundamentals' from project 'vgsl')
cd /Users/admin/builder/spi-builder-workspace/.swiftpm/xcode
SwiftCompile normal armv7k /Users/admin/builder/spi-builder-workspace/VGSLFundamentals/extensions/HTTPURLResponse+Extensions.swift (in target 'VGSLFundamentals' from project 'vgsl')
cd /Users/admin/builder/spi-builder-workspace/.swiftpm/xcode
SwiftCompile normal armv7k /Users/admin/builder/spi-builder-workspace/VGSLFundamentals/extensions/IndexSetExtensions.swift (in target 'VGSLFundamentals' from project 'vgsl')
cd /Users/admin/builder/spi-builder-workspace/.swiftpm/xcode
SwiftCompile normal armv7k /Users/admin/builder/spi-builder-workspace/VGSLFundamentals/extensions/LazyExtensions.swift (in target 'VGSLFundamentals' from project 'vgsl')
cd /Users/admin/builder/spi-builder-workspace/.swiftpm/xcode
SwiftCompile normal armv7k /Users/admin/builder/spi-builder-workspace/VGSLFundamentals/extensions/NSArrayExtensions.swift (in target 'VGSLFundamentals' from project 'vgsl')
cd /Users/admin/builder/spi-builder-workspace/.swiftpm/xcode
SwiftCompile normal armv7k /Users/admin/builder/spi-builder-workspace/VGSLFundamentals/extensions/NotificationCenter+Signal.swift (in target 'VGSLFundamentals' from project 'vgsl')
cd /Users/admin/builder/spi-builder-workspace/.swiftpm/xcode
SwiftCompile normal armv7k /Users/admin/builder/spi-builder-workspace/VGSLFundamentals/extensions/OptionalExtensions.swift (in target 'VGSLFundamentals' from project 'vgsl')
cd /Users/admin/builder/spi-builder-workspace/.swiftpm/xcode
SwiftCompile normal armv7k /Users/admin/builder/spi-builder-workspace/VGSLFundamentals/extensions/RangeExtensions.swift (in target 'VGSLFundamentals' from project 'vgsl')
cd /Users/admin/builder/spi-builder-workspace/.swiftpm/xcode
SwiftDriverJobDiscovery normal arm64 Compiling ResultExtensions.swift, SequenceExtensions.swift, SetExtensions.swift, StringExtensions+Foundation.swift, StringExtensions.swift, TupleExtensions.swift, URLExtensions.swift, UnsignedIntegerExtensions.swift, LocalResourceURLProviding.swift, URLResourceRequesting.swift (in target 'VGSLFundamentals' from project 'vgsl')
SwiftCompile normal arm64 Compiling\ Result.swift,\ Signal+CombineLatest.swift,\ Signal.swift,\ SignalPipe.swift,\ Variable.swift,\ AutodisposePool.swift,\ Disposable.swift,\ ObservableProperty.swift,\ ObservableVariable.swift,\ ObservableVariableConnection.swift /Users/admin/builder/spi-builder-workspace/VGSLFundamentals/reactive/Result.swift /Users/admin/builder/spi-builder-workspace/VGSLFundamentals/reactive/Signal+CombineLatest.swift /Users/admin/builder/spi-builder-workspace/VGSLFundamentals/reactive/Signal.swift /Users/admin/builder/spi-builder-workspace/VGSLFundamentals/reactive/SignalPipe.swift /Users/admin/builder/spi-builder-workspace/VGSLFundamentals/reactive/Variable.swift /Users/admin/builder/spi-builder-workspace/VGSLFundamentals/reactive/disposable/AutodisposePool.swift /Users/admin/builder/spi-builder-workspace/VGSLFundamentals/reactive/disposable/Disposable.swift /Users/admin/builder/spi-builder-workspace/VGSLFundamentals/reactive/observing/ObservableProperty.swift /Users/admin/builder/spi-builder-workspace/VGSLFundamentals/reactive/observing/ObservableVariable.swift /Users/admin/builder/spi-builder-workspace/VGSLFundamentals/reactive/observing/ObservableVariableConnection.swift (in target 'VGSLFundamentals' from project 'vgsl')
SwiftCompile normal arm64 /Users/admin/builder/spi-builder-workspace/VGSLFundamentals/reactive/Result.swift (in target 'VGSLFundamentals' from project 'vgsl')
cd /Users/admin/builder/spi-builder-workspace/.swiftpm/xcode
SwiftCompile normal arm64 /Users/admin/builder/spi-builder-workspace/VGSLFundamentals/reactive/Signal+CombineLatest.swift (in target 'VGSLFundamentals' from project 'vgsl')
cd /Users/admin/builder/spi-builder-workspace/.swiftpm/xcode
SwiftCompile normal arm64 /Users/admin/builder/spi-builder-workspace/VGSLFundamentals/reactive/Signal.swift (in target 'VGSLFundamentals' from project 'vgsl')
cd /Users/admin/builder/spi-builder-workspace/.swiftpm/xcode
SwiftCompile normal arm64 /Users/admin/builder/spi-builder-workspace/VGSLFundamentals/reactive/SignalPipe.swift (in target 'VGSLFundamentals' from project 'vgsl')
cd /Users/admin/builder/spi-builder-workspace/.swiftpm/xcode
SwiftCompile normal arm64 /Users/admin/builder/spi-builder-workspace/VGSLFundamentals/reactive/Variable.swift (in target 'VGSLFundamentals' from project 'vgsl')
cd /Users/admin/builder/spi-builder-workspace/.swiftpm/xcode
SwiftCompile normal arm64 /Users/admin/builder/spi-builder-workspace/VGSLFundamentals/reactive/disposable/AutodisposePool.swift (in target 'VGSLFundamentals' from project 'vgsl')
cd /Users/admin/builder/spi-builder-workspace/.swiftpm/xcode
SwiftCompile normal arm64 /Users/admin/builder/spi-builder-workspace/VGSLFundamentals/reactive/disposable/Disposable.swift (in target 'VGSLFundamentals' from project 'vgsl')
cd /Users/admin/builder/spi-builder-workspace/.swiftpm/xcode
SwiftCompile normal arm64 /Users/admin/builder/spi-builder-workspace/VGSLFundamentals/reactive/observing/ObservableProperty.swift (in target 'VGSLFundamentals' from project 'vgsl')
cd /Users/admin/builder/spi-builder-workspace/.swiftpm/xcode
SwiftCompile normal arm64 /Users/admin/builder/spi-builder-workspace/VGSLFundamentals/reactive/observing/ObservableVariable.swift (in target 'VGSLFundamentals' from project 'vgsl')
cd /Users/admin/builder/spi-builder-workspace/.swiftpm/xcode
SwiftCompile normal arm64 /Users/admin/builder/spi-builder-workspace/VGSLFundamentals/reactive/observing/ObservableVariableConnection.swift (in target 'VGSLFundamentals' from project 'vgsl')
cd /Users/admin/builder/spi-builder-workspace/.swiftpm/xcode
SwiftCompile normal arm64 Compiling\ Observer.swift,\ Either.swift,\ Future.swift,\ FutureExtensions.swift,\ Promise.swift,\ KeyValueDirectStoringSupporting.swift,\ KeyValueStorage.swift,\ SettingProperty.swift,\ SingleValueCoder.swift,\ weakify.swift /Users/admin/builder/spi-builder-workspace/VGSLFundamentals/reactive/observing/Observer.swift /Users/admin/builder/spi-builder-workspace/VGSLFundamentals/reactive/promises/Either.swift /Users/admin/builder/spi-builder-workspace/VGSLFundamentals/reactive/promises/Future.swift /Users/admin/builder/spi-builder-workspace/VGSLFundamentals/reactive/promises/FutureExtensions.swift /Users/admin/builder/spi-builder-workspace/VGSLFundamentals/reactive/promises/Promise.swift /Users/admin/builder/spi-builder-workspace/VGSLFundamentals/storage/KeyValueDirectStoringSupporting.swift /Users/admin/builder/spi-builder-workspace/VGSLFundamentals/storage/KeyValueStorage.swift /Users/admin/builder/spi-builder-workspace/VGSLFundamentals/storage/SettingProperty.swift /Users/admin/builder/spi-builder-workspace/VGSLFundamentals/storage/SingleValueCoder.swift /Users/admin/builder/spi-builder-workspace/VGSLFundamentals/weakify.swift (in target 'VGSLFundamentals' from project 'vgsl')
SwiftCompile normal arm64 /Users/admin/builder/spi-builder-workspace/VGSLFundamentals/reactive/observing/Observer.swift (in target 'VGSLFundamentals' from project 'vgsl')
cd /Users/admin/builder/spi-builder-workspace/.swiftpm/xcode
SwiftCompile normal arm64 /Users/admin/builder/spi-builder-workspace/VGSLFundamentals/reactive/promises/Either.swift (in target 'VGSLFundamentals' from project 'vgsl')
cd /Users/admin/builder/spi-builder-workspace/.swiftpm/xcode
SwiftCompile normal arm64 /Users/admin/builder/spi-builder-workspace/VGSLFundamentals/reactive/promises/Future.swift (in target 'VGSLFundamentals' from project 'vgsl')
cd /Users/admin/builder/spi-builder-workspace/.swiftpm/xcode
SwiftCompile normal arm64 /Users/admin/builder/spi-builder-workspace/VGSLFundamentals/reactive/promises/FutureExtensions.swift (in target 'VGSLFundamentals' from project 'vgsl')
cd /Users/admin/builder/spi-builder-workspace/.swiftpm/xcode
SwiftCompile normal arm64 /Users/admin/builder/spi-builder-workspace/VGSLFundamentals/reactive/promises/Promise.swift (in target 'VGSLFundamentals' from project 'vgsl')
cd /Users/admin/builder/spi-builder-workspace/.swiftpm/xcode
SwiftCompile normal arm64 /Users/admin/builder/spi-builder-workspace/VGSLFundamentals/storage/KeyValueDirectStoringSupporting.swift (in target 'VGSLFundamentals' from project 'vgsl')
cd /Users/admin/builder/spi-builder-workspace/.swiftpm/xcode
SwiftCompile normal arm64 /Users/admin/builder/spi-builder-workspace/VGSLFundamentals/storage/KeyValueStorage.swift (in target 'VGSLFundamentals' from project 'vgsl')
cd /Users/admin/builder/spi-builder-workspace/.swiftpm/xcode
SwiftCompile normal arm64 /Users/admin/builder/spi-builder-workspace/VGSLFundamentals/storage/SettingProperty.swift (in target 'VGSLFundamentals' from project 'vgsl')
cd /Users/admin/builder/spi-builder-workspace/.swiftpm/xcode
SwiftCompile normal arm64 /Users/admin/builder/spi-builder-workspace/VGSLFundamentals/storage/SingleValueCoder.swift (in target 'VGSLFundamentals' from project 'vgsl')
cd /Users/admin/builder/spi-builder-workspace/.swiftpm/xcode
SwiftCompile normal arm64 /Users/admin/builder/spi-builder-workspace/VGSLFundamentals/weakify.swift (in target 'VGSLFundamentals' from project 'vgsl')
cd /Users/admin/builder/spi-builder-workspace/.swiftpm/xcode
SwiftDriverJobDiscovery normal arm64 Compiling resource_bundle_accessor.swift, Action.swift, Archivable.swift, ArrayBuilder.swift, CFCasting.swift, Clamp.swift, Combine.swift, CompletionAccumulating.swift, CompletionAccumulator.swift, EqualByReference.swift, FloatingPointComparison.swift (in target 'VGSLFundamentals' from project 'vgsl')
SwiftCompile normal armv7k Compiling\ resource_bundle_accessor.swift,\ Action.swift,\ Archivable.swift,\ ArrayBuilder.swift,\ CFCasting.swift,\ Clamp.swift,\ Combine.swift,\ CompletionAccumulating.swift,\ CompletionAccumulator.swift,\ EqualByReference.swift,\ FloatingPointComparison.swift /Users/admin/builder/spi-builder-workspace/.derivedData/Build/Intermediates.noindex/vgsl.build/Debug-watchos/VGSLFundamentals.build/DerivedSources/resource_bundle_accessor.swift /Users/admin/builder/spi-builder-workspace/VGSLFundamentals/Action.swift /Users/admin/builder/spi-builder-workspace/VGSLFundamentals/Archivable.swift /Users/admin/builder/spi-builder-workspace/VGSLFundamentals/ArrayBuilder.swift /Users/admin/builder/spi-builder-workspace/VGSLFundamentals/CFCasting.swift /Users/admin/builder/spi-builder-workspace/VGSLFundamentals/Clamp.swift /Users/admin/builder/spi-builder-workspace/VGSLFundamentals/Combine.swift /Users/admin/builder/spi-builder-workspace/VGSLFundamentals/Completions/CompletionAccumulating.swift /Users/admin/builder/spi-builder-workspace/VGSLFundamentals/Completions/CompletionAccumulator.swift /Users/admin/builder/spi-builder-workspace/VGSLFundamentals/EqualByReference.swift /Users/admin/builder/spi-builder-workspace/VGSLFundamentals/FloatingPointComparison.swift (in target 'VGSLFundamentals' from project 'vgsl')
SwiftCompile normal armv7k /Users/admin/builder/spi-builder-workspace/.derivedData/Build/Intermediates.noindex/vgsl.build/Debug-watchos/VGSLFundamentals.build/DerivedSources/resource_bundle_accessor.swift (in target 'VGSLFundamentals' from project 'vgsl')
cd /Users/admin/builder/spi-builder-workspace/.swiftpm/xcode
SwiftCompile normal armv7k /Users/admin/builder/spi-builder-workspace/VGSLFundamentals/Action.swift (in target 'VGSLFundamentals' from project 'vgsl')
cd /Users/admin/builder/spi-builder-workspace/.swiftpm/xcode
SwiftCompile normal armv7k /Users/admin/builder/spi-builder-workspace/VGSLFundamentals/Archivable.swift (in target 'VGSLFundamentals' from project 'vgsl')
cd /Users/admin/builder/spi-builder-workspace/.swiftpm/xcode
SwiftCompile normal armv7k /Users/admin/builder/spi-builder-workspace/VGSLFundamentals/ArrayBuilder.swift (in target 'VGSLFundamentals' from project 'vgsl')
cd /Users/admin/builder/spi-builder-workspace/.swiftpm/xcode
SwiftCompile normal armv7k /Users/admin/builder/spi-builder-workspace/VGSLFundamentals/CFCasting.swift (in target 'VGSLFundamentals' from project 'vgsl')
cd /Users/admin/builder/spi-builder-workspace/.swiftpm/xcode
SwiftCompile normal armv7k /Users/admin/builder/spi-builder-workspace/VGSLFundamentals/Clamp.swift (in target 'VGSLFundamentals' from project 'vgsl')
cd /Users/admin/builder/spi-builder-workspace/.swiftpm/xcode
SwiftCompile normal armv7k /Users/admin/builder/spi-builder-workspace/VGSLFundamentals/Combine.swift (in target 'VGSLFundamentals' from project 'vgsl')
cd /Users/admin/builder/spi-builder-workspace/.swiftpm/xcode
SwiftCompile normal armv7k /Users/admin/builder/spi-builder-workspace/VGSLFundamentals/Completions/CompletionAccumulating.swift (in target 'VGSLFundamentals' from project 'vgsl')
cd /Users/admin/builder/spi-builder-workspace/.swiftpm/xcode
SwiftCompile normal armv7k /Users/admin/builder/spi-builder-workspace/VGSLFundamentals/Completions/CompletionAccumulator.swift (in target 'VGSLFundamentals' from project 'vgsl')
cd /Users/admin/builder/spi-builder-workspace/.swiftpm/xcode
SwiftCompile normal armv7k /Users/admin/builder/spi-builder-workspace/VGSLFundamentals/EqualByReference.swift (in target 'VGSLFundamentals' from project 'vgsl')
cd /Users/admin/builder/spi-builder-workspace/.swiftpm/xcode
SwiftCompile normal armv7k /Users/admin/builder/spi-builder-workspace/VGSLFundamentals/FloatingPointComparison.swift (in target 'VGSLFundamentals' from project 'vgsl')
cd /Users/admin/builder/spi-builder-workspace/.swiftpm/xcode
SwiftDriverJobDiscovery normal arm64 Compiling Functions.swift, InvalidArgumentError.swift, JSONDictionaryExtensions.swift, JSONObject.swift, LoginWithSourcePerformer.swift, Memoization.swift, Modifier.swift, NSTimerExtensions.swift, OAuthToken.swift, OSInfo.swift, OSVersion.swift (in target 'VGSLFundamentals' from project 'vgsl')
SwiftCompile normal arm64_32 Compiling\ NonEmpty+Array.swift,\ NonEmpty+Set.swift,\ NonEmpty+String.swift,\ NonEmpty.swift,\ FileManaging.swift,\ Cancellable.swift,\ DebugInfo.swift,\ Lazy.swift,\ Property.swift,\ ResettableLazy.swift /Users/admin/builder/spi-builder-workspace/VGSLFundamentals/nonempty/NonEmpty+Array.swift /Users/admin/builder/spi-builder-workspace/VGSLFundamentals/nonempty/NonEmpty+Set.swift /Users/admin/builder/spi-builder-workspace/VGSLFundamentals/nonempty/NonEmpty+String.swift /Users/admin/builder/spi-builder-workspace/VGSLFundamentals/nonempty/NonEmpty.swift /Users/admin/builder/spi-builder-workspace/VGSLFundamentals/os/FileManaging.swift /Users/admin/builder/spi-builder-workspace/VGSLFundamentals/reactive/Cancellable.swift /Users/admin/builder/spi-builder-workspace/VGSLFundamentals/reactive/DebugInfo.swift /Users/admin/builder/spi-builder-workspace/VGSLFundamentals/reactive/Lazy.swift /Users/admin/builder/spi-builder-workspace/VGSLFundamentals/reactive/Property.swift /Users/admin/builder/spi-builder-workspace/VGSLFundamentals/reactive/ResettableLazy.swift (in target 'VGSLFundamentals' from project 'vgsl')
SwiftCompile normal arm64_32 /Users/admin/builder/spi-builder-workspace/VGSLFundamentals/nonempty/NonEmpty+Array.swift (in target 'VGSLFundamentals' from project 'vgsl')
cd /Users/admin/builder/spi-builder-workspace/.swiftpm/xcode
SwiftCompile normal arm64_32 /Users/admin/builder/spi-builder-workspace/VGSLFundamentals/nonempty/NonEmpty+Set.swift (in target 'VGSLFundamentals' from project 'vgsl')
cd /Users/admin/builder/spi-builder-workspace/.swiftpm/xcode
SwiftCompile normal arm64_32 /Users/admin/builder/spi-builder-workspace/VGSLFundamentals/nonempty/NonEmpty+String.swift (in target 'VGSLFundamentals' from project 'vgsl')
cd /Users/admin/builder/spi-builder-workspace/.swiftpm/xcode
SwiftCompile normal arm64_32 /Users/admin/builder/spi-builder-workspace/VGSLFundamentals/nonempty/NonEmpty.swift (in target 'VGSLFundamentals' from project 'vgsl')
cd /Users/admin/builder/spi-builder-workspace/.swiftpm/xcode
SwiftCompile normal arm64_32 /Users/admin/builder/spi-builder-workspace/VGSLFundamentals/os/FileManaging.swift (in target 'VGSLFundamentals' from project 'vgsl')
cd /Users/admin/builder/spi-builder-workspace/.swiftpm/xcode
SwiftCompile normal arm64_32 /Users/admin/builder/spi-builder-workspace/VGSLFundamentals/reactive/Cancellable.swift (in target 'VGSLFundamentals' from project 'vgsl')
cd /Users/admin/builder/spi-builder-workspace/.swiftpm/xcode
SwiftCompile normal arm64_32 /Users/admin/builder/spi-builder-workspace/VGSLFundamentals/reactive/DebugInfo.swift (in target 'VGSLFundamentals' from project 'vgsl')
cd /Users/admin/builder/spi-builder-workspace/.swiftpm/xcode
SwiftCompile normal arm64_32 /Users/admin/builder/spi-builder-workspace/VGSLFundamentals/reactive/Lazy.swift (in target 'VGSLFundamentals' from project 'vgsl')
cd /Users/admin/builder/spi-builder-workspace/.swiftpm/xcode
SwiftCompile normal arm64_32 /Users/admin/builder/spi-builder-workspace/VGSLFundamentals/reactive/Property.swift (in target 'VGSLFundamentals' from project 'vgsl')
cd /Users/admin/builder/spi-builder-workspace/.swiftpm/xcode
SwiftCompile normal arm64_32 /Users/admin/builder/spi-builder-workspace/VGSLFundamentals/reactive/ResettableLazy.swift (in target 'VGSLFundamentals' from project 'vgsl')
cd /Users/admin/builder/spi-builder-workspace/.swiftpm/xcode
SwiftDriverJobDiscovery normal arm64 Compiling ObjectsReusability.swift, PersistentStorage.swift, Property+Storage.swift, Radix.swift, Resetting.swift, Tagged.swift, Time.swift, UrlOpener.swift, WeakCollection.swift, Zip3.swift, Cache.swift (in target 'VGSLFundamentals' from project 'vgsl')
SwiftCompile normal arm64_32 Compiling\ ResultExtensions.swift,\ SequenceExtensions.swift,\ SetExtensions.swift,\ StringExtensions+Foundation.swift,\ StringExtensions.swift,\ TupleExtensions.swift,\ URLExtensions.swift,\ UnsignedIntegerExtensions.swift,\ LocalResourceURLProviding.swift,\ URLResourceRequesting.swift /Users/admin/builder/spi-builder-workspace/VGSLFundamentals/extensions/ResultExtensions.swift /Users/admin/builder/spi-builder-workspace/VGSLFundamentals/extensions/SequenceExtensions.swift /Users/admin/builder/spi-builder-workspace/VGSLFundamentals/extensions/SetExtensions.swift /Users/admin/builder/spi-builder-workspace/VGSLFundamentals/extensions/StringExtensions+Foundation.swift /Users/admin/builder/spi-builder-workspace/VGSLFundamentals/extensions/StringExtensions.swift /Users/admin/builder/spi-builder-workspace/VGSLFundamentals/extensions/TupleExtensions.swift /Users/admin/builder/spi-builder-workspace/VGSLFundamentals/extensions/URLExtensions.swift /Users/admin/builder/spi-builder-workspace/VGSLFundamentals/extensions/UnsignedIntegerExtensions.swift /Users/admin/builder/spi-builder-workspace/VGSLFundamentals/networking/LocalResourceURLProviding.swift /Users/admin/builder/spi-builder-workspace/VGSLFundamentals/networking/URLResourceRequesting.swift (in target 'VGSLFundamentals' from project 'vgsl')
SwiftCompile normal arm64_32 /Users/admin/builder/spi-builder-workspace/VGSLFundamentals/extensions/ResultExtensions.swift (in target 'VGSLFundamentals' from project 'vgsl')
cd /Users/admin/builder/spi-builder-workspace/.swiftpm/xcode
SwiftCompile normal arm64_32 /Users/admin/builder/spi-builder-workspace/VGSLFundamentals/extensions/SequenceExtensions.swift (in target 'VGSLFundamentals' from project 'vgsl')
cd /Users/admin/builder/spi-builder-workspace/.swiftpm/xcode
SwiftCompile normal arm64_32 /Users/admin/builder/spi-builder-workspace/VGSLFundamentals/extensions/SetExtensions.swift (in target 'VGSLFundamentals' from project 'vgsl')
cd /Users/admin/builder/spi-builder-workspace/.swiftpm/xcode
SwiftCompile normal arm64_32 /Users/admin/builder/spi-builder-workspace/VGSLFundamentals/extensions/StringExtensions+Foundation.swift (in target 'VGSLFundamentals' from project 'vgsl')
cd /Users/admin/builder/spi-builder-workspace/.swiftpm/xcode
SwiftCompile normal arm64_32 /Users/admin/builder/spi-builder-workspace/VGSLFundamentals/extensions/StringExtensions.swift (in target 'VGSLFundamentals' from project 'vgsl')
cd /Users/admin/builder/spi-builder-workspace/.swiftpm/xcode
SwiftCompile normal arm64_32 /Users/admin/builder/spi-builder-workspace/VGSLFundamentals/extensions/TupleExtensions.swift (in target 'VGSLFundamentals' from project 'vgsl')
cd /Users/admin/builder/spi-builder-workspace/.swiftpm/xcode
SwiftCompile normal arm64_32 /Users/admin/builder/spi-builder-workspace/VGSLFundamentals/extensions/URLExtensions.swift (in target 'VGSLFundamentals' from project 'vgsl')
cd /Users/admin/builder/spi-builder-workspace/.swiftpm/xcode
SwiftCompile normal arm64_32 /Users/admin/builder/spi-builder-workspace/VGSLFundamentals/extensions/UnsignedIntegerExtensions.swift (in target 'VGSLFundamentals' from project 'vgsl')
cd /Users/admin/builder/spi-builder-workspace/.swiftpm/xcode
SwiftCompile normal arm64_32 /Users/admin/builder/spi-builder-workspace/VGSLFundamentals/networking/LocalResourceURLProviding.swift (in target 'VGSLFundamentals' from project 'vgsl')
cd /Users/admin/builder/spi-builder-workspace/.swiftpm/xcode
SwiftCompile normal arm64_32 /Users/admin/builder/spi-builder-workspace/VGSLFundamentals/networking/URLResourceRequesting.swift (in target 'VGSLFundamentals' from project 'vgsl')
cd /Users/admin/builder/spi-builder-workspace/.swiftpm/xcode
SwiftDriverJobDiscovery normal arm64 Compiling CacheContent.swift, CacheFactory.swift, CacheKey.swift, CacheRecord.swift, CacheStorage.swift, DiskCache.swift, LRUCacheStorage.swift, LRUMemoization.swift, LinkedListOrderedDictionary.swift, OrderedDictionary.swift, ParameterizedDiskCache.swift (in target 'VGSLFundamentals' from project 'vgsl')
SwiftDriverJobDiscovery normal arm64 Compiling SafeDecodable.swift, SizedItem.swift, AllocatedUnfairLock.swift, AnyAsyncSequence.swift, Atomic.swift, GCD.swift, ThreadExtensions.swift, AsyncOperation.swift, MainQueue.swift, OperationQueue.swift, ArrayExtensions.swift (in target 'VGSLFundamentals' from project 'vgsl')
SwiftDriver VGSLUI normal arm64_32 com.apple.xcode.tools.swift.compiler (in target 'VGSLUI' from project 'vgsl')
cd /Users/admin/builder/spi-builder-workspace/.swiftpm/xcode
builtin-SwiftDriver -- /Applications/Xcode-26.3.0.app/Contents/Developer/Toolchains/XcodeDefault.xctoolchain/usr/bin/swiftc -module-name VGSLUI -Onone -enforce-exclusivity\=checked @/Users/admin/builder/spi-builder-workspace/.derivedData/Build/Intermediates.noindex/vgsl.build/Debug-watchos/VGSLUI.build/Objects-normal/arm64_32/VGSLUI.SwiftFileList -DSWIFT_PACKAGE -DDEBUG -DSWIFT_MODULE_RESOURCE_BUNDLE_UNAVAILABLE -DXcode -enable-experimental-feature AccessLevelOnImport -plugin-path /Applications/Xcode-26.3.0.app/Contents/Developer/Toolchains/XcodeDefault.xctoolchain/usr/lib/swift/host/plugins/testing -enable-experimental-feature DebugDescriptionMacro -sdk /Applications/Xcode-26.3.0.app/Contents/Developer/Platforms/WatchOS.platform/Developer/SDKs/WatchOS26.2.sdk -target arm64_32-apple-watchos6.0 -g -module-cache-path /Users/admin/builder/spi-builder-workspace/.derivedData/ModuleCache.noindex -Xfrontend -serialize-debugging-options -enable-testing -index-store-path /Users/admin/builder/spi-builder-workspace/.derivedData/Index.noindex/DataStore -Xcc -D_LIBCPP_HARDENING_MODE\=_LIBCPP_HARDENING_MODE_DEBUG -swift-version 6 -I /Users/admin/builder/spi-builder-workspace/.derivedData/Build/Products/Debug-watchos -Isystem /Applications/Xcode-26.3.0.app/Contents/Developer/Platforms/WatchOS.platform/Developer/usr/lib -F /Users/admin/builder/spi-builder-workspace/.derivedData/Build/Products/Debug-watchos/PackageFrameworks -F /Users/admin/builder/spi-builder-workspace/.derivedData/Build/Products/Debug-watchos -F /Applications/Xcode-26.3.0.app/Contents/Developer/Platforms/WatchOS.platform/Developer/Library/Frameworks -F /Applications/Xcode-26.3.0.app/Contents/Developer/Platforms/WatchOS.platform/Developer/SDKs/WatchOS26.2.sdk/Developer/Library/Frameworks -c -j10 -enable-batch-mode -incremental -Xcc -ivfsstatcache -Xcc /Users/admin/builder/spi-builder-workspace/.derivedData/SDKStatCaches.noindex/watchos26.2-23S303-dc75598d0054f22ec865fa860f139d721753b489057de6bda919edfa1c59a62b.sdkstatcache -output-file-map /Users/admin/builder/spi-builder-workspace/.derivedData/Build/Intermediates.noindex/vgsl.build/Debug-watchos/VGSLUI.build/Objects-normal/arm64_32/VGSLUI-OutputFileMap.json -use-frontend-parseable-output -save-temps -no-color-diagnostics -explicit-module-build -module-cache-path /Users/admin/builder/spi-builder-workspace/.derivedData/Build/Intermediates.noindex/SwiftExplicitPrecompiledModules -clang-scanner-module-cache-path /Users/admin/builder/spi-builder-workspace/.derivedData/ModuleCache.noindex -sdk-module-cache-path /Users/admin/builder/spi-builder-workspace/.derivedData/ModuleCache.noindex -serialize-diagnostics -emit-dependencies -emit-module -emit-module-path /Users/admin/builder/spi-builder-workspace/.derivedData/Build/Intermediates.noindex/vgsl.build/Debug-watchos/VGSLUI.build/Objects-normal/arm64_32/VGSLUI.swiftmodule -validate-clang-modules-once -clang-build-session-file /Users/admin/builder/spi-builder-workspace/.derivedData/ModuleCache.noindex/Session.modulevalidation -package-name spi_builder_workspace -Xcc -I/Users/admin/builder/spi-builder-workspace/.derivedData/Build/Intermediates.noindex/vgsl.build/Debug-watchos/VGSLUI.build/swift-overrides.hmap -emit-const-values -Xfrontend -const-gather-protocols-file -Xfrontend /Users/admin/builder/spi-builder-workspace/.derivedData/Build/Intermediates.noindex/vgsl.build/Debug-watchos/VGSLUI.build/Objects-normal/arm64_32/VGSLUI_const_extract_protocols.json -Xcc -I/Users/admin/builder/spi-builder-workspace/.derivedData/Build/Products/Debug-watchos/include -Xcc -I/Users/admin/builder/spi-builder-workspace/.derivedData/Build/Intermediates.noindex/vgsl.build/Debug-watchos/VGSLUI.build/DerivedSources-normal/arm64_32 -Xcc -I/Users/admin/builder/spi-builder-workspace/.derivedData/Build/Intermediates.noindex/vgsl.build/Debug-watchos/VGSLUI.build/DerivedSources/arm64_32 -Xcc -I/Users/admin/builder/spi-builder-workspace/.derivedData/Build/Intermediates.noindex/vgsl.build/Debug-watchos/VGSLUI.build/DerivedSources -Xcc -DSWIFT_PACKAGE -Xcc -DDEBUG\=1 -emit-objc-header -emit-objc-header-path /Users/admin/builder/spi-builder-workspace/.derivedData/Build/Intermediates.noindex/vgsl.build/Debug-watchos/VGSLUI.build/Objects-normal/arm64_32/VGSLUI-Swift.h -working-directory /Users/admin/builder/spi-builder-workspace/.swiftpm/xcode -experimental-emit-module-separately -disable-cmo
/Users/admin/builder/spi-builder-workspace/VGSLUI/typo/FontExtensions.swift:79:8: error: Unsupported OS
#error("Unsupported OS")
^~~~~~~~~~~~~~~~ (in target 'VGSLUI' from project 'vgsl')
/Users/admin/builder/spi-builder-workspace/VGSLUI/MetalImageView.swift:4:8: error: Unable to find module dependency: 'MetalKit'
import MetalKit
^ (in target 'VGSLUI' from project 'vgsl')
/Users/admin/builder/spi-builder-workspace/VGSLUI/MetalImageView.swift:4:8: note: A dependency of main module 'VGSLUI'
import MetalKit
^ (in target 'VGSLUI' from project 'vgsl')
/Users/admin/builder/spi-builder-workspace/VGSLUI/RemoteImageView.swift:4:8: error: Unable to find module dependency: 'CoreImage'
import CoreImage
^ (in target 'VGSLUI' from project 'vgsl')
/Users/admin/builder/spi-builder-workspace/VGSLUI/RemoteImageView.swift:4:8: note: A dependency of main module 'VGSLUI'
import CoreImage
^ (in target 'VGSLUI' from project 'vgsl')
/Users/admin/builder/spi-builder-workspace/VGSLUI/extensions/CGColorExtensions.swift:4:8: note: Also imported here
import CoreImage
^ (in target 'VGSLUI' from project 'vgsl')
/Users/admin/builder/spi-builder-workspace/VGSLUI/filters/EquatableImageFilter.swift:3:8: note: Also imported here
import CoreImage
^ (in target 'VGSLUI' from project 'vgsl')
/Users/admin/builder/spi-builder-workspace/VGSLUI/filters/ImageBlur.swift:3:8: note: Also imported here
import CoreImage
^ (in target 'VGSLUI' from project 'vgsl')
/Users/admin/builder/spi-builder-workspace/VGSLUI/filters/ImageComposer.swift:3:8: note: Also imported here
import CoreImage
^ (in target 'VGSLUI' from project 'vgsl')
/Users/admin/builder/spi-builder-workspace/VGSLUI/filters/ImageCrop.swift:3:8: note: Also imported here
import CoreImage
^ (in target 'VGSLUI' from project 'vgsl')
/Users/admin/builder/spi-builder-workspace/VGSLUI/filters/ImageFilters.swift:3:8: note: Also imported here
import CoreImage
^ (in target 'VGSLUI' from project 'vgsl')
/Users/admin/builder/spi-builder-workspace/VGSLUI/filters/ImageGenerator.swift:3:8: note: Also imported here
import CoreImage
^ (in target 'VGSLUI' from project 'vgsl')
/Users/admin/builder/spi-builder-workspace/VGSLUI/types/color/RGBAColorExtensions.swift:4:8: note: Also imported here
import CoreImage
^ (in target 'VGSLUI' from project 'vgsl')
/Users/admin/builder/spi-builder-workspace/VGSLUI/extensions/UIDeviceExtensions.swift:4:8: error: Unable to find module dependency: 'CoreHaptics'
import CoreHaptics
^ (in target 'VGSLUI' from project 'vgsl')
/Users/admin/builder/spi-builder-workspace/VGSLUI/extensions/UIDeviceExtensions.swift:4:8: note: A dependency of main module 'VGSLUI'
import CoreHaptics
^ (in target 'VGSLUI' from project 'vgsl')
/Users/admin/builder/spi-builder-workspace/VGSLUI/types/PhysicalFeedbackGenerator.swift:6:17: error: Unable to find module dependency: 'AudioToolbox'
internal import AudioToolbox
^ (in target 'VGSLUI' from project 'vgsl')
/Users/admin/builder/spi-builder-workspace/VGSLUI/types/PhysicalFeedbackGenerator.swift:6:17: note: A dependency of main module 'VGSLUI'
internal import AudioToolbox
^ (in target 'VGSLUI' from project 'vgsl')
SwiftDriver VGSLUI normal armv7k com.apple.xcode.tools.swift.compiler (in target 'VGSLUI' from project 'vgsl')
cd /Users/admin/builder/spi-builder-workspace/.swiftpm/xcode
builtin-SwiftDriver -- /Applications/Xcode-26.3.0.app/Contents/Developer/Toolchains/XcodeDefault.xctoolchain/usr/bin/swiftc -module-name VGSLUI -Onone -enforce-exclusivity\=checked @/Users/admin/builder/spi-builder-workspace/.derivedData/Build/Intermediates.noindex/vgsl.build/Debug-watchos/VGSLUI.build/Objects-normal/armv7k/VGSLUI.SwiftFileList -DSWIFT_PACKAGE -DDEBUG -DSWIFT_MODULE_RESOURCE_BUNDLE_UNAVAILABLE -DXcode -enable-experimental-feature AccessLevelOnImport -plugin-path /Applications/Xcode-26.3.0.app/Contents/Developer/Toolchains/XcodeDefault.xctoolchain/usr/lib/swift/host/plugins/testing -enable-experimental-feature DebugDescriptionMacro -sdk /Applications/Xcode-26.3.0.app/Contents/Developer/Platforms/WatchOS.platform/Developer/SDKs/WatchOS26.2.sdk -target armv7k-apple-watchos6.0 -g -module-cache-path /Users/admin/builder/spi-builder-workspace/.derivedData/ModuleCache.noindex -Xfrontend -serialize-debugging-options -enable-testing -index-store-path /Users/admin/builder/spi-builder-workspace/.derivedData/Index.noindex/DataStore -Xcc -D_LIBCPP_HARDENING_MODE\=_LIBCPP_HARDENING_MODE_DEBUG -swift-version 6 -I /Users/admin/builder/spi-builder-workspace/.derivedData/Build/Products/Debug-watchos -Isystem /Applications/Xcode-26.3.0.app/Contents/Developer/Platforms/WatchOS.platform/Developer/usr/lib -F /Users/admin/builder/spi-builder-workspace/.derivedData/Build/Products/Debug-watchos/PackageFrameworks -F /Users/admin/builder/spi-builder-workspace/.derivedData/Build/Products/Debug-watchos -F /Applications/Xcode-26.3.0.app/Contents/Developer/Platforms/WatchOS.platform/Developer/Library/Frameworks -F /Applications/Xcode-26.3.0.app/Contents/Developer/Platforms/WatchOS.platform/Developer/SDKs/WatchOS26.2.sdk/Developer/Library/Frameworks -c -j10 -enable-batch-mode -incremental -Xcc -ivfsstatcache -Xcc /Users/admin/builder/spi-builder-workspace/.derivedData/SDKStatCaches.noindex/watchos26.2-23S303-dc75598d0054f22ec865fa860f139d721753b489057de6bda919edfa1c59a62b.sdkstatcache -output-file-map /Users/admin/builder/spi-builder-workspace/.derivedData/Build/Intermediates.noindex/vgsl.build/Debug-watchos/VGSLUI.build/Objects-normal/armv7k/VGSLUI-OutputFileMap.json -use-frontend-parseable-output -save-temps -no-color-diagnostics -explicit-module-build -module-cache-path /Users/admin/builder/spi-builder-workspace/.derivedData/Build/Intermediates.noindex/SwiftExplicitPrecompiledModules -clang-scanner-module-cache-path /Users/admin/builder/spi-builder-workspace/.derivedData/ModuleCache.noindex -sdk-module-cache-path /Users/admin/builder/spi-builder-workspace/.derivedData/ModuleCache.noindex -serialize-diagnostics -emit-dependencies -emit-module -emit-module-path /Users/admin/builder/spi-builder-workspace/.derivedData/Build/Intermediates.noindex/vgsl.build/Debug-watchos/VGSLUI.build/Objects-normal/armv7k/VGSLUI.swiftmodule -validate-clang-modules-once -clang-build-session-file /Users/admin/builder/spi-builder-workspace/.derivedData/ModuleCache.noindex/Session.modulevalidation -package-name spi_builder_workspace -Xcc -I/Users/admin/builder/spi-builder-workspace/.derivedData/Build/Intermediates.noindex/vgsl.build/Debug-watchos/VGSLUI.build/swift-overrides.hmap -emit-const-values -Xfrontend -const-gather-protocols-file -Xfrontend /Users/admin/builder/spi-builder-workspace/.derivedData/Build/Intermediates.noindex/vgsl.build/Debug-watchos/VGSLUI.build/Objects-normal/armv7k/VGSLUI_const_extract_protocols.json -Xcc -I/Users/admin/builder/spi-builder-workspace/.derivedData/Build/Products/Debug-watchos/include -Xcc -I/Users/admin/builder/spi-builder-workspace/.derivedData/Build/Intermediates.noindex/vgsl.build/Debug-watchos/VGSLUI.build/DerivedSources-normal/armv7k -Xcc -I/Users/admin/builder/spi-builder-workspace/.derivedData/Build/Intermediates.noindex/vgsl.build/Debug-watchos/VGSLUI.build/DerivedSources/armv7k -Xcc -I/Users/admin/builder/spi-builder-workspace/.derivedData/Build/Intermediates.noindex/vgsl.build/Debug-watchos/VGSLUI.build/DerivedSources -Xcc -DSWIFT_PACKAGE -Xcc -DDEBUG\=1 -emit-objc-header -emit-objc-header-path /Users/admin/builder/spi-builder-workspace/.derivedData/Build/Intermediates.noindex/vgsl.build/Debug-watchos/VGSLUI.build/Objects-normal/armv7k/VGSLUI-Swift.h -working-directory /Users/admin/builder/spi-builder-workspace/.swiftpm/xcode -experimental-emit-module-separately -disable-cmo
/Users/admin/builder/spi-builder-workspace/VGSLUI/typo/FontExtensions.swift:79:8: error: Unsupported OS
#error("Unsupported OS")
^~~~~~~~~~~~~~~~ (in target 'VGSLUI' from project 'vgsl')
/Users/admin/builder/spi-builder-workspace/VGSLUI/MetalImageView.swift:4:8: error: Unable to find module dependency: 'MetalKit'
import MetalKit
^ (in target 'VGSLUI' from project 'vgsl')
/Users/admin/builder/spi-builder-workspace/VGSLUI/MetalImageView.swift:4:8: note: A dependency of main module 'VGSLUI'
import MetalKit
^ (in target 'VGSLUI' from project 'vgsl')
/Users/admin/builder/spi-builder-workspace/VGSLUI/RemoteImageView.swift:4:8: error: Unable to find module dependency: 'CoreImage'
import CoreImage
^ (in target 'VGSLUI' from project 'vgsl')
/Users/admin/builder/spi-builder-workspace/VGSLUI/RemoteImageView.swift:4:8: note: A dependency of main module 'VGSLUI'
import CoreImage
^ (in target 'VGSLUI' from project 'vgsl')
/Users/admin/builder/spi-builder-workspace/VGSLUI/extensions/CGColorExtensions.swift:4:8: note: Also imported here
import CoreImage
^ (in target 'VGSLUI' from project 'vgsl')
/Users/admin/builder/spi-builder-workspace/VGSLUI/filters/EquatableImageFilter.swift:3:8: note: Also imported here
import CoreImage
^ (in target 'VGSLUI' from project 'vgsl')
/Users/admin/builder/spi-builder-workspace/VGSLUI/filters/ImageBlur.swift:3:8: note: Also imported here
import CoreImage
^ (in target 'VGSLUI' from project 'vgsl')
/Users/admin/builder/spi-builder-workspace/VGSLUI/filters/ImageComposer.swift:3:8: note: Also imported here
import CoreImage
^ (in target 'VGSLUI' from project 'vgsl')
/Users/admin/builder/spi-builder-workspace/VGSLUI/filters/ImageCrop.swift:3:8: note: Also imported here
import CoreImage
^ (in target 'VGSLUI' from project 'vgsl')
/Users/admin/builder/spi-builder-workspace/VGSLUI/filters/ImageFilters.swift:3:8: note: Also imported here
import CoreImage
^ (in target 'VGSLUI' from project 'vgsl')
/Users/admin/builder/spi-builder-workspace/VGSLUI/filters/ImageGenerator.swift:3:8: note: Also imported here
import CoreImage
^ (in target 'VGSLUI' from project 'vgsl')
/Users/admin/builder/spi-builder-workspace/VGSLUI/types/color/RGBAColorExtensions.swift:4:8: note: Also imported here
import CoreImage
^ (in target 'VGSLUI' from project 'vgsl')
/Users/admin/builder/spi-builder-workspace/VGSLUI/extensions/UIDeviceExtensions.swift:4:8: error: Unable to find module dependency: 'CoreHaptics'
import CoreHaptics
^ (in target 'VGSLUI' from project 'vgsl')
/Users/admin/builder/spi-builder-workspace/VGSLUI/extensions/UIDeviceExtensions.swift:4:8: note: A dependency of main module 'VGSLUI'
import CoreHaptics
^ (in target 'VGSLUI' from project 'vgsl')
/Users/admin/builder/spi-builder-workspace/VGSLUI/types/PhysicalFeedbackGenerator.swift:6:17: error: Unable to find module dependency: 'AudioToolbox'
internal import AudioToolbox
^ (in target 'VGSLUI' from project 'vgsl')
/Users/admin/builder/spi-builder-workspace/VGSLUI/types/PhysicalFeedbackGenerator.swift:6:17: note: A dependency of main module 'VGSLUI'
internal import AudioToolbox
^ (in target 'VGSLUI' from project 'vgsl')
SwiftDriverJobDiscovery normal armv7k Compiling resource_bundle_accessor.swift, Action.swift, Archivable.swift, ArrayBuilder.swift, CFCasting.swift, Clamp.swift, Combine.swift, CompletionAccumulating.swift, CompletionAccumulator.swift, EqualByReference.swift, FloatingPointComparison.swift (in target 'VGSLFundamentals' from project 'vgsl')
SwiftDriver VGSLUI normal arm64 com.apple.xcode.tools.swift.compiler (in target 'VGSLUI' from project 'vgsl')
cd /Users/admin/builder/spi-builder-workspace/.swiftpm/xcode
builtin-SwiftDriver -- /Applications/Xcode-26.3.0.app/Contents/Developer/Toolchains/XcodeDefault.xctoolchain/usr/bin/swiftc -module-name VGSLUI -Onone -enforce-exclusivity\=checked @/Users/admin/builder/spi-builder-workspace/.derivedData/Build/Intermediates.noindex/vgsl.build/Debug-watchos/VGSLUI.build/Objects-normal/arm64/VGSLUI.SwiftFileList -DSWIFT_PACKAGE -DDEBUG -DSWIFT_MODULE_RESOURCE_BUNDLE_UNAVAILABLE -DXcode -enable-experimental-feature AccessLevelOnImport -plugin-path /Applications/Xcode-26.3.0.app/Contents/Developer/Toolchains/XcodeDefault.xctoolchain/usr/lib/swift/host/plugins/testing -enable-experimental-feature DebugDescriptionMacro -sdk /Applications/Xcode-26.3.0.app/Contents/Developer/Platforms/WatchOS.platform/Developer/SDKs/WatchOS26.2.sdk -target arm64-apple-watchos6.0 -g -module-cache-path /Users/admin/builder/spi-builder-workspace/.derivedData/ModuleCache.noindex -Xfrontend -serialize-debugging-options -enable-testing -index-store-path /Users/admin/builder/spi-builder-workspace/.derivedData/Index.noindex/DataStore -Xcc -D_LIBCPP_HARDENING_MODE\=_LIBCPP_HARDENING_MODE_DEBUG -swift-version 6 -I /Users/admin/builder/spi-builder-workspace/.derivedData/Build/Products/Debug-watchos -Isystem /Applications/Xcode-26.3.0.app/Contents/Developer/Platforms/WatchOS.platform/Developer/usr/lib -F /Users/admin/builder/spi-builder-workspace/.derivedData/Build/Products/Debug-watchos/PackageFrameworks -F /Users/admin/builder/spi-builder-workspace/.derivedData/Build/Products/Debug-watchos -F /Applications/Xcode-26.3.0.app/Contents/Developer/Platforms/WatchOS.platform/Developer/Library/Frameworks -F /Applications/Xcode-26.3.0.app/Contents/Developer/Platforms/WatchOS.platform/Developer/SDKs/WatchOS26.2.sdk/Developer/Library/Frameworks -c -j10 -enable-batch-mode -incremental -Xcc -ivfsstatcache -Xcc /Users/admin/builder/spi-builder-workspace/.derivedData/SDKStatCaches.noindex/watchos26.2-23S303-dc75598d0054f22ec865fa860f139d721753b489057de6bda919edfa1c59a62b.sdkstatcache -output-file-map /Users/admin/builder/spi-builder-workspace/.derivedData/Build/Intermediates.noindex/vgsl.build/Debug-watchos/VGSLUI.build/Objects-normal/arm64/VGSLUI-OutputFileMap.json -use-frontend-parseable-output -save-temps -no-color-diagnostics -explicit-module-build -module-cache-path /Users/admin/builder/spi-builder-workspace/.derivedData/Build/Intermediates.noindex/SwiftExplicitPrecompiledModules -clang-scanner-module-cache-path /Users/admin/builder/spi-builder-workspace/.derivedData/ModuleCache.noindex -sdk-module-cache-path /Users/admin/builder/spi-builder-workspace/.derivedData/ModuleCache.noindex -serialize-diagnostics -emit-dependencies -emit-module -emit-module-path /Users/admin/builder/spi-builder-workspace/.derivedData/Build/Intermediates.noindex/vgsl.build/Debug-watchos/VGSLUI.build/Objects-normal/arm64/VGSLUI.swiftmodule -validate-clang-modules-once -clang-build-session-file /Users/admin/builder/spi-builder-workspace/.derivedData/ModuleCache.noindex/Session.modulevalidation -package-name spi_builder_workspace -Xcc -I/Users/admin/builder/spi-builder-workspace/.derivedData/Build/Intermediates.noindex/vgsl.build/Debug-watchos/VGSLUI.build/swift-overrides.hmap -emit-const-values -Xfrontend -const-gather-protocols-file -Xfrontend /Users/admin/builder/spi-builder-workspace/.derivedData/Build/Intermediates.noindex/vgsl.build/Debug-watchos/VGSLUI.build/Objects-normal/arm64/VGSLUI_const_extract_protocols.json -Xcc -I/Users/admin/builder/spi-builder-workspace/.derivedData/Build/Products/Debug-watchos/include -Xcc -I/Users/admin/builder/spi-builder-workspace/.derivedData/Build/Intermediates.noindex/vgsl.build/Debug-watchos/VGSLUI.build/DerivedSources-normal/arm64 -Xcc -I/Users/admin/builder/spi-builder-workspace/.derivedData/Build/Intermediates.noindex/vgsl.build/Debug-watchos/VGSLUI.build/DerivedSources/arm64 -Xcc -I/Users/admin/builder/spi-builder-workspace/.derivedData/Build/Intermediates.noindex/vgsl.build/Debug-watchos/VGSLUI.build/DerivedSources -Xcc -DSWIFT_PACKAGE -Xcc -DDEBUG\=1 -emit-objc-header -emit-objc-header-path /Users/admin/builder/spi-builder-workspace/.derivedData/Build/Intermediates.noindex/vgsl.build/Debug-watchos/VGSLUI.build/Objects-normal/arm64/VGSLUI-Swift.h -working-directory /Users/admin/builder/spi-builder-workspace/.swiftpm/xcode -experimental-emit-module-separately -disable-cmo
/Users/admin/builder/spi-builder-workspace/VGSLUI/typo/FontExtensions.swift:79:8: error: Unsupported OS
#error("Unsupported OS")
^~~~~~~~~~~~~~~~ (in target 'VGSLUI' from project 'vgsl')
/Users/admin/builder/spi-builder-workspace/VGSLUI/MetalImageView.swift:4:8: error: Unable to find module dependency: 'MetalKit'
import MetalKit
^ (in target 'VGSLUI' from project 'vgsl')
/Users/admin/builder/spi-builder-workspace/VGSLUI/MetalImageView.swift:4:8: note: A dependency of main module 'VGSLUI'
import MetalKit
^ (in target 'VGSLUI' from project 'vgsl')
/Users/admin/builder/spi-builder-workspace/VGSLUI/RemoteImageView.swift:4:8: error: Unable to find module dependency: 'CoreImage'
import CoreImage
^ (in target 'VGSLUI' from project 'vgsl')
/Users/admin/builder/spi-builder-workspace/VGSLUI/RemoteImageView.swift:4:8: note: A dependency of main module 'VGSLUI'
import CoreImage
^ (in target 'VGSLUI' from project 'vgsl')
/Users/admin/builder/spi-builder-workspace/VGSLUI/extensions/CGColorExtensions.swift:4:8: note: Also imported here
import CoreImage
^ (in target 'VGSLUI' from project 'vgsl')
/Users/admin/builder/spi-builder-workspace/VGSLUI/filters/EquatableImageFilter.swift:3:8: note: Also imported here
import CoreImage
^ (in target 'VGSLUI' from project 'vgsl')
/Users/admin/builder/spi-builder-workspace/VGSLUI/filters/ImageBlur.swift:3:8: note: Also imported here
import CoreImage
^ (in target 'VGSLUI' from project 'vgsl')
/Users/admin/builder/spi-builder-workspace/VGSLUI/filters/ImageComposer.swift:3:8: note: Also imported here
import CoreImage
^ (in target 'VGSLUI' from project 'vgsl')
/Users/admin/builder/spi-builder-workspace/VGSLUI/filters/ImageCrop.swift:3:8: note: Also imported here
import CoreImage
^ (in target 'VGSLUI' from project 'vgsl')
/Users/admin/builder/spi-builder-workspace/VGSLUI/filters/ImageFilters.swift:3:8: note: Also imported here
import CoreImage
^ (in target 'VGSLUI' from project 'vgsl')
/Users/admin/builder/spi-builder-workspace/VGSLUI/filters/ImageGenerator.swift:3:8: note: Also imported here
import CoreImage
^ (in target 'VGSLUI' from project 'vgsl')
/Users/admin/builder/spi-builder-workspace/VGSLUI/types/color/RGBAColorExtensions.swift:4:8: note: Also imported here
import CoreImage
^ (in target 'VGSLUI' from project 'vgsl')
/Users/admin/builder/spi-builder-workspace/VGSLUI/extensions/UIDeviceExtensions.swift:4:8: error: Unable to find module dependency: 'CoreHaptics'
import CoreHaptics
^ (in target 'VGSLUI' from project 'vgsl')
/Users/admin/builder/spi-builder-workspace/VGSLUI/extensions/UIDeviceExtensions.swift:4:8: note: A dependency of main module 'VGSLUI'
import CoreHaptics
^ (in target 'VGSLUI' from project 'vgsl')
/Users/admin/builder/spi-builder-workspace/VGSLUI/types/PhysicalFeedbackGenerator.swift:6:17: error: Unable to find module dependency: 'AudioToolbox'
internal import AudioToolbox
^ (in target 'VGSLUI' from project 'vgsl')
/Users/admin/builder/spi-builder-workspace/VGSLUI/types/PhysicalFeedbackGenerator.swift:6:17: note: A dependency of main module 'VGSLUI'
internal import AudioToolbox
^ (in target 'VGSLUI' from project 'vgsl')
SwiftDriverJobDiscovery normal armv7k Compiling Observer.swift, Either.swift, Future.swift, FutureExtensions.swift, Promise.swift, KeyValueDirectStoringSupporting.swift, KeyValueStorage.swift, SettingProperty.swift, SingleValueCoder.swift, weakify.swift (in target 'VGSLFundamentals' from project 'vgsl')
SwiftDriverJobDiscovery normal armv7k Compiling CollectionExtensions.swift, DictionaryExtensions.swift, EncodableExtensions.swift, HTTPURLResponse+Extensions.swift, IndexSetExtensions.swift, LazyExtensions.swift, NSArrayExtensions.swift, NotificationCenter+Signal.swift, OptionalExtensions.swift, RangeExtensions.swift (in target 'VGSLFundamentals' from project 'vgsl')
SwiftDriverJobDiscovery normal arm64 Compiling NonEmpty+Array.swift, NonEmpty+Set.swift, NonEmpty+String.swift, NonEmpty.swift, FileManaging.swift, Cancellable.swift, DebugInfo.swift, Lazy.swift, Property.swift, ResettableLazy.swift (in target 'VGSLFundamentals' from project 'vgsl')
SwiftDriverJobDiscovery normal armv7k Compiling ResultExtensions.swift, SequenceExtensions.swift, SetExtensions.swift, StringExtensions+Foundation.swift, StringExtensions.swift, TupleExtensions.swift, URLExtensions.swift, UnsignedIntegerExtensions.swift, LocalResourceURLProviding.swift, URLResourceRequesting.swift (in target 'VGSLFundamentals' from project 'vgsl')
SwiftDriver\ Compilation VGSLFundamentals normal armv7k com.apple.xcode.tools.swift.compiler (in target 'VGSLFundamentals' from project 'vgsl')
cd /Users/admin/builder/spi-builder-workspace/.swiftpm/xcode
builtin-Swift-Compilation -- /Applications/Xcode-26.3.0.app/Contents/Developer/Toolchains/XcodeDefault.xctoolchain/usr/bin/swiftc -module-name VGSLFundamentals -Onone -enforce-exclusivity\=checked @/Users/admin/builder/spi-builder-workspace/.derivedData/Build/Intermediates.noindex/vgsl.build/Debug-watchos/VGSLFundamentals.build/Objects-normal/armv7k/VGSLFundamentals.SwiftFileList -DSWIFT_PACKAGE -DDEBUG -DSWIFT_MODULE_RESOURCE_BUNDLE_AVAILABLE -DXcode -enable-experimental-feature AccessLevelOnImport -plugin-path /Applications/Xcode-26.3.0.app/Contents/Developer/Toolchains/XcodeDefault.xctoolchain/usr/lib/swift/host/plugins/testing -enable-experimental-feature DebugDescriptionMacro -sdk /Applications/Xcode-26.3.0.app/Contents/Developer/Platforms/WatchOS.platform/Developer/SDKs/WatchOS26.2.sdk -target armv7k-apple-watchos6.0 -g -module-cache-path /Users/admin/builder/spi-builder-workspace/.derivedData/ModuleCache.noindex -Xfrontend -serialize-debugging-options -enable-testing -index-store-path /Users/admin/builder/spi-builder-workspace/.derivedData/Index.noindex/DataStore -Xcc -D_LIBCPP_HARDENING_MODE\=_LIBCPP_HARDENING_MODE_DEBUG -swift-version 6 -I /Users/admin/builder/spi-builder-workspace/.derivedData/Build/Products/Debug-watchos -Isystem /Applications/Xcode-26.3.0.app/Contents/Developer/Platforms/WatchOS.platform/Developer/usr/lib -F /Users/admin/builder/spi-builder-workspace/.derivedData/Build/Products/Debug-watchos -F /Applications/Xcode-26.3.0.app/Contents/Developer/Platforms/WatchOS.platform/Developer/Library/Frameworks -F /Applications/Xcode-26.3.0.app/Contents/Developer/Platforms/WatchOS.platform/Developer/SDKs/WatchOS26.2.sdk/Developer/Library/Frameworks -c -j10 -enable-batch-mode -incremental -Xcc -ivfsstatcache -Xcc /Users/admin/builder/spi-builder-workspace/.derivedData/SDKStatCaches.noindex/watchos26.2-23S303-dc75598d0054f22ec865fa860f139d721753b489057de6bda919edfa1c59a62b.sdkstatcache -output-file-map /Users/admin/builder/spi-builder-workspace/.derivedData/Build/Intermediates.noindex/vgsl.build/Debug-watchos/VGSLFundamentals.build/Objects-normal/armv7k/VGSLFundamentals-OutputFileMap.json -use-frontend-parseable-output -save-temps -no-color-diagnostics -explicit-module-build -module-cache-path /Users/admin/builder/spi-builder-workspace/.derivedData/Build/Intermediates.noindex/SwiftExplicitPrecompiledModules -clang-scanner-module-cache-path /Users/admin/builder/spi-builder-workspace/.derivedData/ModuleCache.noindex -sdk-module-cache-path /Users/admin/builder/spi-builder-workspace/.derivedData/ModuleCache.noindex -serialize-diagnostics -emit-dependencies -emit-module -emit-module-path /Users/admin/builder/spi-builder-workspace/.derivedData/Build/Intermediates.noindex/vgsl.build/Debug-watchos/VGSLFundamentals.build/Objects-normal/armv7k/VGSLFundamentals.swiftmodule -validate-clang-modules-once -clang-build-session-file /Users/admin/builder/spi-builder-workspace/.derivedData/ModuleCache.noindex/Session.modulevalidation -package-name spi_builder_workspace -Xcc -I/Users/admin/builder/spi-builder-workspace/.derivedData/Build/Intermediates.noindex/vgsl.build/Debug-watchos/VGSLFundamentals.build/swift-overrides.hmap -emit-const-values -Xfrontend -const-gather-protocols-file -Xfrontend /Users/admin/builder/spi-builder-workspace/.derivedData/Build/Intermediates.noindex/vgsl.build/Debug-watchos/VGSLFundamentals.build/Objects-normal/armv7k/VGSLFundamentals_const_extract_protocols.json -Xcc -I/Users/admin/builder/spi-builder-workspace/.derivedData/Build/Products/Debug-watchos/include -Xcc -I/Users/admin/builder/spi-builder-workspace/.derivedData/Build/Intermediates.noindex/vgsl.build/Debug-watchos/VGSLFundamentals.build/DerivedSources-normal/armv7k -Xcc -I/Users/admin/builder/spi-builder-workspace/.derivedData/Build/Intermediates.noindex/vgsl.build/Debug-watchos/VGSLFundamentals.build/DerivedSources/armv7k -Xcc -I/Users/admin/builder/spi-builder-workspace/.derivedData/Build/Intermediates.noindex/vgsl.build/Debug-watchos/VGSLFundamentals.build/DerivedSources -Xcc -DSWIFT_PACKAGE -Xcc -DDEBUG\=1 -emit-objc-header -emit-objc-header-path /Users/admin/builder/spi-builder-workspace/.derivedData/Build/Intermediates.noindex/vgsl.build/Debug-watchos/VGSLFundamentals.build/Objects-normal/armv7k/VGSLFundamentals-Swift.h -working-directory /Users/admin/builder/spi-builder-workspace/.swiftpm/xcode -experimental-emit-module-separately -disable-cmo
Ld /Users/admin/builder/spi-builder-workspace/.derivedData/Build/Intermediates.noindex/vgsl.build/Debug-watchos/VGSLFundamentals.build/Objects-normal/armv7k/Binary/VGSLFundamentals.o normal armv7k (in target 'VGSLFundamentals' from project 'vgsl')
cd /Users/admin/builder/spi-builder-workspace
/Applications/Xcode-26.3.0.app/Contents/Developer/Toolchains/XcodeDefault.xctoolchain/usr/bin/clang -Xlinker -reproducible -target armv7k-apple-watchos6.0 -r -isysroot /Applications/Xcode-26.3.0.app/Contents/Developer/Platforms/WatchOS.platform/Developer/SDKs/WatchOS26.2.sdk -O0 -L/Users/admin/builder/spi-builder-workspace/.derivedData/Build/Intermediates.noindex/EagerLinkingTBDs/Debug-watchos -L/Users/admin/builder/spi-builder-workspace/.derivedData/Build/Products/Debug-watchos -L/Applications/Xcode-26.3.0.app/Contents/Developer/Platforms/WatchOS.platform/Developer/usr/lib -F/Users/admin/builder/spi-builder-workspace/.derivedData/Build/Intermediates.noindex/EagerLinkingTBDs/Debug-watchos -F/Users/admin/builder/spi-builder-workspace/.derivedData/Build/Products/Debug-watchos -iframework /Applications/Xcode-26.3.0.app/Contents/Developer/Platforms/WatchOS.platform/Developer/Library/Frameworks -iframework /Applications/Xcode-26.3.0.app/Contents/Developer/Platforms/WatchOS.platform/Developer/SDKs/WatchOS26.2.sdk/Developer/Library/Frameworks -filelist /Users/admin/builder/spi-builder-workspace/.derivedData/Build/Intermediates.noindex/vgsl.build/Debug-watchos/VGSLFundamentals.build/Objects-normal/armv7k/VGSLFundamentals.LinkFileList -nostdlib -Xlinker -object_path_lto -Xlinker /Users/admin/builder/spi-builder-workspace/.derivedData/Build/Intermediates.noindex/vgsl.build/Debug-watchos/VGSLFundamentals.build/Objects-normal/armv7k/VGSLFundamentals_lto.o -rdynamic -Xlinker -no_deduplicate -Xlinker -dependency_info -Xlinker /Users/admin/builder/spi-builder-workspace/.derivedData/Build/Intermediates.noindex/vgsl.build/Debug-watchos/VGSLFundamentals.build/Objects-normal/armv7k/VGSLFundamentals_dependency_info.dat -fobjc-link-runtime -L/Applications/Xcode-26.3.0.app/Contents/Developer/Toolchains/XcodeDefault.xctoolchain/usr/lib/swift/watchos -L/usr/lib/swift -Xlinker -add_ast_path -Xlinker /Users/admin/builder/spi-builder-workspace/.derivedData/Build/Intermediates.noindex/vgsl.build/Debug-watchos/VGSLFundamentals.build/Objects-normal/armv7k/VGSLFundamentals.swiftmodule @/Users/admin/builder/spi-builder-workspace/.derivedData/Build/Intermediates.noindex/vgsl.build/Debug-watchos/VGSLFundamentals.build/Objects-normal/armv7k/VGSLFundamentals-linker-args.resp -o /Users/admin/builder/spi-builder-workspace/.derivedData/Build/Intermediates.noindex/vgsl.build/Debug-watchos/VGSLFundamentals.build/Objects-normal/armv7k/Binary/VGSLFundamentals.o
SwiftDriverJobDiscovery normal arm64 Compiling Observer.swift, Either.swift, Future.swift, FutureExtensions.swift, Promise.swift, KeyValueDirectStoringSupporting.swift, KeyValueStorage.swift, SettingProperty.swift, SingleValueCoder.swift, weakify.swift (in target 'VGSLFundamentals' from project 'vgsl')
SwiftDriverJobDiscovery normal arm64 Compiling Result.swift, Signal+CombineLatest.swift, Signal.swift, SignalPipe.swift, Variable.swift, AutodisposePool.swift, Disposable.swift, ObservableProperty.swift, ObservableVariable.swift, ObservableVariableConnection.swift (in target 'VGSLFundamentals' from project 'vgsl')
SwiftDriver\ Compilation VGSLFundamentals normal arm64 com.apple.xcode.tools.swift.compiler (in target 'VGSLFundamentals' from project 'vgsl')
cd /Users/admin/builder/spi-builder-workspace/.swiftpm/xcode
builtin-Swift-Compilation -- /Applications/Xcode-26.3.0.app/Contents/Developer/Toolchains/XcodeDefault.xctoolchain/usr/bin/swiftc -module-name VGSLFundamentals -Onone -enforce-exclusivity\=checked @/Users/admin/builder/spi-builder-workspace/.derivedData/Build/Intermediates.noindex/vgsl.build/Debug-watchos/VGSLFundamentals.build/Objects-normal/arm64/VGSLFundamentals.SwiftFileList -DSWIFT_PACKAGE -DDEBUG -DSWIFT_MODULE_RESOURCE_BUNDLE_AVAILABLE -DXcode -enable-experimental-feature AccessLevelOnImport -plugin-path /Applications/Xcode-26.3.0.app/Contents/Developer/Toolchains/XcodeDefault.xctoolchain/usr/lib/swift/host/plugins/testing -enable-experimental-feature DebugDescriptionMacro -sdk /Applications/Xcode-26.3.0.app/Contents/Developer/Platforms/WatchOS.platform/Developer/SDKs/WatchOS26.2.sdk -target arm64-apple-watchos6.0 -g -module-cache-path /Users/admin/builder/spi-builder-workspace/.derivedData/ModuleCache.noindex -Xfrontend -serialize-debugging-options -enable-testing -index-store-path /Users/admin/builder/spi-builder-workspace/.derivedData/Index.noindex/DataStore -Xcc -D_LIBCPP_HARDENING_MODE\=_LIBCPP_HARDENING_MODE_DEBUG -swift-version 6 -I /Users/admin/builder/spi-builder-workspace/.derivedData/Build/Products/Debug-watchos -Isystem /Applications/Xcode-26.3.0.app/Contents/Developer/Platforms/WatchOS.platform/Developer/usr/lib -F /Users/admin/builder/spi-builder-workspace/.derivedData/Build/Products/Debug-watchos -F /Applications/Xcode-26.3.0.app/Contents/Developer/Platforms/WatchOS.platform/Developer/Library/Frameworks -F /Applications/Xcode-26.3.0.app/Contents/Developer/Platforms/WatchOS.platform/Developer/SDKs/WatchOS26.2.sdk/Developer/Library/Frameworks -c -j10 -enable-batch-mode -incremental -Xcc -ivfsstatcache -Xcc /Users/admin/builder/spi-builder-workspace/.derivedData/SDKStatCaches.noindex/watchos26.2-23S303-dc75598d0054f22ec865fa860f139d721753b489057de6bda919edfa1c59a62b.sdkstatcache -output-file-map /Users/admin/builder/spi-builder-workspace/.derivedData/Build/Intermediates.noindex/vgsl.build/Debug-watchos/VGSLFundamentals.build/Objects-normal/arm64/VGSLFundamentals-OutputFileMap.json -use-frontend-parseable-output -save-temps -no-color-diagnostics -explicit-module-build -module-cache-path /Users/admin/builder/spi-builder-workspace/.derivedData/Build/Intermediates.noindex/SwiftExplicitPrecompiledModules -clang-scanner-module-cache-path /Users/admin/builder/spi-builder-workspace/.derivedData/ModuleCache.noindex -sdk-module-cache-path /Users/admin/builder/spi-builder-workspace/.derivedData/ModuleCache.noindex -serialize-diagnostics -emit-dependencies -emit-module -emit-module-path /Users/admin/builder/spi-builder-workspace/.derivedData/Build/Intermediates.noindex/vgsl.build/Debug-watchos/VGSLFundamentals.build/Objects-normal/arm64/VGSLFundamentals.swiftmodule -validate-clang-modules-once -clang-build-session-file /Users/admin/builder/spi-builder-workspace/.derivedData/ModuleCache.noindex/Session.modulevalidation -package-name spi_builder_workspace -Xcc -I/Users/admin/builder/spi-builder-workspace/.derivedData/Build/Intermediates.noindex/vgsl.build/Debug-watchos/VGSLFundamentals.build/swift-overrides.hmap -emit-const-values -Xfrontend -const-gather-protocols-file -Xfrontend /Users/admin/builder/spi-builder-workspace/.derivedData/Build/Intermediates.noindex/vgsl.build/Debug-watchos/VGSLFundamentals.build/Objects-normal/arm64/VGSLFundamentals_const_extract_protocols.json -Xcc -I/Users/admin/builder/spi-builder-workspace/.derivedData/Build/Products/Debug-watchos/include -Xcc -I/Users/admin/builder/spi-builder-workspace/.derivedData/Build/Intermediates.noindex/vgsl.build/Debug-watchos/VGSLFundamentals.build/DerivedSources-normal/arm64 -Xcc -I/Users/admin/builder/spi-builder-workspace/.derivedData/Build/Intermediates.noindex/vgsl.build/Debug-watchos/VGSLFundamentals.build/DerivedSources/arm64 -Xcc -I/Users/admin/builder/spi-builder-workspace/.derivedData/Build/Intermediates.noindex/vgsl.build/Debug-watchos/VGSLFundamentals.build/DerivedSources -Xcc -DSWIFT_PACKAGE -Xcc -DDEBUG\=1 -emit-objc-header -emit-objc-header-path /Users/admin/builder/spi-builder-workspace/.derivedData/Build/Intermediates.noindex/vgsl.build/Debug-watchos/VGSLFundamentals.build/Objects-normal/arm64/VGSLFundamentals-Swift.h -working-directory /Users/admin/builder/spi-builder-workspace/.swiftpm/xcode -experimental-emit-module-separately -disable-cmo
Ld /Users/admin/builder/spi-builder-workspace/.derivedData/Build/Intermediates.noindex/vgsl.build/Debug-watchos/VGSLFundamentals.build/Objects-normal/arm64/Binary/VGSLFundamentals.o normal arm64 (in target 'VGSLFundamentals' from project 'vgsl')
cd /Users/admin/builder/spi-builder-workspace
/Applications/Xcode-26.3.0.app/Contents/Developer/Toolchains/XcodeDefault.xctoolchain/usr/bin/clang -Xlinker -reproducible -target arm64-apple-watchos6.0 -r -isysroot /Applications/Xcode-26.3.0.app/Contents/Developer/Platforms/WatchOS.platform/Developer/SDKs/WatchOS26.2.sdk -O0 -L/Users/admin/builder/spi-builder-workspace/.derivedData/Build/Intermediates.noindex/EagerLinkingTBDs/Debug-watchos -L/Users/admin/builder/spi-builder-workspace/.derivedData/Build/Products/Debug-watchos -L/Applications/Xcode-26.3.0.app/Contents/Developer/Platforms/WatchOS.platform/Developer/usr/lib -F/Users/admin/builder/spi-builder-workspace/.derivedData/Build/Intermediates.noindex/EagerLinkingTBDs/Debug-watchos -F/Users/admin/builder/spi-builder-workspace/.derivedData/Build/Products/Debug-watchos -iframework /Applications/Xcode-26.3.0.app/Contents/Developer/Platforms/WatchOS.platform/Developer/Library/Frameworks -iframework /Applications/Xcode-26.3.0.app/Contents/Developer/Platforms/WatchOS.platform/Developer/SDKs/WatchOS26.2.sdk/Developer/Library/Frameworks -filelist /Users/admin/builder/spi-builder-workspace/.derivedData/Build/Intermediates.noindex/vgsl.build/Debug-watchos/VGSLFundamentals.build/Objects-normal/arm64/VGSLFundamentals.LinkFileList -nostdlib -Xlinker -object_path_lto -Xlinker /Users/admin/builder/spi-builder-workspace/.derivedData/Build/Intermediates.noindex/vgsl.build/Debug-watchos/VGSLFundamentals.build/Objects-normal/arm64/VGSLFundamentals_lto.o -rdynamic -Xlinker -no_deduplicate -Xlinker -dependency_info -Xlinker /Users/admin/builder/spi-builder-workspace/.derivedData/Build/Intermediates.noindex/vgsl.build/Debug-watchos/VGSLFundamentals.build/Objects-normal/arm64/VGSLFundamentals_dependency_info.dat -fobjc-link-runtime -L/Applications/Xcode-26.3.0.app/Contents/Developer/Toolchains/XcodeDefault.xctoolchain/usr/lib/swift/watchos -L/usr/lib/swift -Xlinker -add_ast_path -Xlinker /Users/admin/builder/spi-builder-workspace/.derivedData/Build/Intermediates.noindex/vgsl.build/Debug-watchos/VGSLFundamentals.build/Objects-normal/arm64/VGSLFundamentals.swiftmodule @/Users/admin/builder/spi-builder-workspace/.derivedData/Build/Intermediates.noindex/vgsl.build/Debug-watchos/VGSLFundamentals.build/Objects-normal/arm64/VGSLFundamentals-linker-args.resp -o /Users/admin/builder/spi-builder-workspace/.derivedData/Build/Intermediates.noindex/vgsl.build/Debug-watchos/VGSLFundamentals.build/Objects-normal/arm64/Binary/VGSLFundamentals.o
SwiftDriverJobDiscovery normal arm64_32 Compiling NonEmpty+Array.swift, NonEmpty+Set.swift, NonEmpty+String.swift, NonEmpty.swift, FileManaging.swift, Cancellable.swift, DebugInfo.swift, Lazy.swift, Property.swift, ResettableLazy.swift (in target 'VGSLFundamentals' from project 'vgsl')
2026-10-03 08:06:53.886 xcodebuild[688:4339] [MT] IDERunDestination: Supported platforms for the buildables in the current scheme is empty.
/Users/admin/builder/spi-builder-workspace/VGSLUI/typo/FontExtensions.swift:79:8: error: Unsupported OS
#error("Unsupported OS")
^~~~~~~~~~~~~~~~
/Users/admin/builder/spi-builder-workspace/VGSLUI/MetalImageView.swift:4:8: error: Unable to find module dependency: 'MetalKit'
import MetalKit
^
/Users/admin/builder/spi-builder-workspace/VGSLUI/MetalImageView.swift:4:8: note: a dependency of main module 'VGSLUI'
import MetalKit
^
/Users/admin/builder/spi-builder-workspace/VGSLUI/RemoteImageView.swift:4:8: error: Unable to find module dependency: 'CoreImage'
import CoreImage
^
/Users/admin/builder/spi-builder-workspace/VGSLUI/RemoteImageView.swift:4:8: note: a dependency of main module 'VGSLUI'
import CoreImage
^
/Users/admin/builder/spi-builder-workspace/VGSLUI/extensions/CGColorExtensions.swift:4:8: note: also imported here
import CoreImage
^
/Users/admin/builder/spi-builder-workspace/VGSLUI/filters/EquatableImageFilter.swift:3:8: note: also imported here
import CoreImage
^
/Users/admin/builder/spi-builder-workspace/VGSLUI/filters/ImageBlur.swift:3:8: note: also imported here
import CoreImage
^
/Users/admin/builder/spi-builder-workspace/VGSLUI/filters/ImageComposer.swift:3:8: note: also imported here
import CoreImage
^
/Users/admin/builder/spi-builder-workspace/VGSLUI/filters/ImageCrop.swift:3:8: note: also imported here
import CoreImage
^
/Users/admin/builder/spi-builder-workspace/VGSLUI/filters/ImageFilters.swift:3:8: note: also imported here
import CoreImage
^
/Users/admin/builder/spi-builder-workspace/VGSLUI/filters/ImageGenerator.swift:3:8: note: also imported here
import CoreImage
^
/Users/admin/builder/spi-builder-workspace/VGSLUI/types/color/RGBAColorExtensions.swift:4:8: note: also imported here
import CoreImage
^
/Users/admin/builder/spi-builder-workspace/VGSLUI/extensions/UIDeviceExtensions.swift:4:8: error: Unable to find module dependency: 'CoreHaptics'
import CoreHaptics
^
/Users/admin/builder/spi-builder-workspace/VGSLUI/extensions/UIDeviceExtensions.swift:4:8: note: a dependency of main module 'VGSLUI'
import CoreHaptics
^
/Users/admin/builder/spi-builder-workspace/VGSLUI/types/PhysicalFeedbackGenerator.swift:6:17: error: Unable to find module dependency: 'AudioToolbox'
internal import AudioToolbox
^
/Users/admin/builder/spi-builder-workspace/VGSLUI/types/PhysicalFeedbackGenerator.swift:6:17: note: a dependency of main module 'VGSLUI'
internal import AudioToolbox
^
/Users/admin/builder/spi-builder-workspace/VGSLUI/typo/FontExtensions.swift:79:8: error: Unsupported OS
#error("Unsupported OS")
^~~~~~~~~~~~~~~~
/Users/admin/builder/spi-builder-workspace/VGSLUI/MetalImageView.swift:4:8: error: Unable to find module dependency: 'MetalKit'
import MetalKit
^
/Users/admin/builder/spi-builder-workspace/VGSLUI/MetalImageView.swift:4:8: note: a dependency of main module 'VGSLUI'
import MetalKit
^
/Users/admin/builder/spi-builder-workspace/VGSLUI/RemoteImageView.swift:4:8: error: Unable to find module dependency: 'CoreImage'
import CoreImage
^
/Users/admin/builder/spi-builder-workspace/VGSLUI/RemoteImageView.swift:4:8: note: a dependency of main module 'VGSLUI'
import CoreImage
^
/Users/admin/builder/spi-builder-workspace/VGSLUI/extensions/CGColorExtensions.swift:4:8: note: also imported here
import CoreImage
^
/Users/admin/builder/spi-builder-workspace/VGSLUI/filters/EquatableImageFilter.swift:3:8: note: also imported here
import CoreImage
^
/Users/admin/builder/spi-builder-workspace/VGSLUI/filters/ImageBlur.swift:3:8: note: also imported here
import CoreImage
^
/Users/admin/builder/spi-builder-workspace/VGSLUI/filters/ImageComposer.swift:3:8: note: also imported here
import CoreImage
^
/Users/admin/builder/spi-builder-workspace/VGSLUI/filters/ImageCrop.swift:3:8: note: also imported here
import CoreImage
^
/Users/admin/builder/spi-builder-workspace/VGSLUI/filters/ImageFilters.swift:3:8: note: also imported here
import CoreImage
^
/Users/admin/builder/spi-builder-workspace/VGSLUI/filters/ImageGenerator.swift:3:8: note: also imported here
import CoreImage
^
/Users/admin/builder/spi-builder-workspace/VGSLUI/types/color/RGBAColorExtensions.swift:4:8: note: also imported here
import CoreImage
^
/Users/admin/builder/spi-builder-workspace/VGSLUI/extensions/UIDeviceExtensions.swift:4:8: error: Unable to find module dependency: 'CoreHaptics'
import CoreHaptics
^
/Users/admin/builder/spi-builder-workspace/VGSLUI/extensions/UIDeviceExtensions.swift:4:8: note: a dependency of main module 'VGSLUI'
import CoreHaptics
^
/Users/admin/builder/spi-builder-workspace/VGSLUI/types/PhysicalFeedbackGenerator.swift:6:17: error: Unable to find module dependency: 'AudioToolbox'
internal import AudioToolbox
^
/Users/admin/builder/spi-builder-workspace/VGSLUI/types/PhysicalFeedbackGenerator.swift:6:17: note: a dependency of main module 'VGSLUI'
internal import AudioToolbox
^
/Users/admin/builder/spi-builder-workspace/VGSLUI/typo/FontExtensions.swift:79:8: error: Unsupported OS
#error("Unsupported OS")
^~~~~~~~~~~~~~~~
/Users/admin/builder/spi-builder-workspace/VGSLUI/MetalImageView.swift:4:8: error: Unable to find module dependency: 'MetalKit'
import MetalKit
^
/Users/admin/builder/spi-builder-workspace/VGSLUI/MetalImageView.swift:4:8: note: a dependency of main module 'VGSLUI'
import MetalKit
^
/Users/admin/builder/spi-builder-workspace/VGSLUI/RemoteImageView.swift:4:8: error: Unable to find module dependency: 'CoreImage'
import CoreImage
^
/Users/admin/builder/spi-builder-workspace/VGSLUI/RemoteImageView.swift:4:8: note: a dependency of main module 'VGSLUI'
import CoreImage
^
/Users/admin/builder/spi-builder-workspace/VGSLUI/extensions/CGColorExtensions.swift:4:8: note: also imported here
import CoreImage
^
/Users/admin/builder/spi-builder-workspace/VGSLUI/filters/EquatableImageFilter.swift:3:8: note: also imported here
import CoreImage
^
/Users/admin/builder/spi-builder-workspace/VGSLUI/filters/ImageBlur.swift:3:8: note: also imported here
import CoreImage
^
/Users/admin/builder/spi-builder-workspace/VGSLUI/filters/ImageComposer.swift:3:8: note: also imported here
import CoreImage
^
/Users/admin/builder/spi-builder-workspace/VGSLUI/filters/ImageCrop.swift:3:8: note: also imported here
import CoreImage
^
/Users/admin/builder/spi-builder-workspace/VGSLUI/filters/ImageFilters.swift:3:8: note: also imported here
import CoreImage
^
/Users/admin/builder/spi-builder-workspace/VGSLUI/filters/ImageGenerator.swift:3:8: note: also imported here
import CoreImage
^
/Users/admin/builder/spi-builder-workspace/VGSLUI/types/color/RGBAColorExtensions.swift:4:8: note: also imported here
import CoreImage
^
/Users/admin/builder/spi-builder-workspace/VGSLUI/extensions/UIDeviceExtensions.swift:4:8: error: Unable to find module dependency: 'CoreHaptics'
import CoreHaptics
^
/Users/admin/builder/spi-builder-workspace/VGSLUI/extensions/UIDeviceExtensions.swift:4:8: note: a dependency of main module 'VGSLUI'
import CoreHaptics
^
/Users/admin/builder/spi-builder-workspace/VGSLUI/types/PhysicalFeedbackGenerator.swift:6:17: error: Unable to find module dependency: 'AudioToolbox'
internal import AudioToolbox
^
/Users/admin/builder/spi-builder-workspace/VGSLUI/types/PhysicalFeedbackGenerator.swift:6:17: note: a dependency of main module 'VGSLUI'
internal import AudioToolbox
^
** BUILD FAILED **
The following build commands failed:
SwiftDriver VGSLUI normal arm64_32 com.apple.xcode.tools.swift.compiler (in target 'VGSLUI' from project 'vgsl')
SwiftDriver VGSLUI normal armv7k com.apple.xcode.tools.swift.compiler (in target 'VGSLUI' from project 'vgsl')
SwiftDriver VGSLUI normal arm64 com.apple.xcode.tools.swift.compiler (in target 'VGSLUI' from project 'vgsl')
Building workspace spi-builder-workspace with scheme vgsl-Package
(4 failures)
Command line invocation:
/Applications/Xcode-26.3.0.app/Contents/Developer/usr/bin/xcodebuild -IDEClonedSourcePackagesDirPathOverride=/Users/admin/builder/spi-builder-workspace/.dependencies -resolvePackageDependencies
Resolve Package Graph
Resolved source packages:
vgsl: /Users/admin/builder/spi-builder-workspace
resolved source packages: vgsl
2026-10-03 08:07:05.503 xcodebuild[829:5378] [MT] IDERunDestination: Supported platforms for the buildables in the current scheme is empty.
{
"dependencies" : [
],
"manifest_display_name" : "vgsl",
"name" : "vgsl",
"path" : "/Users/admin/builder/spi-builder-workspace",
"platforms" : [
{
"name" : "ios",
"version" : "13.0"
},
{
"name" : "tvos",
"version" : "13.0"
},
{
"name" : "macos",
"version" : "10.15"
}
],
"products" : [
{
"name" : "VGSLFundamentals",
"targets" : [
"VGSLFundamentals"
],
"type" : {
"library" : [
"automatic"
]
}
},
{
"name" : "VGSLUI",
"targets" : [
"VGSLUI"
],
"type" : {
"library" : [
"automatic"
]
}
},
{
"name" : "VGSLNetworking",
"targets" : [
"VGSLNetworking"
],
"type" : {
"library" : [
"automatic"
]
}
},
{
"name" : "VGSL",
"targets" : [
"VGSL"
],
"type" : {
"library" : [
"automatic"
]
}
}
],
"swift_languages_versions" : [
"6"
],
"targets" : [
{
"c99name" : "VGSLUI",
"module_type" : "SwiftTarget",
"name" : "VGSLUI",
"path" : "VGSLUI",
"product_memberships" : [
"VGSLUI",
"VGSLNetworking",
"VGSL"
],
"sources" : [
"CompoundScrollDelegate.swift",
"ExclusiveTouchCollectionView.swift",
"ImageContaining.swift",
"ImageDecodingMemoryOptimization.swift",
"ImageLayerLayout.swift",
"ImageRedrawingStyle.swift",
"ImageViewBackgroundModel.swift",
"ImageViewProtocol.swift",
"MetalImageView.swift",
"NativeHTMLParser/HTMLEntities.swift",
"NativeHTMLParser/HTMLEntitiesResolver.swift",
"NativeHTMLParser/HTMLParser.swift",
"NativeHTMLParser/HTMLParserDelegate.swift",
"NativeHTMLParser/HTMLTag.swift",
"NativeHTMLParser/HTMLTaggedString.swift",
"Navigation/ViewProtocol.swift",
"OSX.swift",
"PublicInterfaces.swift",
"RemoteImageView.swift",
"RemoteImageViewContainer.swift",
"RemoteImageViewContentProtocol.swift",
"ScrollableContent.swift",
"Theme.swift",
"UIStyles.swift",
"VisibleBoundsTracking.swift",
"alert/ActionSheetModel.swift",
"alert/ActionSheetUI.swift",
"alert/AlertButton.swift",
"alert/AlertModel.swift",
"alert/AlertTextField.swift",
"alert/AlertUI.swift",
"components/Label.swift",
"extensions/AccessibilityElementExtensions.swift",
"extensions/AttributedStringRenderingSupport.swift",
"extensions/CAAnimationExtensions.swift",
"extensions/CGAffineTransformExtensions.swift",
"extensions/CGColorExtensions.swift",
"extensions/CGContextExtensions.swift",
"extensions/CGFloatExtensions.swift",
"extensions/CGPointExtensions.swift",
"extensions/CGRectExtensions.swift",
"extensions/CGSizeExtensions.swift",
"extensions/CGVectorExtensions.swift",
"extensions/CTLineRendering.swift",
"extensions/ColorExtensions.swift",
"extensions/EdgeInsetsExtensions.swift",
"extensions/ImageExtensions.swift",
"extensions/NSAttributedStringExtensions.swift",
"extensions/NSAttributedStringRendering.swift",
"extensions/NSAttributedStringTruncation.swift",
"extensions/NSAttributedStringWordTruncation.swift",
"extensions/ParagraphAttributes.swift",
"extensions/StringExtensions.swift",
"extensions/SwiftUIExtensions.swift",
"extensions/TextLayout.swift",
"extensions/TextLayoutCache.swift",
"extensions/TextLayoutParams.swift",
"extensions/TextLayoutSize.swift",
"extensions/TintModeExtensions.swift",
"extensions/TypographicBounds.swift",
"extensions/UIDeviceExtensions.swift",
"extensions/UIImageExtensions.swift",
"extensions/UIImageViewExtensions.swift",
"extensions/UIMenuControllerExtensions.swift",
"filters/EquatableImageFilter.swift",
"filters/FilterProtocol.swift",
"filters/ImageBlur.swift",
"filters/ImageComposer.swift",
"filters/ImageCrop.swift",
"filters/ImageEffect.swift",
"filters/ImageFilters.swift",
"filters/ImageGenerator.swift",
"filters/TintMode.swift",
"graphics/InternalImageDescriptor.swift",
"iOS.swift",
"types/AccessibilityElement.swift",
"types/AccessibilityPriorities.swift",
"types/Alignment.swift",
"types/AnchoredPoint.swift",
"types/BezierCurve.swift",
"types/ImageContentMode.swift",
"types/PhysicalFeedbackGenerator.swift",
"types/RGBAColor.swift",
"types/SideInsets.swift",
"types/UserInterfaceStyle.swift",
"types/color/RGBAColorExtensions.swift",
"types/gradient/Gradient.swift",
"types/gradient/LinearGradientView+Layer.swift",
"types/gradient/RadialGradientView.swift",
"types/image/ColorHolder.swift",
"types/image/ImageDataHolder.swift",
"types/image/ImageHolder.swift",
"types/image/ImagePlaceholder.swift",
"types/image/NilImageHolder.swift",
"types/image/ViewImageHolder.swift",
"types/image/ViewProvider.swift",
"types/relative/RelativePoint.swift",
"types/relative/RelativeRect.swift",
"types/relative/RelativeSize.swift",
"types/relative/RelativeValue.swift",
"types/scroll/ScrollDelegate.swift",
"types/scroll/ScrollEdge.swift",
"types/scroll/ScrollViewTrackable.swift",
"types/scroll/ScrollViewType.swift",
"types/scroll/ScrollingToTop.swift",
"types/style/KeyboardAppearance.swift",
"types/style/StatusBarStyle.swift",
"typo/AttributedStringLayout.swift",
"typo/BackgroundAttribute.swift",
"typo/BorderAttribute.swift",
"typo/CloudBackgroundAttribute.swift",
"typo/FontExtensions.swift",
"typo/FontSettings.swift",
"typo/FontSpecifying.swift",
"typo/GlyphRenderer.swift",
"typo/RangeVerticalAlignmentAttribute.swift",
"typo/StringAttribute.swift",
"typo/TextGlyphRun.swift",
"typo/TextTruncationPolicy.swift",
"typo/Typo.swift",
"uikit/CALayerExtensions.swift",
"uikit/CAMediaTimingFunction.swift",
"uikit/CATransaction+Extensions.swift",
"uikit/DimensionsFlipping.swift",
"uikit/EdgeInsets+Extensions.swift",
"uikit/Image+Crop.swift",
"uikit/UIScrollView+Extensions.swift",
"uikit/UIViewExtensions.swift"
],
"target_dependencies" : [
"VGSLFundamentals"
],
"type" : "library"
},
{
"c99name" : "VGSLNetworking",
"module_type" : "SwiftTarget",
"name" : "VGSLNetworking",
"path" : "VGSLNetworking",
"product_memberships" : [
"VGSLNetworking",
"VGSL"
],
"sources" : [
"APIRequest.swift",
"APIRequestObserving.swift",
"ActiveRequestsTracker.swift",
"AsyncResourceRequester.swift",
"AuthChallengeHandler.swift",
"CachedURLResourceRequester.swift",
"ChallengeHandling.swift",
"DataExtensions.swift",
"HTTPErrors.swift",
"HTTPHeaders.swift",
"ImageHolderFactory.swift",
"LocalImageProviding.swift",
"NSErrorExtensions.swift",
"NetworkActivityIndicatorController.swift",
"NetworkActivityOperation.swift",
"NetworkActivityOperationLifecycleDelegate.swift",
"NetworkOperationServer.swift",
"NetworkSessionMetrics.swift",
"NetworkURLResourceRequester.swift",
"NetworkingDelegate.swift",
"OSX.swift",
"RemoteImageHolder.swift",
"Resource.swift",
"Retrying/DateHTTPExtensions.swift",
"Retrying/HTTPRetryAfterHeader.swift",
"Retrying/NetworkErrorHandlingPolicy.swift",
"Retrying/NetworkErrorHandlingStrategy.swift",
"Retrying/NetworkErrorHandlingStrategyDelegate.swift",
"Retrying/NetworkErrorType.swift",
"Retrying/NetworkReachabilityObserving.swift",
"Retrying/NetworkRetryIntervalSource.swift",
"Retrying/NetworkRetryStrategy.swift",
"Retrying/NetworkRetryStrategyExtensions.swift",
"Retrying/RetryingNetworkTask.swift",
"Retrying/RetryingTimeout.swift",
"Retrying/RetryingURLRequestPerformer.swift",
"Retrying/ReusableNetworkErrorHandlingStrategy.swift",
"Retrying/ReusableNetworkRetryStrategy.swift",
"Retrying/URLResponseExtensions.swift",
"TimeTracking.swift",
"URLRequestPerformer.swift",
"URLRequestPerforming.swift",
"URLSessionDelegateImpl.swift",
"URLSessionTaskMetricsExtensions.swift",
"URLTransform.swift",
"iOS.swift"
],
"target_dependencies" : [
"VGSLFundamentals",
"VGSLUI"
],
"type" : "library"
},
{
"c99name" : "VGSLFundamentals",
"module_type" : "SwiftTarget",
"name" : "VGSLFundamentals",
"path" : "VGSLFundamentals",
"product_memberships" : [
"VGSLFundamentals",
"VGSLUI",
"VGSLNetworking",
"VGSL"
],
"sources" : [
"Action.swift",
"Archivable.swift",
"ArrayBuilder.swift",
"CFCasting.swift",
"Clamp.swift",
"Combine.swift",
"Completions/CompletionAccumulating.swift",
"Completions/CompletionAccumulator.swift",
"EqualByReference.swift",
"FloatingPointComparison.swift",
"Functions.swift",
"InvalidArgumentError.swift",
"JSONDictionaryExtensions.swift",
"JSONObject.swift",
"LoginWithSourcePerformer.swift",
"Memoization.swift",
"Modifier.swift",
"NSTimerExtensions.swift",
"OAuthToken.swift",
"OSInfo.swift",
"OSVersion.swift",
"ObjectsReusability.swift",
"PersistentStorage.swift",
"Property+Storage.swift",
"Radix.swift",
"Resetting.swift",
"Tagged.swift",
"Time.swift",
"UrlOpener.swift",
"WeakCollection.swift",
"Zip3.swift",
"cache/Cache.swift",
"cache/CacheContent.swift",
"cache/CacheFactory.swift",
"cache/CacheKey.swift",
"cache/CacheRecord.swift",
"cache/CacheStorage.swift",
"cache/DiskCache.swift",
"cache/LRUCacheStorage.swift",
"cache/LRUMemoization.swift",
"cache/LinkedListOrderedDictionary.swift",
"cache/OrderedDictionary.swift",
"cache/ParameterizedDiskCache.swift",
"cache/SafeDecodable.swift",
"cache/SizedItem.swift",
"concurrency/AllocatedUnfairLock.swift",
"concurrency/AnyAsyncSequence.swift",
"concurrency/Atomic.swift",
"concurrency/GCD.swift",
"concurrency/ThreadExtensions.swift",
"concurrency/operations/AsyncOperation.swift",
"concurrency/operations/MainQueue.swift",
"concurrency/operations/OperationQueue.swift",
"extensions/ArrayExtensions.swift",
"extensions/CollectionExtensions.swift",
"extensions/DictionaryExtensions.swift",
"extensions/EncodableExtensions.swift",
"extensions/HTTPURLResponse+Extensions.swift",
"extensions/IndexSetExtensions.swift",
"extensions/LazyExtensions.swift",
"extensions/NSArrayExtensions.swift",
"extensions/NotificationCenter+Signal.swift",
"extensions/OptionalExtensions.swift",
"extensions/RangeExtensions.swift",
"extensions/ResultExtensions.swift",
"extensions/SequenceExtensions.swift",
"extensions/SetExtensions.swift",
"extensions/StringExtensions+Foundation.swift",
"extensions/StringExtensions.swift",
"extensions/TupleExtensions.swift",
"extensions/URLExtensions.swift",
"extensions/UnsignedIntegerExtensions.swift",
"networking/LocalResourceURLProviding.swift",
"networking/URLResourceRequesting.swift",
"nonempty/NonEmpty+Array.swift",
"nonempty/NonEmpty+Set.swift",
"nonempty/NonEmpty+String.swift",
"nonempty/NonEmpty.swift",
"os/FileManaging.swift",
"reactive/Cancellable.swift",
"reactive/DebugInfo.swift",
"reactive/Lazy.swift",
"reactive/Property.swift",
"reactive/ResettableLazy.swift",
"reactive/Result.swift",
"reactive/Signal+CombineLatest.swift",
"reactive/Signal.swift",
"reactive/SignalPipe.swift",
"reactive/Variable.swift",
"reactive/disposable/AutodisposePool.swift",
"reactive/disposable/Disposable.swift",
"reactive/observing/ObservableProperty.swift",
"reactive/observing/ObservableVariable.swift",
"reactive/observing/ObservableVariableConnection.swift",
"reactive/observing/Observer.swift",
"reactive/promises/Either.swift",
"reactive/promises/Future.swift",
"reactive/promises/FutureExtensions.swift",
"reactive/promises/Promise.swift",
"storage/KeyValueDirectStoringSupporting.swift",
"storage/KeyValueStorage.swift",
"storage/SettingProperty.swift",
"storage/SingleValueCoder.swift",
"weakify.swift"
],
"type" : "library"
},
{
"c99name" : "VGSL",
"module_type" : "SwiftTarget",
"name" : "VGSL",
"path" : "VGSL",
"product_memberships" : [
"VGSL"
],
"sources" : [
"Exports.swift"
],
"target_dependencies" : [
"VGSLFundamentals",
"VGSLNetworking",
"VGSLUI"
],
"type" : "library"
}
],
"tools_version" : "6.0"
}
{
"workspace" : {
"name" : "spi-builder-workspace",
"schemes" : [
"VGSL",
"vgsl-Package",
"VGSLFundamentals",
"VGSLNetworking",
"VGSLUI"
]
}
}
2026-10-03 08:07:07.009 xcodebuild[837:5451] [MT] IDERunDestination: Supported platforms for the buildables in the current scheme is empty.
Running build ...
env DEVELOPER_DIR=/Applications/Xcode-26.3.0.app xcrun xcodebuild -IDEClonedSourcePackagesDirPathOverride=$PWD/.dependencies -skipMacroValidation -skipPackagePluginValidation -derivedDataPath $PWD/.derivedData build -scheme vgsl-Package -destination generic/platform=watchOS
Command line invocation:
/Applications/Xcode-26.3.0.app/Contents/Developer/usr/bin/xcodebuild -IDEClonedSourcePackagesDirPathOverride=/Users/admin/builder/spi-builder-workspace/.dependencies -skipMacroValidation -skipPackagePluginValidation -derivedDataPath /Users/admin/builder/spi-builder-workspace/.derivedData build -scheme vgsl-Package -destination generic/platform=watchOS
Resolve Package Graph
Resolved source packages:
vgsl: /Users/admin/builder/spi-builder-workspace
ComputePackagePrebuildTargetDependencyGraph
Prepare packages
CreateBuildRequest
SendProjectDescription
CreateBuildOperation
ComputeTargetDependencyGraph
note: Building targets in dependency order
note: Target dependency graph (9 targets)
Target 'VGSLUI' in project 'vgsl'
➜ Explicit dependency on target 'VGSLUI' in project 'vgsl'
➜ Explicit dependency on target 'VGSLFundamentals' in project 'vgsl'
Target 'VGSLNetworking' in project 'vgsl'
➜ Explicit dependency on target 'VGSLNetworking' in project 'vgsl'
➜ Explicit dependency on target 'VGSLFundamentals' in project 'vgsl'
➜ Explicit dependency on target 'VGSLUI' in project 'vgsl'
Target 'VGSLFundamentals' in project 'vgsl'
➜ Explicit dependency on target 'VGSLFundamentals' in project 'vgsl'
➜ Explicit dependency on target 'vgsl_VGSLFundamentals' in project 'vgsl'
Target 'VGSL' in project 'vgsl'
➜ Explicit dependency on target 'VGSL' in project 'vgsl'
➜ Explicit dependency on target 'VGSLFundamentals' in project 'vgsl'
➜ Explicit dependency on target 'VGSLUI' in project 'vgsl'
➜ Explicit dependency on target 'VGSLNetworking' in project 'vgsl'
Target 'VGSL' in project 'vgsl'
➜ Explicit dependency on target 'VGSLFundamentals' in project 'vgsl'
➜ Explicit dependency on target 'VGSLUI' in project 'vgsl'
➜ Explicit dependency on target 'VGSLNetworking' in project 'vgsl'
Target 'VGSLNetworking' in project 'vgsl'
➜ Explicit dependency on target 'VGSLFundamentals' in project 'vgsl'
➜ Explicit dependency on target 'VGSLUI' in project 'vgsl'
Target 'VGSLUI' in project 'vgsl'
➜ Explicit dependency on target 'VGSLFundamentals' in project 'vgsl'
Target 'VGSLFundamentals' in project 'vgsl'
➜ Explicit dependency on target 'vgsl_VGSLFundamentals' in project 'vgsl'
Target 'vgsl_VGSLFundamentals' in project 'vgsl' (no dependencies)
GatherProvisioningInputs
CreateBuildDescription
ClangStatCache /Applications/Xcode-26.3.0.app/Contents/Developer/Toolchains/XcodeDefault.xctoolchain/usr/bin/clang-stat-cache /Applications/Xcode-26.3.0.app/Contents/Developer/Platforms/WatchOS.platform/Developer/SDKs/WatchOS26.2.sdk /Users/admin/builder/spi-builder-workspace/.derivedData/SDKStatCaches.noindex/watchos26.2-23S303-dc75598d0054f22ec865fa860f139d721753b489057de6bda919edfa1c59a62b.sdkstatcache
cd /Users/admin/builder/spi-builder-workspace/.swiftpm/xcode
/Applications/Xcode-26.3.0.app/Contents/Developer/Toolchains/XcodeDefault.xctoolchain/usr/bin/clang-stat-cache /Applications/Xcode-26.3.0.app/Contents/Developer/Platforms/WatchOS.platform/Developer/SDKs/WatchOS26.2.sdk -o /Users/admin/builder/spi-builder-workspace/.derivedData/SDKStatCaches.noindex/watchos26.2-23S303-dc75598d0054f22ec865fa860f139d721753b489057de6bda919edfa1c59a62b.sdkstatcache
Ld /Users/admin/builder/spi-builder-workspace/.derivedData/Build/Intermediates.noindex/vgsl.build/Debug-watchos/VGSLFundamentals.build/Objects-normal/arm64/Binary/VGSLFundamentals.o normal arm64 (in target 'VGSLFundamentals' from project 'vgsl')
cd /Users/admin/builder/spi-builder-workspace
/Applications/Xcode-26.3.0.app/Contents/Developer/Toolchains/XcodeDefault.xctoolchain/usr/bin/clang -Xlinker -reproducible -target arm64-apple-watchos6.0 -r -isysroot /Applications/Xcode-26.3.0.app/Contents/Developer/Platforms/WatchOS.platform/Developer/SDKs/WatchOS26.2.sdk -O0 -L/Users/admin/builder/spi-builder-workspace/.derivedData/Build/Intermediates.noindex/EagerLinkingTBDs/Debug-watchos -L/Users/admin/builder/spi-builder-workspace/.derivedData/Build/Products/Debug-watchos -L/Applications/Xcode-26.3.0.app/Contents/Developer/Platforms/WatchOS.platform/Developer/usr/lib -F/Users/admin/builder/spi-builder-workspace/.derivedData/Build/Intermediates.noindex/EagerLinkingTBDs/Debug-watchos -F/Users/admin/builder/spi-builder-workspace/.derivedData/Build/Products/Debug-watchos -iframework /Applications/Xcode-26.3.0.app/Contents/Developer/Platforms/WatchOS.platform/Developer/Library/Frameworks -iframework /Applications/Xcode-26.3.0.app/Contents/Developer/Platforms/WatchOS.platform/Developer/SDKs/WatchOS26.2.sdk/Developer/Library/Frameworks -filelist /Users/admin/builder/spi-builder-workspace/.derivedData/Build/Intermediates.noindex/vgsl.build/Debug-watchos/VGSLFundamentals.build/Objects-normal/arm64/VGSLFundamentals.LinkFileList -nostdlib -Xlinker -object_path_lto -Xlinker /Users/admin/builder/spi-builder-workspace/.derivedData/Build/Intermediates.noindex/vgsl.build/Debug-watchos/VGSLFundamentals.build/Objects-normal/arm64/VGSLFundamentals_lto.o -rdynamic -Xlinker -no_deduplicate -Xlinker -dependency_info -Xlinker /Users/admin/builder/spi-builder-workspace/.derivedData/Build/Intermediates.noindex/vgsl.build/Debug-watchos/VGSLFundamentals.build/Objects-normal/arm64/VGSLFundamentals_dependency_info.dat -fobjc-link-runtime -L/Applications/Xcode-26.3.0.app/Contents/Developer/Toolchains/XcodeDefault.xctoolchain/usr/lib/swift/watchos -L/usr/lib/swift -Xlinker -add_ast_path -Xlinker /Users/admin/builder/spi-builder-workspace/.derivedData/Build/Intermediates.noindex/vgsl.build/Debug-watchos/VGSLFundamentals.build/Objects-normal/arm64/VGSLFundamentals.swiftmodule @/Users/admin/builder/spi-builder-workspace/.derivedData/Build/Intermediates.noindex/vgsl.build/Debug-watchos/VGSLFundamentals.build/Objects-normal/arm64/VGSLFundamentals-linker-args.resp -o /Users/admin/builder/spi-builder-workspace/.derivedData/Build/Intermediates.noindex/vgsl.build/Debug-watchos/VGSLFundamentals.build/Objects-normal/arm64/Binary/VGSLFundamentals.o
SwiftDriver VGSLUI normal arm64_32 com.apple.xcode.tools.swift.compiler (in target 'VGSLUI' from project 'vgsl')
cd /Users/admin/builder/spi-builder-workspace/.swiftpm/xcode
builtin-SwiftDriver -- /Applications/Xcode-26.3.0.app/Contents/Developer/Toolchains/XcodeDefault.xctoolchain/usr/bin/swiftc -module-name VGSLUI -Onone -enforce-exclusivity\=checked @/Users/admin/builder/spi-builder-workspace/.derivedData/Build/Intermediates.noindex/vgsl.build/Debug-watchos/VGSLUI.build/Objects-normal/arm64_32/VGSLUI.SwiftFileList -DSWIFT_PACKAGE -DDEBUG -DSWIFT_MODULE_RESOURCE_BUNDLE_UNAVAILABLE -DXcode -enable-experimental-feature AccessLevelOnImport -plugin-path /Applications/Xcode-26.3.0.app/Contents/Developer/Toolchains/XcodeDefault.xctoolchain/usr/lib/swift/host/plugins/testing -enable-experimental-feature DebugDescriptionMacro -sdk /Applications/Xcode-26.3.0.app/Contents/Developer/Platforms/WatchOS.platform/Developer/SDKs/WatchOS26.2.sdk -target arm64_32-apple-watchos6.0 -g -module-cache-path /Users/admin/builder/spi-builder-workspace/.derivedData/ModuleCache.noindex -Xfrontend -serialize-debugging-options -enable-testing -index-store-path /Users/admin/builder/spi-builder-workspace/.derivedData/Index.noindex/DataStore -Xcc -D_LIBCPP_HARDENING_MODE\=_LIBCPP_HARDENING_MODE_DEBUG -swift-version 6 -I /Users/admin/builder/spi-builder-workspace/.derivedData/Build/Products/Debug-watchos -Isystem /Applications/Xcode-26.3.0.app/Contents/Developer/Platforms/WatchOS.platform/Developer/usr/lib -F /Users/admin/builder/spi-builder-workspace/.derivedData/Build/Products/Debug-watchos/PackageFrameworks -F /Users/admin/builder/spi-builder-workspace/.derivedData/Build/Products/Debug-watchos -F /Applications/Xcode-26.3.0.app/Contents/Developer/Platforms/WatchOS.platform/Developer/Library/Frameworks -F /Applications/Xcode-26.3.0.app/Contents/Developer/Platforms/WatchOS.platform/Developer/SDKs/WatchOS26.2.sdk/Developer/Library/Frameworks -c -j10 -enable-batch-mode -incremental -Xcc -ivfsstatcache -Xcc /Users/admin/builder/spi-builder-workspace/.derivedData/SDKStatCaches.noindex/watchos26.2-23S303-dc75598d0054f22ec865fa860f139d721753b489057de6bda919edfa1c59a62b.sdkstatcache -output-file-map /Users/admin/builder/spi-builder-workspace/.derivedData/Build/Intermediates.noindex/vgsl.build/Debug-watchos/VGSLUI.build/Objects-normal/arm64_32/VGSLUI-OutputFileMap.json -use-frontend-parseable-output -save-temps -no-color-diagnostics -explicit-module-build -module-cache-path /Users/admin/builder/spi-builder-workspace/.derivedData/Build/Intermediates.noindex/SwiftExplicitPrecompiledModules -clang-scanner-module-cache-path /Users/admin/builder/spi-builder-workspace/.derivedData/ModuleCache.noindex -sdk-module-cache-path /Users/admin/builder/spi-builder-workspace/.derivedData/ModuleCache.noindex -serialize-diagnostics -emit-dependencies -emit-module -emit-module-path /Users/admin/builder/spi-builder-workspace/.derivedData/Build/Intermediates.noindex/vgsl.build/Debug-watchos/VGSLUI.build/Objects-normal/arm64_32/VGSLUI.swiftmodule -validate-clang-modules-once -clang-build-session-file /Users/admin/builder/spi-builder-workspace/.derivedData/ModuleCache.noindex/Session.modulevalidation -package-name spi_builder_workspace -Xcc -I/Users/admin/builder/spi-builder-workspace/.derivedData/Build/Intermediates.noindex/vgsl.build/Debug-watchos/VGSLUI.build/swift-overrides.hmap -emit-const-values -Xfrontend -const-gather-protocols-file -Xfrontend /Users/admin/builder/spi-builder-workspace/.derivedData/Build/Intermediates.noindex/vgsl.build/Debug-watchos/VGSLUI.build/Objects-normal/arm64_32/VGSLUI_const_extract_protocols.json -Xcc -I/Users/admin/builder/spi-builder-workspace/.derivedData/Build/Products/Debug-watchos/include -Xcc -I/Users/admin/builder/spi-builder-workspace/.derivedData/Build/Intermediates.noindex/vgsl.build/Debug-watchos/VGSLUI.build/DerivedSources-normal/arm64_32 -Xcc -I/Users/admin/builder/spi-builder-workspace/.derivedData/Build/Intermediates.noindex/vgsl.build/Debug-watchos/VGSLUI.build/DerivedSources/arm64_32 -Xcc -I/Users/admin/builder/spi-builder-workspace/.derivedData/Build/Intermediates.noindex/vgsl.build/Debug-watchos/VGSLUI.build/DerivedSources -Xcc -DSWIFT_PACKAGE -Xcc -DDEBUG\=1 -emit-objc-header -emit-objc-header-path /Users/admin/builder/spi-builder-workspace/.derivedData/Build/Intermediates.noindex/vgsl.build/Debug-watchos/VGSLUI.build/Objects-normal/arm64_32/VGSLUI-Swift.h -working-directory /Users/admin/builder/spi-builder-workspace/.swiftpm/xcode -experimental-emit-module-separately -disable-cmo
/Users/admin/builder/spi-builder-workspace/VGSLUI/typo/FontExtensions.swift:79:8: error: Unsupported OS
#error("Unsupported OS")
^~~~~~~~~~~~~~~~ (in target 'VGSLUI' from project 'vgsl')
/Users/admin/builder/spi-builder-workspace/VGSLUI/MetalImageView.swift:4:8: error: Unable to find module dependency: 'MetalKit'
import MetalKit
^ (in target 'VGSLUI' from project 'vgsl')
/Users/admin/builder/spi-builder-workspace/VGSLUI/MetalImageView.swift:4:8: note: A dependency of main module 'VGSLUI'
import MetalKit
^ (in target 'VGSLUI' from project 'vgsl')
/Users/admin/builder/spi-builder-workspace/VGSLUI/RemoteImageView.swift:4:8: error: Unable to find module dependency: 'CoreImage'
import CoreImage
^ (in target 'VGSLUI' from project 'vgsl')
/Users/admin/builder/spi-builder-workspace/VGSLUI/RemoteImageView.swift:4:8: note: A dependency of main module 'VGSLUI'
import CoreImage
^ (in target 'VGSLUI' from project 'vgsl')
/Users/admin/builder/spi-builder-workspace/VGSLUI/extensions/CGColorExtensions.swift:4:8: note: Also imported here
import CoreImage
^ (in target 'VGSLUI' from project 'vgsl')
/Users/admin/builder/spi-builder-workspace/VGSLUI/filters/EquatableImageFilter.swift:3:8: note: Also imported here
import CoreImage
^ (in target 'VGSLUI' from project 'vgsl')
/Users/admin/builder/spi-builder-workspace/VGSLUI/filters/ImageBlur.swift:3:8: note: Also imported here
import CoreImage
^ (in target 'VGSLUI' from project 'vgsl')
/Users/admin/builder/spi-builder-workspace/VGSLUI/filters/ImageComposer.swift:3:8: note: Also imported here
import CoreImage
^ (in target 'VGSLUI' from project 'vgsl')
/Users/admin/builder/spi-builder-workspace/VGSLUI/filters/ImageCrop.swift:3:8: note: Also imported here
import CoreImage
^ (in target 'VGSLUI' from project 'vgsl')
/Users/admin/builder/spi-builder-workspace/VGSLUI/filters/ImageFilters.swift:3:8: note: Also imported here
import CoreImage
^ (in target 'VGSLUI' from project 'vgsl')
/Users/admin/builder/spi-builder-workspace/VGSLUI/filters/ImageGenerator.swift:3:8: note: Also imported here
import CoreImage
^ (in target 'VGSLUI' from project 'vgsl')
/Users/admin/builder/spi-builder-workspace/VGSLUI/types/color/RGBAColorExtensions.swift:4:8: note: Also imported here
import CoreImage
^ (in target 'VGSLUI' from project 'vgsl')
/Users/admin/builder/spi-builder-workspace/VGSLUI/extensions/UIDeviceExtensions.swift:4:8: error: Unable to find module dependency: 'CoreHaptics'
import CoreHaptics
^ (in target 'VGSLUI' from project 'vgsl')
/Users/admin/builder/spi-builder-workspace/VGSLUI/extensions/UIDeviceExtensions.swift:4:8: note: A dependency of main module 'VGSLUI'
import CoreHaptics
^ (in target 'VGSLUI' from project 'vgsl')
/Users/admin/builder/spi-builder-workspace/VGSLUI/types/PhysicalFeedbackGenerator.swift:6:17: error: Unable to find module dependency: 'AudioToolbox'
internal import AudioToolbox
^ (in target 'VGSLUI' from project 'vgsl')
/Users/admin/builder/spi-builder-workspace/VGSLUI/types/PhysicalFeedbackGenerator.swift:6:17: note: A dependency of main module 'VGSLUI'
internal import AudioToolbox
^ (in target 'VGSLUI' from project 'vgsl')
SwiftDriver VGSLUI normal armv7k com.apple.xcode.tools.swift.compiler (in target 'VGSLUI' from project 'vgsl')
cd /Users/admin/builder/spi-builder-workspace/.swiftpm/xcode
builtin-SwiftDriver -- /Applications/Xcode-26.3.0.app/Contents/Developer/Toolchains/XcodeDefault.xctoolchain/usr/bin/swiftc -module-name VGSLUI -Onone -enforce-exclusivity\=checked @/Users/admin/builder/spi-builder-workspace/.derivedData/Build/Intermediates.noindex/vgsl.build/Debug-watchos/VGSLUI.build/Objects-normal/armv7k/VGSLUI.SwiftFileList -DSWIFT_PACKAGE -DDEBUG -DSWIFT_MODULE_RESOURCE_BUNDLE_UNAVAILABLE -DXcode -enable-experimental-feature AccessLevelOnImport -plugin-path /Applications/Xcode-26.3.0.app/Contents/Developer/Toolchains/XcodeDefault.xctoolchain/usr/lib/swift/host/plugins/testing -enable-experimental-feature DebugDescriptionMacro -sdk /Applications/Xcode-26.3.0.app/Contents/Developer/Platforms/WatchOS.platform/Developer/SDKs/WatchOS26.2.sdk -target armv7k-apple-watchos6.0 -g -module-cache-path /Users/admin/builder/spi-builder-workspace/.derivedData/ModuleCache.noindex -Xfrontend -serialize-debugging-options -enable-testing -index-store-path /Users/admin/builder/spi-builder-workspace/.derivedData/Index.noindex/DataStore -Xcc -D_LIBCPP_HARDENING_MODE\=_LIBCPP_HARDENING_MODE_DEBUG -swift-version 6 -I /Users/admin/builder/spi-builder-workspace/.derivedData/Build/Products/Debug-watchos -Isystem /Applications/Xcode-26.3.0.app/Contents/Developer/Platforms/WatchOS.platform/Developer/usr/lib -F /Users/admin/builder/spi-builder-workspace/.derivedData/Build/Products/Debug-watchos/PackageFrameworks -F /Users/admin/builder/spi-builder-workspace/.derivedData/Build/Products/Debug-watchos -F /Applications/Xcode-26.3.0.app/Contents/Developer/Platforms/WatchOS.platform/Developer/Library/Frameworks -F /Applications/Xcode-26.3.0.app/Contents/Developer/Platforms/WatchOS.platform/Developer/SDKs/WatchOS26.2.sdk/Developer/Library/Frameworks -c -j10 -enable-batch-mode -incremental -Xcc -ivfsstatcache -Xcc /Users/admin/builder/spi-builder-workspace/.derivedData/SDKStatCaches.noindex/watchos26.2-23S303-dc75598d0054f22ec865fa860f139d721753b489057de6bda919edfa1c59a62b.sdkstatcache -output-file-map /Users/admin/builder/spi-builder-workspace/.derivedData/Build/Intermediates.noindex/vgsl.build/Debug-watchos/VGSLUI.build/Objects-normal/armv7k/VGSLUI-OutputFileMap.json -use-frontend-parseable-output -save-temps -no-color-diagnostics -explicit-module-build -module-cache-path /Users/admin/builder/spi-builder-workspace/.derivedData/Build/Intermediates.noindex/SwiftExplicitPrecompiledModules -clang-scanner-module-cache-path /Users/admin/builder/spi-builder-workspace/.derivedData/ModuleCache.noindex -sdk-module-cache-path /Users/admin/builder/spi-builder-workspace/.derivedData/ModuleCache.noindex -serialize-diagnostics -emit-dependencies -emit-module -emit-module-path /Users/admin/builder/spi-builder-workspace/.derivedData/Build/Intermediates.noindex/vgsl.build/Debug-watchos/VGSLUI.build/Objects-normal/armv7k/VGSLUI.swiftmodule -validate-clang-modules-once -clang-build-session-file /Users/admin/builder/spi-builder-workspace/.derivedData/ModuleCache.noindex/Session.modulevalidation -package-name spi_builder_workspace -Xcc -I/Users/admin/builder/spi-builder-workspace/.derivedData/Build/Intermediates.noindex/vgsl.build/Debug-watchos/VGSLUI.build/swift-overrides.hmap -emit-const-values -Xfrontend -const-gather-protocols-file -Xfrontend /Users/admin/builder/spi-builder-workspace/.derivedData/Build/Intermediates.noindex/vgsl.build/Debug-watchos/VGSLUI.build/Objects-normal/armv7k/VGSLUI_const_extract_protocols.json -Xcc -I/Users/admin/builder/spi-builder-workspace/.derivedData/Build/Products/Debug-watchos/include -Xcc -I/Users/admin/builder/spi-builder-workspace/.derivedData/Build/Intermediates.noindex/vgsl.build/Debug-watchos/VGSLUI.build/DerivedSources-normal/armv7k -Xcc -I/Users/admin/builder/spi-builder-workspace/.derivedData/Build/Intermediates.noindex/vgsl.build/Debug-watchos/VGSLUI.build/DerivedSources/armv7k -Xcc -I/Users/admin/builder/spi-builder-workspace/.derivedData/Build/Intermediates.noindex/vgsl.build/Debug-watchos/VGSLUI.build/DerivedSources -Xcc -DSWIFT_PACKAGE -Xcc -DDEBUG\=1 -emit-objc-header -emit-objc-header-path /Users/admin/builder/spi-builder-workspace/.derivedData/Build/Intermediates.noindex/vgsl.build/Debug-watchos/VGSLUI.build/Objects-normal/armv7k/VGSLUI-Swift.h -working-directory /Users/admin/builder/spi-builder-workspace/.swiftpm/xcode -experimental-emit-module-separately -disable-cmo
/Users/admin/builder/spi-builder-workspace/VGSLUI/typo/FontExtensions.swift:79:8: error: Unsupported OS
#error("Unsupported OS")
^~~~~~~~~~~~~~~~ (in target 'VGSLUI' from project 'vgsl')
/Users/admin/builder/spi-builder-workspace/VGSLUI/MetalImageView.swift:4:8: error: Unable to find module dependency: 'MetalKit'
import MetalKit
^ (in target 'VGSLUI' from project 'vgsl')
/Users/admin/builder/spi-builder-workspace/VGSLUI/MetalImageView.swift:4:8: note: A dependency of main module 'VGSLUI'
import MetalKit
^ (in target 'VGSLUI' from project 'vgsl')
/Users/admin/builder/spi-builder-workspace/VGSLUI/RemoteImageView.swift:4:8: error: Unable to find module dependency: 'CoreImage'
import CoreImage
^ (in target 'VGSLUI' from project 'vgsl')
/Users/admin/builder/spi-builder-workspace/VGSLUI/RemoteImageView.swift:4:8: note: A dependency of main module 'VGSLUI'
import CoreImage
^ (in target 'VGSLUI' from project 'vgsl')
/Users/admin/builder/spi-builder-workspace/VGSLUI/extensions/CGColorExtensions.swift:4:8: note: Also imported here
import CoreImage
^ (in target 'VGSLUI' from project 'vgsl')
/Users/admin/builder/spi-builder-workspace/VGSLUI/filters/EquatableImageFilter.swift:3:8: note: Also imported here
import CoreImage
^ (in target 'VGSLUI' from project 'vgsl')
/Users/admin/builder/spi-builder-workspace/VGSLUI/filters/ImageBlur.swift:3:8: note: Also imported here
import CoreImage
^ (in target 'VGSLUI' from project 'vgsl')
/Users/admin/builder/spi-builder-workspace/VGSLUI/filters/ImageComposer.swift:3:8: note: Also imported here
import CoreImage
^ (in target 'VGSLUI' from project 'vgsl')
/Users/admin/builder/spi-builder-workspace/VGSLUI/filters/ImageCrop.swift:3:8: note: Also imported here
import CoreImage
^ (in target 'VGSLUI' from project 'vgsl')
/Users/admin/builder/spi-builder-workspace/VGSLUI/filters/ImageFilters.swift:3:8: note: Also imported here
import CoreImage
^ (in target 'VGSLUI' from project 'vgsl')
/Users/admin/builder/spi-builder-workspace/VGSLUI/filters/ImageGenerator.swift:3:8: note: Also imported here
import CoreImage
^ (in target 'VGSLUI' from project 'vgsl')
/Users/admin/builder/spi-builder-workspace/VGSLUI/types/color/RGBAColorExtensions.swift:4:8: note: Also imported here
import CoreImage
^ (in target 'VGSLUI' from project 'vgsl')
/Users/admin/builder/spi-builder-workspace/VGSLUI/extensions/UIDeviceExtensions.swift:4:8: error: Unable to find module dependency: 'CoreHaptics'
import CoreHaptics
^ (in target 'VGSLUI' from project 'vgsl')
/Users/admin/builder/spi-builder-workspace/VGSLUI/extensions/UIDeviceExtensions.swift:4:8: note: A dependency of main module 'VGSLUI'
import CoreHaptics
^ (in target 'VGSLUI' from project 'vgsl')
/Users/admin/builder/spi-builder-workspace/VGSLUI/types/PhysicalFeedbackGenerator.swift:6:17: error: Unable to find module dependency: 'AudioToolbox'
internal import AudioToolbox
^ (in target 'VGSLUI' from project 'vgsl')
/Users/admin/builder/spi-builder-workspace/VGSLUI/types/PhysicalFeedbackGenerator.swift:6:17: note: A dependency of main module 'VGSLUI'
internal import AudioToolbox
^ (in target 'VGSLUI' from project 'vgsl')
SwiftDriver VGSLUI normal arm64 com.apple.xcode.tools.swift.compiler (in target 'VGSLUI' from project 'vgsl')
cd /Users/admin/builder/spi-builder-workspace/.swiftpm/xcode
builtin-SwiftDriver -- /Applications/Xcode-26.3.0.app/Contents/Developer/Toolchains/XcodeDefault.xctoolchain/usr/bin/swiftc -module-name VGSLUI -Onone -enforce-exclusivity\=checked @/Users/admin/builder/spi-builder-workspace/.derivedData/Build/Intermediates.noindex/vgsl.build/Debug-watchos/VGSLUI.build/Objects-normal/arm64/VGSLUI.SwiftFileList -DSWIFT_PACKAGE -DDEBUG -DSWIFT_MODULE_RESOURCE_BUNDLE_UNAVAILABLE -DXcode -enable-experimental-feature AccessLevelOnImport -plugin-path /Applications/Xcode-26.3.0.app/Contents/Developer/Toolchains/XcodeDefault.xctoolchain/usr/lib/swift/host/plugins/testing -enable-experimental-feature DebugDescriptionMacro -sdk /Applications/Xcode-26.3.0.app/Contents/Developer/Platforms/WatchOS.platform/Developer/SDKs/WatchOS26.2.sdk -target arm64-apple-watchos6.0 -g -module-cache-path /Users/admin/builder/spi-builder-workspace/.derivedData/ModuleCache.noindex -Xfrontend -serialize-debugging-options -enable-testing -index-store-path /Users/admin/builder/spi-builder-workspace/.derivedData/Index.noindex/DataStore -Xcc -D_LIBCPP_HARDENING_MODE\=_LIBCPP_HARDENING_MODE_DEBUG -swift-version 6 -I /Users/admin/builder/spi-builder-workspace/.derivedData/Build/Products/Debug-watchos -Isystem /Applications/Xcode-26.3.0.app/Contents/Developer/Platforms/WatchOS.platform/Developer/usr/lib -F /Users/admin/builder/spi-builder-workspace/.derivedData/Build/Products/Debug-watchos/PackageFrameworks -F /Users/admin/builder/spi-builder-workspace/.derivedData/Build/Products/Debug-watchos -F /Applications/Xcode-26.3.0.app/Contents/Developer/Platforms/WatchOS.platform/Developer/Library/Frameworks -F /Applications/Xcode-26.3.0.app/Contents/Developer/Platforms/WatchOS.platform/Developer/SDKs/WatchOS26.2.sdk/Developer/Library/Frameworks -c -j10 -enable-batch-mode -incremental -Xcc -ivfsstatcache -Xcc /Users/admin/builder/spi-builder-workspace/.derivedData/SDKStatCaches.noindex/watchos26.2-23S303-dc75598d0054f22ec865fa860f139d721753b489057de6bda919edfa1c59a62b.sdkstatcache -output-file-map /Users/admin/builder/spi-builder-workspace/.derivedData/Build/Intermediates.noindex/vgsl.build/Debug-watchos/VGSLUI.build/Objects-normal/arm64/VGSLUI-OutputFileMap.json -use-frontend-parseable-output -save-temps -no-color-diagnostics -explicit-module-build -module-cache-path /Users/admin/builder/spi-builder-workspace/.derivedData/Build/Intermediates.noindex/SwiftExplicitPrecompiledModules -clang-scanner-module-cache-path /Users/admin/builder/spi-builder-workspace/.derivedData/ModuleCache.noindex -sdk-module-cache-path /Users/admin/builder/spi-builder-workspace/.derivedData/ModuleCache.noindex -serialize-diagnostics -emit-dependencies -emit-module -emit-module-path /Users/admin/builder/spi-builder-workspace/.derivedData/Build/Intermediates.noindex/vgsl.build/Debug-watchos/VGSLUI.build/Objects-normal/arm64/VGSLUI.swiftmodule -validate-clang-modules-once -clang-build-session-file /Users/admin/builder/spi-builder-workspace/.derivedData/ModuleCache.noindex/Session.modulevalidation -package-name spi_builder_workspace -Xcc -I/Users/admin/builder/spi-builder-workspace/.derivedData/Build/Intermediates.noindex/vgsl.build/Debug-watchos/VGSLUI.build/swift-overrides.hmap -emit-const-values -Xfrontend -const-gather-protocols-file -Xfrontend /Users/admin/builder/spi-builder-workspace/.derivedData/Build/Intermediates.noindex/vgsl.build/Debug-watchos/VGSLUI.build/Objects-normal/arm64/VGSLUI_const_extract_protocols.json -Xcc -I/Users/admin/builder/spi-builder-workspace/.derivedData/Build/Products/Debug-watchos/include -Xcc -I/Users/admin/builder/spi-builder-workspace/.derivedData/Build/Intermediates.noindex/vgsl.build/Debug-watchos/VGSLUI.build/DerivedSources-normal/arm64 -Xcc -I/Users/admin/builder/spi-builder-workspace/.derivedData/Build/Intermediates.noindex/vgsl.build/Debug-watchos/VGSLUI.build/DerivedSources/arm64 -Xcc -I/Users/admin/builder/spi-builder-workspace/.derivedData/Build/Intermediates.noindex/vgsl.build/Debug-watchos/VGSLUI.build/DerivedSources -Xcc -DSWIFT_PACKAGE -Xcc -DDEBUG\=1 -emit-objc-header -emit-objc-header-path /Users/admin/builder/spi-builder-workspace/.derivedData/Build/Intermediates.noindex/vgsl.build/Debug-watchos/VGSLUI.build/Objects-normal/arm64/VGSLUI-Swift.h -working-directory /Users/admin/builder/spi-builder-workspace/.swiftpm/xcode -experimental-emit-module-separately -disable-cmo
/Users/admin/builder/spi-builder-workspace/VGSLUI/typo/FontExtensions.swift:79:8: error: Unsupported OS
#error("Unsupported OS")
^~~~~~~~~~~~~~~~ (in target 'VGSLUI' from project 'vgsl')
/Users/admin/builder/spi-builder-workspace/VGSLUI/MetalImageView.swift:4:8: error: Unable to find module dependency: 'MetalKit'
import MetalKit
^ (in target 'VGSLUI' from project 'vgsl')
/Users/admin/builder/spi-builder-workspace/VGSLUI/MetalImageView.swift:4:8: note: A dependency of main module 'VGSLUI'
import MetalKit
^ (in target 'VGSLUI' from project 'vgsl')
/Users/admin/builder/spi-builder-workspace/VGSLUI/RemoteImageView.swift:4:8: error: Unable to find module dependency: 'CoreImage'
import CoreImage
^ (in target 'VGSLUI' from project 'vgsl')
/Users/admin/builder/spi-builder-workspace/VGSLUI/RemoteImageView.swift:4:8: note: A dependency of main module 'VGSLUI'
import CoreImage
^ (in target 'VGSLUI' from project 'vgsl')
/Users/admin/builder/spi-builder-workspace/VGSLUI/extensions/CGColorExtensions.swift:4:8: note: Also imported here
import CoreImage
^ (in target 'VGSLUI' from project 'vgsl')
/Users/admin/builder/spi-builder-workspace/VGSLUI/filters/EquatableImageFilter.swift:3:8: note: Also imported here
import CoreImage
^ (in target 'VGSLUI' from project 'vgsl')
/Users/admin/builder/spi-builder-workspace/VGSLUI/filters/ImageBlur.swift:3:8: note: Also imported here
import CoreImage
^ (in target 'VGSLUI' from project 'vgsl')
/Users/admin/builder/spi-builder-workspace/VGSLUI/filters/ImageComposer.swift:3:8: note: Also imported here
import CoreImage
^ (in target 'VGSLUI' from project 'vgsl')
/Users/admin/builder/spi-builder-workspace/VGSLUI/filters/ImageCrop.swift:3:8: note: Also imported here
import CoreImage
^ (in target 'VGSLUI' from project 'vgsl')
/Users/admin/builder/spi-builder-workspace/VGSLUI/filters/ImageFilters.swift:3:8: note: Also imported here
import CoreImage
^ (in target 'VGSLUI' from project 'vgsl')
/Users/admin/builder/spi-builder-workspace/VGSLUI/filters/ImageGenerator.swift:3:8: note: Also imported here
import CoreImage
^ (in target 'VGSLUI' from project 'vgsl')
/Users/admin/builder/spi-builder-workspace/VGSLUI/types/color/RGBAColorExtensions.swift:4:8: note: Also imported here
import CoreImage
^ (in target 'VGSLUI' from project 'vgsl')
/Users/admin/builder/spi-builder-workspace/VGSLUI/extensions/UIDeviceExtensions.swift:4:8: error: Unable to find module dependency: 'CoreHaptics'
import CoreHaptics
^ (in target 'VGSLUI' from project 'vgsl')
/Users/admin/builder/spi-builder-workspace/VGSLUI/extensions/UIDeviceExtensions.swift:4:8: note: A dependency of main module 'VGSLUI'
import CoreHaptics
^ (in target 'VGSLUI' from project 'vgsl')
/Users/admin/builder/spi-builder-workspace/VGSLUI/types/PhysicalFeedbackGenerator.swift:6:17: error: Unable to find module dependency: 'AudioToolbox'
internal import AudioToolbox
^ (in target 'VGSLUI' from project 'vgsl')
/Users/admin/builder/spi-builder-workspace/VGSLUI/types/PhysicalFeedbackGenerator.swift:6:17: note: A dependency of main module 'VGSLUI'
internal import AudioToolbox
^ (in target 'VGSLUI' from project 'vgsl')
SwiftDriver VGSLFundamentals normal arm64_32 com.apple.xcode.tools.swift.compiler (in target 'VGSLFundamentals' from project 'vgsl')
cd /Users/admin/builder/spi-builder-workspace/.swiftpm/xcode
builtin-SwiftDriver -- /Applications/Xcode-26.3.0.app/Contents/Developer/Toolchains/XcodeDefault.xctoolchain/usr/bin/swiftc -module-name VGSLFundamentals -Onone -enforce-exclusivity\=checked @/Users/admin/builder/spi-builder-workspace/.derivedData/Build/Intermediates.noindex/vgsl.build/Debug-watchos/VGSLFundamentals.build/Objects-normal/arm64_32/VGSLFundamentals.SwiftFileList -DSWIFT_PACKAGE -DDEBUG -DSWIFT_MODULE_RESOURCE_BUNDLE_AVAILABLE -DXcode -enable-experimental-feature AccessLevelOnImport -plugin-path /Applications/Xcode-26.3.0.app/Contents/Developer/Toolchains/XcodeDefault.xctoolchain/usr/lib/swift/host/plugins/testing -enable-experimental-feature DebugDescriptionMacro -sdk /Applications/Xcode-26.3.0.app/Contents/Developer/Platforms/WatchOS.platform/Developer/SDKs/WatchOS26.2.sdk -target arm64_32-apple-watchos6.0 -g -module-cache-path /Users/admin/builder/spi-builder-workspace/.derivedData/ModuleCache.noindex -Xfrontend -serialize-debugging-options -enable-testing -index-store-path /Users/admin/builder/spi-builder-workspace/.derivedData/Index.noindex/DataStore -Xcc -D_LIBCPP_HARDENING_MODE\=_LIBCPP_HARDENING_MODE_DEBUG -swift-version 6 -I /Users/admin/builder/spi-builder-workspace/.derivedData/Build/Products/Debug-watchos -Isystem /Applications/Xcode-26.3.0.app/Contents/Developer/Platforms/WatchOS.platform/Developer/usr/lib -F /Users/admin/builder/spi-builder-workspace/.derivedData/Build/Products/Debug-watchos -F /Applications/Xcode-26.3.0.app/Contents/Developer/Platforms/WatchOS.platform/Developer/Library/Frameworks -F /Applications/Xcode-26.3.0.app/Contents/Developer/Platforms/WatchOS.platform/Developer/SDKs/WatchOS26.2.sdk/Developer/Library/Frameworks -c -j10 -enable-batch-mode -incremental -Xcc -ivfsstatcache -Xcc /Users/admin/builder/spi-builder-workspace/.derivedData/SDKStatCaches.noindex/watchos26.2-23S303-dc75598d0054f22ec865fa860f139d721753b489057de6bda919edfa1c59a62b.sdkstatcache -output-file-map /Users/admin/builder/spi-builder-workspace/.derivedData/Build/Intermediates.noindex/vgsl.build/Debug-watchos/VGSLFundamentals.build/Objects-normal/arm64_32/VGSLFundamentals-OutputFileMap.json -use-frontend-parseable-output -save-temps -no-color-diagnostics -explicit-module-build -module-cache-path /Users/admin/builder/spi-builder-workspace/.derivedData/Build/Intermediates.noindex/SwiftExplicitPrecompiledModules -clang-scanner-module-cache-path /Users/admin/builder/spi-builder-workspace/.derivedData/ModuleCache.noindex -sdk-module-cache-path /Users/admin/builder/spi-builder-workspace/.derivedData/ModuleCache.noindex -serialize-diagnostics -emit-dependencies -emit-module -emit-module-path /Users/admin/builder/spi-builder-workspace/.derivedData/Build/Intermediates.noindex/vgsl.build/Debug-watchos/VGSLFundamentals.build/Objects-normal/arm64_32/VGSLFundamentals.swiftmodule -validate-clang-modules-once -clang-build-session-file /Users/admin/builder/spi-builder-workspace/.derivedData/ModuleCache.noindex/Session.modulevalidation -package-name spi_builder_workspace -Xcc -I/Users/admin/builder/spi-builder-workspace/.derivedData/Build/Intermediates.noindex/vgsl.build/Debug-watchos/VGSLFundamentals.build/swift-overrides.hmap -emit-const-values -Xfrontend -const-gather-protocols-file -Xfrontend /Users/admin/builder/spi-builder-workspace/.derivedData/Build/Intermediates.noindex/vgsl.build/Debug-watchos/VGSLFundamentals.build/Objects-normal/arm64_32/VGSLFundamentals_const_extract_protocols.json -Xcc -I/Users/admin/builder/spi-builder-workspace/.derivedData/Build/Products/Debug-watchos/include -Xcc -I/Users/admin/builder/spi-builder-workspace/.derivedData/Build/Intermediates.noindex/vgsl.build/Debug-watchos/VGSLFundamentals.build/DerivedSources-normal/arm64_32 -Xcc -I/Users/admin/builder/spi-builder-workspace/.derivedData/Build/Intermediates.noindex/vgsl.build/Debug-watchos/VGSLFundamentals.build/DerivedSources/arm64_32 -Xcc -I/Users/admin/builder/spi-builder-workspace/.derivedData/Build/Intermediates.noindex/vgsl.build/Debug-watchos/VGSLFundamentals.build/DerivedSources -Xcc -DSWIFT_PACKAGE -Xcc -DDEBUG\=1 -emit-objc-header -emit-objc-header-path /Users/admin/builder/spi-builder-workspace/.derivedData/Build/Intermediates.noindex/vgsl.build/Debug-watchos/VGSLFundamentals.build/Objects-normal/arm64_32/VGSLFundamentals-Swift.h -working-directory /Users/admin/builder/spi-builder-workspace/.swiftpm/xcode -experimental-emit-module-separately -disable-cmo
SwiftCompile normal arm64_32 Compiling\ CollectionExtensions.swift,\ DictionaryExtensions.swift,\ EncodableExtensions.swift,\ HTTPURLResponse+Extensions.swift,\ IndexSetExtensions.swift,\ LazyExtensions.swift,\ NSArrayExtensions.swift,\ NotificationCenter+Signal.swift,\ OptionalExtensions.swift,\ RangeExtensions.swift /Users/admin/builder/spi-builder-workspace/VGSLFundamentals/extensions/CollectionExtensions.swift /Users/admin/builder/spi-builder-workspace/VGSLFundamentals/extensions/DictionaryExtensions.swift /Users/admin/builder/spi-builder-workspace/VGSLFundamentals/extensions/EncodableExtensions.swift /Users/admin/builder/spi-builder-workspace/VGSLFundamentals/extensions/HTTPURLResponse+Extensions.swift /Users/admin/builder/spi-builder-workspace/VGSLFundamentals/extensions/IndexSetExtensions.swift /Users/admin/builder/spi-builder-workspace/VGSLFundamentals/extensions/LazyExtensions.swift /Users/admin/builder/spi-builder-workspace/VGSLFundamentals/extensions/NSArrayExtensions.swift /Users/admin/builder/spi-builder-workspace/VGSLFundamentals/extensions/NotificationCenter+Signal.swift /Users/admin/builder/spi-builder-workspace/VGSLFundamentals/extensions/OptionalExtensions.swift /Users/admin/builder/spi-builder-workspace/VGSLFundamentals/extensions/RangeExtensions.swift (in target 'VGSLFundamentals' from project 'vgsl')
SwiftCompile normal arm64_32 /Users/admin/builder/spi-builder-workspace/VGSLFundamentals/extensions/CollectionExtensions.swift (in target 'VGSLFundamentals' from project 'vgsl')
cd /Users/admin/builder/spi-builder-workspace/.swiftpm/xcode
SwiftCompile normal arm64_32 /Users/admin/builder/spi-builder-workspace/VGSLFundamentals/extensions/DictionaryExtensions.swift (in target 'VGSLFundamentals' from project 'vgsl')
cd /Users/admin/builder/spi-builder-workspace/.swiftpm/xcode
SwiftCompile normal arm64_32 /Users/admin/builder/spi-builder-workspace/VGSLFundamentals/extensions/EncodableExtensions.swift (in target 'VGSLFundamentals' from project 'vgsl')
cd /Users/admin/builder/spi-builder-workspace/.swiftpm/xcode
SwiftCompile normal arm64_32 /Users/admin/builder/spi-builder-workspace/VGSLFundamentals/extensions/HTTPURLResponse+Extensions.swift (in target 'VGSLFundamentals' from project 'vgsl')
cd /Users/admin/builder/spi-builder-workspace/.swiftpm/xcode
SwiftCompile normal arm64_32 /Users/admin/builder/spi-builder-workspace/VGSLFundamentals/extensions/IndexSetExtensions.swift (in target 'VGSLFundamentals' from project 'vgsl')
cd /Users/admin/builder/spi-builder-workspace/.swiftpm/xcode
SwiftCompile normal arm64_32 /Users/admin/builder/spi-builder-workspace/VGSLFundamentals/extensions/LazyExtensions.swift (in target 'VGSLFundamentals' from project 'vgsl')
cd /Users/admin/builder/spi-builder-workspace/.swiftpm/xcode
SwiftCompile normal arm64_32 /Users/admin/builder/spi-builder-workspace/VGSLFundamentals/extensions/NSArrayExtensions.swift (in target 'VGSLFundamentals' from project 'vgsl')
cd /Users/admin/builder/spi-builder-workspace/.swiftpm/xcode
SwiftCompile normal arm64_32 /Users/admin/builder/spi-builder-workspace/VGSLFundamentals/extensions/NotificationCenter+Signal.swift (in target 'VGSLFundamentals' from project 'vgsl')
cd /Users/admin/builder/spi-builder-workspace/.swiftpm/xcode
SwiftCompile normal arm64_32 /Users/admin/builder/spi-builder-workspace/VGSLFundamentals/extensions/OptionalExtensions.swift (in target 'VGSLFundamentals' from project 'vgsl')
cd /Users/admin/builder/spi-builder-workspace/.swiftpm/xcode
SwiftCompile normal arm64_32 /Users/admin/builder/spi-builder-workspace/VGSLFundamentals/extensions/RangeExtensions.swift (in target 'VGSLFundamentals' from project 'vgsl')
cd /Users/admin/builder/spi-builder-workspace/.swiftpm/xcode
SwiftCompile normal arm64_32 Compiling\ resource_bundle_accessor.swift,\ Action.swift,\ Archivable.swift,\ ArrayBuilder.swift,\ CFCasting.swift,\ Clamp.swift,\ Combine.swift,\ CompletionAccumulating.swift,\ CompletionAccumulator.swift,\ EqualByReference.swift,\ FloatingPointComparison.swift /Users/admin/builder/spi-builder-workspace/.derivedData/Build/Intermediates.noindex/vgsl.build/Debug-watchos/VGSLFundamentals.build/DerivedSources/resource_bundle_accessor.swift /Users/admin/builder/spi-builder-workspace/VGSLFundamentals/Action.swift /Users/admin/builder/spi-builder-workspace/VGSLFundamentals/Archivable.swift /Users/admin/builder/spi-builder-workspace/VGSLFundamentals/ArrayBuilder.swift /Users/admin/builder/spi-builder-workspace/VGSLFundamentals/CFCasting.swift /Users/admin/builder/spi-builder-workspace/VGSLFundamentals/Clamp.swift /Users/admin/builder/spi-builder-workspace/VGSLFundamentals/Combine.swift /Users/admin/builder/spi-builder-workspace/VGSLFundamentals/Completions/CompletionAccumulating.swift /Users/admin/builder/spi-builder-workspace/VGSLFundamentals/Completions/CompletionAccumulator.swift /Users/admin/builder/spi-builder-workspace/VGSLFundamentals/EqualByReference.swift /Users/admin/builder/spi-builder-workspace/VGSLFundamentals/FloatingPointComparison.swift (in target 'VGSLFundamentals' from project 'vgsl')
SwiftCompile normal arm64_32 /Users/admin/builder/spi-builder-workspace/.derivedData/Build/Intermediates.noindex/vgsl.build/Debug-watchos/VGSLFundamentals.build/DerivedSources/resource_bundle_accessor.swift (in target 'VGSLFundamentals' from project 'vgsl')
cd /Users/admin/builder/spi-builder-workspace/.swiftpm/xcode
SwiftCompile normal arm64_32 /Users/admin/builder/spi-builder-workspace/VGSLFundamentals/Action.swift (in target 'VGSLFundamentals' from project 'vgsl')
cd /Users/admin/builder/spi-builder-workspace/.swiftpm/xcode
SwiftCompile normal arm64_32 /Users/admin/builder/spi-builder-workspace/VGSLFundamentals/Archivable.swift (in target 'VGSLFundamentals' from project 'vgsl')
cd /Users/admin/builder/spi-builder-workspace/.swiftpm/xcode
SwiftCompile normal arm64_32 /Users/admin/builder/spi-builder-workspace/VGSLFundamentals/ArrayBuilder.swift (in target 'VGSLFundamentals' from project 'vgsl')
cd /Users/admin/builder/spi-builder-workspace/.swiftpm/xcode
SwiftCompile normal arm64_32 /Users/admin/builder/spi-builder-workspace/VGSLFundamentals/CFCasting.swift (in target 'VGSLFundamentals' from project 'vgsl')
cd /Users/admin/builder/spi-builder-workspace/.swiftpm/xcode
SwiftCompile normal arm64_32 /Users/admin/builder/spi-builder-workspace/VGSLFundamentals/Clamp.swift (in target 'VGSLFundamentals' from project 'vgsl')
cd /Users/admin/builder/spi-builder-workspace/.swiftpm/xcode
SwiftCompile normal arm64_32 /Users/admin/builder/spi-builder-workspace/VGSLFundamentals/Combine.swift (in target 'VGSLFundamentals' from project 'vgsl')
cd /Users/admin/builder/spi-builder-workspace/.swiftpm/xcode
SwiftCompile normal arm64_32 /Users/admin/builder/spi-builder-workspace/VGSLFundamentals/Completions/CompletionAccumulating.swift (in target 'VGSLFundamentals' from project 'vgsl')
cd /Users/admin/builder/spi-builder-workspace/.swiftpm/xcode
SwiftCompile normal arm64_32 /Users/admin/builder/spi-builder-workspace/VGSLFundamentals/Completions/CompletionAccumulator.swift (in target 'VGSLFundamentals' from project 'vgsl')
cd /Users/admin/builder/spi-builder-workspace/.swiftpm/xcode
SwiftCompile normal arm64_32 /Users/admin/builder/spi-builder-workspace/VGSLFundamentals/EqualByReference.swift (in target 'VGSLFundamentals' from project 'vgsl')
cd /Users/admin/builder/spi-builder-workspace/.swiftpm/xcode
SwiftCompile normal arm64_32 /Users/admin/builder/spi-builder-workspace/VGSLFundamentals/FloatingPointComparison.swift (in target 'VGSLFundamentals' from project 'vgsl')
cd /Users/admin/builder/spi-builder-workspace/.swiftpm/xcode
SwiftCompile normal arm64_32 Compiling\ Result.swift,\ Signal+CombineLatest.swift,\ Signal.swift,\ SignalPipe.swift,\ Variable.swift,\ AutodisposePool.swift,\ Disposable.swift,\ ObservableProperty.swift,\ ObservableVariable.swift,\ ObservableVariableConnection.swift /Users/admin/builder/spi-builder-workspace/VGSLFundamentals/reactive/Result.swift /Users/admin/builder/spi-builder-workspace/VGSLFundamentals/reactive/Signal+CombineLatest.swift /Users/admin/builder/spi-builder-workspace/VGSLFundamentals/reactive/Signal.swift /Users/admin/builder/spi-builder-workspace/VGSLFundamentals/reactive/SignalPipe.swift /Users/admin/builder/spi-builder-workspace/VGSLFundamentals/reactive/Variable.swift /Users/admin/builder/spi-builder-workspace/VGSLFundamentals/reactive/disposable/AutodisposePool.swift /Users/admin/builder/spi-builder-workspace/VGSLFundamentals/reactive/disposable/Disposable.swift /Users/admin/builder/spi-builder-workspace/VGSLFundamentals/reactive/observing/ObservableProperty.swift /Users/admin/builder/spi-builder-workspace/VGSLFundamentals/reactive/observing/ObservableVariable.swift /Users/admin/builder/spi-builder-workspace/VGSLFundamentals/reactive/observing/ObservableVariableConnection.swift (in target 'VGSLFundamentals' from project 'vgsl')
SwiftCompile normal arm64_32 /Users/admin/builder/spi-builder-workspace/VGSLFundamentals/reactive/Result.swift (in target 'VGSLFundamentals' from project 'vgsl')
cd /Users/admin/builder/spi-builder-workspace/.swiftpm/xcode
SwiftCompile normal arm64_32 /Users/admin/builder/spi-builder-workspace/VGSLFundamentals/reactive/Signal+CombineLatest.swift (in target 'VGSLFundamentals' from project 'vgsl')
cd /Users/admin/builder/spi-builder-workspace/.swiftpm/xcode
SwiftCompile normal arm64_32 /Users/admin/builder/spi-builder-workspace/VGSLFundamentals/reactive/Signal.swift (in target 'VGSLFundamentals' from project 'vgsl')
cd /Users/admin/builder/spi-builder-workspace/.swiftpm/xcode
SwiftCompile normal arm64_32 /Users/admin/builder/spi-builder-workspace/VGSLFundamentals/reactive/SignalPipe.swift (in target 'VGSLFundamentals' from project 'vgsl')
cd /Users/admin/builder/spi-builder-workspace/.swiftpm/xcode
SwiftCompile normal arm64_32 /Users/admin/builder/spi-builder-workspace/VGSLFundamentals/reactive/Variable.swift (in target 'VGSLFundamentals' from project 'vgsl')
cd /Users/admin/builder/spi-builder-workspace/.swiftpm/xcode
SwiftCompile normal arm64_32 /Users/admin/builder/spi-builder-workspace/VGSLFundamentals/reactive/disposable/AutodisposePool.swift (in target 'VGSLFundamentals' from project 'vgsl')
cd /Users/admin/builder/spi-builder-workspace/.swiftpm/xcode
SwiftCompile normal arm64_32 /Users/admin/builder/spi-builder-workspace/VGSLFundamentals/reactive/disposable/Disposable.swift (in target 'VGSLFundamentals' from project 'vgsl')
cd /Users/admin/builder/spi-builder-workspace/.swiftpm/xcode
SwiftCompile normal arm64_32 /Users/admin/builder/spi-builder-workspace/VGSLFundamentals/reactive/observing/ObservableProperty.swift (in target 'VGSLFundamentals' from project 'vgsl')
cd /Users/admin/builder/spi-builder-workspace/.swiftpm/xcode
SwiftCompile normal arm64_32 /Users/admin/builder/spi-builder-workspace/VGSLFundamentals/reactive/observing/ObservableVariable.swift (in target 'VGSLFundamentals' from project 'vgsl')
cd /Users/admin/builder/spi-builder-workspace/.swiftpm/xcode
SwiftCompile normal arm64_32 /Users/admin/builder/spi-builder-workspace/VGSLFundamentals/reactive/observing/ObservableVariableConnection.swift (in target 'VGSLFundamentals' from project 'vgsl')
cd /Users/admin/builder/spi-builder-workspace/.swiftpm/xcode
SwiftCompile normal arm64_32 Compiling\ Functions.swift,\ InvalidArgumentError.swift,\ JSONDictionaryExtensions.swift,\ JSONObject.swift,\ LoginWithSourcePerformer.swift,\ Memoization.swift,\ Modifier.swift,\ NSTimerExtensions.swift,\ OAuthToken.swift,\ OSInfo.swift,\ OSVersion.swift /Users/admin/builder/spi-builder-workspace/VGSLFundamentals/Functions.swift /Users/admin/builder/spi-builder-workspace/VGSLFundamentals/InvalidArgumentError.swift /Users/admin/builder/spi-builder-workspace/VGSLFundamentals/JSONDictionaryExtensions.swift /Users/admin/builder/spi-builder-workspace/VGSLFundamentals/JSONObject.swift /Users/admin/builder/spi-builder-workspace/VGSLFundamentals/LoginWithSourcePerformer.swift /Users/admin/builder/spi-builder-workspace/VGSLFundamentals/Memoization.swift /Users/admin/builder/spi-builder-workspace/VGSLFundamentals/Modifier.swift /Users/admin/builder/spi-builder-workspace/VGSLFundamentals/NSTimerExtensions.swift /Users/admin/builder/spi-builder-workspace/VGSLFundamentals/OAuthToken.swift /Users/admin/builder/spi-builder-workspace/VGSLFundamentals/OSInfo.swift /Users/admin/builder/spi-builder-workspace/VGSLFundamentals/OSVersion.swift (in target 'VGSLFundamentals' from project 'vgsl')
SwiftCompile normal arm64_32 /Users/admin/builder/spi-builder-workspace/VGSLFundamentals/Functions.swift (in target 'VGSLFundamentals' from project 'vgsl')
cd /Users/admin/builder/spi-builder-workspace/.swiftpm/xcode
SwiftCompile normal arm64_32 /Users/admin/builder/spi-builder-workspace/VGSLFundamentals/InvalidArgumentError.swift (in target 'VGSLFundamentals' from project 'vgsl')
cd /Users/admin/builder/spi-builder-workspace/.swiftpm/xcode
SwiftCompile normal arm64_32 /Users/admin/builder/spi-builder-workspace/VGSLFundamentals/JSONDictionaryExtensions.swift (in target 'VGSLFundamentals' from project 'vgsl')
cd /Users/admin/builder/spi-builder-workspace/.swiftpm/xcode
SwiftCompile normal arm64_32 /Users/admin/builder/spi-builder-workspace/VGSLFundamentals/JSONObject.swift (in target 'VGSLFundamentals' from project 'vgsl')
cd /Users/admin/builder/spi-builder-workspace/.swiftpm/xcode
SwiftCompile normal arm64_32 /Users/admin/builder/spi-builder-workspace/VGSLFundamentals/LoginWithSourcePerformer.swift (in target 'VGSLFundamentals' from project 'vgsl')
cd /Users/admin/builder/spi-builder-workspace/.swiftpm/xcode
SwiftCompile normal arm64_32 /Users/admin/builder/spi-builder-workspace/VGSLFundamentals/Memoization.swift (in target 'VGSLFundamentals' from project 'vgsl')
cd /Users/admin/builder/spi-builder-workspace/.swiftpm/xcode
SwiftCompile normal arm64_32 /Users/admin/builder/spi-builder-workspace/VGSLFundamentals/Modifier.swift (in target 'VGSLFundamentals' from project 'vgsl')
cd /Users/admin/builder/spi-builder-workspace/.swiftpm/xcode
SwiftCompile normal arm64_32 /Users/admin/builder/spi-builder-workspace/VGSLFundamentals/NSTimerExtensions.swift (in target 'VGSLFundamentals' from project 'vgsl')
cd /Users/admin/builder/spi-builder-workspace/.swiftpm/xcode
SwiftCompile normal arm64_32 /Users/admin/builder/spi-builder-workspace/VGSLFundamentals/OAuthToken.swift (in target 'VGSLFundamentals' from project 'vgsl')
cd /Users/admin/builder/spi-builder-workspace/.swiftpm/xcode
SwiftCompile normal arm64_32 /Users/admin/builder/spi-builder-workspace/VGSLFundamentals/OSInfo.swift (in target 'VGSLFundamentals' from project 'vgsl')
cd /Users/admin/builder/spi-builder-workspace/.swiftpm/xcode
SwiftCompile normal arm64_32 /Users/admin/builder/spi-builder-workspace/VGSLFundamentals/OSVersion.swift (in target 'VGSLFundamentals' from project 'vgsl')
cd /Users/admin/builder/spi-builder-workspace/.swiftpm/xcode
SwiftEmitModule normal arm64_32 Emitting\ module\ for\ VGSLFundamentals (in target 'VGSLFundamentals' from project 'vgsl')
EmitSwiftModule normal arm64_32 (in target 'VGSLFundamentals' from project 'vgsl')
cd /Users/admin/builder/spi-builder-workspace/.swiftpm/xcode
SwiftCompile normal arm64_32 Compiling\ NonEmpty+Array.swift,\ NonEmpty+Set.swift,\ NonEmpty+String.swift,\ NonEmpty.swift,\ FileManaging.swift,\ Cancellable.swift,\ DebugInfo.swift,\ Lazy.swift,\ Property.swift,\ ResettableLazy.swift /Users/admin/builder/spi-builder-workspace/VGSLFundamentals/nonempty/NonEmpty+Array.swift /Users/admin/builder/spi-builder-workspace/VGSLFundamentals/nonempty/NonEmpty+Set.swift /Users/admin/builder/spi-builder-workspace/VGSLFundamentals/nonempty/NonEmpty+String.swift /Users/admin/builder/spi-builder-workspace/VGSLFundamentals/nonempty/NonEmpty.swift /Users/admin/builder/spi-builder-workspace/VGSLFundamentals/os/FileManaging.swift /Users/admin/builder/spi-builder-workspace/VGSLFundamentals/reactive/Cancellable.swift /Users/admin/builder/spi-builder-workspace/VGSLFundamentals/reactive/DebugInfo.swift /Users/admin/builder/spi-builder-workspace/VGSLFundamentals/reactive/Lazy.swift /Users/admin/builder/spi-builder-workspace/VGSLFundamentals/reactive/Property.swift /Users/admin/builder/spi-builder-workspace/VGSLFundamentals/reactive/ResettableLazy.swift (in target 'VGSLFundamentals' from project 'vgsl')
SwiftCompile normal arm64_32 /Users/admin/builder/spi-builder-workspace/VGSLFundamentals/nonempty/NonEmpty+Array.swift (in target 'VGSLFundamentals' from project 'vgsl')
cd /Users/admin/builder/spi-builder-workspace/.swiftpm/xcode
SwiftCompile normal arm64_32 /Users/admin/builder/spi-builder-workspace/VGSLFundamentals/nonempty/NonEmpty+Set.swift (in target 'VGSLFundamentals' from project 'vgsl')
cd /Users/admin/builder/spi-builder-workspace/.swiftpm/xcode
SwiftCompile normal arm64_32 /Users/admin/builder/spi-builder-workspace/VGSLFundamentals/nonempty/NonEmpty+String.swift (in target 'VGSLFundamentals' from project 'vgsl')
cd /Users/admin/builder/spi-builder-workspace/.swiftpm/xcode
SwiftCompile normal arm64_32 /Users/admin/builder/spi-builder-workspace/VGSLFundamentals/nonempty/NonEmpty.swift (in target 'VGSLFundamentals' from project 'vgsl')
cd /Users/admin/builder/spi-builder-workspace/.swiftpm/xcode
SwiftCompile normal arm64_32 /Users/admin/builder/spi-builder-workspace/VGSLFundamentals/os/FileManaging.swift (in target 'VGSLFundamentals' from project 'vgsl')
cd /Users/admin/builder/spi-builder-workspace/.swiftpm/xcode
SwiftCompile normal arm64_32 /Users/admin/builder/spi-builder-workspace/VGSLFundamentals/reactive/Cancellable.swift (in target 'VGSLFundamentals' from project 'vgsl')
cd /Users/admin/builder/spi-builder-workspace/.swiftpm/xcode
SwiftCompile normal arm64_32 /Users/admin/builder/spi-builder-workspace/VGSLFundamentals/reactive/DebugInfo.swift (in target 'VGSLFundamentals' from project 'vgsl')
cd /Users/admin/builder/spi-builder-workspace/.swiftpm/xcode
SwiftCompile normal arm64_32 /Users/admin/builder/spi-builder-workspace/VGSLFundamentals/reactive/Lazy.swift (in target 'VGSLFundamentals' from project 'vgsl')
cd /Users/admin/builder/spi-builder-workspace/.swiftpm/xcode
SwiftCompile normal arm64_32 /Users/admin/builder/spi-builder-workspace/VGSLFundamentals/reactive/Property.swift (in target 'VGSLFundamentals' from project 'vgsl')
cd /Users/admin/builder/spi-builder-workspace/.swiftpm/xcode
SwiftCompile normal arm64_32 /Users/admin/builder/spi-builder-workspace/VGSLFundamentals/reactive/ResettableLazy.swift (in target 'VGSLFundamentals' from project 'vgsl')
cd /Users/admin/builder/spi-builder-workspace/.swiftpm/xcode
SwiftCompile normal arm64_32 Compiling\ CacheContent.swift,\ CacheFactory.swift,\ CacheKey.swift,\ CacheRecord.swift,\ CacheStorage.swift,\ DiskCache.swift,\ LRUCacheStorage.swift,\ LRUMemoization.swift,\ LinkedListOrderedDictionary.swift,\ OrderedDictionary.swift,\ ParameterizedDiskCache.swift /Users/admin/builder/spi-builder-workspace/VGSLFundamentals/cache/CacheContent.swift /Users/admin/builder/spi-builder-workspace/VGSLFundamentals/cache/CacheFactory.swift /Users/admin/builder/spi-builder-workspace/VGSLFundamentals/cache/CacheKey.swift /Users/admin/builder/spi-builder-workspace/VGSLFundamentals/cache/CacheRecord.swift /Users/admin/builder/spi-builder-workspace/VGSLFundamentals/cache/CacheStorage.swift /Users/admin/builder/spi-builder-workspace/VGSLFundamentals/cache/DiskCache.swift /Users/admin/builder/spi-builder-workspace/VGSLFundamentals/cache/LRUCacheStorage.swift /Users/admin/builder/spi-builder-workspace/VGSLFundamentals/cache/LRUMemoization.swift /Users/admin/builder/spi-builder-workspace/VGSLFundamentals/cache/LinkedListOrderedDictionary.swift /Users/admin/builder/spi-builder-workspace/VGSLFundamentals/cache/OrderedDictionary.swift /Users/admin/builder/spi-builder-workspace/VGSLFundamentals/cache/ParameterizedDiskCache.swift (in target 'VGSLFundamentals' from project 'vgsl')
SwiftCompile normal arm64_32 /Users/admin/builder/spi-builder-workspace/VGSLFundamentals/cache/CacheContent.swift (in target 'VGSLFundamentals' from project 'vgsl')
cd /Users/admin/builder/spi-builder-workspace/.swiftpm/xcode
SwiftCompile normal arm64_32 /Users/admin/builder/spi-builder-workspace/VGSLFundamentals/cache/CacheFactory.swift (in target 'VGSLFundamentals' from project 'vgsl')
cd /Users/admin/builder/spi-builder-workspace/.swiftpm/xcode
SwiftCompile normal arm64_32 /Users/admin/builder/spi-builder-workspace/VGSLFundamentals/cache/CacheKey.swift (in target 'VGSLFundamentals' from project 'vgsl')
cd /Users/admin/builder/spi-builder-workspace/.swiftpm/xcode
SwiftCompile normal arm64_32 /Users/admin/builder/spi-builder-workspace/VGSLFundamentals/cache/CacheRecord.swift (in target 'VGSLFundamentals' from project 'vgsl')
cd /Users/admin/builder/spi-builder-workspace/.swiftpm/xcode
SwiftCompile normal arm64_32 /Users/admin/builder/spi-builder-workspace/VGSLFundamentals/cache/CacheStorage.swift (in target 'VGSLFundamentals' from project 'vgsl')
cd /Users/admin/builder/spi-builder-workspace/.swiftpm/xcode
SwiftCompile normal arm64_32 /Users/admin/builder/spi-builder-workspace/VGSLFundamentals/cache/DiskCache.swift (in target 'VGSLFundamentals' from project 'vgsl')
cd /Users/admin/builder/spi-builder-workspace/.swiftpm/xcode
SwiftCompile normal arm64_32 /Users/admin/builder/spi-builder-workspace/VGSLFundamentals/cache/LRUCacheStorage.swift (in target 'VGSLFundamentals' from project 'vgsl')
cd /Users/admin/builder/spi-builder-workspace/.swiftpm/xcode
SwiftCompile normal arm64_32 /Users/admin/builder/spi-builder-workspace/VGSLFundamentals/cache/LRUMemoization.swift (in target 'VGSLFundamentals' from project 'vgsl')
cd /Users/admin/builder/spi-builder-workspace/.swiftpm/xcode
SwiftCompile normal arm64_32 /Users/admin/builder/spi-builder-workspace/VGSLFundamentals/cache/LinkedListOrderedDictionary.swift (in target 'VGSLFundamentals' from project 'vgsl')
cd /Users/admin/builder/spi-builder-workspace/.swiftpm/xcode
SwiftCompile normal arm64_32 /Users/admin/builder/spi-builder-workspace/VGSLFundamentals/cache/OrderedDictionary.swift (in target 'VGSLFundamentals' from project 'vgsl')
cd /Users/admin/builder/spi-builder-workspace/.swiftpm/xcode
SwiftCompile normal arm64_32 /Users/admin/builder/spi-builder-workspace/VGSLFundamentals/cache/ParameterizedDiskCache.swift (in target 'VGSLFundamentals' from project 'vgsl')
cd /Users/admin/builder/spi-builder-workspace/.swiftpm/xcode
SwiftCompile normal arm64_32 Compiling\ ObjectsReusability.swift,\ PersistentStorage.swift,\ Property+Storage.swift,\ Radix.swift,\ Resetting.swift,\ Tagged.swift,\ Time.swift,\ UrlOpener.swift,\ WeakCollection.swift,\ Zip3.swift,\ Cache.swift /Users/admin/builder/spi-builder-workspace/VGSLFundamentals/ObjectsReusability.swift /Users/admin/builder/spi-builder-workspace/VGSLFundamentals/PersistentStorage.swift /Users/admin/builder/spi-builder-workspace/VGSLFundamentals/Property+Storage.swift /Users/admin/builder/spi-builder-workspace/VGSLFundamentals/Radix.swift /Users/admin/builder/spi-builder-workspace/VGSLFundamentals/Resetting.swift /Users/admin/builder/spi-builder-workspace/VGSLFundamentals/Tagged.swift /Users/admin/builder/spi-builder-workspace/VGSLFundamentals/Time.swift /Users/admin/builder/spi-builder-workspace/VGSLFundamentals/UrlOpener.swift /Users/admin/builder/spi-builder-workspace/VGSLFundamentals/WeakCollection.swift /Users/admin/builder/spi-builder-workspace/VGSLFundamentals/Zip3.swift /Users/admin/builder/spi-builder-workspace/VGSLFundamentals/cache/Cache.swift (in target 'VGSLFundamentals' from project 'vgsl')
2026-10-03 08:07:08.296 xcodebuild[839:5484] [MT] IDERunDestination: Supported platforms for the buildables in the current scheme is empty.
/Users/admin/builder/spi-builder-workspace/VGSLUI/typo/FontExtensions.swift:79:8: error: Unsupported OS
#error("Unsupported OS")
^~~~~~~~~~~~~~~~
/Users/admin/builder/spi-builder-workspace/VGSLUI/MetalImageView.swift:4:8: error: Unable to find module dependency: 'MetalKit'
import MetalKit
^
/Users/admin/builder/spi-builder-workspace/VGSLUI/MetalImageView.swift:4:8: note: a dependency of main module 'VGSLUI'
import MetalKit
^
/Users/admin/builder/spi-builder-workspace/VGSLUI/RemoteImageView.swift:4:8: error: Unable to find module dependency: 'CoreImage'
import CoreImage
^
/Users/admin/builder/spi-builder-workspace/VGSLUI/RemoteImageView.swift:4:8: note: a dependency of main module 'VGSLUI'
import CoreImage
^
/Users/admin/builder/spi-builder-workspace/VGSLUI/extensions/CGColorExtensions.swift:4:8: note: also imported here
import CoreImage
^
/Users/admin/builder/spi-builder-workspace/VGSLUI/filters/EquatableImageFilter.swift:3:8: note: also imported here
import CoreImage
^
/Users/admin/builder/spi-builder-workspace/VGSLUI/filters/ImageBlur.swift:3:8: note: also imported here
import CoreImage
^
/Users/admin/builder/spi-builder-workspace/VGSLUI/filters/ImageComposer.swift:3:8: note: also imported here
import CoreImage
^
/Users/admin/builder/spi-builder-workspace/VGSLUI/filters/ImageCrop.swift:3:8: note: also imported here
import CoreImage
^
/Users/admin/builder/spi-builder-workspace/VGSLUI/filters/ImageFilters.swift:3:8: note: also imported here
import CoreImage
^
/Users/admin/builder/spi-builder-workspace/VGSLUI/filters/ImageGenerator.swift:3:8: note: also imported here
import CoreImage
^
/Users/admin/builder/spi-builder-workspace/VGSLUI/types/color/RGBAColorExtensions.swift:4:8: note: also imported here
import CoreImage
^
/Users/admin/builder/spi-builder-workspace/VGSLUI/extensions/UIDeviceExtensions.swift:4:8: error: Unable to find module dependency: 'CoreHaptics'
import CoreHaptics
^
/Users/admin/builder/spi-builder-workspace/VGSLUI/extensions/UIDeviceExtensions.swift:4:8: note: a dependency of main module 'VGSLUI'
import CoreHaptics
^
/Users/admin/builder/spi-builder-workspace/VGSLUI/types/PhysicalFeedbackGenerator.swift:6:17: error: Unable to find module dependency: 'AudioToolbox'
internal import AudioToolbox
^
/Users/admin/builder/spi-builder-workspace/VGSLUI/types/PhysicalFeedbackGenerator.swift:6:17: note: a dependency of main module 'VGSLUI'
internal import AudioToolbox
^
/Users/admin/builder/spi-builder-workspace/VGSLUI/typo/FontExtensions.swift:79:8: error: Unsupported OS
#error("Unsupported OS")
^~~~~~~~~~~~~~~~
/Users/admin/builder/spi-builder-workspace/VGSLUI/MetalImageView.swift:4:8: error: Unable to find module dependency: 'MetalKit'
import MetalKit
^
/Users/admin/builder/spi-builder-workspace/VGSLUI/MetalImageView.swift:4:8: note: a dependency of main module 'VGSLUI'
import MetalKit
^
/Users/admin/builder/spi-builder-workspace/VGSLUI/RemoteImageView.swift:4:8: error: Unable to find module dependency: 'CoreImage'
import CoreImage
^
/Users/admin/builder/spi-builder-workspace/VGSLUI/RemoteImageView.swift:4:8: note: a dependency of main module 'VGSLUI'
import CoreImage
^
/Users/admin/builder/spi-builder-workspace/VGSLUI/extensions/CGColorExtensions.swift:4:8: note: also imported here
import CoreImage
^
/Users/admin/builder/spi-builder-workspace/VGSLUI/filters/EquatableImageFilter.swift:3:8: note: also imported here
import CoreImage
^
/Users/admin/builder/spi-builder-workspace/VGSLUI/filters/ImageBlur.swift:3:8: note: also imported here
import CoreImage
^
/Users/admin/builder/spi-builder-workspace/VGSLUI/filters/ImageComposer.swift:3:8: note: also imported here
import CoreImage
^
/Users/admin/builder/spi-builder-workspace/VGSLUI/filters/ImageCrop.swift:3:8: note: also imported here
import CoreImage
^
/Users/admin/builder/spi-builder-workspace/VGSLUI/filters/ImageFilters.swift:3:8: note: also imported here
import CoreImage
^
/Users/admin/builder/spi-builder-workspace/VGSLUI/filters/ImageGenerator.swift:3:8: note: also imported here
import CoreImage
^
/Users/admin/builder/spi-builder-workspace/VGSLUI/types/color/RGBAColorExtensions.swift:4:8: note: also imported here
import CoreImage
^
/Users/admin/builder/spi-builder-workspace/VGSLUI/extensions/UIDeviceExtensions.swift:4:8: error: Unable to find module dependency: 'CoreHaptics'
import CoreHaptics
^
/Users/admin/builder/spi-builder-workspace/VGSLUI/extensions/UIDeviceExtensions.swift:4:8: note: a dependency of main module 'VGSLUI'
import CoreHaptics
^
/Users/admin/builder/spi-builder-workspace/VGSLUI/types/PhysicalFeedbackGenerator.swift:6:17: error: Unable to find module dependency: 'AudioToolbox'
internal import AudioToolbox
^
/Users/admin/builder/spi-builder-workspace/VGSLUI/types/PhysicalFeedbackGenerator.swift:6:17: note: a dependency of main module 'VGSLUI'
internal import AudioToolbox
^
/Users/admin/builder/spi-builder-workspace/VGSLUI/typo/FontExtensions.swift:79:8: error: Unsupported OS
#error("Unsupported OS")
^~~~~~~~~~~~~~~~
/Users/admin/builder/spi-builder-workspace/VGSLUI/MetalImageView.swift:4:8: error: Unable to find module dependency: 'MetalKit'
import MetalKit
^
/Users/admin/builder/spi-builder-workspace/VGSLUI/MetalImageView.swift:4:8: note: a dependency of main module 'VGSLUI'
import MetalKit
^
/Users/admin/builder/spi-builder-workspace/VGSLUI/RemoteImageView.swift:4:8: error: Unable to find module dependency: 'CoreImage'
import CoreImage
^
/Users/admin/builder/spi-builder-workspace/VGSLUI/RemoteImageView.swift:4:8: note: a dependency of main module 'VGSLUI'
import CoreImage
^
/Users/admin/builder/spi-builder-workspace/VGSLUI/extensions/CGColorExtensions.swift:4:8: note: also imported here
import CoreImage
^
/Users/admin/builder/spi-builder-workspace/VGSLUI/filters/EquatableImageFilter.swift:3:8: note: also imported here
import CoreImage
^
/Users/admin/builder/spi-builder-workspace/VGSLUI/filters/ImageBlur.swift:3:8: note: also imported here
import CoreImage
^
/Users/admin/builder/spi-builder-workspace/VGSLUI/filters/ImageComposer.swift:3:8: note: also imported here
import CoreImage
^
/Users/admin/builder/spi-builder-workspace/VGSLUI/filters/ImageCrop.swift:3:8: note: also imported here
import CoreImage
^
/Users/admin/builder/spi-builder-workspace/VGSLUI/filters/ImageFilters.swift:3:8: note: also imported here
import CoreImage
^
/Users/admin/builder/spi-builder-workspace/VGSLUI/filters/ImageGenerator.swift:3:8: note: also imported here
import CoreImage
^
/Users/admin/builder/spi-builder-workspace/VGSLUI/types/color/RGBAColorExtensions.swift:4:8: note: also imported here
import CoreImage
^
/Users/admin/builder/spi-builder-workspace/VGSLUI/extensions/UIDeviceExtensions.swift:4:8: error: Unable to find module dependency: 'CoreHaptics'
import CoreHaptics
^
/Users/admin/builder/spi-builder-workspace/VGSLUI/extensions/UIDeviceExtensions.swift:4:8: note: a dependency of main module 'VGSLUI'
import CoreHaptics
^
/Users/admin/builder/spi-builder-workspace/VGSLUI/types/PhysicalFeedbackGenerator.swift:6:17: error: Unable to find module dependency: 'AudioToolbox'
internal import AudioToolbox
^
/Users/admin/builder/spi-builder-workspace/VGSLUI/types/PhysicalFeedbackGenerator.swift:6:17: note: a dependency of main module 'VGSLUI'
internal import AudioToolbox
^
** BUILD FAILED **
The following build commands failed:
SwiftDriver VGSLUI normal arm64_32 com.apple.xcode.tools.swift.compiler (in target 'VGSLUI' from project 'vgsl')
SwiftDriver VGSLUI normal armv7k com.apple.xcode.tools.swift.compiler (in target 'VGSLUI' from project 'vgsl')
SwiftDriver VGSLUI normal arm64 com.apple.xcode.tools.swift.compiler (in target 'VGSLUI' from project 'vgsl')
Building workspace spi-builder-workspace with scheme vgsl-Package
(4 failures)
BUILD FAILURE 6.2 watchOS