Build Information
Failed to build GoogleCloudContainerV1, reference main (88c084), with Swift 6.2 for Android on 11 Oct 2026 15:30:26 UTC.
Build Command
bash -c docker run --pull=always --rm -v "checkouts-54344849-3":/host -w "$PWD" -e JAVA_HOME="/root/.sdkman/candidates/java/current" -e SPI_BUILD="1" -e SPI_PROCESSING="1" registry.gitlab.com/saguaro1/spi-images:android-6.2-latest swift build --swift-sdk aarch64-unknown-linux-android28 2>&1Build Log
========================================
RunAll
========================================
Builder version: 5.1.1
Interrupt handler set up.
========================================
Checkout
========================================
Clone URL: https://github.com/googleapis/swift-google-container-v1.git
Reference: main
Initialized empty Git repository in /host/spi-builder-workspace/.git/
hint: Using 'master' as the name for the initial branch. This default branch name
hint: is subject to change. To configure the initial branch name to use in all
hint: of your new repositories, which will suppress this warning, call:
hint:
hint: git config --global init.defaultBranch <name>
hint:
hint: Names commonly chosen instead of 'master' are 'main', 'trunk' and
hint: 'development'. The just-created branch can be renamed via this command:
hint:
hint: git branch -m <name>
From https://github.com/googleapis/swift-google-container-v1
* branch main -> FETCH_HEAD
* [new branch] main -> origin/main
HEAD is now at 88c0844 chore: release circa 2026-10-07 (#1382)
Cloned https://github.com/googleapis/swift-google-container-v1.git
Revision (git rev-parse @):
88c0844616e960279f7fc6e69a01e7cc16128dfe
SPI manifest file found: $PWD/.spi.yml
SUCCESS checkout https://github.com/googleapis/swift-google-container-v1.git at main
========================================
Build
========================================
Selected platform: android
Swift version: 6.2
Building package at path: $PWD
https://github.com/googleapis/swift-google-container-v1.git
Running build ...
bash -c docker run --pull=always --rm -v "checkouts-54344849-3":/host -w "$PWD" -e JAVA_HOME="/root/.sdkman/candidates/java/current" -e SPI_BUILD="1" -e SPI_PROCESSING="1" registry.gitlab.com/saguaro1/spi-images:android-6.2-latest swift build --swift-sdk aarch64-unknown-linux-android28 2>&1
android-6.2-latest: Pulling from saguaro1/spi-images
Digest: sha256:a839c9ce201f1dacc8eb056626ec7ab0a1c6d53d7b77c83feda395f4507c51be
Status: Image is up to date for registry.gitlab.com/saguaro1/spi-images:android-6.2-latest
Fetching https://github.com/googleapis/swift-google-auth
Fetching https://github.com/googleapis/swift-google-rpc
Fetching https://github.com/googleapis/swift-google-wkt
Fetching https://github.com/apple/swift-log
Fetching https://github.com/googleapis/swift-google-gax
Fetching https://github.com/googleapis/swift-google-type
[1/422] Fetching swift-google-rpc
[423/8679] Fetching swift-google-rpc, swift-log
Fetched https://github.com/googleapis/swift-google-rpc from cache (0.48s)
[84/9280] Fetching swift-log, swift-google-wkt
[729/10303] Fetching swift-log, swift-google-wkt, swift-google-auth
[6259/12051] Fetching swift-log, swift-google-wkt, swift-google-auth, swift-google-gax
[10584/12488] Fetching swift-log, swift-google-wkt, swift-google-auth, swift-google-gax, swift-google-type
Fetched https://github.com/googleapis/swift-google-wkt from cache (0.89s)
Fetched https://github.com/apple/swift-log from cache (0.89s)
[1977/3208] Fetching swift-google-auth, swift-google-gax, swift-google-type
Fetched https://github.com/googleapis/swift-google-type from cache (1.03s)
Fetched https://github.com/googleapis/swift-google-auth from cache (1.03s)
Fetched https://github.com/googleapis/swift-google-gax from cache (1.03s)
Computing version for https://github.com/googleapis/swift-google-wkt
Computed https://github.com/googleapis/swift-google-wkt at 0.5.0 (1.36s)
Fetching https://github.com/swift-extras/swift-extras-base64
[10/954] Fetching swift-extras-base64
Fetched https://github.com/swift-extras/swift-extras-base64 from cache (0.65s)
Computing version for https://github.com/googleapis/swift-google-type
Computed https://github.com/googleapis/swift-google-type at 0.5.0 (0.98s)
Computing version for https://github.com/googleapis/swift-google-rpc
Computed https://github.com/googleapis/swift-google-rpc at 0.5.0 (0.29s)
Computing version for https://github.com/googleapis/swift-google-gax
Computed https://github.com/googleapis/swift-google-gax at 0.5.0 (0.29s)
Fetching https://github.com/apple/swift-nio
Fetching https://github.com/swift-server/async-http-client.git
[1/16464] Fetching async-http-client
[6258/102838] Fetching async-http-client, swift-nio
Fetched https://github.com/swift-server/async-http-client.git from cache (1.47s)
[2592/86374] Fetching swift-nio
Fetched https://github.com/apple/swift-nio from cache (5.38s)
Computing version for https://github.com/googleapis/swift-google-auth
Computed https://github.com/googleapis/swift-google-auth at 0.5.0 (5.72s)
Fetching https://github.com/apple/swift-system.git
Fetching https://github.com/vapor/jwt-kit.git
[1/7241] Fetching swift-system
[3694/17495] Fetching swift-system, jwt-kit
Fetched https://github.com/apple/swift-system.git from cache (0.81s)
[3897/10254] Fetching jwt-kit
Fetched https://github.com/vapor/jwt-kit.git from cache (1.19s)
Computing version for https://github.com/swift-extras/swift-extras-base64
Computed https://github.com/swift-extras/swift-extras-base64 at 1.2.0 (1.47s)
Computing version for https://github.com/swift-server/async-http-client.git
Computed https://github.com/swift-server/async-http-client.git at 1.36.2 (0.41s)
Fetching https://github.com/apple/swift-service-context.git
Fetching https://github.com/apple/swift-configuration.git
Fetching https://github.com/apple/swift-nio-transport-services.git
Fetching https://github.com/apple/swift-algorithms.git
[1/2867] Fetching swift-nio-transport-services
[2/4368] Fetching swift-nio-transport-services, swift-service-context
[4264/10532] Fetching swift-nio-transport-services, swift-service-context, swift-algorithms
[4493/14460] Fetching swift-nio-transport-services, swift-service-context, swift-algorithms, swift-configuration
Fetching https://github.com/apple/swift-nio-extras.git
Fetching https://github.com/apple/swift-distributed-tracing.git
Fetched https://github.com/apple/swift-service-context.git from cache (0.55s)
[5605/12959] Fetching swift-nio-transport-services, swift-algorithms, swift-configuration
Fetching https://github.com/apple/swift-nio-ssl.git
Fetched https://github.com/apple/swift-algorithms.git from cache (0.76s)
Fetching https://github.com/apple/swift-nio-http2.git
Fetched https://github.com/apple/swift-nio-transport-services.git from cache (0.77s)
Fetched https://github.com/apple/swift-configuration.git from cache (0.77s)
Fetching https://github.com/apple/swift-atomics.git
[1/6703] Fetching swift-nio-extras
[4560/23574] Fetching swift-nio-extras, swift-nio-ssl
[6005/25463] Fetching swift-nio-extras, swift-nio-ssl, swift-atomics
[8303/32014] Fetching swift-nio-extras, swift-nio-ssl, swift-atomics, swift-distributed-tracing
[9574/44308] Fetching swift-nio-extras, swift-nio-ssl, swift-atomics, swift-distributed-tracing, swift-nio-http2
Fetched https://github.com/apple/swift-atomics.git from cache (0.76s)
[11513/42419] Fetching swift-nio-extras, swift-nio-ssl, swift-distributed-tracing, swift-nio-http2
Fetched https://github.com/apple/swift-nio-extras.git from cache (1.32s)
[26882/35716] Fetching swift-nio-ssl, swift-distributed-tracing, swift-nio-http2
Fetched https://github.com/apple/swift-distributed-tracing.git from cache (1.33s)
[21375/29165] Fetching swift-nio-ssl, swift-nio-http2
Fetched https://github.com/apple/swift-nio-http2.git from cache (2.06s)
Fetched https://github.com/apple/swift-nio-ssl.git from cache (2.42s)
Computing version for https://github.com/apple/swift-service-context.git
Computed https://github.com/apple/swift-service-context.git at 1.3.0 (3.34s)
Computing version for https://github.com/apple/swift-algorithms.git
Computed https://github.com/apple/swift-algorithms.git at 1.2.1 (1.55s)
Fetching https://github.com/apple/swift-numerics.git
[1/6733] Fetching swift-numerics
Fetched https://github.com/apple/swift-numerics.git from cache (0.82s)
Computing version for https://github.com/apple/swift-log
Computed https://github.com/apple/swift-log at 1.16.1 (1.15s)
Computing version for https://github.com/apple/swift-distributed-tracing.git
Computed https://github.com/apple/swift-distributed-tracing.git at 1.5.0 (0.25s)
Computing version for https://github.com/apple/swift-atomics.git
Computed https://github.com/apple/swift-atomics.git at 1.3.1 (0.37s)
Computing version for https://github.com/apple/swift-numerics.git
Computed https://github.com/apple/swift-numerics.git at 1.1.1 (0.26s)
Computing version for https://github.com/apple/swift-nio
Computed https://github.com/apple/swift-nio at 2.104.0 (0.62s)
Fetching https://github.com/apple/swift-collections.git
[1/28703] Fetching swift-collections
Fetched https://github.com/apple/swift-collections.git from cache (1.68s)
Computing version for https://github.com/apple/swift-configuration.git
Computed https://github.com/apple/swift-configuration.git at 1.2.2 (3.06s)
Fetching https://github.com/swift-server/swift-service-lifecycle
[1/2867] Fetching swift-service-lifecycle
Fetched https://github.com/swift-server/swift-service-lifecycle from cache (0.88s)
Computing version for https://github.com/apple/swift-nio-transport-services.git
Computed https://github.com/apple/swift-nio-transport-services.git at 1.28.0 (1.18s)
Computing version for https://github.com/swift-server/swift-service-lifecycle
Computed https://github.com/swift-server/swift-service-lifecycle at 2.12.1 (0.34s)
Fetching https://github.com/apple/swift-async-algorithms.git
[1/6820] Fetching swift-async-algorithms
Fetched https://github.com/apple/swift-async-algorithms.git from cache (0.65s)
Computing version for https://github.com/apple/swift-async-algorithms.git
Computed https://github.com/apple/swift-async-algorithms.git at 1.1.7 (1.05s)
Computing version for https://github.com/apple/swift-collections.git
Computed https://github.com/apple/swift-collections.git at 1.7.2 (0.41s)
Computing version for https://github.com/apple/swift-nio-http2.git
Computed https://github.com/apple/swift-nio-http2.git at 1.46.0 (0.31s)
Computing version for https://github.com/vapor/jwt-kit.git
Computed https://github.com/vapor/jwt-kit.git at 5.7.1 (0.36s)
Fetching https://github.com/apple/swift-certificates.git
Fetching https://github.com/apple/swift-crypto.git
[1/18629] Fetching swift-crypto
[2/26242] Fetching swift-crypto, swift-certificates
Fetched https://github.com/apple/swift-certificates.git from cache (1.81s)
Fetched https://github.com/apple/swift-crypto.git from cache (1.83s)
Computing version for https://github.com/apple/swift-crypto.git
Computed https://github.com/apple/swift-crypto.git at 4.5.2 (2.87s)
Fetching https://github.com/apple/swift-asn1.git
[1/2009] Fetching swift-asn1
Fetched https://github.com/apple/swift-asn1.git from cache (0.45s)
Computing version for https://github.com/apple/swift-asn1.git
Computed https://github.com/apple/swift-asn1.git at 1.7.3 (0.77s)
Computing version for https://github.com/apple/swift-certificates.git
Computed https://github.com/apple/swift-certificates.git at 1.21.0 (0.36s)
Computing version for https://github.com/apple/swift-nio-ssl.git
Computed https://github.com/apple/swift-nio-ssl.git at 2.37.5 (0.34s)
Computing version for https://github.com/apple/swift-system.git
Computed https://github.com/apple/swift-system.git at 1.8.1 (0.32s)
Computing version for https://github.com/apple/swift-nio-extras.git
Computed https://github.com/apple/swift-nio-extras.git at 1.35.1 (0.44s)
Fetching https://github.com/apple/swift-http-structured-headers.git
Fetching https://github.com/apple/swift-http-types.git
[1/1939] Fetching swift-http-types
[2/3192] Fetching swift-http-types, swift-http-structured-headers
Fetched https://github.com/apple/swift-http-types.git from cache (0.49s)
Fetched https://github.com/apple/swift-http-structured-headers.git from cache (0.50s)
Computing version for https://github.com/apple/swift-http-structured-headers.git
Computed https://github.com/apple/swift-http-structured-headers.git at 1.7.0 (0.84s)
Computing version for https://github.com/apple/swift-http-types.git
Computed https://github.com/apple/swift-http-types.git at 1.8.0 (0.38s)
Creating working copy for https://github.com/googleapis/swift-google-wkt
Working copy of https://github.com/googleapis/swift-google-wkt resolved at 0.5.0
Creating working copy for https://github.com/googleapis/swift-google-auth
Working copy of https://github.com/googleapis/swift-google-auth resolved at 0.5.0
Creating working copy for https://github.com/swift-server/swift-service-lifecycle
Working copy of https://github.com/swift-server/swift-service-lifecycle resolved at 2.12.1
Creating working copy for https://github.com/apple/swift-nio-transport-services.git
Working copy of https://github.com/apple/swift-nio-transport-services.git resolved at 1.28.0
Creating working copy for https://github.com/apple/swift-nio-extras.git
Working copy of https://github.com/apple/swift-nio-extras.git resolved at 1.35.1
Creating working copy for https://github.com/apple/swift-algorithms.git
Working copy of https://github.com/apple/swift-algorithms.git resolved at 1.2.1
Creating working copy for https://github.com/apple/swift-configuration.git
Working copy of https://github.com/apple/swift-configuration.git resolved at 1.2.2
Creating working copy for https://github.com/apple/swift-http-types.git
Working copy of https://github.com/apple/swift-http-types.git resolved at 1.8.0
Creating working copy for https://github.com/apple/swift-numerics.git
Working copy of https://github.com/apple/swift-numerics.git resolved at 1.1.1
Creating working copy for https://github.com/apple/swift-nio-ssl.git
Working copy of https://github.com/apple/swift-nio-ssl.git resolved at 2.37.5
Creating working copy for https://github.com/swift-server/async-http-client.git
Working copy of https://github.com/swift-server/async-http-client.git resolved at 1.36.2
Creating working copy for https://github.com/apple/swift-service-context.git
Working copy of https://github.com/apple/swift-service-context.git resolved at 1.3.0
Creating working copy for https://github.com/apple/swift-system.git
Working copy of https://github.com/apple/swift-system.git resolved at 1.8.1
Creating working copy for https://github.com/apple/swift-nio-http2.git
Working copy of https://github.com/apple/swift-nio-http2.git resolved at 1.46.0
Creating working copy for https://github.com/apple/swift-collections.git
Working copy of https://github.com/apple/swift-collections.git resolved at 1.7.2
Creating working copy for https://github.com/apple/swift-certificates.git
Working copy of https://github.com/apple/swift-certificates.git resolved at 1.21.0
Creating working copy for https://github.com/googleapis/swift-google-type
Working copy of https://github.com/googleapis/swift-google-type resolved at 0.5.0
Creating working copy for https://github.com/apple/swift-http-structured-headers.git
Working copy of https://github.com/apple/swift-http-structured-headers.git resolved at 1.7.0
Creating working copy for https://github.com/apple/swift-log
Working copy of https://github.com/apple/swift-log resolved at 1.16.1
Creating working copy for https://github.com/googleapis/swift-google-rpc
Working copy of https://github.com/googleapis/swift-google-rpc resolved at 0.5.0
Creating working copy for https://github.com/apple/swift-nio
Working copy of https://github.com/apple/swift-nio resolved at 2.104.0
Creating working copy for https://github.com/googleapis/swift-google-gax
Working copy of https://github.com/googleapis/swift-google-gax resolved at 0.5.0
Creating working copy for https://github.com/apple/swift-async-algorithms.git
Working copy of https://github.com/apple/swift-async-algorithms.git resolved at 1.1.7
Creating working copy for https://github.com/apple/swift-distributed-tracing.git
Working copy of https://github.com/apple/swift-distributed-tracing.git resolved at 1.5.0
Creating working copy for https://github.com/swift-extras/swift-extras-base64
Working copy of https://github.com/swift-extras/swift-extras-base64 resolved at 1.2.0
Creating working copy for https://github.com/apple/swift-atomics.git
Working copy of https://github.com/apple/swift-atomics.git resolved at 1.3.1
Creating working copy for https://github.com/apple/swift-crypto.git
Working copy of https://github.com/apple/swift-crypto.git resolved at 4.5.2
Creating working copy for https://github.com/apple/swift-asn1.git
Working copy of https://github.com/apple/swift-asn1.git resolved at 1.7.3
Creating working copy for https://github.com/vapor/jwt-kit.git
Working copy of https://github.com/vapor/jwt-kit.git resolved at 5.7.1
Building for debugging...
[0/1040] Compiling tasn_fre.cc
[1/1040] Compiling a_i2d_fp.cc
[1/1040] Write sources
[6/1040] Compiling _NumericsShims _NumericsShims.c
[6/1040] Write sources
[82/1040] Compiling _AtomicsShims.c
[83/1040] Compiling CXKCPShims shims.c
[84/1040] Compiling SimpleFIPS202.c
[85/1040] Compiling a_bitstr.cc
[86/1040] Write swift-version--11D90AFD9DD3AB2.txt
[87/1040] Compiling KeccakSponge.c
[88/1040] Compiling tasn_enc.cc
[89/1040] Compiling KeccakHash.c
[90/1042] Compiling CSystem shims.c
[91/1058] Compiling a_bool.cc
[93/1065] Emitting module _CertificateInternals
[93/1065] Compiling a_gentm.cc
[94/1065] Compiling a_int.cc
[95/1116] Compiling KeccakP-1600-opt64.c
[97/1127] Emitting module Logging
[98/1128] Compiling ServiceContextModule ServiceContextKey.swift
[99/1128] Compiling Logging MultiplexLogHandler.swift
[100/1128] Compiling Logging StreamLogHandler.swift
[101/1128] Compiling Logging LoggingSystem.swift
[102/1128] Compiling SystemPackage Identifiers.swift
[103/1128] Compiling SystemPackage Stat.swift
[106/1128] Compiling Logging SwiftLogNoOpLogHandler.swift
[107/1131] Compiling ServiceContextModule ServiceContext.swift
[108/1131] Emitting module ServiceContextModule
[109/1132] Compiling RealModule Real.swift
[110/1132] Compiling RealModule RealFunctions.swift
[111/1132] Compiling _NIODataStructures _TinyArray.swift
[112/1132] Compiling _NIODataStructures PriorityQueue.swift
[113/1132] Compiling _NIOBase64 Base64.swift
[114/1132] Emitting module _NIOBase64
[116/1133] Emitting module RealModule
[117/1133] Compiling Logging LogEvent.swift
[118/1133] Compiling Logging LogHandler.swift
[120/1133] Compiling Logging Locks.swift
[121/1133] Compiling RealModule Float16+Real.swift
[122/1133] Compiling RealModule Float80+Real.swift
[123/1133] Compiling SystemPackage FilePathComponentView.swift
[124/1133] Compiling SystemPackage FilePathComponents.swift
[128/1133] Compiling RealModule RelaxedArithmetic.swift
[129/1133] Compiling _CertificateInternals _TinyArray.swift
[130/1135] Compiling _NIODataStructures Heap.swift
[131/1135] Emitting module _NIODataStructures
[132/1135] Compiling Logging Logger+With.swift
[133/1135] Compiling Logging Logger+Attributes.swift
[137/1148] Compiling InternalCollectionsUtilities FixedWidthInteger+roundUpToPowerOfTwo.swift
[138/1148] Compiling InternalCollectionsUtilities Integer rank.swift
[139/1148] Compiling InternalCollectionsUtilities UInt+first and last set bit.swift
[140/1148] Compiling InternalCollectionsUtilities UInt+reversed.swift
[141/1148] Compiling InternalCollectionsUtilities MutableSpan+Extras.swift
[142/1178] Wrapping AST for _NIOBase64 for debugging
[144/1180] Compiling Instrumentation NoOpInstrument.swift
[145/1180] Compiling Logging Logger.swift
[145/1180] Wrapping AST for ServiceContextModule for debugging
[146/1180] Wrapping AST for _CertificateInternals for debugging
[147/1180] Wrapping AST for RealModule for debugging
[148/1180] Wrapping AST for _NIODataStructures for debugging
[150/1180] Compiling Instrumentation MultiplexInstrument.swift
[150/1180] Compiling CNIOWindows shim.c
[151/1180] Compiling CNIOWindows WSAStartup.c
[153/1180] Emitting module Instrumentation
[154/1180] Compiling InternalCollectionsUtilities UnsafeMutablePointer+Extras.swift
[155/1180] Compiling InternalCollectionsUtilities UnsafeMutableRawBufferPointer+Extras.swift
[156/1180] Compiling InternalCollectionsUtilities UnsafePointer+Extras.swift
[156/1183] Compiling CNIOPosix event_loop_id.c
[157/1183] Compiling CNIOWASI CNIOWASI.c
[158/1183] Compiling CNIOOpenBSD shim.c
[159/1183] Compiling CNIOLinux liburing_shims.c
[161/1183] Compiling InternalCollectionsUtilities Strideable+LimitHelpers.swift
[162/1183] Compiling InternalCollectionsUtilities String+Padding.swift
[163/1183] Compiling InternalCollectionsUtilities TemporaryAllocation.swift
[164/1183] Compiling InternalCollectionsUtilities _UnsafeBitSet+Index.swift
[165/1183] Compiling InternalCollectionsUtilities UnsafeRawBufferPointer+Extras.swift
[166/1183] Compiling InternalCollectionsUtilities _SortedCollection.swift
[167/1183] Compiling InternalCollectionsUtilities _UniqueCollection.swift
[167/1183] Compiling CNIOLinux shim.c
[168/1183] Compiling CNIOLLHTTP c_nio_http.c
[169/1183] Compiling CNIOLLHTTP c_nio_api.c
[170/1183] Compiling CNIOFreeBSD shim.c
[171/1183] Compiling CNIOExtrasZlib zutil.c
[172/1183] Compiling CNIOExtrasZlib trees.c
[173/1183] Compiling CNIOLLHTTP c_nio_llhttp.c
[176/1183] Compiling InternalCollectionsUtilities OutputSpan+Extras.swift
[177/1183] Compiling InternalCollectionsUtilities RandomAccessCollection+Offsets.swift
[178/1183] Compiling InternalCollectionsUtilities Span+Extras.swift
[182/1183] Compiling CNIOExtrasZlib inftrees.c
[183/1183] Compiling CNIOExtrasZlib inffast.c
[184/1183] Compiling CNIOExtrasZlib inflate.c
[186/1183] Emitting module SwiftASN1
[189/1183] Compiling CNIOExtrasZlib crc32.c
[190/1183] Compiling CNIOExtrasZlib deflate.c
[191/1183] Compiling CNIOExtrasZlib adler32.c
[192/1183] Compiling CNIODarwin shim.c
[193/1183] Compiling fiat_p256_adx_sqr.S
[194/1183] Compiling fiat_p256_adx_mul.S
[196/1183] Compiling InternalCollectionsUtilities BorrowingIteratorProtocol+Equality.swift
[197/1183] Compiling InternalCollectionsUtilities BorrowingIteratorProtocol+Extras.swift
[198/1183] Compiling InternalCollectionsUtilities Debugging.swift
[199/1183] Compiling InternalCollectionsUtilities Descriptions.swift
[200/1183] Compiling InternalCollectionsUtilities Iterable+CopyContents.swift
[201/1183] Compiling InternalCollectionsUtilities Iterable+Equality.swift
[202/1183] Compiling InternalCollectionsUtilities LifetimeOverride.swift
[203/1183] Compiling InternalCollectionsUtilities MutableRef.swift
[204/1183] Compiling InternalCollectionsUtilities _UnsafeBitSet+_Word.swift
[205/1183] Compiling InternalCollectionsUtilities _UnsafeBitSet.swift
[206/1183] Compiling InternalCollectionsUtilities UnsafeBufferPointer+Extras.swift
[207/1183] Compiling InternalCollectionsUtilities UnsafeMutableBufferPointer+Extras.swift
[207/1183] Compiling fiat_curve25519_adx_square.S
[210/1183] Compiling fiat_curve25519_adx_mul.S
[212/1183] Emitting module InternalCollectionsUtilities
[212/1184] Compiling CNIOBoringSSLShims shims.c
[215/1184] Compiling SystemPackage SystemString.swift
[216/1184] Compiling SystemPackage Util+StringArray.swift
[217/1184] Compiling SystemPackage Util.swift
[218/1184] Compiling SystemPackage UtilConsumers.swift
[219/1184] Compiling SystemPackage WinSDK+Overlay.swift
[220/1184] Compiling ExtrasBase64 Base32+Span.swift
[239/1184] Compiling SystemPackage PlatformString.swift
[245/1184] Emitting module SystemPackage
[251/1184] Compiling SystemPackage Backcompat.swift
[252/1184] Compiling SystemPackage CInterop.swift
[253/1184] Compiling SystemPackage Constants.swift
[254/1184] Compiling SystemPackage Exports.swift
[255/1184] Compiling SystemPackage Mocking.swift
[256/1184] Compiling Instrumentation InstrumentationSystem.swift
[260/1184] Compiling Instrumentation Instrument.swift
[264/1184] Compiling Instrumentation Locks.swift
[265/1187] Compiling Logging MetadataProvider.swift
[269/1192] Wrapping AST for Logging for debugging
[270/1192] Wrapping AST for SwiftASN1 for debugging
[272/1192] Emitting module SpanPreview
[273/1192] Compiling SpanPreview InputSpan.swift
[274/1192] Compiling SpanPreview MutableSpan+InputSpanHelpers.swift
[275/1192] Compiling SpanPreview OutputSpan+InputSpanHelpers.swift
[275/1193] Wrapping AST for SystemPackage for debugging
[276/1201] Wrapping AST for InternalCollectionsUtilities for debugging
[278/1201] Wrapping AST for Instrumentation for debugging
[279/1201] Compiling tls_method.cc
[280/1201] Compiling tls_record.cc
[282/1201] Compiling Tracing Tracer.swift
[282/1202] Wrapping AST for SpanPreview for debugging
[284/1244] Compiling Tracing TracingTime.swift
[285/1244] Compiling Tracing TracerProtocol+Legacy.swift
[286/1244] Compiling Tracing TracerProtocol.swift
[287/1244] Compiling Tracing WithTracer.swift
[288/1244] Compiling DequeModule UniqueDeque+Consumption.swift
[289/1244] Compiling DequeModule UniqueDeque+ContainerOperations.swift
[290/1244] Compiling DequeModule UniqueDeque+Deprecations.swift
[291/1244] Compiling DequeModule UniqueDeque+Descriptions.swift
[292/1244] Compiling DequeModule UniqueDeque+Equatable.swift
[293/1244] Compiling DequeModule UniqueDeque+Hashable.swift
[293/1249] Compiling tls13_server.cc
[295/1249] Compiling Tracing InstrumentationSystem+Tracing.swift
[296/1249] Compiling Tracing SpanProtocol.swift
[297/1249] Emitting module Tracing
[298/1249] Compiling Tracing NoOpTracer.swift
[300/1250] Compiling DequeModule UniqueDeque+Initializers.swift
[301/1250] Compiling DequeModule UniqueDeque+Insertions.swift
[302/1250] Compiling DequeModule UniqueDeque+Iterable.swift
[303/1250] Compiling DequeModule UniqueDeque+Prepend.swift
[304/1250] Compiling DequeModule UniqueDeque+Removals.swift
[305/1250] Compiling DequeModule _DequeBuffer.swift
[306/1250] Compiling DequeModule _DequeBufferHeader.swift
[307/1250] Compiling DequeModule RigidDeque+Append.swift
[308/1250] Compiling DequeModule RigidDeque+Consumption.swift
[309/1250] Compiling DequeModule RigidDeque+ContainerOperations.swift
[310/1250] Compiling DequeModule RigidDeque+Deprecations.swift
[311/1250] Compiling DequeModule RigidDeque+Descriptions.swift
[312/1250] Compiling DequeModule RigidDeque+Equatable.swift
[313/1250] Compiling DequeModule RigidDeque+Hashable.swift
[314/1250] Compiling DequeModule RigidDeque+Initializers.swift
[315/1250] Compiling DequeModule RigidDeque+Insertions.swift
[316/1250] Compiling DequeModule RigidDeque+Iterable.swift
[317/1250] Compiling DequeModule RigidDeque+Prepend.swift
[318/1250] Compiling DequeModule RigidDeque+Removals.swift
[319/1250] Compiling DequeModule RigidDeque+Replacements.swift
[320/1250] Compiling DequeModule RigidDeque+Testing.swift
[321/1250] Compiling DequeModule RigidDeque.swift
[322/1250] Compiling DequeModule UniqueDeque+Append.swift
[322/1250] Compiling tls13_both.cc
[323/1250] Wrapping AST for Tracing for debugging
[325/1250] Compiling DequeModule Deque+Codable.swift
[326/1250] Compiling DequeModule Deque+Collection.swift
[327/1250] Compiling DequeModule Deque+CustomReflectable.swift
[328/1250] Compiling DequeModule Deque+Descriptions.swift
[329/1250] Compiling DequeModule Deque+Equatable.swift
[330/1250] Compiling DequeModule Deque+ExpressibleByArrayLiteral.swift
[331/1250] Compiling DequeModule Deque+Extras.swift
[332/1250] Compiling DequeModule Deque+Hashable.swift
[333/1250] Compiling DequeModule Deque+Testing.swift
[334/1250] Compiling DequeModule Deque._Storage.swift
[335/1250] Compiling DequeModule Deque._UnsafeHandle.swift
[336/1250] Compiling DequeModule Deque.swift
[336/1250] Compiling tls13_enc.cc
[337/1250] Compiling tls13_client.cc
[338/1250] Compiling t1_enc.cc
[339/1250] Compiling ssl_versions.cc
[340/1250] Compiling ssl_x509.cc
[341/1250] Compiling ssl_transcript.cc
[342/1250] Compiling ssl_stat.cc
[343/1250] Compiling ssl_privkey.cc
[344/1250] Compiling ssl_session.cc
[346/1250] Compiling DequeModule UniqueDeque+Replacements.swift
[347/1250] Compiling DequeModule UniqueDeque.swift
[348/1250] Compiling DequeModule _DequeSlot.swift
[349/1250] Compiling DequeModule _UnsafeDequeHandle.swift
[350/1250] Compiling DequeModule _UnsafeDequeSegments.swift
[350/1250] Compiling ssl_key_share.cc
[352/1250] Emitting module DequeModule
[352/1251] Compiling ssl_file.cc
[354/1251] Compiling ssl_lib.cc
[356/1294] Compiling ExtrasBase64 Base64.swift
[357/1294] Compiling ExtrasBase64 Base32.swift
[358/1294] Compiling ExtrasBase64 Base64+Span.swift
[358/1294] Compiling ssl_credential.cc
[359/1294] Wrapping AST for DequeModule for debugging
[360/1294] Compiling ssl_cert.cc
[362/1294] Emitting module ExtrasBase64
[362/1295] Compiling ssl_buffer.cc
[363/1295] Compiling ssl_cipher.cc
[365/1295] Compiling ssl_asn1.cc
[366/1326] Compiling ssl_aead_ctx.cc
[367/1326] Wrapping AST for ExtrasBase64 for debugging
[368/1326] Compiling s3_both.cc
[369/1326] Compiling s3_pkt.cc
[370/1326] Compiling s3_lib.cc
[372/1326] Compiling GoogleWKT WKTEnumValue.swift
[373/1326] Compiling GoogleWKT UnknownFields.swift
[374/1326] Compiling GoogleWKT WKTAny.swift
[375/1326] Compiling GoogleWKT WKTAnyError.swift
[376/1326] Compiling GoogleWKT WKTBoolValue.swift
[377/1326] Compiling GoogleWKT WKTBytesValue.swift
[378/1326] Compiling Configuration JSONSnapshot.swift
[379/1326] Compiling Configuration PropertyListSnapshot.swift
[380/1326] Compiling Configuration ReloadingFileProvider.swift
[381/1326] Compiling Configuration ReloadingFileProviderMetrics.swift
[382/1326] Compiling Configuration YAMLSnapshot.swift
[383/1326] Compiling Configuration InMemoryProvider.swift
[383/1331] Compiling handshake_server.cc
[385/1331] Compiling GoogleWKT WKTValue.swift
[386/1331] Compiling GoogleWKT WKTApi.swift
[387/1331] Compiling GoogleWKT WKTEnum.swift
[388/1335] Compiling handshake_client.cc
[390/1335] Compiling GoogleWKT WKTDoubleValue.swift
[391/1335] Compiling GoogleWKT WKTDuration.swift
[392/1335] Compiling GoogleWKT WKTEmpty.swift
[393/1335] Compiling GoogleWKT WKTFieldMask.swift
[394/1335] Compiling GoogleWKT WKTField.swift
[395/1335] Compiling GoogleWKT WKTMethod.swift
[396/1335] Compiling GoogleWKT WKTMixin.swift
[397/1335] Compiling GoogleWKT WKTOption.swift
[398/1335] Compiling GoogleWKT WKTFloatValue.swift
[399/1335] Compiling GoogleWKT WKTInt32Value.swift
[400/1335] Compiling GoogleWKT WKTInt64Value.swift
[401/1335] Compiling GoogleWKT WKTRecursive.swift
[402/1335] Compiling GoogleWKT WKTStringValue.swift
[403/1335] Compiling GoogleWKT WKTTimestamp.swift
[404/1335] Compiling GoogleWKT WKTUInt32Value.swift
[405/1335] Compiling GoogleWKT WKTUInt64Value.swift
[410/1335] Compiling handshake.cc
[424/1335] Compiling GoogleWKT WKTSourceContext.swift
[425/1335] Compiling GoogleWKT WKTSyntax.swift
[426/1335] Compiling GoogleWKT WKTType.swift
[427/1335] Compiling GoogleWKT PackageVersion.swift
[427/1335] Compiling encrypted_client_hello.cc
[433/1335] Compiling Configuration AsyncCombineLatestManySequence.swift
[434/1335] Compiling Configuration CombineLatestManyStateMachine.swift
[434/1335] Compiling handoff.cc
[436/1335] Emitting module GoogleWKT
[437/1335] Compiling GoogleWKT AnyPackable.swift
[438/1335] Compiling GoogleWKT DecodeToDefault.swift
[439/1335] Compiling GoogleWKT DiscoveryBase64.swift
[440/1335] Compiling GoogleWKT ProtoJSONDecoder.swift
[441/1335] Compiling GoogleWKT ProtoJSONEncoder.swift
[442/1336] Compiling Configuration CombineLatestManyStorage.swift
[443/1336] Compiling Configuration AsyncSequences.swift
[444/1336] Compiling Configuration FoundationExtensions.swift
[445/1336] Compiling Configuration Span.swift
[446/1336] Compiling Configuration ConfigBytesFromStringDecoder.swift
[447/1336] Compiling dtls_record.cc
[448/1336] Compiling extensions.cc
[449/1354] Compiling d1_srtp.cc
[450/1354] Compiling dtls_method.cc
[451/1354] Wrapping AST for GoogleWKT for debugging
[453/1354] Emitting module GoogleType
[453/1371] Compiling md5-x86_64-linux.S
[454/1371] Compiling d1_lib.cc
[455/1371] Compiling md5-x86_64-apple.S
[456/1371] Compiling d1_pkt.cc
[458/1371] Compiling GoogleRpc DebugInfo.swift
[459/1371] Compiling GoogleRpc ErrorInfo.swift
[460/1371] Compiling GoogleRpc LocalizedMessage.swift
[461/1371] Compiling GoogleRpc PackageVersion.swift
[462/1371] Compiling GoogleRpc PreconditionFailure.swift
[463/1371] Compiling GoogleRpc QuotaFailure.swift
[464/1371] Emitting module Configuration
[465/1371] Compiling GoogleRpc BadRequest.swift
[466/1371] Compiling GoogleRpc Code.swift
[467/1371] Compiling GoogleRpc HttpRequest.swift
[468/1371] Compiling GoogleRpc HttpResponse.swift
[469/1371] Compiling GoogleRpc Help.swift
[470/1371] Compiling GoogleRpc HttpHeader.swift
[477/1372] Compiling GoogleRpc ResourceInfo.swift
[478/1372] Compiling GoogleType LocalizedText.swift
[478/1372] Compiling md5-586-linux.S
[480/1372] Compiling md5-586-apple.S
[481/1372] Compiling bio_ssl.cc
[482/1372] Compiling chacha20_poly1305_x86_64-linux.S
[483/1372] Compiling chacha20_poly1305_x86_64-apple.S
[485/1372] Compiling GoogleType PackageVersion.swift
[486/1372] Compiling GoogleType PhoneNumber.swift
[486/1372] Compiling chacha20_poly1305_armv8-win.S
[487/1372] Compiling d1_both.cc
[489/1372] Compiling GoogleRpc RequestInfo.swift
[490/1374] Compiling chacha20_poly1305_armv8-apple.S
[499/1374] Emitting module GoogleRpc
[502/1374] Compiling GoogleType TimeOfDay.swift
[503/1374] Compiling GoogleType TimeZone.swift
[505/1375] Compiling err_data.cc
[507/1375] Wrapping AST for Configuration for debugging
[508/1375] Compiling chacha-x86_64-linux.S
[509/1375] Compiling chacha20_poly1305_armv8-linux.S
[512/1375] Compiling chacha-x86-linux.S
[513/1375] Compiling chacha-x86_64-apple.S
[514/1375] Compiling chacha-armv8-win.S
[515/1375] Compiling chacha-x86-apple.S
[516/1375] Compiling chacha-armv8-apple.S
[523/1375] Wrapping AST for GoogleType for debugging
[524/1375] Compiling chacha-armv8-linux.S
[526/1375] Compiling GoogleRpc RetryInfo.swift
[527/1375] Compiling GoogleRpc Status.swift
[528/1376] Compiling chacha-armv4-linux.S
[529/1376] Compiling aes128gcmsiv-x86_64-apple.S
[530/1376] Compiling aes128gcmsiv-x86_64-linux.S
[531/1376] Compiling x86_64-mont5-linux.S
[532/1376] Compiling x86_64-mont5-apple.S
[533/1376] Compiling x86_64-mont-linux.S
[534/1376] Compiling x86_64-mont-apple.S
[535/1376] Compiling x86-mont-linux.S
[535/1376] Compiling x86-mont-apple.S
[535/1376] Compiling vpaes-x86_64-linux.S
[538/1376] Compiling vpaes-x86-linux.S
[539/1376] Compiling vpaes-x86_64-apple.S
[540/1376] Wrapping AST for GoogleRpc for debugging
[541/1376] Compiling vpaes-x86-apple.S
[542/1376] Compiling vpaes-armv8-win.S
[543/1376] Compiling vpaes-armv8-apple.S
[544/1376] Compiling vpaes-armv8-linux.S
[545/1376] Compiling vpaes-armv7-linux.S
[546/1376] Compiling sha512-x86_64-linux.S
[547/1376] Compiling sha512-armv8-linux.S
[548/1376] Compiling sha512-armv8-win.S
[549/1376] Compiling sha512-x86_64-apple.S
[550/1376] Compiling sha512-armv4-linux.S
[551/1376] Compiling sha512-586-linux.S
[552/1376] Compiling sha512-armv8-apple.S
[553/1376] Compiling sha512-586-apple.S
[554/1376] Compiling sha256-x86_64-linux.S
[555/1376] Compiling sha256-x86_64-apple.S
[556/1376] Compiling sha256-armv8-win.S
[557/1376] Compiling sha256-armv8-apple.S
[558/1376] Compiling sha256-armv4-linux.S
[559/1376] Compiling sha256-586-linux.S
[559/1376] Compiling sha256-armv8-linux.S
[561/1376] Compiling sha256-586-apple.S
[562/1376] Compiling sha1-armv8-win.S
[563/1376] Compiling sha1-x86_64-linux.S
[564/1376] Compiling sha1-x86_64-apple.S
[565/1376] Compiling sha1-586-linux.S
[565/1376] Compiling sha1-armv4-large-linux.S
[567/1376] Compiling sha1-armv8-apple.S
[568/1376] Compiling sha1-armv8-linux.S
[569/1376] Compiling sha1-586-apple.S
[570/1376] Compiling rsaz-avx2-linux.S
[571/1376] Compiling rsaz-avx2-apple.S
[572/1376] Compiling rdrand-x86_64-linux.S
[573/1376] Compiling p256_beeu-x86_64-asm-apple.S
[574/1376] Compiling p256_beeu-x86_64-asm-linux.S
[575/1376] Compiling p256_beeu-armv8-asm-win.S
[576/1376] Compiling p256_beeu-armv8-asm-apple.S
[577/1376] Compiling rdrand-x86_64-apple.S
[578/1376] Compiling p256-x86_64-asm-apple.S
[579/1376] Compiling p256_beeu-armv8-asm-linux.S
[580/1376] Compiling p256-x86_64-asm-linux.S
[581/1376] Compiling p256-armv8-asm-win.S
[582/1376] Compiling p256-armv8-asm-apple.S
[583/1376] Compiling ghashv8-armv8-apple.S
[584/1376] Compiling ghashv8-armv7-linux.S
[584/1376] Compiling p256-armv8-asm-linux.S
[586/1376] Compiling ghashv8-armv8-win.S
[587/1376] Compiling ghash-x86_64-linux.S
[587/1376] Compiling ghashv8-armv8-linux.S
[589/1376] Compiling ghash-x86_64-apple.S
[590/1376] Compiling ghash-x86-linux.S
[591/1376] Compiling ghash-ssse3-x86-linux.S
[592/1376] Compiling ghash-ssse3-x86_64-apple.S
[592/1376] Compiling ghash-ssse3-x86_64-linux.S
[594/1376] Compiling ghash-ssse3-x86-apple.S
[595/1376] Compiling ghash-x86-apple.S
[596/1376] Compiling ghash-neon-armv8-win.S
[597/1376] Compiling ghash-neon-armv8-linux.S
[598/1376] Compiling co-586-apple.S
[598/1376] Compiling ghash-neon-armv8-apple.S
[600/1376] Compiling ghash-armv4-linux.S
[601/1376] Compiling co-586-linux.S
[602/1376] Compiling bn-armv8-win.S
[603/1376] Compiling bsaes-armv7-linux.S
[604/1376] Compiling bn-armv8-linux.S
[605/1376] Compiling bn-armv8-apple.S
[606/1376] Compiling armv8-mont-apple.S
[607/1376] Compiling armv8-mont-win.S
[608/1376] Compiling bn-586-apple.S
[609/1376] Compiling bn-586-linux.S
[610/1376] Compiling armv8-mont-linux.S
[611/1376] Compiling armv4-mont-linux.S
[612/1376] Compiling aesv8-gcm-armv8-apple.S
[613/1376] Compiling aesv8-armv8-apple.S
[614/1376] Compiling aesv8-gcm-armv8-win.S
[615/1376] Compiling aesv8-armv8-win.S
[616/1376] Compiling aesv8-armv8-linux.S
[617/1376] Compiling aesv8-gcm-armv8-linux.S
[618/1376] Compiling aesv8-armv7-linux.S
[619/1376] Compiling aesni-x86-linux.S
[620/1376] Compiling aesni-x86-apple.S
[621/1376] Compiling aesni-x86_64-linux.S
[622/1376] Compiling aesni-x86_64-apple.S
[623/1376] Compiling aesni-gcm-x86_64-linux.S
[624/1376] Compiling aesni-gcm-x86_64-apple.S
[625/1376] Compiling aes-gcm-avx2-x86_64-linux.S
[626/1376] Compiling aes-gcm-avx2-x86_64-apple.S
[627/1376] Compiling aes-gcm-avx10-x86_64-linux.S
[627/1376] Compiling aes-gcm-avx10-x86_64-apple.S
[629/1376] Compiling x_x509a.cc
[630/1376] Compiling x_val.cc
[630/1376] Compiling x_x509.cc
[632/1376] Compiling x_spki.cc
[633/1376] Compiling x_sig.cc
[634/1376] Compiling x_req.cc
[635/1376] Compiling x_pubkey.cc
[636/1376] Compiling x_name.cc
[637/1376] Compiling x_exten.cc
[638/1376] Compiling x_crl.cc
[639/1376] Compiling x_attrib.cc
[640/1376] Compiling x_algor.cc
[641/1376] Compiling x_all.cc
[642/1376] Compiling x509spki.cc
[643/1376] Compiling x509rset.cc
[644/1376] Compiling x509name.cc
[645/1376] Compiling x509cset.cc
[646/1376] Compiling x509_vpm.cc
[647/1376] Compiling x509_v3.cc
[648/1376] Compiling x509_txt.cc
[649/1376] Compiling x509_vfy.cc
[650/1376] Compiling x509_trs.cc
[651/1376] Compiling x509_set.cc
[652/1376] Compiling x509_req.cc
[653/1376] Compiling x509_obj.cc
[654/1376] Compiling x509_def.cc
[655/1376] Compiling x509_lu.cc
[655/1376] Compiling x509_ext.cc
[657/1376] Compiling x509_d2.cc
[658/1376] Compiling x509_cmp.cc
[659/1376] Compiling x509_att.cc
[660/1376] Compiling x509.cc
[661/1376] Compiling v3_utl.cc
[662/1376] Compiling v3_prn.cc
[663/1376] Compiling v3_skey.cc
[664/1376] Compiling v3_purp.cc
[665/1376] Compiling v3_pmaps.cc
[666/1376] Compiling v3_pcons.cc
[667/1376] Compiling v3_ocsp.cc
[668/1376] Compiling v3_ncons.cc
[669/1376] Compiling v3_lib.cc
[670/1376] Compiling v3_int.cc
[671/1376] Compiling v3_info.cc
[672/1376] Compiling v3_ia5.cc
[673/1376] Compiling v3_genn.cc
[674/1376] Compiling v3_extku.cc
[675/1376] Compiling v3_enum.cc
[676/1376] Compiling v3_crld.cc
[677/1376] Compiling v3_cpols.cc
[678/1376] Compiling v3_bitst.cc
[679/1376] Compiling v3_conf.cc
[680/1376] Compiling v3_bcons.cc
[681/1376] Compiling v3_alt.cc
[682/1376] Compiling v3_akeya.cc
[683/1376] Compiling v3_akey.cc
[684/1376] Compiling t_x509a.cc
[685/1376] Compiling i2d_pr.cc
[686/1376] Compiling t_req.cc
[687/1376] Compiling t_crl.cc
[688/1376] Compiling rsa_pss.cc
[689/1376] Compiling t_x509.cc
[690/1376] Compiling policy.cc
[691/1376] Compiling name_print.cc
[692/1376] Compiling by_file.cc
[693/1376] Compiling by_dir.cc
[694/1376] Compiling asn1_gen.cc
[695/1376] Compiling algorithm.cc
[695/1376] Compiling a_verify.cc
[697/1376] Compiling a_digest.cc
[698/1376] Compiling voprf.cc
[699/1376] Compiling a_sign.cc
[700/1376] Compiling thread_win.cc
[701/1376] Compiling thread.cc
[702/1376] Compiling thread_none.cc
[703/1376] Compiling thread_pthread.cc
[704/1376] Compiling trust_token.cc
[705/1376] Compiling stack.cc
[706/1376] Compiling pmbtoken.cc
[707/1376] Compiling sha512.cc
[708/1376] Compiling siphash.cc
[708/1376] Compiling sha256.cc
[709/1376] Compiling spake2plus.cc
[711/1376] Compiling sha1.cc
[712/1376] Compiling slhdsa.cc
[713/1376] Compiling rsa_print.cc
[714/1376] Compiling rsa_extra.cc
[715/1376] Compiling rc4.cc
[716/1376] Compiling refcount.cc
[717/1376] Compiling windows.cc
[718/1376] Compiling rsa_crypt.cc
[719/1376] Compiling trusty.cc
[720/1376] Compiling urandom.cc
[721/1376] Compiling rand.cc
[722/1376] Compiling rsa_asn1.cc
[723/1376] Compiling ios.cc
[724/1376] Compiling passive.cc
[725/1376] Compiling getentropy.cc
[726/1376] Compiling poly1305_arm_asm.S
[727/1376] Compiling forkunsafe.cc
[728/1376] Compiling deterministic.cc
[729/1376] Compiling fork_detect.cc
[730/1376] Compiling poly1305_vec.cc
[731/1376] Compiling pool.cc
[732/1376] Compiling poly1305_arm.cc
[733/1376] Compiling poly1305.cc
[734/1376] Compiling pkcs7.cc
[735/1376] Compiling pkcs8.cc
[736/1376] Compiling pkcs8_x509.cc
[737/1376] Compiling p5_pbev2.cc
[738/1376] Compiling pkcs7_x509.cc
[739/1376] Compiling pem_xaux.cc
[740/1376] Compiling pem_x509.cc
[741/1376] Compiling pem_pkey.cc
[742/1376] Compiling mlkem.cc
[743/1376] Compiling pem_oth.cc
[744/1376] Compiling pem_pk8.cc
[745/1376] Compiling pem_info.cc
[746/1376] Compiling pem_lib.cc
[747/1376] Compiling pem_all.cc
[748/1376] Compiling obj_xref.cc
[749/1376] Compiling obj.cc
[750/1376] Compiling poly_rq_mul.S
[751/1376] Compiling mldsa.cc
[752/1376] Compiling fips_shared_support.cc
[753/1376] Compiling md5.cc
[754/1376] Compiling mem.cc
[754/1376] Compiling md4.cc
[756/1376] Compiling lhash.cc
[757/1376] Compiling kyber.cc
[758/1376] Compiling ex_data.cc
[759/1376] Compiling sign.cc
[760/1376] Compiling hrss.cc
[761/1376] Compiling scrypt.cc
[762/1376] Compiling hpke.cc
[763/1376] Compiling print.cc
[764/1376] Compiling pbkdf.cc
[765/1376] Compiling p_x25519.cc
[766/1376] Compiling p_x25519_asn1.cc
[767/1376] Compiling p_rsa.cc
[768/1376] Compiling p_rsa_asn1.cc
[769/1376] Compiling p_ed25519.cc
[770/1376] Compiling p_hkdf.cc
[771/1376] Compiling p_ed25519_asn1.cc
[772/1376] Compiling p_ec_asn1.cc
[773/1376] Compiling p_ec.cc
[774/1376] Compiling p_dh_asn1.cc
[775/1376] Compiling p_dh.cc
[776/1376] Compiling evp_ctx.cc
[777/1376] Compiling p_dsa_asn1.cc
[778/1376] Compiling evp_asn1.cc
[779/1376] Compiling err.cc
[779/1376] Compiling evp.cc
[781/1376] Compiling engine.cc
[782/1376] Compiling ecdh.cc
[783/1376] Compiling ecdsa_asn1.cc
[784/1376] Compiling hash_to_curve.cc
[785/1376] Compiling ec_derive.cc
[786/1376] Compiling dsa.cc
[787/1376] Compiling dsa_asn1.cc
[788/1376] Compiling ec_asn1.cc
[789/1376] Compiling params.cc
[790/1376] Compiling x25519-asm-arm.S
[791/1376] Compiling bcm.cc
[792/1376] Compiling digest_extra.cc
[793/1376] Compiling dh_asn1.cc
[794/1376] Compiling des.cc
[795/1376] Compiling curve25519_64_adx.cc
[796/1376] Compiling spake25519.cc
[797/1376] Compiling cpu_intel.cc
[798/1376] Compiling crypto.cc
[799/1376] Compiling cpu_arm_linux.cc
[800/1376] Compiling curve25519.cc
[801/1376] Compiling cpu_arm_freebsd.cc
[802/1376] Compiling cpu_aarch64_win.cc
[803/1376] Compiling cpu_aarch64_sysreg.cc
[804/1376] Compiling cpu_aarch64_openbsd.cc
[805/1376] Compiling cpu_aarch64_linux.cc
[805/1376] Compiling cpu_aarch64_fuchsia.cc
[807/1376] Compiling cpu_aarch64_apple.cc
[808/1376] Compiling tls_cbc.cc
[809/1376] Compiling get_cipher.cc
[810/1376] Compiling conf.cc
[811/1376] Compiling e_tls.cc
[812/1376] Compiling e_rc4.cc
[813/1376] Compiling e_null.cc
[814/1376] Compiling e_rc2.cc
[815/1376] Compiling e_des.cc
[816/1376] Compiling e_aesgcmsiv.cc
[817/1376] Compiling e_aesctrhmac.cc
[818/1376] Compiling e_chacha20poly1305.cc
[819/1376] Compiling derive_key.cc
[820/1376] Compiling chacha.cc
[821/1376] Compiling unicode.cc
[822/1376] Compiling buf.cc
[823/1376] Compiling cbb.cc
[824/1376] Compiling cbs.cc
[825/1376] Compiling ber.cc
[826/1376] Compiling asn1_compat.cc
[827/1376] Compiling bn_asn1.cc
[828/1376] Compiling convert.cc
[829/1376] Compiling blake2.cc
[830/1376] Compiling socket_helper.cc
[831/1376] Compiling printf.cc
[832/1376] Compiling socket.cc
[833/1376] Compiling hexdump.cc
[834/1376] Compiling pair.cc
[835/1376] Compiling errno.cc
[836/1376] Compiling file.cc
[837/1376] Compiling fd.cc
[838/1376] Compiling connect.cc
[839/1376] Compiling bio_mem.cc
[840/1376] Compiling bio.cc
[841/1376] Compiling base64.cc
[842/1376] Compiling tasn_utl.cc
[843/1376] Compiling tasn_typ.cc
[843/1376] Compiling tasn_fre.cc
[845/1376] Compiling tasn_enc.cc
[846/1376] Compiling posix_time.cc
[847/1376] Compiling f_string.cc
[848/1376] Compiling tasn_new.cc
[849/1376] Compiling tasn_dec.cc
[850/1376] Compiling f_int.cc
[851/1376] Compiling asn1_par.cc
[852/1376] Compiling asn_pack.cc
[853/1376] Compiling asn1_lib.cc
[854/1376] Compiling a_utctm.cc
[855/1376] Compiling a_type.cc
[856/1376] Compiling a_time.cc
[857/1376] Compiling a_octet.cc
[858/1376] Compiling a_strnid.cc
[859/1376] Compiling a_strex.cc
[860/1376] Compiling a_object.cc
[861/1376] Compiling a_i2d_fp.cc
[862/1376] Compiling a_dup.cc
[863/1376] Compiling a_mbstr.cc
[864/1376] Compiling a_d2i_fp.cc
[865/1376] Compiling CGoogleGaxCRC32C CGoogleGaxCRC32C.c
[866/1376] Compiling fiat_p256_adx_sqr.S
[867/1376] Compiling a_int.cc
[868/1376] Compiling a_gentm.cc
[869/1376] Compiling fiat_p256_adx_mul.S
[870/1376] Compiling fiat_curve25519_adx_square.S
[871/1376] Compiling fiat_curve25519_adx_mul.S
[872/1376] Compiling md5-x86_64-linux.S
[873/1376] Compiling md5-x86_64-apple.S
[874/1376] Compiling md5-586-linux.S
[875/1376] Compiling md5-586-apple.S
[876/1376] Compiling a_bitstr.cc
[877/1376] Compiling chacha20_poly1305_x86_64-linux.S
[878/1376] Compiling chacha20_poly1305_x86_64-apple.S
[879/1376] Compiling chacha20_poly1305_armv8-win.S
[880/1376] Compiling chacha20_poly1305_armv8-apple.S
[881/1376] Compiling chacha-x86_64-linux.S
[882/1376] Compiling chacha20_poly1305_armv8-linux.S
[883/1376] Compiling CCryptoBoringSSLShims shims.c
[884/1376] Compiling chacha-x86_64-apple.S
[885/1376] Compiling chacha-x86-linux.S
[886/1376] Compiling chacha-x86-apple.S
[887/1376] Compiling a_bool.cc
[888/1376] Compiling chacha-armv8-win.S
[889/1376] Compiling chacha-armv8-apple.S
[890/1376] Compiling chacha-armv4-linux.S
[891/1376] Compiling chacha-armv8-linux.S
[892/1376] Compiling aes128gcmsiv-x86_64-linux.S
[893/1376] Compiling aes128gcmsiv-x86_64-apple.S
[894/1376] Compiling x86_64-mont5-linux.S
[895/1376] Compiling x86_64-mont5-apple.S
[896/1376] Compiling x86_64-mont-linux.S
[897/1376] Compiling x86_64-mont-apple.S
[898/1376] Compiling x86-mont-apple.S
[899/1376] Compiling x86-mont-linux.S
[900/1376] Compiling vpaes-x86_64-linux.S
[901/1376] Compiling vpaes-x86-linux.S
[902/1376] Compiling vpaes-x86_64-apple.S
[903/1376] Compiling vpaes-armv8-win.S
[904/1376] Compiling vpaes-x86-apple.S
[905/1376] Compiling vpaes-armv8-linux.S
[906/1376] Compiling vpaes-armv8-apple.S
[907/1376] Compiling vpaes-armv7-linux.S
[908/1376] Compiling sha512-x86_64-apple.S
[909/1376] Compiling sha512-armv8-win.S
[909/1376] Compiling sha512-x86_64-linux.S
[911/1376] Compiling sha512-armv8-apple.S
[912/1376] Compiling err_data.cc
[913/1376] Compiling sha512-armv4-linux.S
[914/1376] Compiling sha512-586-linux.S
[915/1376] Compiling sha512-586-apple.S
[916/1376] Compiling sha512-armv8-linux.S
[917/1376] Compiling sha256-x86_64-linux.S
[918/1376] Compiling sha256-x86_64-apple.S
[919/1376] Compiling sha256-armv8-win.S
[920/1376] Compiling sha256-armv8-apple.S
[921/1376] Compiling sha256-armv4-linux.S
[922/1376] Compiling sha256-armv8-linux.S
[923/1376] Compiling sha256-586-linux.S
[924/1376] Compiling sha256-586-apple.S
[925/1376] Compiling sha1-x86_64-linux.S
[926/1376] Compiling sha1-x86_64-apple.S
[927/1376] Compiling sha1-armv8-win.S
[928/1376] Compiling sha1-armv8-apple.S
[929/1376] Compiling sha1-armv8-linux.S
[930/1376] Compiling sha1-armv4-large-linux.S
[931/1376] Compiling rsaz-avx2-linux.S
[932/1376] Compiling sha1-586-apple.S
[933/1376] Compiling sha1-586-linux.S
[934/1376] Compiling rsaz-avx2-apple.S
[935/1376] Compiling rdrand-x86_64-linux.S
[936/1376] Compiling rdrand-x86_64-apple.S
[937/1376] Compiling p256_beeu-x86_64-asm-linux.S
[938/1376] Compiling p256_beeu-armv8-asm-win.S
[939/1376] Compiling p256_beeu-x86_64-asm-apple.S
[940/1376] Compiling p256_beeu-armv8-asm-linux.S
[941/1376] Compiling p256_beeu-armv8-asm-apple.S
[942/1376] Compiling p256-x86_64-asm-linux.S
[943/1376] Compiling p256-x86_64-asm-apple.S
[944/1376] Compiling p256-armv8-asm-win.S
[945/1376] Compiling p256-armv8-asm-apple.S
[946/1376] Compiling ghashv8-armv8-win.S
[947/1376] Compiling ghashv8-armv8-apple.S
[948/1376] Compiling p256-armv8-asm-linux.S
[949/1376] Compiling ghashv8-armv8-linux.S
[950/1376] Compiling ghashv8-armv7-linux.S
[951/1376] Compiling ghash-x86_64-linux.S
[952/1376] Compiling ghash-x86-linux.S
[953/1376] Compiling ghash-x86_64-apple.S
[954/1376] Compiling ghash-x86-apple.S
[955/1376] Compiling ghash-ssse3-x86_64-linux.S
[956/1376] Compiling ghash-ssse3-x86_64-apple.S
[957/1376] Compiling ghash-ssse3-x86-linux.S
[958/1376] Compiling ghash-ssse3-x86-apple.S
[959/1376] Compiling ghash-neon-armv8-linux.S
[960/1376] Compiling ghash-neon-armv8-win.S
[961/1376] Compiling ghash-neon-armv8-apple.S
[962/1376] Compiling ghash-armv4-linux.S
[963/1376] Compiling co-586-linux.S
[964/1376] Compiling co-586-apple.S
[965/1376] Compiling bsaes-armv7-linux.S
[966/1376] Compiling bn-armv8-win.S
[967/1376] Compiling bn-armv8-linux.S
[968/1376] Compiling bn-armv8-apple.S
[969/1376] Compiling bn-586-linux.S
[970/1376] Compiling bn-586-apple.S
[971/1376] Compiling armv8-mont-win.S
[972/1376] Compiling armv8-mont-apple.S
[973/1376] Compiling armv4-mont-linux.S
[974/1376] Compiling armv8-mont-linux.S
[975/1376] Compiling aesv8-gcm-armv8-win.S
[976/1376] Compiling aesv8-gcm-armv8-linux.S
[977/1376] Compiling aesv8-armv8-win.S
[978/1376] Compiling aesv8-gcm-armv8-apple.S
[979/1376] Compiling aesv8-armv8-apple.S
[979/1376] Compiling aesv8-armv7-linux.S
[981/1376] Compiling aesv8-armv8-linux.S
[982/1376] Compiling aesni-x86_64-linux.S
[983/1376] Compiling aesni-x86_64-apple.S
[984/1376] Compiling aesni-gcm-x86_64-apple.S
[985/1376] Compiling aesni-x86-apple.S
[986/1376] Compiling aesni-x86-linux.S
[987/1376] Compiling aes-gcm-avx512-x86_64-linux.S
[988/1376] Compiling aesni-gcm-x86_64-linux.S
[989/1376] Compiling aes-gcm-avx512-x86_64-apple.S
[990/1376] Compiling aes-gcm-avx2-x86_64-linux.S
[991/1376] Compiling aes-gcm-avx2-x86_64-apple.S
[992/1376] Compiling xwing.cc
[993/1376] Compiling x_x509a.cc
[994/1376] Compiling x_req.cc
[995/1376] Compiling x_sig.cc
[996/1376] Compiling x_spki.cc
[997/1376] Compiling x_x509.cc
[998/1376] Compiling c-nioatomics.c
[999/1376] Compiling x_exten.cc
[1000/1376] Compiling x_attrib.cc
[1001/1376] Compiling x_name.cc
[1002/1376] Compiling x_crl.cc
[1003/1376] Compiling x_pubkey.cc
[1004/1376] Compiling c-atomics.c
[1005/1383] Compiling x_all.cc
[1007/1383] Compiling NIOConcurrencyHelpers NIOLockedValueBox.swift
[1007/1383] Compiling x_algor.cc
[1009/1383] Compiling NIOConcurrencyHelpers lock.swift
[1009/1383] Compiling x509spki.cc
[1011/1383] Compiling NIOConcurrencyHelpers NIOThreadPoolWorkAvailable.swift
[1012/1383] Compiling NIOConcurrencyHelpers atomics.swift
[1012/1383] Compiling x509_vpm.cc
[1013/1383] Compiling x509cset.cc
[1014/1383] Compiling x509rset.cc
[1016/1383] Compiling NIOConcurrencyHelpers NIOLock.swift
[1017/1383] Emitting module NIOConcurrencyHelpers
[1018/1383] Compiling NIOConcurrencyHelpers NIOAtomic.swift
[1019/1384] Compiling x509name.cc
[1020/1384] Wrapping AST for NIOConcurrencyHelpers for debugging
[1021/1384] Compiling x509_vfy.cc
[1022/1384] Compiling x509_v3.cc
[1023/1384] Compiling x509_txt.cc
[1024/1384] Compiling x509_trs.cc
[1025/1384] Compiling x509_set.cc
[1026/1384] Compiling x509_req.cc
[1027/1384] Compiling x509_obj.cc
[1028/1384] Compiling x509_lu.cc
[1029/1384] Compiling x509_ext.cc
[1030/1384] Compiling x509_def.cc
[1031/1384] Compiling x509_d2.cc
[1032/1384] Compiling x509_att.cc
[1033/1384] Compiling x509_cmp.cc
[1034/1384] Compiling x509.cc
[1035/1384] Compiling v3_utl.cc
[1036/1384] Compiling v3_skey.cc
[1037/1384] Compiling v3_purp.cc
[1038/1384] Compiling v3_prn.cc
[1039/1384] Compiling v3_pmaps.cc
[1040/1384] Compiling v3_pcons.cc
[1041/1384] Compiling v3_ocsp.cc
[1042/1384] Compiling v3_ncons.cc
[1043/1384] Compiling v3_lib.cc
[1044/1384] Compiling v3_int.cc
[1045/1384] Compiling v3_info.cc
[1046/1384] Compiling v3_ia5.cc
[1047/1384] Compiling v3_genn.cc
[1048/1384] Compiling v3_extku.cc
[1049/1384] Compiling v3_enum.cc
[1050/1384] Compiling v3_crld.cc
[1051/1384] Compiling v3_cpols.cc
[1052/1384] Compiling v3_conf.cc
[1053/1384] Compiling v3_bitst.cc
[1054/1384] Compiling v3_bcons.cc
[1055/1384] Compiling v3_alt.cc
[1056/1384] Compiling v3_akeya.cc
[1057/1384] Compiling t_x509.cc
[1058/1384] Compiling t_x509a.cc
[1059/1384] Compiling v3_akey.cc
[1060/1384] Compiling rsa_pss.cc
[1061/1384] Compiling t_req.cc
[1061/1384] Compiling t_crl.cc
[1063/1384] Compiling i2d_pr.cc
[1064/1384] Compiling name_print.cc
[1065/1384] Compiling policy.cc
[1066/1384] Compiling by_file.cc
[1067/1384] Compiling asn1_gen.cc
[1068/1384] Compiling by_dir.cc
[1069/1384] Compiling a_verify.cc
[1070/1384] Compiling algorithm.cc
[1071/1384] Compiling a_sign.cc
[1072/1384] Compiling a_digest.cc
[1073/1384] Compiling thread_win.cc
[1074/1384] Compiling voprf.cc
[1075/1384] Compiling thread_pthread.cc
[1076/1384] Compiling thread_none.cc
[1077/1384] Compiling trust_token.cc
[1078/1384] Compiling thread.cc
[1079/1384] Compiling pmbtoken.cc
[1080/1384] Compiling stack.cc
[1081/1384] Compiling siphash.cc
[1082/1384] Compiling sha512.cc
[1083/1384] Compiling sha256.cc
[1084/1384] Compiling sha1.cc
[1085/1384] Compiling slhdsa.cc
[1086/1384] Compiling spake2plus.cc
[1087/1384] Compiling rsa_print.cc
[1088/1384] Compiling rsa_extra.cc
[1089/1384] Compiling refcount.cc
[1090/1384] Compiling rsa_crypt.cc
[1091/1384] Compiling rc4.cc
[1092/1384] Compiling windows.cc
[1093/1384] Compiling trusty.cc
[1094/1384] Compiling urandom.cc
[1095/1384] Compiling rand.cc
[1096/1384] Compiling ios.cc
[1097/1384] Compiling passive.cc
[1098/1384] Compiling rsa_asn1.cc
[1099/1384] Compiling getentropy.cc
[1100/1384] Compiling poly1305_arm_asm.S
[1101/1384] Compiling forkunsafe.cc
[1101/1384] Compiling fork_detect.cc
[1103/1384] Compiling deterministic.cc
[1104/1384] Compiling pool.cc
[1105/1384] Compiling poly1305_arm.cc
[1106/1384] Compiling poly1305.cc
[1107/1384] Compiling poly1305_vec.cc
[1108/1384] Compiling pkcs8_x509.cc
[1109/1384] Compiling p5_pbev2.cc
[1110/1384] Compiling pkcs8.cc
[1111/1384] Compiling pkcs7_x509.cc
[1112/1384] Compiling pkcs7.cc
[1113/1384] Compiling pem_xaux.cc
[1114/1384] Compiling pem_pkey.cc
[1115/1384] Compiling pem_x509.cc
[1116/1384] Compiling pem_oth.cc
[1117/1384] Compiling pem_pk8.cc
[1118/1384] Compiling pem_lib.cc
[1119/1384] Compiling pem_info.cc
[1120/1384] Compiling pem_all.cc
[1121/1384] Compiling obj_xref.cc
[1122/1384] Compiling mlkem.cc
[1123/1384] Compiling mldsa.cc
[1124/1384] Compiling mem.cc
[1125/1384] Compiling poly_rq_mul.S
[1126/1384] Compiling lhash.cc
[1127/1384] Compiling fips_shared_support.cc
[1128/1384] Compiling obj.cc
[1129/1384] Compiling md5.cc
[1130/1384] Compiling md4.cc
[1131/1384] Compiling kyber.cc
[1132/1384] Compiling hrss.cc
[1133/1384] Compiling fuzzer_mode.cc
[1134/1384] Compiling ex_data.cc
[1135/1384] Compiling scrypt.cc
[1136/1384] Compiling hpke.cc
[1137/1384] Compiling print.cc
[1138/1384] Compiling sign.cc
[1139/1384] Compiling pbkdf.cc
[1140/1384] Compiling p_x25519_asn1.cc
[1141/1384] Compiling p_rsa_asn1.cc
[1142/1384] Compiling p_x25519.cc
[1143/1384] Compiling p_hkdf.cc
[1144/1384] Compiling p_rsa.cc
[1145/1384] Compiling p_ed25519_asn1.cc
[1146/1384] Compiling p_ed25519.cc
[1147/1384] Compiling p_ec_asn1.cc
[1148/1384] Compiling p_ec.cc
[1149/1384] Compiling p_dsa_asn1.cc
[1150/1384] Compiling p_dh_asn1.cc
[1151/1384] Compiling p_dh.cc
[1152/1384] Compiling evp_ctx.cc
[1153/1384] Compiling err.cc
[1153/1384] Compiling evp_asn1.cc
[1155/1384] Compiling ecdsa_p1363.cc
[1156/1384] Compiling engine.cc
[1157/1384] Compiling evp.cc
[1158/1384] Compiling ecdh.cc
[1159/1384] Compiling ecdsa_asn1.cc
[1160/1384] Compiling ec_derive.cc
[1161/1384] Compiling dsa.cc
[1162/1384] Compiling hash_to_curve.cc
[1163/1384] Compiling ec_asn1.cc
[1164/1384] Compiling dsa_asn1.cc
[1165/1384] Compiling params.cc
[1166/1384] Compiling dh_asn1.cc
[1167/1384] Compiling x25519-asm-arm.S
[1168/1384] Compiling curve25519_64_adx.cc
[1169/1384] Compiling des.cc
[1170/1384] Compiling digest_extra.cc
[1171/1384] Compiling spake25519.cc
[1172/1384] Compiling crypto.cc
[1173/1384] Compiling cpu_aarch64_win.cc
[1174/1384] Compiling cpu_intel.cc
[1175/1384] Compiling cpu_arm_freebsd.cc
[1176/1384] Compiling cpu_arm_linux.cc
[1177/1384] Compiling curve25519.cc
[1178/1384] Compiling cpu_aarch64_openbsd.cc
[1179/1384] Compiling cpu_aarch64_apple.cc
[1180/1384] Compiling cpu_aarch64_sysreg.cc
[1181/1384] Compiling cpu_aarch64_linux.cc
[1182/1384] Compiling cpu_aarch64_fuchsia.cc
[1183/1384] Compiling conf.cc
[1184/1384] Compiling get_cipher.cc
[1185/1384] Compiling tls_cbc.cc
[1186/1384] Compiling e_rc4.cc
[1187/1384] Compiling e_rc2.cc
[1188/1384] Compiling e_tls.cc
[1189/1384] Compiling e_null.cc
[1190/1384] Compiling e_des.cc
[1191/1384] Compiling cms.cc
[1192/1384] Compiling e_aesgcmsiv.cc
[1193/1384] Compiling e_chacha20poly1305.cc
[1194/1384] Compiling e_aesctrhmac.cc
[1195/1384] Compiling e_aeseax.cc
[1196/1384] Compiling derive_key.cc
[1197/1384] Compiling chacha.cc
[1198/1384] Compiling cbs.cc
[1199/1384] Compiling buf.cc
[1200/1384] Compiling asn1_compat.cc
[1201/1384] Compiling cbb.cc
[1202/1384] Compiling unicode.cc
[1203/1384] Compiling ber.cc
[1204/1384] Compiling sqrt.cc
[1205/1384] Compiling exponentiation.cc
[1206/1384] Compiling div.cc
[1207/1384] Compiling printf.cc
[1208/1384] Compiling pair.cc
[1209/1384] Compiling blake2.cc
[1210/1384] Compiling file.cc
[1211/1384] Compiling bn_asn1.cc
[1212/1384] Compiling hexdump.cc
[1213/1384] Compiling convert.cc
[1214/1384] Compiling fd.cc
[1215/1384] Compiling bio.cc
[1216/1384] Compiling bio_mem.cc
[1217/1384] Compiling tasn_typ.cc
[1218/1384] Compiling base64.cc
[1219/1384] Compiling errno.cc
[1220/1384] Compiling tasn_utl.cc
[1221/1384] Compiling tasn_new.cc
[1222/1384] Compiling f_string.cc
[1223/1384] Compiling posix_time.cc
[1224/1384] Compiling asn_pack.cc
[1225/1384] Compiling f_int.cc
[1226/1384] Compiling tasn_dec.cc
[1227/1384] Compiling asn1_par.cc
[1228/1384] Compiling asn1_lib.cc
[1229/1384] Compiling a_utctm.cc
[1230/1384] Compiling a_octet.cc
[1231/1384] Compiling a_strnid.cc
[1232/1384] Compiling a_type.cc
[1233/1384] Compiling a_time.cc
[1234/1384] Compiling CAsyncHTTPClient CAsyncHTTPClient.c
[1235/1384] Write sources
[1237/1384] Compiling a_strex.cc
[1238/1384] Write sources
[1239/1427] Compiling a_d2i_fp.cc
[1240/1427] Compiling a_dup.cc
[1242/1427] Compiling Algorithms Keyed.swift
[1243/1427] Compiling Algorithms MinMax.swift
[1244/1429] Compiling Algorithms Split.swift
[1245/1429] Compiling Algorithms Stride.swift
[1246/1429] Compiling Algorithms FirstNonNil.swift
[1247/1429] Compiling Algorithms Joined.swift
[1248/1429] Compiling Algorithms Cycle.swift
[1249/1429] Compiling Algorithms EitherSequence.swift
[1249/1429] Compiling a_object.cc
[1250/1429] Compiling a_mbstr.cc
[1251/1429] Compiling aes.cc
[1253/1429] Compiling Atomics IntegerOperations.swift
[1254/1429] Compiling Atomics Unmanaged extensions.swift
[1255/1429] Compiling Algorithms Indexed.swift
[1256/1429] Compiling Algorithms Intersperse.swift
[1257/1429] Compiling Algorithms Compacted.swift
[1258/1429] Compiling Algorithms AdjacentPairs.swift
[1259/1429] Compiling Algorithms Chain.swift
[1260/1429] Compiling Algorithms Chunked.swift
[1263/1432] Compiling bcm.cc
[1265/1440] Compiling Algorithms RandomSample.swift
[1266/1440] Compiling Algorithms Reductions.swift
[1267/1440] Compiling Algorithms Rotate.swift
[1272/1440] Compiling Algorithms Permutations.swift
[1273/1440] Compiling Algorithms Product.swift
[1274/1440] Compiling Algorithms Trim.swift
[1275/1440] Compiling Algorithms Unique.swift
[1276/1440] Compiling Algorithms Windows.swift
[1280/1440] Compiling Algorithms Combinations.swift
[1281/1440] Compiling Algorithms FlattenCollection.swift
[1282/1440] Compiling Algorithms Grouped.swift
[1289/1440] Compiling CryptoBoringWrapper RandomBytes.swift
[1290/1440] Emitting module CryptoBoringWrapper
[1294/1440] Compiling CryptoBoringWrapper BoringSSLAEAD.swift
[1295/1440] Compiling CryptoBoringWrapper CryptoKitErrors_boring.swift
[1296/1440] Compiling CryptoBoringWrapper FiniteFieldArithmeticContext.swift
[1297/1440] Emitting module Atomics
[1298/1441] Wrapping AST for Atomics for debugging
[1300/1474] Compiling CryptoBoringWrapper ArbitraryPrecisionInteger.swift
[1301/1479] Compiling CryptoBoringWrapper EllipticCurve.swift
[1302/1479] Compiling CryptoBoringWrapper EllipticCurvePoint.swift
[1303/1506] Wrapping AST for CryptoBoringWrapper for debugging
[1305/1590] Emitting module Algorithms
[1306/1591] Wrapping AST for Algorithms for debugging
[1308/1591] Compiling Crypto MLDSA_boring.swift
[1309/1591] Compiling Crypto MLDSA_wrapper.swift
[1310/1591] Compiling Crypto ECDSA.swift
[1311/1591] Compiling Crypto Ed25519.swift
[1312/1591] Compiling Crypto MLDSA.swift
[1313/1591] Compiling Crypto HKDF.swift
[1314/1591] Compiling Crypto AESWrap.swift
[1315/1591] Compiling Crypto AESWrap_boring.swift
[1316/1591] Compiling Crypto Ed25519_boring.swift
[1317/1599] Compiling Crypto ASN1Null.swift
[1318/1599] Compiling Crypto ASN1OctetString.swift
[1319/1599] Compiling Crypto ASN1Strings.swift
[1320/1599] Compiling Crypto ArraySliceBigint.swift
[1321/1599] Compiling Crypto GeneralizedTime.swift
[1322/1599] Compiling Crypto ObjectIdentifier.swift
[1323/1599] Compiling Crypto ECDSASignature.swift
[1324/1599] Compiling Crypto PEMDocument.swift
[1325/1599] Compiling Crypto PKCS8PrivateKey.swift
[1326/1599] Compiling Crypto SEC1PrivateKey.swift
[1327/1599] Compiling Crypto SubjectPublicKeyInfo.swift
[1328/1599] Compiling Crypto CryptoError_boring.swift
[1329/1610] Compiling Crypto AES-GCM.swift
[1330/1610] Compiling Crypto AES-GCM_boring.swift
[1331/1610] Compiling Crypto ChaChaPoly_boring.swift
[1332/1610] Compiling Crypto ChaChaPoly.swift
[1333/1610] Compiling Crypto Cipher.swift
[1334/1610] Compiling Crypto Nonces.swift
[1335/1610] Compiling Crypto ASN1.swift
[1336/1610] Compiling Crypto ASN1Any.swift
[1337/1610] Compiling Crypto ASN1BitString.swift
[1338/1610] Compiling Crypto ASN1Boolean.swift
[1339/1610] Compiling Crypto ASN1Identifier.swift
[1340/1610] Compiling Crypto ASN1Integer.swift
[1341/1610] Compiling Crypto CryptoKitErrors.swift
[1342/1610] Compiling Crypto Digest_boring.swift
[1343/1610] Compiling Crypto Digest.swift
[1344/1610] Compiling Crypto Digests.swift
[1345/1610] Compiling Crypto HashFunctions.swift
[1346/1610] Compiling Crypto HashFunctions_SHA2.swift
[1347/1610] Compiling Crypto HashFunctions_SHA3.swift
[1348/1610] Compiling Crypto Digest_xkcp.swift
[1349/1610] Compiling Crypto HPKE-AEAD.swift
[1350/1610] Compiling Crypto HPKE-Ciphersuite.swift
[1351/1610] Compiling Crypto HPKE-KDF.swift
[1352/1610] Compiling Crypto HPKE-KexKeyDerivation.swift
[1353/1610] Emitting module Crypto
[1367/1610] Compiling NIOCore SingleStepByteToMessageDecoder.swift
[1368/1610] Compiling NIOCore SocketAddresses.swift
[1369/1610] Compiling NIOCore SocketOptionProvider.swift
[1370/1610] Compiling NIOCore SystemCallHelpers.swift
[1371/1610] Compiling NIOCore TimeAmount+Duration.swift
[1372/1610] Compiling NIOCore TypeAssistedChannelHandler.swift
[1373/1610] Compiling NIOCore UniversalBootstrapSupport.swift
[1374/1610] Compiling NIOCore Utilities.swift
[1375/1610] Compiling Crypto MACFunctions.swift
[1376/1610] Compiling Crypto MessageAuthenticationCode.swift
[1377/1610] Compiling Crypto AES.swift
[1378/1610] Compiling Crypto ECDSASignature_boring.swift
[1379/1610] Compiling Crypto ECDSA_boring.swift
[1380/1610] Compiling Crypto EdDSA_boring.swift
[1386/1610] Compiling Crypto HPKE-LabeledExtract.swift
[1387/1610] Compiling Crypto HPKE-Utils.swift
[1388/1610] Compiling Crypto DHKEM.swift
[1389/1610] Compiling Crypto HPKE-KEM-Curve25519.swift
[1390/1610] Compiling Crypto HPKE-NIST-EC-KEMs.swift
[1391/1610] Compiling Crypto HPKE-KEM.swift
[1392/1610] Compiling Crypto HPKE-Errors.swift
[1393/1610] Compiling Crypto HPKE.swift
[1394/1610] Compiling Crypto HPKE-Context.swift
[1395/1610] Compiling Crypto HPKE-KeySchedule.swift
[1396/1610] Compiling Crypto HPKE-Modes.swift
[1397/1610] Compiling Crypto Insecure.swift
[1398/1610] Compiling Crypto Insecure_HashFunctions.swift
[1399/1610] Compiling Crypto MLKEM_boring.swift
[1400/1610] Compiling Crypto MLKEM_wrapper.swift
[1401/1610] Compiling Crypto XWing_boring.swift
[1402/1610] Compiling Crypto KEM-Errors.swift
[1403/1610] Compiling Crypto KEM.swift
[1404/1610] Compiling Crypto MLKEM.swift
[1405/1610] Compiling Crypto XWing.swift
[1406/1610] Compiling Crypto ECDH_boring.swift
[1407/1610] Compiling Crypto DH.swift
[1408/1610] Compiling Crypto ECDH.swift
[1409/1610] Compiling Crypto ANSIx963.swift
[1410/1610] Compiling Crypto Signature.swift
[1411/1610] Compiling Crypto CryptoKitErrors_boring.swift
[1412/1610] Compiling Crypto Optional+withUnsafeBytes_boring.swift
[1413/1610] Compiling Crypto RNG_boring.swift
[1414/1610] Compiling Crypto SafeCompare_boring.swift
[1415/1610] Compiling Crypto Zeroization_boring.swift
[1416/1610] Compiling Crypto _CryptoModuleAnchor.swift
[1417/1610] Compiling Crypto PrettyBytes.swift
[1418/1610] Compiling Crypto SafeCompare.swift
[1419/1610] Compiling Crypto SecureBytes.swift
[1420/1610] Compiling Crypto Zeroization.swift
[1421/1611] Wrapping AST for Crypto for debugging
[1431/1673] Compiling CryptoExtras Data+Extensions.swift
[1432/1673] Compiling CryptoExtras DigestType.swift
[1433/1673] Compiling CryptoExtras Error.swift
[1434/1673] Compiling CryptoExtras I2OSP.swift
[1435/1673] Compiling CryptoExtras IntegerEncoding.swift
[1436/1673] Compiling CryptoExtras PEMDocument.swift
[1437/1673] Compiling CryptoExtras PrettyBytes.swift
[1438/1673] Compiling CryptoExtras SubjectPublicKeyInfo.swift
[1439/1673] Compiling CryptoExtras PKCS8DERRepresentation.swift
[1440/1673] Compiling CryptoExtras PKCS8PrivateKey.swift
[1441/1673] Compiling CryptoExtras RFC8410AlgorithmIdentifier.swift
[1442/1673] Compiling CryptoExtras ECToolbox_boring.swift
[1443/1673] Compiling CryptoExtras ECToolbox.swift
[1444/1673] Compiling CryptoExtras HashToField.swift
[1445/1673] Compiling CryptoExtras KDF.swift
[1446/1673] Compiling CryptoExtras PBKDF2_boring.swift
[1447/1673] Compiling CryptoExtras PBKDF2_commoncrypto.swift
[1448/1681] Emitting module CryptoExtras
[1449/1681] Compiling CryptoExtras ARCServer.swift
[1450/1681] Compiling CryptoExtras ChaCha20CTR_boring.swift
[1451/1681] Compiling CryptoExtras ChaCha20CTR.swift
[1452/1681] Compiling CryptoExtras BoringSSLSHA512256Context.swift
[1453/1681] Compiling CryptoExtras BoringSSLSHA512256HashFunction.swift
[1454/1681] Compiling CryptoExtras SHA512256.swift
[1455/1681] Compiling CryptoExtras SHA512256Digest.swift
[1456/1681] Compiling CryptoExtras Curve25519+PEM.swift
[1457/1681] Compiling CryptoExtras ObjectIdentifier.swift
[1458/1681] Compiling CryptoExtras PBKDF2.swift
[1459/1681] Compiling CryptoExtras Scrypt_boring.swift
[1460/1681] Compiling CryptoExtras Scrypt.swift
[1461/1681] Compiling CryptoExtras OPRF.swift
[1462/1681] Compiling CryptoExtras OPRFClient.swift
[1463/1681] Compiling CryptoExtras OPRFServer.swift
[1464/1681] Compiling CryptoExtras VOPRF+API.swift
[1465/1681] Compiling CryptoExtras VOPRFClient.swift
[1466/1681] Compiling CryptoExtras VOPRFServer.swift
[1467/1681] Compiling CryptoExtras ThreadOps.swift
[1468/1681] Compiling CryptoExtras ThreadPosix.swift
[1469/1681] Compiling CryptoExtras ThreadSpecific.swift
[1470/1681] Compiling CryptoExtras ThreadWindows.swift
[1471/1681] Compiling CryptoExtras DLEQ.swift
[1472/1681] Compiling CryptoExtras Prover.swift
[1473/1681] Compiling CryptoExtras Verifier.swift
[1474/1681] Compiling CryptoExtras ZKPToolbox.swift
[1475/1681] Compiling CryptoExtras ARC.swift
[1476/1681] Compiling CryptoExtras ARCCredential.swift
[1477/1681] Compiling CryptoExtras ARCEncoding.swift
[1478/1681] Compiling CryptoExtras ARCPrecredential.swift
[1479/1681] Compiling CryptoExtras ARCPresentation.swift
[1480/1681] Compiling CryptoExtras ARCRequest.swift
[1481/1681] Compiling CryptoExtras ARCResponse.swift
[1484/1681] Compiling CryptoExtras RSA+BlindSigning.swift
[1485/1681] Compiling CryptoExtras RSA.swift
[1486/1681] Compiling CryptoExtras RSA_boring.swift
[1487/1681] Compiling CryptoExtras Reexport.swift
[1488/1681] Compiling CryptoExtras Zeroization_boring.swift
[1489/1681] Compiling CryptoExtras BoringSSLHelpers.swift
[1490/1681] Compiling CryptoExtras CryptoKitErrors_boring.swift
[1491/1681] Compiling CryptoExtras CMAC.swift
[1492/1681] Compiling CryptoExtras ARC+API.swift
[1501/1681] Compiling CryptoExtras BoringSSLPassphraseCallbackManager.swift
[1519/1681] Compiling CryptoExtras AES_CBC.swift
[1520/1681] Compiling CryptoExtras AES_CFB.swift
[1521/1681] Compiling CryptoExtras AES_CTR.swift
[1522/1681] Compiling CryptoExtras AES_GCM_SIV.swift
[1523/1681] Compiling CryptoExtras Block Function.swift
[1524/1681] Compiling CryptoExtras AES_CBC_boring.swift
[1525/1681] Compiling CryptoExtras AES_CFB_boring.swift
[1526/1681] Compiling CryptoExtras AES_CTR_boring.swift
[1527/1681] Compiling CryptoExtras AES_GCM_SIV_boring.swift
[1537/1682] Wrapping AST for CryptoExtras for debugging
[1539/1684] Compiling _CryptoExtras Exports.swift
[1540/1684] Emitting module _CryptoExtras
[1541/1685] Wrapping AST for _CryptoExtras for debugging
[1543/1780] Compiling X509 CertificateSerialNumber.swift
[1544/1780] Compiling X509 CertificateVersion.swift
[1545/1780] Compiling X509 CMSAttribute.swift
[1546/1780] Compiling X509 CMSContentInfo.swift
[1547/1780] Compiling X509 CMSEncapsulatedContentInfo.swift
[1548/1780] Compiling X509 PKCS8PrivateKey.swift
[1549/1780] Compiling X509 PromiseAndFuture.swift
[1550/1780] Compiling X509 RDNAttribute.swift
[1551/1780] Compiling X509 RandomNumberGenerator+bytes.swift
[1552/1780] Emitting module NIOCore
[1553/1787] Wrapping AST for NIOCore for debugging
[1555/1838] Compiling NIOFoundationEssentialsCompat Codable+ByteBuffer.swift
[1556/1838] Emitting module NIOEmbedded
[1557/1838] Compiling NIOEmbedded AsyncTestingChannel.swift
[1558/1838] Compiling NIOFoundationEssentialsCompat ByteBuffer-foundation.swift
[1559/1838] Emitting module NIOFoundationEssentialsCompat
[1561/1839] Compiling NIOPosix PipeChannel.swift
[1562/1839] Compiling NIOPosix PipePair.swift
[1563/1839] Compiling NIOPosix Pool.swift
[1564/1839] Compiling NIOPosix PosixSingletons+ConcurrencyTakeOver.swift
[1565/1839] Compiling NIOPosix PosixSingletons.swift
[1566/1839] Compiling NIOPosix RawSocketBootstrap.swift
[1567/1839] Compiling NIOPosix Resolver.swift
[1567/1846] Wrapping AST for NIOFoundationEssentialsCompat for debugging
[1569/1846] Compiling NIOEmbedded Embedded.swift
[1570/1846] Compiling NIOEmbedded AsyncTestingEventLoop.swift
[1571/1847] Wrapping AST for NIOEmbedded for debugging
[1573/1847] Compiling NIOPosix BaseStreamSocketChannel.swift
[1574/1847] Compiling NIOPosix Bootstrap.swift
[1575/1847] Compiling NIOPosix ControlMessage.swift
[1576/1847] Compiling NIOPosix DatagramVectorReadManager.swift
[1577/1847] Compiling NIOPosix Thread.swift
[1578/1847] Compiling NIOPosix ThreadPosix.swift
[1579/1847] Compiling NIOPosix ThreadWindows.swift
[1580/1847] Compiling NIOPosix Utilities.swift
[1581/1847] Compiling NIOPosix VsockAddress.swift
[1582/1847] Compiling NIOPosix VsockChannelEvents.swift
[1583/1847] Compiling NIOPosix Windows.swift
[1584/1847] Compiling NIOPosix Errors+Any.swift
[1585/1847] Compiling NIOPosix FileDescriptor.swift
[1586/1847] Compiling NIOPosix GetaddrinfoResolver.swift
[1587/1847] Compiling NIOPosix MultiThreadedEventLoopGroup.swift
[1588/1847] Compiling NIOPosix NIOPosixSendableMetatype.swift
[1589/1847] Compiling NIOPosix NIORandomizedDNSResolver.swift
[1590/1847] Compiling NIOPosix NIOThreadPool.swift
[1591/1847] Compiling NIOPosix NonBlockingFileIO.swift
[1592/1847] Compiling NIOPosix PendingDatagramWritesManager.swift
[1593/1860] Compiling NIOPosix PendingWritesManager.swift
[1601/1860] Compiling NIOPosix SelectorWSAPoll.swift
[1602/1860] Compiling NIOPosix ServerSocket.swift
[1603/1860] Compiling NIOPosix Socket.swift
[1604/1860] Compiling NIOPosix SocketChannel.swift
[1605/1860] Compiling NIOPosix SocketProtocols.swift
[1606/1860] Compiling NIOPosix StructuredConcurrencyHelpers.swift
[1607/1860] Emitting module NIOPosix
[1608/1860] Compiling X509 OneOfPolicies.swift
[1609/1860] Compiling X509 PolicyBuilder.swift
[1610/1860] Compiling X509 BasicConstraintsPolicy.swift
[1611/1860] Compiling X509 DNSNames.swift
[1612/1860] Compiling X509 ExpiryPolicy.swift
[1613/1860] Compiling X509 IPConstraints.swift
[1614/1860] Compiling X509 NameConstraintsPolicy.swift
[1615/1860] Compiling X509 RFC5280Policy.swift
[1616/1860] Compiling X509 URIConstraints.swift
[1617/1860] Compiling X509 VersionPolicy.swift
[1618/1860] Compiling X509 ServerIdentityPolicy.swift
[1619/1860] Compiling X509 TrustRootLoading.swift
[1620/1860] Compiling X509 UnverifiedChain.swift
[1621/1860] Compiling X509 OCSPExtensionID.swift
[1622/1860] Compiling X509 OCSPNonce.swift
[1623/1860] Compiling X509 OCSPPolicy.swift
[1624/1860] Compiling X509 OCSPRequest.swift
[1625/1860] Compiling X509 OCSPResponse.swift
[1626/1860] Compiling X509 OCSPResponseBytes.swift
[1627/1860] Compiling X509 OCSPResponseData.swift
[1628/1860] Compiling X509 OCSPResponseStatus.swift
[1629/1860] Compiling X509 OCSPSignature.swift
[1630/1860] Compiling X509 OCSPSingleRequest.swift
[1631/1860] Compiling X509 OCSPSingleResponse.swift
[1632/1860] Compiling X509 OCSPTBSRequest.swift
[1633/1860] Compiling X509 OCSPVersion.swift
[1634/1860] Compiling NIOPosix System.swift
[1635/1860] Compiling NIOPosix Selectable.swift
[1636/1860] Compiling NIOPosix SelectableChannel.swift
[1637/1860] Compiling NIOPosix SelectableEventLoop.swift
[1638/1860] Compiling NIOPosix SelectorEpoll.swift
[1639/1860] Compiling NIOPosix SelectorGeneric.swift
[1640/1860] Compiling NIOPosix SelectorKqueue.swift
[1641/1860] Compiling NIOPosix SelectorUring.swift
[1649/1860] Compiling X509 SubjectAlternativeName.swift
[1650/1860] Compiling X509 SubjectKeyIdentifier.swift
[1651/1860] Compiling X509 Extension.swift
[1652/1860] Compiling X509 Extensions.swift
[1653/1860] Compiling X509 ExtensionsBuilder.swift
[1654/1860] Compiling X509 GeneralName.swift
[1655/1860] Compiling X509 Lock.swift
[1656/1860] Compiling X509 LockedValueBox.swift
[1657/1860] Compiling X509 BasicOCSPResponse.swift
[1658/1860] Compiling X509 DirectoryString.swift
[1659/1860] Compiling X509 OCSPCertID.swift
[1660/1860] Compiling X509 OCSPCertStatus.swift
[1675/1860] Compiling NIOPosix BSDSocketAPICommon.swift
[1676/1860] Compiling NIOPosix BSDSocketAPIPosix.swift
[1677/1860] Compiling NIOPosix BSDSocketAPIWindows.swift
[1678/1860] Compiling NIOPosix BaseSocket.swift
[1679/1860] Compiling NIOPosix BaseSocketChannel+AccessibleTransport.swift
[1680/1860] Compiling NIOPosix BaseSocketChannel+SocketOptionProvider.swift
[1681/1860] Compiling NIOPosix BaseSocketChannel.swift
[1682/1860] Compiling NIOPosix HappyEyeballs.swift
[1683/1860] Compiling NIOPosix IO.swift
[1684/1860] Compiling NIOPosix IntegerBitPacking.swift
[1685/1860] Compiling NIOPosix IntegerTypes.swift
[1686/1860] Compiling NIOPosix Linux.swift
[1687/1860] Compiling NIOPosix LinuxCPUSet.swift
[1688/1860] Compiling NIOPosix LinuxUring.swift
[1689/1860] Emitting module X509
[1718/1861] Wrapping AST for NIOPosix for debugging
[1720/1863] Compiling NIO Exports.swift
[1721/1863] Emitting module NIO
[1722/1864] Wrapping AST for NIO for debugging
[1724/1903] Compiling NIOFoundationCompat Exports.swift
[1725/1903] Emitting module NIOTLS
[1726/1903] Emitting module NIOFoundationCompat
[1727/1903] Compiling NIOSOCKS SelectedAuthenticationMethod.swift
[1728/1903] Compiling NIOSOCKS ClientStateMachine.swift
[1729/1904] Compiling NIOSOCKS SOCKSResponse.swift
[1730/1904] Compiling NIOFoundationCompat JSONSerialization+ByteBuffer.swift
[1731/1904] Compiling NIOFoundationCompat WaitSpinningRunLoop.swift
[1732/1905] Compiling NIOHTTP1 HTTPPipelineSetup.swift
[1733/1905] Compiling NIOHTTP1 ByteCollectionUtils.swift
[1735/1905] Compiling NIOSOCKS ServerStateMachine.swift
[1735/1905] Wrapping AST for NIOFoundationCompat for debugging
[1737/1905] Emitting module NIOSOCKS
[1738/1905] Compiling NIOHTTP1 HTTPHeaderValidator.swift
[1739/1905] Compiling NIOHTTP1 HTTPHeaders+Validation.swift
[1740/1905] Compiling NIOHTTP1 HTTPDecoder.swift
[1741/1905] Compiling NIOHTTP1 HTTPEncoder.swift
[1742/1905] Compiling NIOHTTP1 HTTPServerPipelineHandler.swift
[1743/1905] Compiling NIOHTTP1 HTTPServerProtocolErrorHandler.swift
[1744/1906] Compiling NIOHTTP1 HTTPServerRequestMethodQueue.swift
[1745/1906] Compiling NIOHTTP1 HTTPServerUpgradeHandler.swift
[1747/1908] Compiling NIOHTTP1 NIOTypedHTTPClientUpgradeHandler.swift
[1748/1908] Compiling NIOHTTP1 NIOTypedHTTPClientUpgraderStateMachine.swift
[1748/1908] Wrapping AST for NIOSOCKS for debugging
[1755/1908] Compiling NIOTLS ApplicationProtocolNegotiationHandler.swift
[1756/1908] Compiling NIOTLS SNIHandler.swift
[1757/1908] Compiling NIOTLS NIOTypedApplicationProtocolNegotiationHandler.swift
[1758/1908] Compiling NIOTLS TLSEvents.swift
[1759/1908] Compiling NIOTLS ProtocolNegotiationHandlerStateMachine.swift
[1760/1909] Wrapping AST for NIOTLS for debugging
[1762/1939] Compiling NIOSSL SSLConnection.swift
[1763/1939] Compiling NIOSSL SSLContext.swift
[1764/1939] Compiling X509 ValidatedCertificateChain.swift
[1765/1939] Compiling X509 VerificationDiagnostic.swift
[1766/1939] Compiling X509 Verifier.swift
[1767/1939] Compiling X509 VerifierPolicy.swift
[1768/1939] Compiling X509 AlgorithmIdentifier.swift
[1769/1939] Compiling X509 ECDSASignature.swift
[1770/1939] Compiling X509 RSAPKCS1PublicKey.swift
[1771/1939] Compiling X509 SubjectPublicKeyInfo.swift
[1772/1939] Compiling X509 TBSCertificate.swift
[1773/1939] Compiling X509 Time.swift
[1774/1939] Compiling X509 TimeCalculations.swift
[1775/1939] Compiling X509 Validity.swift
[1776/1939] Compiling X509 X509SendableMetatype.swift
[1777/1939] Compiling NIOSSL IdentityVerification.swift
[1778/1939] Compiling NIOSSL SSLCertificate.swift
[1779/1939] Compiling NIOSSL CustomPrivateKey.swift
[1780/1939] Compiling NIOSSL FreeBSDCABundle.swift
[1781/1940] Wrapping AST for X509 for debugging
[1783/1940] Compiling NIOSSL SSLCallbacks.swift
[1784/1940] Compiling NIOSSL LinuxCABundle.swift
[1785/1940] Compiling NIOSSL NIOSSLClientHandler.swift
[1786/1940] Emitting module NIOHTTP1
[1787/2014] Wrapping AST for NIOHTTP1 for debugging
[1789/2025] Compiling NIOHTTPCompression HTTPDecompressor.swift
[1790/2025] Compiling NIOHPACK IntegerCoding.swift
[1791/2025] Compiling NIOHPACK IndexedHeaderTable.swift
[1792/2026] Compiling NIOHTTPCompression HTTPDecompression.swift
[1793/2026] Compiling NIOHPACK HuffmanTables.swift
[1794/2026] Emitting module NIOHTTPCompression
[1795/2026] Compiling NIOHTTPCompression HTTPCompression.swift
[1796/2026] Compiling NIOHPACK DynamicHeaderTable.swift
[1797/2026] Compiling NIOHPACK HPACKDecoder.swift
[1798/2026] Compiling NIOHPACK HuffmanCoding.swift
[1799/2026] Compiling JWTKit MLDSAType.swift
[1800/2026] Compiling JWTKit JWTKeyCollection+UnsecuredNone.swift
[1801/2026] Compiling JWTKit UnsecuredNoneSigner.swift
[1802/2026] Compiling JWTKit JWTKeyCollection+RSA.swift
[1803/2026] Compiling JWTKit RSA.swift
[1804/2026] Compiling JWTKit RSAError.swift
[1805/2026] Compiling JWTKit RSASigner.swift
[1806/2026] Compiling JWTKit Base64URL.swift
[1807/2026] Compiling JWTKit CryptoSigner.swift
[1808/2028] Compiling NIOHPACK StaticHeaderTable.swift
[1809/2035] Compiling NIOHTTPCompression HTTPResponseCompressor.swift
[1810/2035] Compiling NIOHTTPCompression HTTPRequestCompressor.swift
[1813/2036] Compiling NIOHPACK HPACKHeader.swift
[1814/2036] Compiling NIOHPACK HeaderTables.swift
[1815/2036] Compiling NIOHPACK HPACKEncoder.swift
[1816/2036] Compiling NIOHPACK HPACKErrors.swift
[1817/2036] Compiling JWTKit EdDSACurve.swift
[1818/2036] Compiling JWTKit EdDSAError.swift
[1819/2036] Compiling JWTKit EdDSASigner.swift
[1820/2036] Compiling JWTKit JWTKeyCollection+EdDSA.swift
[1821/2036] Compiling JWTKit JWTSerializer.swift
[1822/2036] Compiling JWTKit JWTSigner.swift
[1823/2036] Compiling JWTKit JWTKeyCollection+MLDSA.swift
[1824/2036] Compiling JWTKit MLDSA.swift
[1825/2036] Compiling JWTKit MLDSA65+MLDSAKey.swift
[1826/2036] Compiling JWTKit MLDSA87+MLDSAKey.swift
[1827/2036] Compiling JWTKit MLDSAError.swift
[1828/2036] Compiling JWTKit MLDSAKey.swift
[1829/2036] Compiling JWTKit MLDSASigner.swift
[1833/2036] Emitting module NIOHPACK
[1839/2041] Wrapping AST for NIOHTTPCompression for debugging
[1842/2041] Compiling JWTKit NotBeforeClaim.swift
[1843/2041] Compiling JWTKit SubjectClaim.swift
[1844/2041] Compiling JWTKit TenantIDClaim.swift
[1845/2041] Compiling JWTKit ECDSA.swift
[1846/2041] Compiling JWTKit ECDSACurve.swift
[1847/2041] Compiling JWTKit ECDSACurveType.swift
[1848/2041] Compiling JWTKit ECDSAError.swift
[1849/2041] Compiling JWTKit ECDSAKeyTypes.swift
[1850/2041] Emitting module JWTKit
[1851/2041] Emitting module NIOSSL
[1858/2041] Compiling JWTKit AudienceClaim.swift
[1859/2041] Compiling JWTKit BoolClaim.swift
[1860/2041] Compiling JWTKit ExpirationClaim.swift
[1860/2041] Wrapping AST for NIOHPACK for debugging
[1862/2104] Compiling NIOHTTP2 SendingHeadersState.swift
[1863/2104] Compiling NIOHTTP2 SendingPushPromiseState.swift
[1864/2104] Compiling NIOHTTP2 SendingRstStreamState.swift
[1865/2104] Compiling NIOHTTP2 SendingWindowUpdateState.swift
[1866/2104] Compiling NIOHTTP2 HTTP2SettingsState.swift
[1867/2104] Compiling NIOHTTP2 HasExtendedConnectSettings.swift
[1868/2104] Compiling NIOHTTP2 HTTP2StreamMultiplexer.swift
[1869/2104] Compiling NIOHTTP2 HTTP2ToHTTP1Codec.swift
[1870/2104] Compiling NIOHTTP2 HTTP2UserEvents.swift
[1871/2104] Compiling NIOHTTP2 HTTP2PipelineHelpers.swift
[1872/2104] Compiling NIOHTTP2 HTTP2Settings.swift
[1873/2104] Compiling NIOHTTP2 HTTP2Stream.swift
[1874/2104] Compiling NIOHTTP2 HTTP2StreamChannel+OutboundStreamMultiplexer.swift
[1875/2104] Compiling NIOHTTP2 HTTP2StreamChannel.swift
[1876/2104] Compiling NIOHTTP2 HTTP2StreamDelegate.swift
[1877/2104] Compiling NIOHTTP2 HTTP2StreamID.swift
[1878/2104] Compiling NIOHTTP2 HasFlowControlWindows.swift
[1879/2104] Compiling NIOHTTP2 HasLocalSettings.swift
[1880/2104] Compiling NIOHTTP2 HasRemoteSettings.swift
[1881/2104] Compiling NIOHTTP2 HTTP2ChannelHandler.swift
[1882/2104] Compiling NIOHTTP2 HTTP2CommonInboundStreamMultiplexer.swift
[1883/2104] Compiling NIOHTTP2 HTTP2ConnectionStateChange.swift
[1884/2104] Compiling NIOHTTP2 HTTP2Error.swift
[1885/2104] Compiling NIOHTTP2 HTTP2ErrorCode.swift
[1886/2104] Compiling NIOHTTP2 HTTP2FlowControlWindow.swift
[1887/2104] Compiling NIOHTTP2 HTTP2Frame.swift
[1888/2104] Compiling NIOHTTP2 HTTP2FrameEncoder.swift
[1889/2104] Compiling NIOHTTP2 HTTP2FrameParser.swift
[1890/2104] Compiling NIOHTTP2 HTTP2PingData.swift
[1891/2104] Compiling NIOHTTP2 ControlFrameBuffer.swift
[1892/2104] Compiling NIOHTTP2 OutboundFlowControlBuffer.swift
[1893/2104] Compiling NIOHTTP2 OutboundFrameBuffer.swift
[1894/2104] Compiling NIOHTTP2 GlitchesMonitor.swift
[1895/2104] Compiling NIOHTTP2 HPACKHeaders+Validation.swift
[1896/2104] Compiling NIOHTTP2 HTTP2ChannelHandler+InboundStreamMultiplexer.swift
[1897/2104] Compiling NIOHTTP2 MaySendFrames.swift
[1898/2104] Compiling NIOHTTP2 SendingDataState.swift
[1899/2104] Compiling NIOHTTP2 SendingGoawayState.swift
[1909/2104] Compiling NIOHTTP2 LocallyQuiescingState.swift
[1910/2104] Compiling NIOHTTP2 QuiescingState.swift
[1911/2104] Compiling NIOHTTP2 RemotelyQuiescingState.swift
[1913/2105] Compiling JWTKit CustomizedJSONCoders.swift
[1914/2105] Compiling JWTKit Utilities.swift
[1915/2105] Compiling JWTKit AppleIdentityToken.swift
[1916/2105] Compiling JWTKit FirebaseAuthIdentityToken.swift
[1917/2105] Compiling JWTKit GoogleIdentityToken.swift
[1918/2105] Compiling JWTKit MicrosoftIdentityToken.swift
[1919/2105] Compiling JWTKit EmptyPolicy.swift
[1920/2105] Compiling JWTKit ValidationTimePayload.swift
[1921/2105] Compiling JWTKit X5CVerifier.swift
[1922/2106] Wrapping AST for NIOSSL for debugging
[1923/2106] Wrapping AST for JWTKit for debugging
[1928/2106] Compiling NIOHTTP2 InboundEventBuffer.swift
[1929/2106] Compiling NIOHTTP2 InboundWindowManager.swift
[1930/2106] Compiling NIOHTTP2 MultiplexerAbstractChannel.swift
[1931/2106] Compiling NIOHTTP2 NIOHTTP2FrameDelegate.swift
[1932/2106] Compiling NIOHTTP2 NIOHTTP2ServerConnectionManagementHandler+StateMachine.swift
[1933/2114] Compiling NIOHTTP2 DOSHeuristics.swift
[1934/2114] Compiling NIOHTTP2 Error+Any.swift
[1935/2114] Compiling NIOHTTP2 ConcurrentStreamBuffer.swift
[1942/2114] Emitting module NIOHTTP2
[1943/2114] Compiling NIOHTTP2 ConnectionStateMachine.swift
[1944/2114] Compiling NIOHTTP2 ConnectionStreamsState.swift
[1945/2114] Compiling NIOHTTP2 MayReceiveFrames.swift
[1946/2114] Compiling NIOHTTP2 ReceivingDataState.swift
[1947/2114] Compiling NIOHTTP2 ReceivingGoAwayState.swift
[1948/2114] Compiling NIOHTTP2 ReceivingHeadersState.swift
[1949/2114] Compiling NIOHTTP2 ReceivingPushPromiseState.swift
[1950/2114] Compiling NIOHTTP2 ReceivingRstStreamState.swift
[1951/2114] Compiling NIOHTTP2 ReceivingWindowUpdateState.swift
[1952/2114] Compiling NIOHTTP2 NIOHTTP2ServerConnectionManagementHandler.swift
[1953/2114] Compiling NIOHTTP2 StreamChannelFlowController.swift
[1954/2114] Compiling NIOHTTP2 StreamChannelList.swift
[1955/2114] Compiling NIOHTTP2 StreamMap.swift
[1956/2114] Compiling NIOHTTP2 StreamStateMachine.swift
[1957/2114] Compiling NIOHTTP2 Timer.swift
[1958/2114] Compiling NIOHTTP2 UnsafeTransfer.swift
[1959/2114] Compiling NIOHTTP2 WatermarkedFlowController.swift
[1966/2114] Compiling NIOHTTP2 SendAndReceiveGoawayState.swift
[1967/2114] Compiling NIOHTTP2 StateMachineResult.swift
[1968/2114] Compiling NIOHTTP2 ContentLengthVerifier.swift
[1987/2114] Compiling NIOHTTP2 HTTP2ChannelHandler+InlineStreamMultiplexer.swift
[1996/2115] Wrapping AST for NIOHTTP2 for debugging
[1998/2179] Emitting module AsyncHTTPClient
[1999/2187] Compiling AsyncHTTPClient HTTPClientResponse.swift
[2000/2187] Compiling AsyncHTTPClient SingleIteratorPrecondition.swift
[2001/2187] Compiling AsyncHTTPClient Transaction+StateMachine.swift
[2002/2187] Compiling AsyncHTTPClient Transaction.swift
[2003/2187] Compiling AsyncHTTPClient Base64.swift
[2004/2187] Compiling AsyncHTTPClient BasicAuth.swift
[2005/2187] Compiling AsyncHTTPClient BestEffortHashableTLSConfiguration.swift
[2006/2187] Compiling AsyncHTTPClient Configuration+BrowserLike.swift
[2007/2187] Compiling AsyncHTTPClient ConnectionPool.swift
[2008/2187] Compiling AsyncHTTPClient HTTP1ProxyConnectHandler.swift
[2009/2187] Compiling AsyncHTTPClient SOCKSEventsHandler.swift
[2010/2187] Compiling AsyncHTTPClient TLSEventsHandler.swift
[2011/2187] Compiling AsyncHTTPClient HTTP1ClientChannelHandler.swift
[2012/2187] Compiling AsyncHTTPClient HTTP1Connection.swift
[2013/2187] Compiling AsyncHTTPClient HTTP1ConnectionStateMachine.swift
[2014/2187] Compiling AsyncHTTPClient HTTP2ClientRequestHandler.swift
[2015/2187] Compiling AsyncHTTPClient HTTP2Connection.swift
[2016/2187] Compiling AsyncHTTPClient HTTP2IdleHandler.swift
[2017/2187] Compiling AsyncHTTPClient RequestValidation.swift
[2018/2187] Compiling AsyncHTTPClient SSLContextCache.swift
[2019/2187] Compiling AsyncHTTPClient Scheme.swift
[2020/2187] Compiling AsyncHTTPClient Singleton.swift
[2021/2187] Compiling AsyncHTTPClient StringConvertibleInstances.swift
[2022/2187] Compiling AsyncHTTPClient StructuredConcurrencyHelpers.swift
[2023/2187] Compiling AsyncHTTPClient TracingSupport.swift
[2024/2187] Compiling AsyncHTTPClient Utils.swift
[2025/2187] Compiling AsyncHTTPClient AnyAsyncSequence.swift
[2026/2187] Compiling AsyncHTTPClient AnyAsyncSequenceProucerDelete.swift
[2027/2187] Compiling AsyncHTTPClient AsyncLazySequence.swift
[2028/2187] Compiling AsyncHTTPClient HTTPClient+execute.swift
[2029/2187] Compiling AsyncHTTPClient HTTPClient+shutdown.swift
[2030/2187] Compiling AsyncHTTPClient HTTPClient+tracing.swift
[2031/2187] Compiling AsyncHTTPClient HTTPClientRequest+Prepared.swift
[2032/2187] Compiling AsyncHTTPClient HTTPClientRequest+auth.swift
[2033/2187] Compiling AsyncHTTPClient HTTPClientRequest.swift
[2034/2187] Compiling AsyncHTTPClient HTTPConnectionEvent.swift
[2035/2187] Compiling AsyncHTTPClient HTTPConnectionPool+Factory.swift
[2036/2187] Compiling AsyncHTTPClient HTTPConnectionPool+Manager.swift
[2037/2187] Compiling AsyncHTTPClient HTTPConnectionPool.swift
[2038/2187] Compiling AsyncHTTPClient HTTPExecutableRequest.swift
[2039/2187] Compiling AsyncHTTPClient HTTPRequestStateMachine+Demand.swift
[2040/2187] Compiling AsyncHTTPClient HTTPRequestStateMachine.swift
[2041/2187] Compiling AsyncHTTPClient RequestBodyLength.swift
[2042/2187] Compiling AsyncHTTPClient RequestFramingMetadata.swift
[2043/2187] Compiling AsyncHTTPClient LRUCache.swift
[2044/2187] Compiling AsyncHTTPClient NIOLoopBound+Execute.swift
[2045/2187] Compiling AsyncHTTPClient NWErrorHandler.swift
[2046/2187] Compiling AsyncHTTPClient NWWaitingHandler.swift
[2047/2187] Compiling AsyncHTTPClient TLSConfiguration.swift
[2048/2187] Compiling AsyncHTTPClient RedirectState.swift
[2049/2187] Compiling AsyncHTTPClient RequestBag+StateMachine.swift
[2050/2187] Compiling AsyncHTTPClient RequestBag+Tracing.swift
[2051/2187] Compiling AsyncHTTPClient RequestBag.swift
[2052/2187] Compiling AsyncHTTPClient RequestOptions.swift
[2053/2187] Compiling AsyncHTTPClient HTTPConnectionPool+Backoff.swift
[2054/2187] Compiling AsyncHTTPClient HTTPConnectionPool+HTTP1Connections.swift
[2055/2187] Compiling AsyncHTTPClient HTTPConnectionPool+HTTP1StateMachine.swift
[2056/2187] Compiling AsyncHTTPClient HTTPConnectionPool+HTTP2Connections.swift
[2057/2187] Compiling AsyncHTTPClient HTTPConnectionPool+HTTP2StateMachine.swift
[2058/2187] Compiling AsyncHTTPClient HTTPConnectionPool+RequestQueue.swift
[2059/2187] Compiling AsyncHTTPClient HTTPConnectionPool+StateMachine.swift
[2060/2187] Compiling AsyncHTTPClient ConnectionTarget.swift
[2061/2187] Compiling AsyncHTTPClient DeconstructedURL.swift
[2062/2187] Compiling AsyncHTTPClient FileDownloadDelegate.swift
[2063/2187] Compiling AsyncHTTPClient FoundationExtensions.swift
[2064/2187] Compiling AsyncHTTPClient HTTPClient+HTTPCookie.swift
[2065/2187] Compiling AsyncHTTPClient HTTPClient+Proxy.swift
[2066/2187] Compiling AsyncHTTPClient HTTPClient+StructuredConcurrency.swift
[2067/2187] Compiling AsyncHTTPClient HTTPClient.swift
[2068/2187] Compiling AsyncHTTPClient HTTPClientConfiguration+SwiftConfiguration.swift
[2069/2187] Compiling AsyncHTTPClient HTTPHandler.swift
[2070/2188] Wrapping AST for AsyncHTTPClient for debugging
[2072/2211] Emitting module GoogleAuth
[2073/2214] Compiling GoogleAuth CredentialParserRegistry.swift
[2074/2214] Compiling GoogleAuth Credentials.swift
[2075/2214] Compiling GoogleAuth CredentialsError.swift
[2076/2214] Compiling GoogleAuth ADC.swift
[2077/2214] Compiling GoogleAuth ADCPath.swift
[2078/2214] Compiling GoogleAuth ADCResolver.swift
[2079/2214] Compiling GoogleAuth AuthHeaders.swift
[2080/2214] Compiling GoogleAuth UserAccountData.swift
[2081/2214] Compiling GoogleAuth UserAccountTokenProvider.swift
[2082/2214] Compiling GoogleAuth UserCredentials.swift
[2083/2214] Compiling GoogleAuth ServiceAccountCredentials.swift
[2084/2214] Compiling GoogleAuth ServiceAccountData.swift
[2085/2214] Compiling GoogleAuth ServiceAccountTokenProvider.swift
[2086/2214] Compiling GoogleAuth SubjectTokenProvider.swift
[2087/2214] Compiling GoogleAuth MDSAccessTokenProvider.swift
[2088/2214] Compiling GoogleAuth MDSCredentials.swift
[2089/2214] Compiling GoogleAuth AnonymousCredentials.swift
[2090/2214] Compiling GoogleAuth ApiKeyCredentials.swift
[2091/2214] Compiling GoogleAuth ExternalAccountCredentials.swift
[2092/2214] Compiling GoogleAuth AuthHTTPClient.swift
[2093/2214] Compiling GoogleAuth AuthHTTPError.swift
[2094/2214] Compiling GoogleAuth RetryEngine.swift
[2095/2214] Compiling GoogleAuth STSHandler.swift
[2096/2214] Compiling GoogleAuth TokenCache.swift
[2097/2214] Compiling GoogleAuth PackageVersion.swift
[2098/2215] Wrapping AST for GoogleAuth for debugging
[2100/2273] Compiling GoogleGax Pagination.swift
/host/spi-builder-workspace/.build/checkouts/swift-google-gax/Sources/GoogleGax/Pagination.swift:44:22: error: cannot convert '@Sendable (String) async throws -> (response: ResponseType, items: [Item], nextToken: String)' to 'nonisolated(nonsending) @Sendable (String) async throws -> (response: ResponseType, items: [Item], nextToken: String)' because crossing of an isolation boundary requires parameter and result types to conform to 'Sendable' protocol
42 | ) where ResponseType: _PaginatedResponse<Item> {
43 | self.initialPageToken = initialPageToken ?? ""
44 | self.fetchPage = { token in
| |- error: cannot convert '@Sendable (String) async throws -> (response: ResponseType, items: [Item], nextToken: String)' to 'nonisolated(nonsending) @Sendable (String) async throws -> (response: ResponseType, items: [Item], nextToken: String)' because crossing of an isolation boundary requires parameter and result types to conform to 'Sendable' protocol
| `- note: type 'Item' does not conform to 'Sendable' protocol
45 | let response = try await listRpc(token)
46 | return (response, response._getPaginatedItems(), response._nextPageToken())
[2101/2273] Compiling GoogleGax PollingBackoffPolicy.swift
/host/spi-builder-workspace/.build/checkouts/swift-google-gax/Sources/GoogleGax/Pagination.swift:44:22: error: cannot convert '@Sendable (String) async throws -> (response: ResponseType, items: [Item], nextToken: String)' to 'nonisolated(nonsending) @Sendable (String) async throws -> (response: ResponseType, items: [Item], nextToken: String)' because crossing of an isolation boundary requires parameter and result types to conform to 'Sendable' protocol
42 | ) where ResponseType: _PaginatedResponse<Item> {
43 | self.initialPageToken = initialPageToken ?? ""
44 | self.fetchPage = { token in
| |- error: cannot convert '@Sendable (String) async throws -> (response: ResponseType, items: [Item], nextToken: String)' to 'nonisolated(nonsending) @Sendable (String) async throws -> (response: ResponseType, items: [Item], nextToken: String)' because crossing of an isolation boundary requires parameter and result types to conform to 'Sendable' protocol
| `- note: type 'Item' does not conform to 'Sendable' protocol
45 | let response = try await listRpc(token)
46 | return (response, response._getPaginatedItems(), response._nextPageToken())
[2102/2273] Compiling GoogleGax PollingErrorPolicy.swift
/host/spi-builder-workspace/.build/checkouts/swift-google-gax/Sources/GoogleGax/Pagination.swift:44:22: error: cannot convert '@Sendable (String) async throws -> (response: ResponseType, items: [Item], nextToken: String)' to 'nonisolated(nonsending) @Sendable (String) async throws -> (response: ResponseType, items: [Item], nextToken: String)' because crossing of an isolation boundary requires parameter and result types to conform to 'Sendable' protocol
42 | ) where ResponseType: _PaginatedResponse<Item> {
43 | self.initialPageToken = initialPageToken ?? ""
44 | self.fetchPage = { token in
| |- error: cannot convert '@Sendable (String) async throws -> (response: ResponseType, items: [Item], nextToken: String)' to 'nonisolated(nonsending) @Sendable (String) async throws -> (response: ResponseType, items: [Item], nextToken: String)' because crossing of an isolation boundary requires parameter and result types to conform to 'Sendable' protocol
| `- note: type 'Item' does not conform to 'Sendable' protocol
45 | let response = try await listRpc(token)
46 | return (response, response._getPaginatedItems(), response._nextPageToken())
[2103/2273] Compiling GoogleGax PollingResult.swift
/host/spi-builder-workspace/.build/checkouts/swift-google-gax/Sources/GoogleGax/Pagination.swift:44:22: error: cannot convert '@Sendable (String) async throws -> (response: ResponseType, items: [Item], nextToken: String)' to 'nonisolated(nonsending) @Sendable (String) async throws -> (response: ResponseType, items: [Item], nextToken: String)' because crossing of an isolation boundary requires parameter and result types to conform to 'Sendable' protocol
42 | ) where ResponseType: _PaginatedResponse<Item> {
43 | self.initialPageToken = initialPageToken ?? ""
44 | self.fetchPage = { token in
| |- error: cannot convert '@Sendable (String) async throws -> (response: ResponseType, items: [Item], nextToken: String)' to 'nonisolated(nonsending) @Sendable (String) async throws -> (response: ResponseType, items: [Item], nextToken: String)' because crossing of an isolation boundary requires parameter and result types to conform to 'Sendable' protocol
| `- note: type 'Item' does not conform to 'Sendable' protocol
45 | let response = try await listRpc(token)
46 | return (response, response._getPaginatedItems(), response._nextPageToken())
[2104/2273] Compiling GoogleGax PollingState.swift
/host/spi-builder-workspace/.build/checkouts/swift-google-gax/Sources/GoogleGax/Pagination.swift:44:22: error: cannot convert '@Sendable (String) async throws -> (response: ResponseType, items: [Item], nextToken: String)' to 'nonisolated(nonsending) @Sendable (String) async throws -> (response: ResponseType, items: [Item], nextToken: String)' because crossing of an isolation boundary requires parameter and result types to conform to 'Sendable' protocol
42 | ) where ResponseType: _PaginatedResponse<Item> {
43 | self.initialPageToken = initialPageToken ?? ""
44 | self.fetchPage = { token in
| |- error: cannot convert '@Sendable (String) async throws -> (response: ResponseType, items: [Item], nextToken: String)' to 'nonisolated(nonsending) @Sendable (String) async throws -> (response: ResponseType, items: [Item], nextToken: String)' because crossing of an isolation boundary requires parameter and result types to conform to 'Sendable' protocol
| `- note: type 'Item' does not conform to 'Sendable' protocol
45 | let response = try await listRpc(token)
46 | return (response, response._getPaginatedItems(), response._nextPageToken())
[2105/2273] Compiling GoogleGax ProtobufConversionError.swift
/host/spi-builder-workspace/.build/checkouts/swift-google-gax/Sources/GoogleGax/Pagination.swift:44:22: error: cannot convert '@Sendable (String) async throws -> (response: ResponseType, items: [Item], nextToken: String)' to 'nonisolated(nonsending) @Sendable (String) async throws -> (response: ResponseType, items: [Item], nextToken: String)' because crossing of an isolation boundary requires parameter and result types to conform to 'Sendable' protocol
42 | ) where ResponseType: _PaginatedResponse<Item> {
43 | self.initialPageToken = initialPageToken ?? ""
44 | self.fetchPage = { token in
| |- error: cannot convert '@Sendable (String) async throws -> (response: ResponseType, items: [Item], nextToken: String)' to 'nonisolated(nonsending) @Sendable (String) async throws -> (response: ResponseType, items: [Item], nextToken: String)' because crossing of an isolation boundary requires parameter and result types to conform to 'Sendable' protocol
| `- note: type 'Item' does not conform to 'Sendable' protocol
45 | let response = try await listRpc(token)
46 | return (response, response._getPaginatedItems(), response._nextPageToken())
[2106/2273] Compiling GoogleGax QueryParameter.swift
/host/spi-builder-workspace/.build/checkouts/swift-google-gax/Sources/GoogleGax/Pagination.swift:44:22: error: cannot convert '@Sendable (String) async throws -> (response: ResponseType, items: [Item], nextToken: String)' to 'nonisolated(nonsending) @Sendable (String) async throws -> (response: ResponseType, items: [Item], nextToken: String)' because crossing of an isolation boundary requires parameter and result types to conform to 'Sendable' protocol
42 | ) where ResponseType: _PaginatedResponse<Item> {
43 | self.initialPageToken = initialPageToken ?? ""
44 | self.fetchPage = { token in
| |- error: cannot convert '@Sendable (String) async throws -> (response: ResponseType, items: [Item], nextToken: String)' to 'nonisolated(nonsending) @Sendable (String) async throws -> (response: ResponseType, items: [Item], nextToken: String)' because crossing of an isolation boundary requires parameter and result types to conform to 'Sendable' protocol
| `- note: type 'Item' does not conform to 'Sendable' protocol
45 | let response = try await listRpc(token)
46 | return (response, response._getPaginatedItems(), response._nextPageToken())
[2107/2273] Compiling GoogleGax RequestError.swift
/host/spi-builder-workspace/.build/checkouts/swift-google-gax/Sources/GoogleGax/Pagination.swift:44:22: error: cannot convert '@Sendable (String) async throws -> (response: ResponseType, items: [Item], nextToken: String)' to 'nonisolated(nonsending) @Sendable (String) async throws -> (response: ResponseType, items: [Item], nextToken: String)' because crossing of an isolation boundary requires parameter and result types to conform to 'Sendable' protocol
42 | ) where ResponseType: _PaginatedResponse<Item> {
43 | self.initialPageToken = initialPageToken ?? ""
44 | self.fetchPage = { token in
| |- error: cannot convert '@Sendable (String) async throws -> (response: ResponseType, items: [Item], nextToken: String)' to 'nonisolated(nonsending) @Sendable (String) async throws -> (response: ResponseType, items: [Item], nextToken: String)' because crossing of an isolation boundary requires parameter and result types to conform to 'Sendable' protocol
| `- note: type 'Item' does not conform to 'Sendable' protocol
45 | let response = try await listRpc(token)
46 | return (response, response._getPaginatedItems(), response._nextPageToken())
[2108/2281] Compiling GoogleGax AIP194+PollingErrorPolicy.swift
[2109/2281] Compiling GoogleGax AIP194+RetryPolicy.swift
[2110/2281] Compiling GoogleGax AIP194.swift
[2111/2281] Compiling GoogleGax AdaptiveThrottler.swift
[2112/2281] Compiling GoogleGax AlwaysPoll.swift
[2113/2281] Compiling GoogleGax AlwaysRetry.swift
[2114/2281] Compiling GoogleGax ApiClientHeader.swift
[2115/2281] Compiling GoogleGax BackoffPolicy.swift
[2116/2281] Compiling GoogleGax BasePollingErrorPolicy.swift
[2117/2281] Emitting module GoogleGax
[2118/2281] Compiling GoogleGax RequestOptions.swift
[2119/2281] Compiling GoogleGax RetryLoop.swift
[2120/2281] Compiling GoogleGax RetryPolicy.swift
[2121/2281] Compiling GoogleGax RetryResult.swift
[2122/2281] Compiling GoogleGax RetryState.swift
[2123/2281] Compiling GoogleGax RetryThrottler.swift
[2124/2281] Compiling GoogleGax RetryThrottlerError.swift
[2125/2281] Compiling GoogleGax RoutingMatcher.swift
[2126/2281] Compiling GoogleGax BaseRetryPolicy.swift
[2127/2281] Compiling GoogleGax BindingError.swift
[2128/2281] Compiling GoogleGax CRC32C.swift
[2129/2281] Compiling GoogleGax CircuitBreaker.swift
[2130/2281] Compiling GoogleGax ClientError.swift
[2131/2281] Compiling GoogleGax ClientOptions.swift
[2132/2281] Compiling GoogleGax ContinueOnIO+PollingErrorPolicy.swift
[2133/2281] Compiling GoogleGax ContinueOnIO+RetryPolicy.swift
[2134/2281] Compiling GoogleGax HTTPClientProtocol.swift
[2135/2281] Compiling GoogleGax HTTPClientRequest.swift
[2136/2281] Compiling GoogleGax HTTPClientResponse.swift
[2137/2281] Compiling GoogleGax HTTPHeaders.swift
[2138/2281] Compiling GoogleGax HTTPResponseBody.swift
[2139/2281] Compiling GoogleGax HeaderNames.swift
[2140/2281] Compiling GoogleGax Host.swift
[2141/2281] Compiling GoogleGax InProgressResult.swift
[2142/2281] Compiling GoogleGax LimitedAttemptCount+PollingErrorPolicy.swift
[2143/2281] Compiling GoogleGax LimitedAttemptCount+RetryPolicy.swift
[2144/2281] Compiling GoogleGax LimitedAttemptCount.swift
[2145/2281] Compiling GoogleGax LimitedElapsedTime+PollingErrorPolicy.swift
[2146/2281] Compiling GoogleGax LimitedElapsedTime+RetryPolicy.swift
[2147/2281] Compiling GoogleGax LimitedElapsedTime.swift
[2148/2281] Compiling GoogleGax LongRunningOperations.swift
[2149/2281] Compiling GoogleGax NeverRetry.swift
[2150/2281] Compiling GoogleGax ContinueOnIO.swift
[2151/2281] Compiling GoogleGax CredentialsProtocol.swift
[2152/2281] Compiling GoogleGax ErrorWrapper.swift
[2153/2281] Compiling GoogleGax ExponentialBackoff+BackoffPolicy.swift
[2154/2281] Compiling GoogleGax ExponentialBackoff+PollingBackoffPolicy.swift
[2155/2281] Compiling GoogleGax ExponentialBackoff.swift
[2156/2281] Compiling GoogleGax HTTPClient.swift
[2157/2281] Compiling GoogleGax HTTPClientHolder.swift
[2158/2281] Compiling GoogleGax ServiceError.swift
[2159/2281] Compiling GoogleGax StatusDetail.swift
[2160/2281] Compiling GoogleGax StrictIdempotency.swift
[2161/2281] Compiling GoogleGax ThrottleResult.swift
[2162/2281] Compiling GoogleGax TooManyRequests+PollingErrorPolicy.swift
[2163/2281] Compiling GoogleGax TooManyRequests+RetryPolicy.swift
[2164/2281] Compiling GoogleGax TooManyRequests.swift
[2165/2281] Compiling GoogleGax PackageVersion.swift
BUILD FAILURE 6.2 android