Build Information
Failed to build Sectioner, reference master (7fb39a), with Swift 6.4 for macOS (Xcode) using Xcode 27.0 on 16 Sep 2026 00:04:33 UTC.
Build Command
env DEVELOPER_DIR=/Applications/Xcode-27.0.0-Release.Candidate.app xcrun xcodebuild -IDEClonedSourcePackagesDirPathOverride=$PWD/.dependencies -skipMacroValidation -skipPackagePluginValidation -derivedDataPath $PWD/.derivedData build -scheme Sectioner-Package -destination platform=macOS,arch=arm64Build Log
========================================
RunAll
========================================
Builder version: 5.1.0
Interrupt handler set up.
========================================
Checkout
========================================
Clone URL: https://github.com/alexito4/sectioner.git
Reference: master
Initialized empty Git repository in /Users/admin/builder/spi-builder-workspace/.git/
From https://github.com/alexito4/sectioner
* branch master -> FETCH_HEAD
* [new branch] master -> origin/master
HEAD is now at 7fb39ac Example in README
Cloned https://github.com/alexito4/sectioner.git
Revision (git rev-parse @):
7fb39ac3ae54c9dcf3df9c776ad5a9f1d192046e
SUCCESS checkout https://github.com/alexito4/sectioner.git at master
========================================
Build
========================================
Selected platform: macosXcodebuild
Swift version: 6.4
Building package at path: $PWD
https://github.com/alexito4/sectioner.git
Command line invocation:
/Applications/Xcode-27.0.0-Release.Candidate.app/Contents/Developer/usr/bin/xcodebuild -IDEClonedSourcePackagesDirPathOverride=/Users/admin/builder/spi-builder-workspace/.dependencies -resolvePackageDependencies
resolved source packages:
{
"dependencies" : [
],
"manifest_display_name" : "Sectioner",
"name" : "Sectioner",
"path" : "/Users/admin/builder/spi-builder-workspace",
"platforms" : [
],
"products" : [
{
"name" : "Sectioner",
"targets" : [
"Sectioner"
],
"type" : {
"library" : [
"automatic"
]
}
}
],
"targets" : [
{
"c99name" : "SectionerTests",
"module_type" : "SwiftTarget",
"name" : "SectionerTests",
"path" : "Tests/SectionerTests",
"sources" : [
"Difference.swift",
"SectionerTests.swift",
"XCTestManifests.swift"
],
"target_dependencies" : [
"Sectioner"
],
"type" : "test"
},
{
"c99name" : "Sectioner",
"module_type" : "SwiftTarget",
"name" : "Sectioner",
"path" : "Sources/Sectioner",
"product_memberships" : [
"Sectioner"
],
"sources" : [
"Sectioner.swift"
],
"type" : "library"
}
],
"tools_version" : "4.0"
}
{
"project" : {
"configurations" : [
"Debug",
"Release"
],
"name" : "Sectioner",
"schemes" : [
"Sectioner-Package",
"SectionerPackageDescription",
"SectionerPackageTests"
],
"targets" : [
"Sectioner",
"SectionerPackageDescription",
"SectionerPackageTests",
"SectionerTests"
]
}
}
Running build ...
env DEVELOPER_DIR=/Applications/Xcode-27.0.0-Release.Candidate.app xcrun xcodebuild -IDEClonedSourcePackagesDirPathOverride=$PWD/.dependencies -skipMacroValidation -skipPackagePluginValidation -derivedDataPath $PWD/.derivedData build -scheme Sectioner-Package -destination platform=macOS,arch=arm64
Command line invocation:
/Applications/Xcode-27.0.0-Release.Candidate.app/Contents/Developer/usr/bin/xcodebuild -IDEClonedSourcePackagesDirPathOverride=/Users/admin/builder/spi-builder-workspace/.dependencies -skipMacroValidation -skipPackagePluginValidation -derivedDataPath /Users/admin/builder/spi-builder-workspace/.derivedData build -scheme Sectioner-Package -destination platform=macOS,arch=arm64
ComputePackagePrebuildTargetDependencyGraph
Prepare packages
CreateBuildRequest
SendProjectDescription
CreateBuildOperation
ComputeTargetDependencyGraph
note: Building targets in dependency order
note: Target dependency graph (1 target)
Target 'Sectioner' in project 'Sectioner' (no dependencies)
GatherProvisioningInputs
CreateBuildDescription
ExecuteExternalTool /Applications/Xcode-27.0.0-Release.Candidate.app/Contents/Developer/Toolchains/XcodeDefault.xctoolchain/usr/bin/clang -v -E -dM -isysroot /Applications/Xcode-27.0.0-Release.Candidate.app/Contents/Developer/Platforms/MacOSX.platform/Developer/SDKs/MacOSX27.0.sdk -x c -c /dev/null
ExecuteExternalTool /Applications/Xcode-27.0.0-Release.Candidate.app/Contents/Developer/Toolchains/XcodeDefault.xctoolchain/usr/bin/swiftc --version
ExecuteExternalTool /Applications/Xcode-27.0.0-Release.Candidate.app/Contents/Developer/Toolchains/XcodeDefault.xctoolchain/usr/bin/ld -version_details
Build description signature: c0412e688368b1946ee07a024892e6d4
Build description path: /Users/admin/builder/spi-builder-workspace/.derivedData/Build/Intermediates.noindex/XCBuildData/c0412e688368b1946ee07a024892e6d4.xcbuilddata
/Users/admin/builder/spi-builder-workspace/Sectioner.xcodeproj: error: The macOS deployment target 'MACOSX_DEPLOYMENT_TARGET' is set to 10.10, but the range of supported deployment target versions is 12.0 to 27.0.x. (in target 'Sectioner' from project 'Sectioner')
** BUILD FAILED **
The following build commands failed:
Building project Sectioner with scheme Sectioner-Package
(1 failure)
Command line invocation:
/Applications/Xcode-27.0.0-Release.Candidate.app/Contents/Developer/usr/bin/xcodebuild -IDEClonedSourcePackagesDirPathOverride=/Users/admin/builder/spi-builder-workspace/.dependencies -resolvePackageDependencies
resolved source packages:
{
"dependencies" : [
],
"manifest_display_name" : "Sectioner",
"name" : "Sectioner",
"path" : "/Users/admin/builder/spi-builder-workspace",
"platforms" : [
],
"products" : [
{
"name" : "Sectioner",
"targets" : [
"Sectioner"
],
"type" : {
"library" : [
"automatic"
]
}
}
],
"targets" : [
{
"c99name" : "SectionerTests",
"module_type" : "SwiftTarget",
"name" : "SectionerTests",
"path" : "Tests/SectionerTests",
"sources" : [
"Difference.swift",
"SectionerTests.swift",
"XCTestManifests.swift"
],
"target_dependencies" : [
"Sectioner"
],
"type" : "test"
},
{
"c99name" : "Sectioner",
"module_type" : "SwiftTarget",
"name" : "Sectioner",
"path" : "Sources/Sectioner",
"product_memberships" : [
"Sectioner"
],
"sources" : [
"Sectioner.swift"
],
"type" : "library"
}
],
"tools_version" : "4.0"
}
{
"project" : {
"configurations" : [
"Debug",
"Release"
],
"name" : "Sectioner",
"schemes" : [
"Sectioner-Package",
"SectionerPackageDescription",
"SectionerPackageTests"
],
"targets" : [
"Sectioner",
"SectionerPackageDescription",
"SectionerPackageTests",
"SectionerTests"
]
}
}
Running build ...
env DEVELOPER_DIR=/Applications/Xcode-27.0.0-Release.Candidate.app xcrun xcodebuild -IDEClonedSourcePackagesDirPathOverride=$PWD/.dependencies -skipMacroValidation -skipPackagePluginValidation -derivedDataPath $PWD/.derivedData build -scheme Sectioner-Package -destination platform=macOS,arch=arm64
Command line invocation:
/Applications/Xcode-27.0.0-Release.Candidate.app/Contents/Developer/usr/bin/xcodebuild -IDEClonedSourcePackagesDirPathOverride=/Users/admin/builder/spi-builder-workspace/.dependencies -skipMacroValidation -skipPackagePluginValidation -derivedDataPath /Users/admin/builder/spi-builder-workspace/.derivedData build -scheme Sectioner-Package -destination platform=macOS,arch=arm64
ComputePackagePrebuildTargetDependencyGraph
Prepare packages
CreateBuildRequest
SendProjectDescription
CreateBuildOperation
ComputeTargetDependencyGraph
note: Building targets in dependency order
note: Target dependency graph (1 target)
Target 'Sectioner' in project 'Sectioner' (no dependencies)
GatherProvisioningInputs
CreateBuildDescription
/Users/admin/builder/spi-builder-workspace/Sectioner.xcodeproj: error: The macOS deployment target 'MACOSX_DEPLOYMENT_TARGET' is set to 10.10, but the range of supported deployment target versions is 12.0 to 27.0.x. (in target 'Sectioner' from project 'Sectioner')
** BUILD FAILED **
The following build commands failed:
Building project Sectioner with scheme Sectioner-Package
(1 failure)
BUILD FAILURE 6.4 macosXcodebuild