The Swift Package Index logo.Swift Package Index

Build Information

Failed to build RoktSDKPlus, reference main (f40071), with Swift 6.1 for Wasm on 24 Oct 2026 20:46:51 UTC.

Build Command

bash -c docker run --pull=always --rm -v "checkouts-53886769-1":/host -w "$PWD" -e JAVA_HOME="/root/.sdkman/candidates/java/current" -e SPI_BUILD="1" -e SPI_PROCESSING="1" registry.gitlab.com/saguaro1/spi-images:wasm-6.1-latest swift build --swift-sdk wasm32-unknown-wasi 2>&1

Build Log

========================================
RunAll
========================================
Builder version: 5.1.3
Interrupt handler set up.
========================================
Checkout
========================================
Clone URL: https://github.com/ROKT/rokt-sdk-plus-ios.git
Reference: main
Initialized empty Git repository in /host/spi-builder-workspace/.git/
hint: Using 'master' as the name for the initial branch. This default branch name
hint: is subject to change. To configure the initial branch name to use in all
hint: of your new repositories, which will suppress this warning, call:
hint:
hint: 	git config --global init.defaultBranch <name>
hint:
hint: Names commonly chosen instead of 'master' are 'main', 'trunk' and
hint: 'development'. The just-created branch can be renamed via this command:
hint:
hint: 	git branch -m <name>
From https://github.com/ROKT/rokt-sdk-plus-ios
 * branch            main       -> FETCH_HEAD
 * [new branch]      main       -> origin/main
HEAD is now at f40071c chore: Release v9.7.4 (#1145)
Cloned https://github.com/ROKT/rokt-sdk-plus-ios.git
Revision (git rev-parse @):
f40071c42bbecd9298ae0d8179da975c737f26fc
SUCCESS checkout https://github.com/ROKT/rokt-sdk-plus-ios.git at main
========================================
Build
========================================
Selected platform:         wasm
Swift version:             6.1
Building package at path:  $PWD
https://github.com/ROKT/rokt-sdk-plus-ios.git
https://github.com/ROKT/rokt-sdk-plus-ios.git
WARNING: environment variable SUPPRESS_SWIFT_6_FLAGS is not set
Running build ...
bash -c docker run --pull=always --rm -v "checkouts-53886769-1":/host -w "$PWD" -e JAVA_HOME="/root/.sdkman/candidates/java/current" -e SPI_BUILD="1" -e SPI_PROCESSING="1" registry.gitlab.com/saguaro1/spi-images:wasm-6.1-latest swift build --swift-sdk wasm32-unknown-wasi -Xswiftc -Xfrontend -Xswiftc -stats-output-dir -Xswiftc -Xfrontend -Xswiftc .stats -Xswiftc -strict-concurrency=complete -Xswiftc -enable-upcoming-feature -Xswiftc StrictConcurrency -Xswiftc -enable-upcoming-feature -Xswiftc DisableOutwardActorInference -Xswiftc -enable-upcoming-feature -Xswiftc GlobalActorIsolatedTypesUsability -Xswiftc -enable-upcoming-feature -Xswiftc InferSendableFromCaptures 2>&1
wasm-6.1-latest: Pulling from saguaro1/spi-images
Digest: sha256:f257c9b8465670613eb336f6def351d681b1d395aebdb231a45bac980c1f9d3c
Status: Image is up to date for registry.gitlab.com/saguaro1/spi-images:wasm-6.1-latest
Fetching https://github.com/ROKT/rokt-payment-extension-ios.git
Fetching https://github.com/mparticle-integrations/mp-apple-integration-rokt.git
[1/509] Fetching mp-apple-integration-rokt
[510/969] Fetching mp-apple-integration-rokt, rokt-payment-extension-ios
Fetched https://github.com/mparticle-integrations/mp-apple-integration-rokt.git from cache (0.37s)
Fetched https://github.com/ROKT/rokt-payment-extension-ios.git from cache (0.37s)
Computing version for https://github.com/mparticle-integrations/mp-apple-integration-rokt.git
Computed https://github.com/mparticle-integrations/mp-apple-integration-rokt.git at 9.7.4 (0.66s)
Fetching https://github.com/mParticle/mparticle-apple-sdk
Fetching https://github.com/ROKT/rokt-sdk-ios
Fetching https://github.com/ROKT/rokt-contracts-apple.git
[1/403] Fetching rokt-contracts-apple
[368/10093] Fetching rokt-contracts-apple, rokt-sdk-ios
[3505/81359] Fetching rokt-contracts-apple, rokt-sdk-ios, mparticle-apple-sdk
Fetched https://github.com/ROKT/rokt-contracts-apple.git from cache (29.56s)
Fetched https://github.com/mParticle/mparticle-apple-sdk from cache (29.79s)
Fetched https://github.com/ROKT/rokt-sdk-ios from cache (30.10s)
Computing version for https://github.com/ROKT/rokt-payment-extension-ios.git
Computed https://github.com/ROKT/rokt-payment-extension-ios.git at 2.0.3 (31.03s)
Fetching https://github.com/stripe/stripe-ios.git
[1/2280712] Fetching stripe-ios
Fetched https://github.com/stripe/stripe-ios.git from cache (146.14s)
Computing version for https://github.com/ROKT/rokt-contracts-apple.git
Computed https://github.com/ROKT/rokt-contracts-apple.git at 2.0.2 (147.22s)
Computing version for https://github.com/ROKT/rokt-sdk-ios
Computed https://github.com/ROKT/rokt-sdk-ios at 5.5.5 (0.95s)
Fetching https://github.com/ROKT/rokt-ux-helper-ios.git
Fetching https://github.com/ROKT/dcui-swift-schema.git
[1/648] Fetching dcui-swift-schema
[649/14604] Fetching dcui-swift-schema, rokt-ux-helper-ios
Fetched https://github.com/ROKT/dcui-swift-schema.git from cache (1.03s)
Fetched https://github.com/ROKT/rokt-ux-helper-ios.git from cache (1.71s)
Computing version for https://github.com/ROKT/dcui-swift-schema.git
Computed https://github.com/ROKT/dcui-swift-schema.git at 2.10.0 (2.71s)
Computing version for https://github.com/ROKT/rokt-ux-helper-ios.git
Computed https://github.com/ROKT/rokt-ux-helper-ios.git at 2.1.4 (0.58s)
Computing version for https://github.com/mParticle/mparticle-apple-sdk
Computed https://github.com/mParticle/mparticle-apple-sdk at 9.7.4 (0.68s)
Computing version for https://github.com/stripe/stripe-ios.git
Computed https://github.com/stripe/stripe-ios.git at 25.17.0 (0.57s)
Creating working copy for https://github.com/ROKT/rokt-ux-helper-ios.git
Working copy of https://github.com/ROKT/rokt-ux-helper-ios.git resolved at 2.1.4
Creating working copy for https://github.com/stripe/stripe-ios.git
Working copy of https://github.com/stripe/stripe-ios.git resolved at 25.17.0
Creating working copy for https://github.com/mparticle-integrations/mp-apple-integration-rokt.git
Working copy of https://github.com/mparticle-integrations/mp-apple-integration-rokt.git resolved at 9.7.4
Creating working copy for https://github.com/mParticle/mparticle-apple-sdk
Working copy of https://github.com/mParticle/mparticle-apple-sdk resolved at 9.7.4
Creating working copy for https://github.com/ROKT/dcui-swift-schema.git
Working copy of https://github.com/ROKT/dcui-swift-schema.git resolved at 2.10.0
Creating working copy for https://github.com/ROKT/rokt-sdk-ios
Working copy of https://github.com/ROKT/rokt-sdk-ios resolved at 5.5.5
Creating working copy for https://github.com/ROKT/rokt-payment-extension-ios.git
Working copy of https://github.com/ROKT/rokt-payment-extension-ios.git resolved at 2.0.3
Creating working copy for https://github.com/ROKT/rokt-contracts-apple.git
Working copy of https://github.com/ROKT/rokt-contracts-apple.git resolved at 2.0.2
Building for debugging...
[0/280] Write sources
[4/280] Copying Localizable.strings
[4/280] Copying PrivacyInfo.xcprivacy
[4/280] Copying Localizable.strings
[40/280] Copying Info.plist
[43/280] Copying Localizable.strings
[81/280] Copying Info.plist
[81/280] Copying PrivacyInfo.xcprivacy
[81/280] Copying Localizable.strings
[92/280] Write sources
[108/280] Copying PrivacyInfo.xcprivacy
[111/280] Write sources
[136/280] Copying PrivacyInfo.xcprivacy
[137/280] Copying Info.plist
[140/280] Write sources
[143/280] Copying Info.plist
[143/280] Copying PrivacyInfo.xcprivacy
[145/280] Copying Stripe3DS2.xcassets
[146/280] Write swift-version-24593BA9C3E375BF.txt
In file included from <built-in>:1:
/host/spi-builder-workspace/.build/wasm32-unknown-wasi/debug/Stripe3DS2.build/DerivedSources/resource_bundle_accessor.h:2:9: fatal error: 'Foundation/Foundation.h' file not found
    2 | #import <Foundation/Foundation.h>
      |         ^~~~~~~~~~~~~~~~~~~~~~~~~
1 error generated.
In file included from <built-in>:1:
/host/spi-builder-workspace/.build/wasm32-unknown-wasi/debug/Stripe3DS2.build/DerivedSources/resource_bundle_accessor.h:2:9: fatal error: 'Foundation/Foundation.h' file not found
    2 | #import <Foundation/Foundation.h>
      |         ^~~~~~~~~~~~~~~~~~~~~~~~~
1 error generated.
[147/280] Compiling STDSSwiftTryCatch.m
[147/280] Compiling Stripe3DS2 resource_bundle_accessor.m
In file included from <built-in>:1:
/host/spi-builder-workspace/.build/wasm32-unknown-wasi/debug/Stripe3DS2.build/DerivedSources/resource_bundle_accessor.h:2:9: fatal error: 'Foundation/Foundation.h' file not found
    2 | #import <Foundation/Foundation.h>
      |         ^~~~~~~~~~~~~~~~~~~~~~~~~
1 error generated.
[147/280] Compiling STDSTextFieldCustomization.m
In file included from <built-in>:1:
/host/spi-builder-workspace/.build/wasm32-unknown-wasi/debug/Stripe3DS2.build/DerivedSources/resource_bundle_accessor.h:2:9: fatal error: 'Foundation/Foundation.h' file not found
    2 | #import <Foundation/Foundation.h>
      |         ^~~~~~~~~~~~~~~~~~~~~~~~~
[147/280] Compiling STDSUICustomization.m
In file included from <built-in>:1:
/host/spi-builder-workspace/.build/wasm32-unknown-wasi/debug/Stripe3DS2.build/DerivedSources/resource_bundle_accessor.h:2:9: fatal error: 'Foundation/Foundation.h' file not found
    2 | #import <Foundation/Foundation.h>
      |         ^~~~~~~~~~~~~~~~~~~~~~~~~
[147/280] Compiling STDSThreeDS2Service.m
In file included from <built-in>:1:
/host/spi-builder-workspace/.build/wasm32-unknown-wasi/debug/Stripe3DS2.build/DerivedSources/resource_bundle_accessor.h:2:9: fatal error: 'Foundation/Foundation.h' file not found
    2 | #import <Foundation/Foundation.h>
      |         ^~~~~~~~~~~~~~~~~~~~~~~~~
[147/280] Compiling STDSTransaction.m
In file included from <built-in>:1:
/host/spi-builder-workspace/.build/wasm32-unknown-wasi/debug/Stripe3DS2.build/DerivedSources/resource_bundle_accessor.h:2:9: fatal error: 'Foundation/Foundation.h' file not found
    2 | #import <Foundation/Foundation.h>
      |         ^~~~~~~~~~~~~~~~~~~~~~~~~
[147/280] Compiling STDSStripe3DS2Error.m
In file included from <built-in>:1:
/host/spi-builder-workspace/.build/wasm32-unknown-wasi/debug/Stripe3DS2.build/DerivedSources/resource_bundle_accessor.h:2:9: fatal error: 'Foundation/Foundation.h' file not found
    2 | #import <Foundation/Foundation.h>
      |         ^~~~~~~~~~~~~~~~~~~~~~~~~
[147/280] Compiling STDSWarning.m
Running build ...
bash -c docker run --pull=always --rm -v "checkouts-53886769-1":/host -w "$PWD" -e JAVA_HOME="/root/.sdkman/candidates/java/current" -e SPI_BUILD="1" -e SPI_PROCESSING="1" registry.gitlab.com/saguaro1/spi-images:wasm-6.1-latest swift build --swift-sdk wasm32-unknown-wasi 2>&1
wasm-6.1-latest: Pulling from saguaro1/spi-images
Digest: sha256:f257c9b8465670613eb336f6def351d681b1d395aebdb231a45bac980c1f9d3c
Status: Image is up to date for registry.gitlab.com/saguaro1/spi-images:wasm-6.1-latest
[0/1] Planning build
Building for debugging...
In file included from <built-in>:1:
/host/spi-builder-workspace/.build/wasm32-unknown-wasi/debug/Stripe3DS2.build/DerivedSources/resource_bundle_accessor.h:2:9: fatal error: 'Foundation/Foundation.h' file not found
    2 | #import <Foundation/Foundation.h>
      |         ^~~~~~~~~~~~~~~~~~~~~~~~~
1 error generated.
[0/134] Compiling STDSSwiftTryCatch.m
In file included from <built-in>:1:
/host/spi-builder-workspace/.build/wasm32-unknown-wasi/debug/Stripe3DS2.build/DerivedSources/resource_bundle_accessor.h:2:9: fatal error: 'Foundation/Foundation.h' file not found
    2 | #import <Foundation/Foundation.h>
      |         ^~~~~~~~~~~~~~~~~~~~~~~~~
1 error generated.
[0/134] Compiling STDSStripe3DS2Error.m
In file included from <built-in>:1:
/host/spi-builder-workspace/.build/wasm32-unknown-wasi/debug/Stripe3DS2.build/DerivedSources/resource_bundle_accessor.h:2:9: fatal error: 'Foundation/Foundation.h' file not found
    2 | #import <Foundation/Foundation.h>
      |         ^~~~~~~~~~~~~~~~~~~~~~~~~
1 error generated.
[0/134] Compiling STDSTextFieldCustomization.m
In file included from <built-in>:1:
/host/spi-builder-workspace/.build/wasm32-unknown-wasi/debug/Stripe3DS2.build/DerivedSources/resource_bundle_accessor.h:2:9: fatal error: 'Foundation/Foundation.h' file not found
    2 | #import <Foundation/Foundation.h>
      |         ^~~~~~~~~~~~~~~~~~~~~~~~~
[0/134] Compiling STDSThreeDS2Service.m
In file included from <built-in>:1:
/host/spi-builder-workspace/.build/wasm32-unknown-wasi/debug/Stripe3DS2.build/DerivedSources/resource_bundle_accessor.h:2:9: fatal error: 'Foundation/Foundation.h' file not found
    2 | #import <Foundation/Foundation.h>
      |         ^~~~~~~~~~~~~~~~~~~~~~~~~
[0/134] Compiling STDSTransaction.m
In file included from <built-in>:1:
/host/spi-builder-workspace/.build/wasm32-unknown-wasi/debug/Stripe3DS2.build/DerivedSources/resource_bundle_accessor.h:2:9: fatal error: 'Foundation/Foundation.h' file not found
    2 | #import <Foundation/Foundation.h>
      |         ^~~~~~~~~~~~~~~~~~~~~~~~~
[0/134] Compiling STDSUICustomization.m
In file included from <built-in>:1:
/host/spi-builder-workspace/.build/wasm32-unknown-wasi/debug/Stripe3DS2.build/DerivedSources/resource_bundle_accessor.h:2:9: fatal error: 'Foundation/Foundation.h' file not found
    2 | #import <Foundation/Foundation.h>
      |         ^~~~~~~~~~~~~~~~~~~~~~~~~
1 error generated.
[0/134] Compiling STDSWarning.m
[0/134] Write swift-version-24593BA9C3E375BF.txt
BUILD FAILURE 6.1 wasm