The Swift Package Index logo.Swift Package Index

Build Information

Failed to build Smartlook Analytics, reference main (9e07a6), with Swift 6.4 for watchOS using Xcode 27.0 on 21 Sep 2026 12:52:41 UTC.

Build Command

env DEVELOPER_DIR=/Applications/Xcode-27.0.0-Release.Candidate.app xcrun xcodebuild -IDEClonedSourcePackagesDirPathOverride=$PWD/.dependencies -skipMacroValidation -skipPackagePluginValidation -derivedDataPath $PWD/.derivedData build -scheme Smartlook Analytics -destination generic/platform=watchOS

Build Log

========================================
RunAll
========================================
Builder version: 5.1.0
Interrupt handler set up.
========================================
Checkout
========================================
Clone URL: https://github.com/smartlook/analytics-swift-package.git
Reference: main
Initialized empty Git repository in /Users/admin/builder/spi-builder-workspace/.git/
From https://github.com/smartlook/analytics-swift-package
 * branch            main       -> FETCH_HEAD
 * [new branch]      main       -> origin/main
HEAD is now at 9e07a62 Merge pull request #30 from smartlook/release/2.2.15
Cloned https://github.com/smartlook/analytics-swift-package.git
Revision (git rev-parse @):
9e07a62f426365a06ffd75471b2ad4ade4efa0ce
SUCCESS checkout https://github.com/smartlook/analytics-swift-package.git at main
========================================
Build
========================================
Selected platform:         watchOS
Swift version:             6.4
Building package at path:  $PWD
https://github.com/smartlook/analytics-swift-package.git
Command line invocation:
    /Applications/Xcode-27.0.0-Release.Candidate.app/Contents/Developer/usr/bin/xcodebuild -IDEClonedSourcePackagesDirPathOverride=/Users/admin/builder/spi-builder-workspace/.dependencies -resolvePackageDependencies
Resolve Package Graph
Resolve Package Graph
Resolved source packages:
  Smartlook Analytics: /Users/admin/builder/spi-builder-workspace
resolved source packages: Smartlook Analytics
2026-09-21 08:52:02.471 xcodebuild[529:3062] [MT] IDERunDestination: Supported platforms for the buildables in the current scheme is empty.
{
  "dependencies" : [
  ],
  "manifest_display_name" : "Smartlook Analytics",
  "name" : "Smartlook Analytics",
  "path" : "/Users/admin/builder/spi-builder-workspace",
  "platforms" : [
    {
      "name" : "ios",
      "version" : "13.0"
    },
    {
      "name" : "tvos",
      "version" : "13.0"
    },
    {
      "name" : "visionos",
      "version" : "1.0"
    },
    {
      "name" : "maccatalyst",
      "version" : "13.0"
    }
  ],
  "products" : [
    {
      "name" : "SmartlookAnalytics",
      "targets" : [
        "SmartlookAnalytics"
      ],
      "type" : {
        "library" : [
          "automatic"
        ]
      }
    }
  ],
  "targets" : [
    {
      "c99name" : "SmartlookAnalytics",
      "module_type" : "BinaryTarget",
      "name" : "SmartlookAnalytics",
      "path" : "remote/archive/smartlook-ios-sdk-2.2.15.252.zip",
      "product_memberships" : [
        "SmartlookAnalytics"
      ],
      "sources" : [
      ],
      "type" : "binary"
    }
  ],
  "tools_version" : "5.9"
}
{
  "workspace" : {
    "name" : "Smartlook Analytics",
    "schemes" : [
      "Smartlook Analytics"
    ]
  }
}
2026-09-21 08:52:35.152 xcodebuild[639:3943] [MT] IDERunDestination: Supported platforms for the buildables in the current scheme is empty.
Running build ...
env DEVELOPER_DIR=/Applications/Xcode-27.0.0-Release.Candidate.app xcrun xcodebuild -IDEClonedSourcePackagesDirPathOverride=$PWD/.dependencies -skipMacroValidation -skipPackagePluginValidation -derivedDataPath $PWD/.derivedData build -scheme Smartlook Analytics -destination generic/platform=watchOS
Command line invocation:
    /Applications/Xcode-27.0.0-Release.Candidate.app/Contents/Developer/usr/bin/xcodebuild -IDEClonedSourcePackagesDirPathOverride=/Users/admin/builder/spi-builder-workspace/.dependencies -skipMacroValidation -skipPackagePluginValidation -derivedDataPath /Users/admin/builder/spi-builder-workspace/.derivedData build -scheme "Smartlook Analytics" -destination generic/platform=watchOS
Resolve Package Graph
Resolved source packages:
  Smartlook Analytics: /Users/admin/builder/spi-builder-workspace
ComputePackagePrebuildTargetDependencyGraph
Prepare packages
CreateBuildRequest
SendProjectDescription
CreateBuildOperation
ComputeTargetDependencyGraph
note: Building targets in dependency order
note: Target dependency graph (1 target)
    Target 'SmartlookAnalytics-product' in project 'Smartlook Analytics' (no dependencies)
GatherProvisioningInputs
CreateBuildDescription
ExecuteExternalTool /Applications/Xcode-27.0.0-Release.Candidate.app/Contents/Developer/Toolchains/XcodeDefault.xctoolchain/usr/bin/clang -v -E -dM -isysroot /Applications/Xcode-27.0.0-Release.Candidate.app/Contents/Developer/Platforms/WatchOS.platform/Developer/SDKs/WatchOS27.0.sdk -x c -c /dev/null
Build description signature: 283805bc2b1986d46167ecc1e9db16cc
Build description path: /Users/admin/builder/spi-builder-workspace/.derivedData/Build/Intermediates.noindex/XCBuildData/283805bc2b1986d46167ecc1e9db16cc.xcbuilddata
/Users/admin/builder/spi-builder-workspace/.dependencies/artifacts/spi-builder-workspace/SmartlookAnalytics/SmartlookAnalytics.xcframework:1:1: error: While building for watchOS, no library for this platform was found in '/Users/admin/builder/spi-builder-workspace/.dependencies/artifacts/spi-builder-workspace/SmartlookAnalytics/SmartlookAnalytics.xcframework'. (in target 'SmartlookAnalytics-product' from project 'Smartlook Analytics')
2026-09-21 08:52:36.752 xcodebuild[659:4144] [MT] IDERunDestination: Supported platforms for the buildables in the current scheme is empty.
** BUILD FAILED **
The following build commands failed:
	Building workspace Smartlook Analytics with scheme Smartlook Analytics
(1 failure)
Command line invocation:
    /Applications/Xcode-27.0.0-Release.Candidate.app/Contents/Developer/usr/bin/xcodebuild -IDEClonedSourcePackagesDirPathOverride=/Users/admin/builder/spi-builder-workspace/.dependencies -resolvePackageDependencies
Resolve Package Graph
Resolved source packages:
  Smartlook Analytics: /Users/admin/builder/spi-builder-workspace
resolved source packages: Smartlook Analytics
2026-09-21 08:52:38.415 xcodebuild[672:4262] [MT] IDERunDestination: Supported platforms for the buildables in the current scheme is empty.
{
  "dependencies" : [
  ],
  "manifest_display_name" : "Smartlook Analytics",
  "name" : "Smartlook Analytics",
  "path" : "/Users/admin/builder/spi-builder-workspace",
  "platforms" : [
    {
      "name" : "ios",
      "version" : "13.0"
    },
    {
      "name" : "tvos",
      "version" : "13.0"
    },
    {
      "name" : "visionos",
      "version" : "1.0"
    },
    {
      "name" : "maccatalyst",
      "version" : "13.0"
    }
  ],
  "products" : [
    {
      "name" : "SmartlookAnalytics",
      "targets" : [
        "SmartlookAnalytics"
      ],
      "type" : {
        "library" : [
          "automatic"
        ]
      }
    }
  ],
  "targets" : [
    {
      "c99name" : "SmartlookAnalytics",
      "module_type" : "BinaryTarget",
      "name" : "SmartlookAnalytics",
      "path" : "remote/archive/smartlook-ios-sdk-2.2.15.252.zip",
      "product_memberships" : [
        "SmartlookAnalytics"
      ],
      "sources" : [
      ],
      "type" : "binary"
    }
  ],
  "tools_version" : "5.9"
}
{
  "workspace" : {
    "name" : "Smartlook Analytics",
    "schemes" : [
      "Smartlook Analytics"
    ]
  }
}
2026-09-21 08:52:39.786 xcodebuild[680:4322] [MT] IDERunDestination: Supported platforms for the buildables in the current scheme is empty.
Running build ...
env DEVELOPER_DIR=/Applications/Xcode-27.0.0-Release.Candidate.app xcrun xcodebuild -IDEClonedSourcePackagesDirPathOverride=$PWD/.dependencies -skipMacroValidation -skipPackagePluginValidation -derivedDataPath $PWD/.derivedData build -scheme Smartlook Analytics -destination generic/platform=watchOS
Command line invocation:
    /Applications/Xcode-27.0.0-Release.Candidate.app/Contents/Developer/usr/bin/xcodebuild -IDEClonedSourcePackagesDirPathOverride=/Users/admin/builder/spi-builder-workspace/.dependencies -skipMacroValidation -skipPackagePluginValidation -derivedDataPath /Users/admin/builder/spi-builder-workspace/.derivedData build -scheme "Smartlook Analytics" -destination generic/platform=watchOS
Resolve Package Graph
Resolved source packages:
  Smartlook Analytics: /Users/admin/builder/spi-builder-workspace
ComputePackagePrebuildTargetDependencyGraph
Prepare packages
CreateBuildRequest
SendProjectDescription
CreateBuildOperation
ComputeTargetDependencyGraph
note: Building targets in dependency order
note: Target dependency graph (1 target)
    Target 'SmartlookAnalytics-product' in project 'Smartlook Analytics' (no dependencies)
GatherProvisioningInputs
CreateBuildDescription
/Users/admin/builder/spi-builder-workspace/.dependencies/artifacts/spi-builder-workspace/SmartlookAnalytics/SmartlookAnalytics.xcframework:1:1: error: While building for watchOS, no library for this platform was found in '/Users/admin/builder/spi-builder-workspace/.dependencies/artifacts/spi-builder-workspace/SmartlookAnalytics/SmartlookAnalytics.xcframework'. (in target 'SmartlookAnalytics-product' from project 'Smartlook Analytics')
2026-09-21 08:52:40.814 xcodebuild[681:4349] [MT] IDERunDestination: Supported platforms for the buildables in the current scheme is empty.
** BUILD FAILED **
The following build commands failed:
	Building workspace Smartlook Analytics with scheme Smartlook Analytics
(1 failure)
BUILD FAILURE 6.4 watchOS