Build Information
Failed to build HueEntertainmentSwift, reference main (3124c6), with Swift 6.4 for macOS (Xcode) using Xcode 27.0 on 18 Sep 2026 15:26:22 UTC.
Build Command
env DEVELOPER_DIR=/Applications/Xcode-27.0.0-Release.Candidate.app xcrun xcodebuild -IDEClonedSourcePackagesDirPathOverride=$PWD/.dependencies -skipMacroValidation -skipPackagePluginValidation -derivedDataPath $PWD/.derivedData build -scheme HueEntertainmentSwift -destination platform=macOS,arch=arm64Build Log
========================================
RunAll
========================================
Builder version: 5.1.0
Interrupt handler set up.
========================================
Checkout
========================================
Clone URL: https://github.com/nakajima/HueEntertainmentSwift.git
Reference: main
Initialized empty Git repository in /Users/admin/builder/spi-builder-workspace/.git/
From https://github.com/nakajima/HueEntertainmentSwift
* branch main -> FETCH_HEAD
* [new branch] main -> origin/main
HEAD is now at 3124c6f bump
Cloned https://github.com/nakajima/HueEntertainmentSwift.git
Revision (git rev-parse @):
3124c6f4724aad5b5006b3d72d1022457584e5df
SPI manifest file found: $PWD/.spi.yml
SUCCESS checkout https://github.com/nakajima/HueEntertainmentSwift.git at main
========================================
Build
========================================
Selected platform: macosXcodebuild
Swift version: 6.4
Building package at path: $PWD
https://github.com/nakajima/HueEntertainmentSwift.git
Command line invocation:
/Applications/Xcode-27.0.0-Release.Candidate.app/Contents/Developer/usr/bin/xcodebuild -IDEClonedSourcePackagesDirPathOverride=/Users/admin/builder/spi-builder-workspace/.dependencies -resolvePackageDependencies
Resolve Package Graph
Fetching from https://github.com/apple/swift-docc-plugin.git
Fetching from https://github.com/swiftlang/swift-docc-symbolkit
Creating working copy of package ‘swift-docc-plugin’
Checking out 1.5.0 of package ‘swift-docc-plugin’
Creating working copy of package ‘swift-docc-symbolkit’
Checking out 1.0.0 of package ‘swift-docc-symbolkit’
Resolve Package Graph
Resolved source packages:
SymbolKit: https://github.com/swiftlang/swift-docc-symbolkit @ 1.0.0
SwiftDocCPlugin: https://github.com/apple/swift-docc-plugin.git @ 1.5.0
HueEntertainmentSwift: /Users/admin/builder/spi-builder-workspace
resolved source packages: SymbolKit, SwiftDocCPlugin, HueEntertainmentSwift
2026-09-18 11:24:43.698 xcodebuild[530:3038] [MT] IDERunDestination: Supported platforms for the buildables in the current scheme is empty.
{
"dependencies" : [
{
"identity" : "swift-docc-plugin",
"requirement" : {
"range" : [
{
"lower_bound" : "1.0.0",
"upper_bound" : "2.0.0"
}
]
},
"type" : "sourceControl",
"url" : "https://github.com/apple/swift-docc-plugin.git"
}
],
"manifest_display_name" : "HueEntertainmentSwift",
"name" : "HueEntertainmentSwift",
"path" : "/Users/admin/builder/spi-builder-workspace",
"platforms" : [
{
"name" : "ios",
"version" : "15.0"
}
],
"products" : [
{
"name" : "HueEntertainmentSwift",
"targets" : [
"HueEntertainmentSwift"
],
"type" : {
"library" : [
"automatic"
]
}
}
],
"targets" : [
{
"c99name" : "HueEntertainmentSwift",
"module_type" : "SwiftTarget",
"name" : "HueEntertainmentSwift",
"path" : "Sources",
"product_memberships" : [
"HueEntertainmentSwift"
],
"sources" : [
"HueEntertainmentSwift/Animation.swift",
"HueEntertainmentSwift/AreaUpdate.swift",
"HueEntertainmentSwift/Extensions/HueSession+Animation.swift",
"HueEntertainmentSwift/Extensions/HueSession+Auth.swift",
"HueEntertainmentSwift/Extensions/HueSession+Control.swift",
"HueEntertainmentSwift/Extensions/HueSession+HTTP.swift",
"HueEntertainmentSwift/Extensions/HueSession+Settings.swift",
"HueEntertainmentSwift/Extensions/String.swift",
"HueEntertainmentSwift/HueSession.swift",
"HueEntertainmentSwift/JSONTypes.swift",
"HueEntertainmentSwift/Message.swift",
"HueEntertainmentSwift/XYBrightness.swift"
],
"type" : "library"
},
{
"c99name" : "HueEntertainmentAPITests",
"module_type" : "SwiftTarget",
"name" : "HueEntertainmentAPITests",
"path" : "Tests/HueEntertainmentAPITests",
"sources" : [
"HueEntertainmentAPITests.swift"
],
"target_dependencies" : [
"HueEntertainmentSwift"
],
"type" : "test"
}
],
"tools_version" : "5.6"
}
{
"workspace" : {
"name" : "HueEntertainmentSwift",
"schemes" : [
"HueEntertainmentSwift"
]
}
}
2026-09-18 11:25:36.762 xcodebuild[823:5102] [MT] IDERunDestination: Supported platforms for the buildables in the current scheme is empty.
Running build ...
env DEVELOPER_DIR=/Applications/Xcode-27.0.0-Release.Candidate.app xcrun xcodebuild -IDEClonedSourcePackagesDirPathOverride=$PWD/.dependencies -skipMacroValidation -skipPackagePluginValidation -derivedDataPath $PWD/.derivedData build -scheme HueEntertainmentSwift -destination platform=macOS,arch=arm64
Command line invocation:
/Applications/Xcode-27.0.0-Release.Candidate.app/Contents/Developer/usr/bin/xcodebuild -IDEClonedSourcePackagesDirPathOverride=/Users/admin/builder/spi-builder-workspace/.dependencies -skipMacroValidation -skipPackagePluginValidation -derivedDataPath /Users/admin/builder/spi-builder-workspace/.derivedData build -scheme HueEntertainmentSwift -destination platform=macOS,arch=arm64
Resolve Package Graph
Resolve Package Graph
Resolved source packages:
HueEntertainmentSwift: /Users/admin/builder/spi-builder-workspace
SwiftDocCPlugin: https://github.com/apple/swift-docc-plugin.git @ 1.5.0
SymbolKit: https://github.com/swiftlang/swift-docc-symbolkit @ 1.0.0
ComputePackagePrebuildTargetDependencyGraph
Prepare packages
CreateBuildRequest
SendProjectDescription
CreateBuildOperation
ComputeTargetDependencyGraph
note: Building targets in dependency order
note: Target dependency graph (2 targets)
Target 'HueEntertainmentSwift-product' in project 'HueEntertainmentSwift'
➜ Explicit dependency on target 'HueEntertainmentSwift' in project 'HueEntertainmentSwift'
Target 'HueEntertainmentSwift' in project 'HueEntertainmentSwift' (no dependencies)
GatherProvisioningInputs
CreateBuildDescription
ExecuteExternalTool /Applications/Xcode-27.0.0-Release.Candidate.app/Contents/Developer/Toolchains/XcodeDefault.xctoolchain/usr/bin/clang -v -E -dM -isysroot /Applications/Xcode-27.0.0-Release.Candidate.app/Contents/Developer/Platforms/MacOSX.platform/Developer/SDKs/MacOSX27.0.sdk -x c -c /dev/null
ExecuteExternalTool /Applications/Xcode-27.0.0-Release.Candidate.app/Contents/Developer/Toolchains/XcodeDefault.xctoolchain/usr/bin/swiftc --version
ExecuteExternalTool /Applications/Xcode-27.0.0-Release.Candidate.app/Contents/Developer/Toolchains/XcodeDefault.xctoolchain/usr/bin/ld -version_details
ReadFileContents /Applications/Xcode-27.0.0-Release.Candidate.app/Contents/Developer/Toolchains/XcodeDefault.xctoolchain/usr/share/docc/features.json
Build description signature: e2d61700a730fec46d7b2c2e143633d0
Build description path: /Users/admin/builder/spi-builder-workspace/.derivedData/Build/Intermediates.noindex/XCBuildData/e2d61700a730fec46d7b2c2e143633d0.xcbuilddata
CreateBuildDirectory /Users/admin/builder/spi-builder-workspace/.derivedData/SDKExplicitPrecompiledModules
cd /Users/admin/builder/spi-builder-workspace/.swiftpm/xcode
builtin-create-build-directory /Users/admin/builder/spi-builder-workspace/.derivedData/SDKExplicitPrecompiledModules
CreateBuildDirectory /Users/admin/builder/spi-builder-workspace/.derivedData/CompilationCache.noindex
cd /Users/admin/builder/spi-builder-workspace/.swiftpm/xcode
builtin-create-build-directory /Users/admin/builder/spi-builder-workspace/.derivedData/CompilationCache.noindex
CreateBuildDirectory /Users/admin/builder/spi-builder-workspace/.derivedData/ModuleCache.noindex
cd /Users/admin/builder/spi-builder-workspace/.swiftpm/xcode
builtin-create-build-directory /Users/admin/builder/spi-builder-workspace/.derivedData/ModuleCache.noindex
CreateBuildDirectory /Users/admin/builder/spi-builder-workspace/.derivedData/Build/Products
cd /Users/admin/builder/spi-builder-workspace/.swiftpm/xcode
builtin-create-build-directory /Users/admin/builder/spi-builder-workspace/.derivedData/Build/Products
CreateBuildDirectory /Users/admin/builder/spi-builder-workspace/.derivedData/Build/Intermediates.noindex
cd /Users/admin/builder/spi-builder-workspace/.swiftpm/xcode
builtin-create-build-directory /Users/admin/builder/spi-builder-workspace/.derivedData/Build/Intermediates.noindex
ClangStatCache /Applications/Xcode-27.0.0-Release.Candidate.app/Contents/Developer/Toolchains/XcodeDefault.xctoolchain/usr/bin/clang-stat-cache /Applications/Xcode-27.0.0-Release.Candidate.app/Contents/Developer/Platforms/MacOSX.platform/Developer/SDKs/MacOSX27.0.sdk /Users/admin/builder/spi-builder-workspace/.derivedData/SDKStatCaches.noindex/macosx27.0-26A425-e829b21a6f8c9b70876ba0858053c0446a22442a12e9d48fe1a705f55a1adfc4.sdkstatcache
cd /Users/admin/builder/spi-builder-workspace/.swiftpm/xcode
/Applications/Xcode-27.0.0-Release.Candidate.app/Contents/Developer/Toolchains/XcodeDefault.xctoolchain/usr/bin/clang-stat-cache /Applications/Xcode-27.0.0-Release.Candidate.app/Contents/Developer/Platforms/MacOSX.platform/Developer/SDKs/MacOSX27.0.sdk -o /Users/admin/builder/spi-builder-workspace/.derivedData/SDKStatCaches.noindex/macosx27.0-26A425-e829b21a6f8c9b70876ba0858053c0446a22442a12e9d48fe1a705f55a1adfc4.sdkstatcache
CreateBuildDirectory /Users/admin/builder/spi-builder-workspace/.derivedData/Build/Products/Debug
cd /Users/admin/builder/spi-builder-workspace/.swiftpm/xcode
builtin-create-build-directory /Users/admin/builder/spi-builder-workspace/.derivedData/Build/Products/Debug
CreateBuildDirectory /Users/admin/builder/spi-builder-workspace/.derivedData/Build/Intermediates.noindex/SwiftExplicitPrecompiledModules
cd /Users/admin/builder/spi-builder-workspace/.swiftpm/xcode
builtin-create-build-directory /Users/admin/builder/spi-builder-workspace/.derivedData/Build/Intermediates.noindex/SwiftExplicitPrecompiledModules
CreateBuildDirectory /Users/admin/builder/spi-builder-workspace/.derivedData/Build/Intermediates.noindex/PrecompiledHeaders
cd /Users/admin/builder/spi-builder-workspace/.swiftpm/xcode
builtin-create-build-directory /Users/admin/builder/spi-builder-workspace/.derivedData/Build/Intermediates.noindex/PrecompiledHeaders
CreateBuildDirectory /Users/admin/builder/spi-builder-workspace/.derivedData/Build/Intermediates.noindex/ExplicitPrecompiledModules
cd /Users/admin/builder/spi-builder-workspace/.swiftpm/xcode
builtin-create-build-directory /Users/admin/builder/spi-builder-workspace/.derivedData/Build/Intermediates.noindex/ExplicitPrecompiledModules
CreateBuildDirectory /Users/admin/builder/spi-builder-workspace/.derivedData/Build/Intermediates.noindex/EagerLinkingTBDs/Debug
cd /Users/admin/builder/spi-builder-workspace/.swiftpm/xcode
builtin-create-build-directory /Users/admin/builder/spi-builder-workspace/.derivedData/Build/Intermediates.noindex/EagerLinkingTBDs/Debug
CreateBuildDirectory /Users/admin/builder/spi-builder-workspace/.derivedData/Build/Products/Debug/PackageFrameworks
cd /Users/admin/builder/spi-builder-workspace/.swiftpm/xcode
builtin-create-build-directory /Users/admin/builder/spi-builder-workspace/.derivedData/Build/Products/Debug/PackageFrameworks
WriteAuxiliaryFile /Users/admin/builder/spi-builder-workspace/.derivedData/Build/Intermediates.noindex/HueEntertainmentSwift.build/Debug/HueEntertainmentSwift-t.build/HueEntertainmentSwift.DependencyStaticMetadataFileList (in target 'HueEntertainmentSwift' from project 'HueEntertainmentSwift')
cd /Users/admin/builder/spi-builder-workspace
write-file /Users/admin/builder/spi-builder-workspace/.derivedData/Build/Intermediates.noindex/HueEntertainmentSwift.build/Debug/HueEntertainmentSwift-t.build/HueEntertainmentSwift.DependencyStaticMetadataFileList
WriteAuxiliaryFile /Users/admin/builder/spi-builder-workspace/.derivedData/Build/Intermediates.noindex/HueEntertainmentSwift.build/Debug/HueEntertainmentSwift-t.build/HueEntertainmentSwift.modulemap (in target 'HueEntertainmentSwift' from project 'HueEntertainmentSwift')
cd /Users/admin/builder/spi-builder-workspace
write-file /Users/admin/builder/spi-builder-workspace/.derivedData/Build/Intermediates.noindex/HueEntertainmentSwift.build/Debug/HueEntertainmentSwift-t.build/HueEntertainmentSwift.modulemap
WriteAuxiliaryFile /Users/admin/builder/spi-builder-workspace/.derivedData/Build/Intermediates.noindex/HueEntertainmentSwift.build/Debug/HueEntertainmentSwift-t.build/Objects-normal/arm64/HueEntertainmentSwift_const_extract_protocols.json (in target 'HueEntertainmentSwift' from project 'HueEntertainmentSwift')
cd /Users/admin/builder/spi-builder-workspace
write-file /Users/admin/builder/spi-builder-workspace/.derivedData/Build/Intermediates.noindex/HueEntertainmentSwift.build/Debug/HueEntertainmentSwift-t.build/Objects-normal/arm64/HueEntertainmentSwift_const_extract_protocols.json
WriteAuxiliaryFile /Users/admin/builder/spi-builder-workspace/.derivedData/Build/Intermediates.noindex/HueEntertainmentSwift.build/Debug/HueEntertainmentSwift-t.build/Objects-normal/arm64/HueEntertainmentSwift.LinkFileList (in target 'HueEntertainmentSwift' from project 'HueEntertainmentSwift')
cd /Users/admin/builder/spi-builder-workspace
write-file /Users/admin/builder/spi-builder-workspace/.derivedData/Build/Intermediates.noindex/HueEntertainmentSwift.build/Debug/HueEntertainmentSwift-t.build/Objects-normal/arm64/HueEntertainmentSwift.LinkFileList
WriteAuxiliaryFile /Users/admin/builder/spi-builder-workspace/.derivedData/Build/Intermediates.noindex/HueEntertainmentSwift.build/Debug/HueEntertainmentSwift-t.build/Objects-normal/arm64/HueEntertainmentSwift.SwiftConstValuesFileList (in target 'HueEntertainmentSwift' from project 'HueEntertainmentSwift')
cd /Users/admin/builder/spi-builder-workspace
write-file /Users/admin/builder/spi-builder-workspace/.derivedData/Build/Intermediates.noindex/HueEntertainmentSwift.build/Debug/HueEntertainmentSwift-t.build/Objects-normal/arm64/HueEntertainmentSwift.SwiftConstValuesFileList
WriteAuxiliaryFile /Users/admin/builder/spi-builder-workspace/.derivedData/Build/Intermediates.noindex/HueEntertainmentSwift.build/Debug/HueEntertainmentSwift-t.build/Objects-normal/arm64/HueEntertainmentSwift.SwiftFileList (in target 'HueEntertainmentSwift' from project 'HueEntertainmentSwift')
cd /Users/admin/builder/spi-builder-workspace
write-file /Users/admin/builder/spi-builder-workspace/.derivedData/Build/Intermediates.noindex/HueEntertainmentSwift.build/Debug/HueEntertainmentSwift-t.build/Objects-normal/arm64/HueEntertainmentSwift.SwiftFileList
WriteAuxiliaryFile /Users/admin/builder/spi-builder-workspace/.derivedData/Build/Intermediates.noindex/HueEntertainmentSwift.build/Debug/HueEntertainmentSwift-t.build/Objects-normal/arm64/HueEntertainmentSwift-OutputFileMap.json (in target 'HueEntertainmentSwift' from project 'HueEntertainmentSwift')
cd /Users/admin/builder/spi-builder-workspace
write-file /Users/admin/builder/spi-builder-workspace/.derivedData/Build/Intermediates.noindex/HueEntertainmentSwift.build/Debug/HueEntertainmentSwift-t.build/Objects-normal/arm64/HueEntertainmentSwift-OutputFileMap.json
WriteAuxiliaryFile /Users/admin/builder/spi-builder-workspace/.derivedData/Build/Intermediates.noindex/HueEntertainmentSwift.build/Debug/HueEntertainmentSwift-t.build/HueEntertainmentSwift.DependencyMetadataFileList (in target 'HueEntertainmentSwift' from project 'HueEntertainmentSwift')
cd /Users/admin/builder/spi-builder-workspace
write-file /Users/admin/builder/spi-builder-workspace/.derivedData/Build/Intermediates.noindex/HueEntertainmentSwift.build/Debug/HueEntertainmentSwift-t.build/HueEntertainmentSwift.DependencyMetadataFileList
Copy /Users/admin/builder/spi-builder-workspace/.derivedData/Build/Intermediates.noindex/GeneratedModuleMaps/HueEntertainmentSwift.modulemap /Users/admin/builder/spi-builder-workspace/.derivedData/Build/Intermediates.noindex/HueEntertainmentSwift.build/Debug/HueEntertainmentSwift-t.build/HueEntertainmentSwift.modulemap (in target 'HueEntertainmentSwift' from project 'HueEntertainmentSwift')
cd /Users/admin/builder/spi-builder-workspace
builtin-copy -exclude .DS_Store -exclude CVS -exclude .svn -exclude .git -exclude .hg -resolve-src-symlinks /Users/admin/builder/spi-builder-workspace/.derivedData/Build/Intermediates.noindex/HueEntertainmentSwift.build/Debug/HueEntertainmentSwift-t.build/HueEntertainmentSwift.modulemap /Users/admin/builder/spi-builder-workspace/.derivedData/Build/Intermediates.noindex/GeneratedModuleMaps
SwiftDriver HueEntertainmentSwift normal arm64 com.apple.xcode.tools.swift.compiler (in target 'HueEntertainmentSwift' from project 'HueEntertainmentSwift')
cd /Users/admin/builder/spi-builder-workspace/.swiftpm/xcode
builtin-SwiftDriver -- /Applications/Xcode-27.0.0-Release.Candidate.app/Contents/Developer/Toolchains/XcodeDefault.xctoolchain/usr/bin/swiftc -parse-as-library -module-name HueEntertainmentSwift -Onone @/Users/admin/builder/spi-builder-workspace/.derivedData/Build/Intermediates.noindex/HueEntertainmentSwift.build/Debug/HueEntertainmentSwift-t.build/Objects-normal/arm64/HueEntertainmentSwift.SwiftFileList -DSWIFT_PACKAGE -DDEBUG -DSWIFT_MODULE_RESOURCE_BUNDLE_UNAVAILABLE -DXcode -plugin-path /Applications/Xcode-27.0.0-Release.Candidate.app/Contents/Developer/Toolchains/XcodeDefault.xctoolchain/usr/lib/swift/host/plugins/testing -enable-experimental-feature DebugDescriptionMacro -sdk /Applications/Xcode-27.0.0-Release.Candidate.app/Contents/Developer/Platforms/MacOSX.platform/Developer/SDKs/MacOSX27.0.sdk -target arm64-apple-macos12.0 -g -module-cache-path /Users/admin/builder/spi-builder-workspace/.derivedData/ModuleCache.noindex -Xfrontend -serialize-debugging-options -profile-coverage-mapping -profile-generate -enable-testing -index-store-path /Users/admin/builder/spi-builder-workspace/.derivedData/Index.noindex/DataStore -Xcc -D_LIBCPP_HARDENING_MODE\=_LIBCPP_HARDENING_MODE_DEBUG -swift-version 5 -I /Users/admin/builder/spi-builder-workspace/.derivedData/Build/Products/Debug -Isystem /Applications/Xcode-27.0.0-Release.Candidate.app/Contents/Developer/Platforms/MacOSX.platform/Developer/usr/lib -F /Users/admin/builder/spi-builder-workspace/.derivedData/Build/Products/Debug -F /Applications/Xcode-27.0.0-Release.Candidate.app/Contents/Developer/Platforms/MacOSX.platform/Developer/Library/Frameworks -c -j10 -enable-batch-mode -incremental -Xcc -ivfsstatcache -Xcc /Users/admin/builder/spi-builder-workspace/.derivedData/SDKStatCaches.noindex/macosx27.0-26A425-e829b21a6f8c9b70876ba0858053c0446a22442a12e9d48fe1a705f55a1adfc4.sdkstatcache -output-file-map /Users/admin/builder/spi-builder-workspace/.derivedData/Build/Intermediates.noindex/HueEntertainmentSwift.build/Debug/HueEntertainmentSwift-t.build/Objects-normal/arm64/HueEntertainmentSwift-OutputFileMap.json -save-temps -no-color-diagnostics -explicit-module-build -module-cache-path /Users/admin/builder/spi-builder-workspace/.derivedData/Build/Intermediates.noindex/SwiftExplicitPrecompiledModules -clang-scanner-module-cache-path /Users/admin/builder/spi-builder-workspace/.derivedData/ModuleCache.noindex -sdk-module-cache-path /Users/admin/builder/spi-builder-workspace/.derivedData/SDKExplicitPrecompiledModules -emit-dependencies -emit-module -emit-module-path /Users/admin/builder/spi-builder-workspace/.derivedData/Build/Intermediates.noindex/HueEntertainmentSwift.build/Debug/HueEntertainmentSwift-t.build/Objects-normal/arm64/HueEntertainmentSwift.swiftmodule -serialize-diagnostics -dependency-scan-serialize-diagnostics-path /Users/admin/builder/spi-builder-workspace/.derivedData/Build/Intermediates.noindex/HueEntertainmentSwift.build/Debug/HueEntertainmentSwift-t.build/Objects-normal/arm64/HueEntertainmentSwift-dependency-scan.dia -validate-clang-modules-once -clang-build-session-file /Users/admin/builder/spi-builder-workspace/.derivedData/ModuleCache.noindex/Session.modulevalidation -Xcc -fmodules-prune-interval\=86400 -Xcc -fmodules-prune-after\=345600 -emit-const-values -const-gather-protocols-list /Users/admin/builder/spi-builder-workspace/.derivedData/Build/Intermediates.noindex/HueEntertainmentSwift.build/Debug/HueEntertainmentSwift-t.build/Objects-normal/arm64/HueEntertainmentSwift_const_extract_protocols.json -Xcc -I/Users/admin/builder/spi-builder-workspace/.derivedData/Build/Products/Debug/include -Xcc -I/Users/admin/builder/spi-builder-workspace/.derivedData/Build/Intermediates.noindex/HueEntertainmentSwift.build/Debug/HueEntertainmentSwift-t.build/DerivedSources-normal/arm64 -Xcc -I/Users/admin/builder/spi-builder-workspace/.derivedData/Build/Intermediates.noindex/HueEntertainmentSwift.build/Debug/HueEntertainmentSwift-t.build/DerivedSources/arm64 -Xcc -I/Users/admin/builder/spi-builder-workspace/.derivedData/Build/Intermediates.noindex/HueEntertainmentSwift.build/Debug/HueEntertainmentSwift-t.build/DerivedSources -Xcc -DSWIFT_PACKAGE -Xcc -DDEBUG\=1 -emit-objc-header -emit-objc-header-path /Users/admin/builder/spi-builder-workspace/.derivedData/Build/Intermediates.noindex/HueEntertainmentSwift.build/Debug/HueEntertainmentSwift-t.build/Objects-normal/arm64/HueEntertainmentSwift-Swift.h -working-directory /Users/admin/builder/spi-builder-workspace/.swiftpm/xcode -experimental-emit-module-separately -disable-cmo
SwiftExplicitDependencyGeneratePcm arm64 /Users/admin/builder/spi-builder-workspace/.derivedData/SDKExplicitPrecompiledModules/DeveloperToolsSupport-13SNQ6N57G3DOS3KQA7V91OE7.pcm
SwiftExplicitDependencyGeneratePcm arm64 /Users/admin/builder/spi-builder-workspace/.derivedData/SDKExplicitPrecompiledModules/_AvailabilityInternal-CJTV5E7EL3MWRA437DUFPBVN2.pcm
SwiftExplicitDependencyGeneratePcm arm64 /Users/admin/builder/spi-builder-workspace/.derivedData/SDKExplicitPrecompiledModules/_SwiftConcurrencyShims-BLUUWKI6AGMD7TJ4RGYS7DP6T.pcm
SwiftExplicitDependencyGeneratePcm arm64 /Users/admin/builder/spi-builder-workspace/.derivedData/SDKExplicitPrecompiledModules/_Builtin_stdarg-7CFWA9OSW5N24E7PG4ZOCF1VH.pcm
SwiftExplicitDependencyGeneratePcm arm64 /Users/admin/builder/spi-builder-workspace/.derivedData/SDKExplicitPrecompiledModules/_Builtin_stddef-3GI9GOKXSW3QCTFOI1USFLDZO.pcm
SwiftExplicitDependencyGeneratePcm arm64 /Users/admin/builder/spi-builder-workspace/.derivedData/SDKExplicitPrecompiledModules/SwiftShims-C4V0DQ62WSTCYBYGILXXGQNO3.pcm
SwiftExplicitDependencyGeneratePcm arm64 /Users/admin/builder/spi-builder-workspace/.derivedData/SDKExplicitPrecompiledModules/ptrauth-2W92ZJRLNJU99RJUQGGJG3OC3.pcm
SwiftExplicitDependencyGeneratePcm arm64 /Users/admin/builder/spi-builder-workspace/.derivedData/SDKExplicitPrecompiledModules/_Builtin_stdbool-KYV2HKP8IKLKMKQS9DGA2GUQ.pcm
SwiftExplicitDependencyGeneratePcm arm64 /Users/admin/builder/spi-builder-workspace/.derivedData/SDKExplicitPrecompiledModules/_Builtin_float-105CRCDRP90FQCQO5ZX1LHV7H.pcm
SwiftExplicitDependencyGeneratePcm arm64 /Users/admin/builder/spi-builder-workspace/.derivedData/SDKExplicitPrecompiledModules/ptrcheck-DHLCBWKPNUZOYTPJ1J3QVTCXK.pcm
SwiftExplicitDependencyGeneratePcm arm64 /Users/admin/builder/spi-builder-workspace/.derivedData/SDKExplicitPrecompiledModules/_DarwinFoundation1-7PRJIG163YE9KSKYA3BS35ZZP.pcm
SwiftExplicitDependencyGeneratePcm arm64 /Users/admin/builder/spi-builder-workspace/.derivedData/SDKExplicitPrecompiledModules/_Builtin_limits-AXGUGXBFPC0I7QDLJFB0K341Y.pcm
SwiftExplicitDependencyGeneratePcm arm64 /Users/admin/builder/spi-builder-workspace/.derivedData/SDKExplicitPrecompiledModules/_DarwinFoundation2-94WUUGE4H5R03OWXE0QFZX1DN.pcm
SwiftExplicitDependencyGeneratePcm arm64 /Users/admin/builder/spi-builder-workspace/.derivedData/SDKExplicitPrecompiledModules/_Builtin_tgmath-52XE6HC8DWOG6S7B5QAI046D1.pcm
SwiftExplicitDependencyGeneratePcm arm64 /Users/admin/builder/spi-builder-workspace/.derivedData/SDKExplicitPrecompiledModules/string_h-10WPXBF3YFYMX5HUAW06LSABR.pcm
SwiftExplicitDependencyGeneratePcm arm64 /Users/admin/builder/spi-builder-workspace/.derivedData/SDKExplicitPrecompiledModules/_Builtin_stdint-22CBBOK8BNSF0UELDCAXSHGB.pcm
SwiftExplicitDependencyGeneratePcm arm64 /Users/admin/builder/spi-builder-workspace/.derivedData/SDKExplicitPrecompiledModules/sys_types-F4RNCN6UR5R5OWTLTOUM7TN3E.pcm
SwiftExplicitDependencyGeneratePcm arm64 /Users/admin/builder/spi-builder-workspace/.derivedData/SDKExplicitPrecompiledModules/_Builtin_intrinsics-4O6R03GTH5FLWSHEUBP0Z3GZ2.pcm
SwiftExplicitDependencyGeneratePcm arm64 /Users/admin/builder/spi-builder-workspace/.derivedData/SDKExplicitPrecompiledModules/_Builtin_stdatomic-8LN7S35C6I48KJOCW7VPXX04X.pcm
SwiftExplicitDependencyGeneratePcm arm64 /Users/admin/builder/spi-builder-workspace/.derivedData/SDKExplicitPrecompiledModules/libDER-5RCYOD0PCUUY2UGMBNE9LI8N9.pcm
SwiftExplicitDependencyGeneratePcm arm64 /Users/admin/builder/spi-builder-workspace/.derivedData/SDKExplicitPrecompiledModules/_DarwinFoundation3-32PO5Q4RCB6WXH5VFO3HA3AVS.pcm
SwiftExplicitDependencyGeneratePcm arm64 /Users/admin/builder/spi-builder-workspace/.derivedData/SDKExplicitPrecompiledModules/_Builtin_inttypes-1U6AP9A8AJ4G9WD98E9RHLGTJ.pcm
SwiftExplicitDependencyGeneratePcm arm64 /Users/admin/builder/spi-builder-workspace/.derivedData/SDKExplicitPrecompiledModules/Darwin-1RAAWNGKQM8YGHV0YJNNN5YDY.pcm
SwiftExplicitDependencyGeneratePcm arm64 /Users/admin/builder/spi-builder-workspace/.derivedData/SDKExplicitPrecompiledModules/simd-A9TKR8OE9APRJ1RNS7F0OBY4Q.pcm
SwiftExplicitDependencyGeneratePcm arm64 /Users/admin/builder/spi-builder-workspace/.derivedData/SDKExplicitPrecompiledModules/CUPS-45MNISAOHSEBD6VQA5G0MXN9H.pcm
SwiftExplicitDependencyGeneratePcm arm64 /Users/admin/builder/spi-builder-workspace/.derivedData/SDKExplicitPrecompiledModules/libkern-22MDXN9G35RPO3OLKX9B2PN16.pcm
SwiftExplicitDependencyGeneratePcm arm64 /Users/admin/builder/spi-builder-workspace/.derivedData/SDKExplicitPrecompiledModules/MachO-AWTJ65TFR7TMST2NUE6ZCC1SL.pcm
SwiftExplicitDependencyGeneratePcm arm64 /Users/admin/builder/spi-builder-workspace/.derivedData/SDKExplicitPrecompiledModules/launch-2XAORMJNLLVS0OVKC1M0752GY.pcm
SwiftExplicitDependencyGeneratePcm arm64 /Users/admin/builder/spi-builder-workspace/.derivedData/SDKExplicitPrecompiledModules/ObjectiveC-B89IQP2TC4CFSWOUMTUZRI1VZ.pcm
SwiftExplicitDependencyGeneratePcm arm64 /Users/admin/builder/spi-builder-workspace/.derivedData/SDKExplicitPrecompiledModules/Spatial-2JNOU2HNJ0Q174XCFCD0GCOUQ.pcm
SwiftExplicitDependencyGeneratePcm arm64 /Users/admin/builder/spi-builder-workspace/.derivedData/SDKExplicitPrecompiledModules/os_object-3KLCCI03OX6OQTLJ92KQH2KIO.pcm
SwiftExplicitDependencyGeneratePcm arm64 /Users/admin/builder/spi-builder-workspace/.derivedData/SDKExplicitPrecompiledModules/os_workgroup-10SJ5M8R2OB4BG1TPFL9SZMKV.pcm
SwiftExplicitDependencyGeneratePcm arm64 /Users/admin/builder/spi-builder-workspace/.derivedData/SDKExplicitPrecompiledModules/Dispatch-NAMWF9KN29KC7Z5OS3TTTAE8.pcm
SwiftExplicitDependencyGeneratePcm arm64 /Users/admin/builder/spi-builder-workspace/.derivedData/SDKExplicitPrecompiledModules/XPC-E1MSAZG4ZNL24S2WK6K6Y7GWW.pcm
SwiftExplicitDependencyGeneratePcm arm64 /Users/admin/builder/spi-builder-workspace/.derivedData/SDKExplicitPrecompiledModules/dnssd-5V92N9LLMCLZ0RRCJ1W0WH553.pcm
SwiftExplicitDependencyGeneratePcm arm64 /Users/admin/builder/spi-builder-workspace/.derivedData/SDKExplicitPrecompiledModules/CoreFoundation-4ZIITQ30SOGUQE8KJAB99ZV0Q.pcm
SwiftExplicitDependencyGeneratePcm arm64 /Users/admin/builder/spi-builder-workspace/.derivedData/SDKExplicitPrecompiledModules/os-BYOEVK2GEMB4Q8WWHGZGREA00.pcm
SwiftExplicitDependencyGeneratePcm arm64 /Users/admin/builder/spi-builder-workspace/.derivedData/SDKExplicitPrecompiledModules/Security-ESPJ7FP0YAY1EL3VXBGY9MCZ8.pcm
SwiftExplicitDependencyGeneratePcm arm64 /Users/admin/builder/spi-builder-workspace/.derivedData/SDKExplicitPrecompiledModules/CFNetwork-CVHS5CT20191MFYXQIEDWSRGJ.pcm
SwiftExplicitDependencyGeneratePcm arm64 /Users/admin/builder/spi-builder-workspace/.derivedData/SDKExplicitPrecompiledModules/CoreAudioTypes-EEH2XZ47XX4YM3FOOISUYVRQE.pcm
SwiftExplicitDependencyGeneratePcm arm64 /Users/admin/builder/spi-builder-workspace/.derivedData/SDKExplicitPrecompiledModules/ColorSync-BBCIZDDQ6O3QECFAWJQ6RU4ZJ.pcm
SwiftExplicitDependencyGeneratePcm arm64 /Users/admin/builder/spi-builder-workspace/.derivedData/SDKExplicitPrecompiledModules/IOKit-6H3X691EDBH124EYTC2PEOP5T.pcm
SwiftExplicitDependencyGeneratePcm arm64 /Users/admin/builder/spi-builder-workspace/.derivedData/SDKExplicitPrecompiledModules/CoreGraphics-5TRMNDB7ZP6FFMRNSZCWEOZMD.pcm
SwiftExplicitDependencyGeneratePcm arm64 /Users/admin/builder/spi-builder-workspace/.derivedData/SDKExplicitPrecompiledModules/DiskArbitration-ZNZZU7T0SYELB0DAR56WQF0R.pcm
SwiftExplicitDependencyGeneratePcm arm64 /Users/admin/builder/spi-builder-workspace/.derivedData/SDKExplicitPrecompiledModules/CoreServices-CGCGY0FOMEQGSNMO3HQSC09XU.pcm
SwiftExplicitDependencyGeneratePcm arm64 /Users/admin/builder/spi-builder-workspace/.derivedData/SDKExplicitPrecompiledModules/ImageIO-88YNP2EU498GB5YXIFJ9ANNYW.pcm
SwiftExplicitDependencyGeneratePcm arm64 /Users/admin/builder/spi-builder-workspace/.derivedData/SDKExplicitPrecompiledModules/CoreText-C1WSF2HWGIKVJ2XHWBKXQBSEY.pcm
SwiftExplicitDependencyGeneratePcm arm64 /Users/admin/builder/spi-builder-workspace/.derivedData/SDKExplicitPrecompiledModules/Foundation-44WR0NU86C67CV5BW8W1MGKNG.pcm
SwiftExplicitDependencyGeneratePcm arm64 /Users/admin/builder/spi-builder-workspace/.derivedData/SDKExplicitPrecompiledModules/OSLog-1GSRGGGEESVJH9OULZA91RAA3.pcm
SwiftExplicitDependencyGeneratePcm arm64 /Users/admin/builder/spi-builder-workspace/.derivedData/SDKExplicitPrecompiledModules/CoreTransferable-2HJ1Z8HJBPECRD89AVJ0X7S63.pcm
SwiftExplicitDependencyGeneratePcm arm64 /Users/admin/builder/spi-builder-workspace/.derivedData/SDKExplicitPrecompiledModules/UniformTypeIdentifiers-5LG8RE3Q01MBLZVRR3FFHHL5H.pcm
SwiftExplicitDependencyGeneratePcm arm64 /Users/admin/builder/spi-builder-workspace/.derivedData/SDKExplicitPrecompiledModules/DataDetection-5GDUUWT6YIA10PE5D9A8SXWZ9.pcm
SwiftExplicitDependencyGeneratePcm arm64 /Users/admin/builder/spi-builder-workspace/.derivedData/SDKExplicitPrecompiledModules/Symbols-2NFSQR6R0R96WH1KKGBXW1J.pcm
SwiftExplicitDependencyGeneratePcm arm64 /Users/admin/builder/spi-builder-workspace/.derivedData/SDKExplicitPrecompiledModules/ApplicationServices-ALXSS633FQY42UMJSLR6MNLSK.pcm
SwiftExplicitDependencyGeneratePcm arm64 /Users/admin/builder/spi-builder-workspace/.derivedData/SDKExplicitPrecompiledModules/CoreData-4EPJ39F9L3QQ9486B5AMG5G6J.pcm
SwiftExplicitDependencyGeneratePcm arm64 /Users/admin/builder/spi-builder-workspace/.derivedData/SDKExplicitPrecompiledModules/Accessibility-6F38G4T85MOHD9AA2EH4U2PJS.pcm
SwiftExplicitDependencyGeneratePcm arm64 /Users/admin/builder/spi-builder-workspace/.derivedData/SDKExplicitPrecompiledModules/IOSurface-1TUG4NQVIPJF59WSUNATZ447F.pcm
SwiftExplicitDependencyGeneratePcm arm64 /Users/admin/builder/spi-builder-workspace/.derivedData/SDKExplicitPrecompiledModules/CoreAudio-8XPVZMQXZVBU162UQPW77JTL1.pcm
SwiftExplicitDependencyGeneratePcm arm64 /Users/admin/builder/spi-builder-workspace/.derivedData/SDKExplicitPrecompiledModules/Network-DNJ6CH9B8OJ51G462QPX58B5X.pcm
SwiftExplicitDependencyGeneratePcm arm64 /Users/admin/builder/spi-builder-workspace/.derivedData/SDKExplicitPrecompiledModules/Metal-KM8CI04R5X5OUWMGRMNZE4KP.pcm
SwiftExplicitDependencyGeneratePcm arm64 /Users/admin/builder/spi-builder-workspace/.derivedData/SDKExplicitPrecompiledModules/OpenGL-FXV81CD8YS42YTVJKJH1VLGA.pcm
SwiftExplicitDependencyGeneratePcm arm64 /Users/admin/builder/spi-builder-workspace/.derivedData/SDKExplicitPrecompiledModules/CoreVideo-11TKSDKW0L2K02H4B9ZHWLM3B.pcm
SwiftExplicitDependencyGeneratePcm arm64 /Users/admin/builder/spi-builder-workspace/.derivedData/SDKExplicitPrecompiledModules/CoreImage-AKYY8VSFWQ6KIIXG3EQJ7PW5T.pcm
SwiftExplicitDependencyGeneratePcm arm64 /Users/admin/builder/spi-builder-workspace/.derivedData/SDKExplicitPrecompiledModules/CoreMedia-699WGYGEEF2LGFEEGSCM9Y1UF.pcm
SwiftExplicitDependencyGeneratePcm arm64 /Users/admin/builder/spi-builder-workspace/.derivedData/SDKExplicitPrecompiledModules/QuartzCore-AP21NXF3BYPWOG416U3DI6QME.pcm
SwiftExplicitDependencyGeneratePcm arm64 /Users/admin/builder/spi-builder-workspace/.derivedData/SDKExplicitPrecompiledModules/SwiftUICore-ESLJM4CVIQEQNCRTK6KPAF1I7.pcm
SwiftExplicitDependencyGeneratePcm arm64 /Users/admin/builder/spi-builder-workspace/.derivedData/SDKExplicitPrecompiledModules/AppKit-C2WRQ26QXORUMMNQB0M8H4QYD.pcm
SwiftExplicitDependencyGeneratePcm arm64 /Users/admin/builder/spi-builder-workspace/.derivedData/SDKExplicitPrecompiledModules/SwiftUI-5IEOINZEJ69OCDVRMHPS5W4XI.pcm
SwiftCompile normal arm64 Compiling\ String.swift /Users/admin/builder/spi-builder-workspace/Sources/HueEntertainmentSwift/Extensions/String.swift (in target 'HueEntertainmentSwift' from project 'HueEntertainmentSwift')
SwiftCompile normal arm64 /Users/admin/builder/spi-builder-workspace/Sources/HueEntertainmentSwift/Extensions/String.swift (in target 'HueEntertainmentSwift' from project 'HueEntertainmentSwift')
cd /Users/admin/builder/spi-builder-workspace/.swiftpm/xcode
builtin-SwiftPerFileCompile String.swift
SwiftCompile normal arm64 Compiling\ HueSession+HTTP.swift /Users/admin/builder/spi-builder-workspace/Sources/HueEntertainmentSwift/Extensions/HueSession+HTTP.swift (in target 'HueEntertainmentSwift' from project 'HueEntertainmentSwift')
SwiftCompile normal arm64 /Users/admin/builder/spi-builder-workspace/Sources/HueEntertainmentSwift/Extensions/HueSession+HTTP.swift (in target 'HueEntertainmentSwift' from project 'HueEntertainmentSwift')
cd /Users/admin/builder/spi-builder-workspace/.swiftpm/xcode
builtin-SwiftPerFileCompile HueSession+HTTP.swift
SwiftEmitModule normal arm64 Emitting\ module\ for\ HueEntertainmentSwift (in target 'HueEntertainmentSwift' from project 'HueEntertainmentSwift')
/Users/admin/builder/spi-builder-workspace/Sources/HueEntertainmentSwift/XYBrightness.swift:80:23: error: cannot find type 'UIColor' in scope
78 |
79 | @available(iOS 14, *)
80 | public init(uiColor: UIColor, forcedBrightness: Double? = nil) {
| `- error: cannot find type 'UIColor' in scope
81 | self.gamut = GamutC
82 |
Failed frontend command:
/Applications/Xcode-27.0.0-Release.Candidate.app/Contents/Developer/Toolchains/XcodeDefault.xctoolchain/usr/bin/swift-frontend -frontend -emit-module -experimental-skip-non-inlinable-function-bodies-without-types /Users/admin/builder/spi-builder-workspace/Sources/HueEntertainmentSwift/Animation.swift /Users/admin/builder/spi-builder-workspace/Sources/HueEntertainmentSwift/AreaUpdate.swift /Users/admin/builder/spi-builder-workspace/Sources/HueEntertainmentSwift/Extensions/HueSession+Animation.swift /Users/admin/builder/spi-builder-workspace/Sources/HueEntertainmentSwift/Extensions/HueSession+Auth.swift /Users/admin/builder/spi-builder-workspace/Sources/HueEntertainmentSwift/Extensions/HueSession+Control.swift /Users/admin/builder/spi-builder-workspace/Sources/HueEntertainmentSwift/Extensions/HueSession+HTTP.swift /Users/admin/builder/spi-builder-workspace/Sources/HueEntertainmentSwift/Extensions/HueSession+Settings.swift /Users/admin/builder/spi-builder-workspace/Sources/HueEntertainmentSwift/Extensions/String.swift /Users/admin/builder/spi-builder-workspace/Sources/HueEntertainmentSwift/HueSession.swift /Users/admin/builder/spi-builder-workspace/Sources/HueEntertainmentSwift/JSONTypes.swift /Users/admin/builder/spi-builder-workspace/Sources/HueEntertainmentSwift/Message.swift /Users/admin/builder/spi-builder-workspace/Sources/HueEntertainmentSwift/XYBrightness.swift -target arm64-apple-macos12.0 -disable-cross-import-overlay-search -load-resolved-plugin /Applications/Xcode-27.0.0-Release.Candidate.app/Contents/Developer/Platforms/MacOSX.platform/Developer/usr/lib/swift/host/plugins/libFoundationMacros.dylib\#/Applications/Xcode-27.0.0-Release.Candidate.app/Contents/Developer/Platforms/MacOSX.platform/Developer/usr/bin/swift-plugin-server\#FoundationMacros -load-resolved-plugin /Applications/Xcode-27.0.0-Release.Candidate.app/Contents/Developer/Platforms/MacOSX.platform/Developer/usr/lib/swift/host/plugins/libObservationMacros.dylib\#/Applications/Xcode-27.0.0-Release.Candidate.app/Contents/Developer/Platforms/MacOSX.platform/Developer/usr/bin/swift-plugin-server\#ObservationMacros -load-resolved-plugin /Applications/Xcode-27.0.0-Release.Candidate.app/Contents/Developer/Platforms/MacOSX.platform/Developer/usr/lib/swift/host/plugins/libPreviewsMacros.dylib\#/Applications/Xcode-27.0.0-Release.Candidate.app/Contents/Developer/Platforms/MacOSX.platform/Developer/usr/bin/swift-plugin-server\#PreviewsMacros -load-resolved-plugin /Applications/Xcode-27.0.0-Release.Candidate.app/Contents/Developer/Platforms/MacOSX.platform/Developer/usr/lib/swift/host/plugins/libSwiftMacros.dylib\#/Applications/Xcode-27.0.0-Release.Candidate.app/Contents/Developer/Platforms/MacOSX.platform/Developer/usr/bin/swift-plugin-server\#SwiftMacros -load-resolved-plugin /Applications/Xcode-27.0.0-Release.Candidate.app/Contents/Developer/Platforms/MacOSX.platform/Developer/usr/lib/swift/host/plugins/libSwiftUIMacros.dylib\#/Applications/Xcode-27.0.0-Release.Candidate.app/Contents/Developer/Platforms/MacOSX.platform/Developer/usr/bin/swift-plugin-server\#SwiftUIMacros -disable-implicit-swift-modules -Xcc -fno-implicit-modules -Xcc -fno-implicit-module-maps -explicit-swift-module-map-file /Users/admin/builder/spi-builder-workspace/.derivedData/Build/Intermediates.noindex/HueEntertainmentSwift.build/Debug/HueEntertainmentSwift-t.build/Objects-normal/arm64/HueEntertainmentSwift-dependencies-1.json -Xllvm -aarch64-use-tbi -enable-objc-interop -stack-check -sdk /Applications/Xcode-27.0.0-Release.Candidate.app/Contents/Developer/Platforms/MacOSX.platform/Developer/SDKs/MacOSX27.0.sdk -I /Users/admin/builder/spi-builder-workspace/.derivedData/Build/Products/Debug -Isystem /Applications/Xcode-27.0.0-Release.Candidate.app/Contents/Developer/Platforms/MacOSX.platform/Developer/usr/lib -F /Users/admin/builder/spi-builder-workspace/.derivedData/Build/Products/Debug -F /Applications/Xcode-27.0.0-Release.Candidate.app/Contents/Developer/Platforms/MacOSX.platform/Developer/Library/Frameworks -module-cache-path /Users/admin/builder/spi-builder-workspace/.derivedData/Build/Intermediates.noindex/SwiftExplicitPrecompiledModules -no-color-diagnostics -Xcc -fno-color-diagnostics -enable-testing -g -debug-info-format\=dwarf -dwarf-version\=4 -profile-generate -profile-coverage-mapping -swift-version 5 -Onone -D SWIFT_PACKAGE -D DEBUG -D SWIFT_MODULE_RESOURCE_BUNDLE_UNAVAILABLE -D Xcode -serialize-debugging-options -enable-experimental-feature DebugDescriptionMacro -empty-abi-descriptor -validate-clang-modules-once -clang-build-session-file /Users/admin/builder/spi-builder-workspace/.derivedData/ModuleCache.noindex/Session.modulevalidation -Xcc -working-directory -Xcc /Users/admin/builder/spi-builder-workspace/.swiftpm/xcode -enable-anonymous-context-mangled-names -file-compilation-dir /Users/admin/builder/spi-builder-workspace/.swiftpm/xcode -Xcc -D_LIBCPP_HARDENING_MODE\=_LIBCPP_HARDENING_MODE_DEBUG -Xcc -ivfsstatcache -Xcc /Users/admin/builder/spi-builder-workspace/.derivedData/SDKStatCaches.noindex/macosx27.0-26A425-e829b21a6f8c9b70876ba0858053c0446a22442a12e9d48fe1a705f55a1adfc4.sdkstatcache -Xcc -fmodules-prune-interval\=86400 -Xcc -fmodules-prune-after\=345600 -Xcc -I/Users/admin/builder/spi-builder-workspace/.derivedData/Build/Products/Debug/include -Xcc -I/Users/admin/builder/spi-builder-workspace/.derivedData/Build/Intermediates.noindex/HueEntertainmentSwift.build/Debug/HueEntertainmentSwift-t.build/DerivedSources-normal/arm64 -Xcc -I/Users/admin/builder/spi-builder-workspace/.derivedData/Build/Intermediates.noindex/HueEntertainmentSwift.build/Debug/HueEntertainmentSwift-t.build/DerivedSources/arm64 -Xcc -I/Users/admin/builder/spi-builder-workspace/.derivedData/Build/Intermediates.noindex/HueEntertainmentSwift.build/Debug/HueEntertainmentSwift-t.build/DerivedSources -Xcc -DSWIFT_PACKAGE -Xcc -DDEBUG\=1 -no-auto-bridging-header-chaining -module-name HueEntertainmentSwift -const-gather-protocols-file /Users/admin/builder/spi-builder-workspace/.derivedData/Build/Intermediates.noindex/HueEntertainmentSwift.build/Debug/HueEntertainmentSwift-t.build/Objects-normal/arm64/HueEntertainmentSwift_const_extract_protocols.json -disable-clang-spi -clang-target arm64-apple-macos27.0 -target-sdk-version 27.0 -target-sdk-name macosx27.0 -in-process-plugin-server-path /Applications/Xcode-27.0.0-Release.Candidate.app/Contents/Developer/Toolchains/XcodeDefault.xctoolchain/usr/lib/swift/host/libSwiftInProcPluginServer.dylib -emit-module-doc-path /Users/admin/builder/spi-builder-workspace/.derivedData/Build/Intermediates.noindex/HueEntertainmentSwift.build/Debug/HueEntertainmentSwift-t.build/Objects-normal/arm64/HueEntertainmentSwift.swiftdoc -emit-module-source-info-path /Users/admin/builder/spi-builder-workspace/.derivedData/Build/Intermediates.noindex/HueEntertainmentSwift.build/Debug/HueEntertainmentSwift-t.build/Objects-normal/arm64/HueEntertainmentSwift.swiftsourceinfo -emit-objc-header-path /Users/admin/builder/spi-builder-workspace/.derivedData/Build/Intermediates.noindex/HueEntertainmentSwift.build/Debug/HueEntertainmentSwift-t.build/Objects-normal/arm64/HueEntertainmentSwift-Swift.h -serialize-diagnostics-path /Users/admin/builder/spi-builder-workspace/.derivedData/Build/Intermediates.noindex/HueEntertainmentSwift.build/Debug/HueEntertainmentSwift-t.build/Objects-normal/arm64/HueEntertainmentSwift-primary-emit-module.dia -emit-dependencies-path /Users/admin/builder/spi-builder-workspace/.derivedData/Build/Intermediates.noindex/HueEntertainmentSwift.build/Debug/HueEntertainmentSwift-t.build/Objects-normal/arm64/HueEntertainmentSwift-primary-emit-module.d -parse-as-library -o /Users/admin/builder/spi-builder-workspace/.derivedData/Build/Intermediates.noindex/HueEntertainmentSwift.build/Debug/HueEntertainmentSwift-t.build/Objects-normal/arm64/HueEntertainmentSwift.swiftmodule -emit-abi-descriptor-path /Users/admin/builder/spi-builder-workspace/.derivedData/Build/Intermediates.noindex/HueEntertainmentSwift.build/Debug/HueEntertainmentSwift-t.build/Objects-normal/arm64/HueEntertainmentSwift.abi.json
SwiftCompile normal arm64 (in target 'HueEntertainmentSwift' from project 'HueEntertainmentSwift')
cd /Users/admin/builder/spi-builder-workspace/.swiftpm/xcode
SwiftCompile normal arm64 Compiling\ HueSession+Animation.swift,\ HueSession+Auth.swift /Users/admin/builder/spi-builder-workspace/Sources/HueEntertainmentSwift/Extensions/HueSession+Animation.swift /Users/admin/builder/spi-builder-workspace/Sources/HueEntertainmentSwift/Extensions/HueSession+Auth.swift (in target 'HueEntertainmentSwift' from project 'HueEntertainmentSwift')
/Users/admin/builder/spi-builder-workspace/Sources/HueEntertainmentSwift/Extensions/HueSession+Auth.swift:49:4: warning: switch must be exhaustive
47 | }
48 |
49 | switch state {
| |- warning: switch must be exhaustive
| |- note: add missing case: '.setup'
| |- note: add missing case: '.waiting(_)'
| |- note: add missing case: '.preparing'
| `- note: add missing cases
50 | case .ready:
51 | self.connection = connection
/Users/admin/builder/spi-builder-workspace/Sources/HueEntertainmentSwift/Extensions/HueSession+Auth.swift:24:13: warning: variable 'ip' was never mutated; consider changing to 'let' constant [#VariableNeverMutated]
22 | */
23 | func connect() throws {
24 | guard var ip = ip, var address = IPv4Address(ip), var clientKey = self.clientKey, var appID = self.appID, var username = self.username else {
| `- warning: variable 'ip' was never mutated; consider changing to 'let' constant [#VariableNeverMutated]
25 | throw HueError.connectionError("Could not connect")
26 | }
/Users/admin/builder/spi-builder-workspace/Sources/HueEntertainmentSwift/Extensions/HueSession+Auth.swift:24:26: warning: variable 'address' was never mutated; consider changing to 'let' constant [#VariableNeverMutated]
22 | */
23 | func connect() throws {
24 | guard var ip = ip, var address = IPv4Address(ip), var clientKey = self.clientKey, var appID = self.appID, var username = self.username else {
| `- warning: variable 'address' was never mutated; consider changing to 'let' constant [#VariableNeverMutated]
25 | throw HueError.connectionError("Could not connect")
26 | }
/Users/admin/builder/spi-builder-workspace/Sources/HueEntertainmentSwift/Extensions/HueSession+Auth.swift:24:57: warning: variable 'clientKey' was never mutated; consider changing to 'let' constant [#VariableNeverMutated]
22 | */
23 | func connect() throws {
24 | guard var ip = ip, var address = IPv4Address(ip), var clientKey = self.clientKey, var appID = self.appID, var username = self.username else {
| `- warning: variable 'clientKey' was never mutated; consider changing to 'let' constant [#VariableNeverMutated]
25 | throw HueError.connectionError("Could not connect")
26 | }
/Users/admin/builder/spi-builder-workspace/Sources/HueEntertainmentSwift/Extensions/HueSession+Auth.swift:24:89: warning: variable 'appID' was never mutated; consider changing to 'let' constant [#VariableNeverMutated]
22 | */
23 | func connect() throws {
24 | guard var ip = ip, var address = IPv4Address(ip), var clientKey = self.clientKey, var appID = self.appID, var username = self.username else {
| `- warning: variable 'appID' was never mutated; consider changing to 'let' constant [#VariableNeverMutated]
25 | throw HueError.connectionError("Could not connect")
26 | }
/Users/admin/builder/spi-builder-workspace/Sources/HueEntertainmentSwift/Extensions/HueSession+Auth.swift:24:113: warning: variable 'username' was never used; consider replacing with '_' or removing it [#NoUsage]
22 | */
23 | func connect() throws {
24 | guard var ip = ip, var address = IPv4Address(ip), var clientKey = self.clientKey, var appID = self.appID, var username = self.username else {
| `- warning: variable 'username' was never used; consider replacing with '_' or removing it [#NoUsage]
25 | throw HueError.connectionError("Could not connect")
26 | }
SwiftCompile normal arm64 /Users/admin/builder/spi-builder-workspace/Sources/HueEntertainmentSwift/Extensions/HueSession+Animation.swift (in target 'HueEntertainmentSwift' from project 'HueEntertainmentSwift')
cd /Users/admin/builder/spi-builder-workspace/.swiftpm/xcode
builtin-SwiftPerFileCompile HueSession+Animation.swift
SwiftCompile normal arm64 /Users/admin/builder/spi-builder-workspace/Sources/HueEntertainmentSwift/Extensions/HueSession+Auth.swift (in target 'HueEntertainmentSwift' from project 'HueEntertainmentSwift')
cd /Users/admin/builder/spi-builder-workspace/.swiftpm/xcode
builtin-SwiftPerFileCompile HueSession+Auth.swift
SwiftCompile normal arm64 Compiling\ JSONTypes.swift /Users/admin/builder/spi-builder-workspace/Sources/HueEntertainmentSwift/JSONTypes.swift (in target 'HueEntertainmentSwift' from project 'HueEntertainmentSwift')
SwiftCompile normal arm64 /Users/admin/builder/spi-builder-workspace/Sources/HueEntertainmentSwift/JSONTypes.swift (in target 'HueEntertainmentSwift' from project 'HueEntertainmentSwift')
cd /Users/admin/builder/spi-builder-workspace/.swiftpm/xcode
builtin-SwiftPerFileCompile JSONTypes.swift
SwiftCompile normal arm64 Compiling\ Message.swift /Users/admin/builder/spi-builder-workspace/Sources/HueEntertainmentSwift/Message.swift (in target 'HueEntertainmentSwift' from project 'HueEntertainmentSwift')
SwiftCompile normal arm64 /Users/admin/builder/spi-builder-workspace/Sources/HueEntertainmentSwift/Message.swift (in target 'HueEntertainmentSwift' from project 'HueEntertainmentSwift')
cd /Users/admin/builder/spi-builder-workspace/.swiftpm/xcode
builtin-SwiftPerFileCompile Message.swift
SwiftCompile normal arm64 Compiling\ XYBrightness.swift /Users/admin/builder/spi-builder-workspace/Sources/HueEntertainmentSwift/XYBrightness.swift (in target 'HueEntertainmentSwift' from project 'HueEntertainmentSwift')
/Users/admin/builder/spi-builder-workspace/Sources/HueEntertainmentSwift/XYBrightness.swift:80:23: error: cannot find type 'UIColor' in scope
78 |
79 | @available(iOS 14, *)
80 | public init(uiColor: UIColor, forcedBrightness: Double? = nil) {
| `- error: cannot find type 'UIColor' in scope
81 | self.gamut = GamutC
82 |
/Users/admin/builder/spi-builder-workspace/Sources/HueEntertainmentSwift/XYBrightness.swift:98:22: error: cannot find 'UIColor' in scope
96 | @available(iOS 14.0, *)
97 | public init(color: Color, forcedBrightness: Double? = nil) {
98 | self.init(uiColor: UIColor(color), forcedBrightness: forcedBrightness)
| `- error: cannot find 'UIColor' in scope
99 | }
100 |
SwiftCompile normal arm64 /Users/admin/builder/spi-builder-workspace/Sources/HueEntertainmentSwift/XYBrightness.swift (in target 'HueEntertainmentSwift' from project 'HueEntertainmentSwift')
cd /Users/admin/builder/spi-builder-workspace/.swiftpm/xcode
builtin-SwiftPerFileCompile XYBrightness.swift
SwiftCompile normal arm64 Compiling\ HueSession+Control.swift /Users/admin/builder/spi-builder-workspace/Sources/HueEntertainmentSwift/Extensions/HueSession+Control.swift (in target 'HueEntertainmentSwift' from project 'HueEntertainmentSwift')
SwiftCompile normal arm64 /Users/admin/builder/spi-builder-workspace/Sources/HueEntertainmentSwift/Extensions/HueSession+Control.swift (in target 'HueEntertainmentSwift' from project 'HueEntertainmentSwift')
cd /Users/admin/builder/spi-builder-workspace/.swiftpm/xcode
builtin-SwiftPerFileCompile HueSession+Control.swift
SwiftCompile normal arm64 Compiling\ Animation.swift,\ AreaUpdate.swift /Users/admin/builder/spi-builder-workspace/Sources/HueEntertainmentSwift/Animation.swift /Users/admin/builder/spi-builder-workspace/Sources/HueEntertainmentSwift/AreaUpdate.swift (in target 'HueEntertainmentSwift' from project 'HueEntertainmentSwift')
SwiftCompile normal arm64 /Users/admin/builder/spi-builder-workspace/Sources/HueEntertainmentSwift/Animation.swift (in target 'HueEntertainmentSwift' from project 'HueEntertainmentSwift')
cd /Users/admin/builder/spi-builder-workspace/.swiftpm/xcode
builtin-SwiftPerFileCompile Animation.swift
SwiftCompile normal arm64 /Users/admin/builder/spi-builder-workspace/Sources/HueEntertainmentSwift/AreaUpdate.swift (in target 'HueEntertainmentSwift' from project 'HueEntertainmentSwift')
cd /Users/admin/builder/spi-builder-workspace/.swiftpm/xcode
builtin-SwiftPerFileCompile AreaUpdate.swift
SwiftCompile normal arm64 Compiling\ HueSession.swift /Users/admin/builder/spi-builder-workspace/Sources/HueEntertainmentSwift/HueSession.swift (in target 'HueEntertainmentSwift' from project 'HueEntertainmentSwift')
SwiftCompile normal arm64 /Users/admin/builder/spi-builder-workspace/Sources/HueEntertainmentSwift/HueSession.swift (in target 'HueEntertainmentSwift' from project 'HueEntertainmentSwift')
cd /Users/admin/builder/spi-builder-workspace/.swiftpm/xcode
builtin-SwiftPerFileCompile HueSession.swift
SwiftCompile normal arm64 Compiling\ HueSession+Settings.swift /Users/admin/builder/spi-builder-workspace/Sources/HueEntertainmentSwift/Extensions/HueSession+Settings.swift (in target 'HueEntertainmentSwift' from project 'HueEntertainmentSwift')
SwiftCompile normal arm64 /Users/admin/builder/spi-builder-workspace/Sources/HueEntertainmentSwift/Extensions/HueSession+Settings.swift (in target 'HueEntertainmentSwift' from project 'HueEntertainmentSwift')
cd /Users/admin/builder/spi-builder-workspace/.swiftpm/xcode
builtin-SwiftPerFileCompile HueSession+Settings.swift
PruneExplicitPrecompiledModules /Users/admin/builder/spi-builder-workspace/.derivedData/Build/Intermediates.noindex/SwiftExplicitPrecompiledModules
PruneExplicitPrecompiledModules /Users/admin/builder/spi-builder-workspace/.derivedData/SDKExplicitPrecompiledModules
PruneExplicitPrecompiledModules /Users/admin/builder/spi-builder-workspace/.derivedData/Build/Intermediates.noindex/ExplicitPrecompiledModules
2026-09-18 11:25:45.455 xcodebuild[874:5467] [MT] IDERunDestination: Supported platforms for the buildables in the current scheme is empty.
--- xcodebuild: WARNING: Using the first of multiple matching destinations:
{ platform:macOS, arch:arm64, id:5d512c487a7dc65e41e267debeb5e6b6443f33ec, name:My Mac }
{ platform:macOS, arch:arm64, variant:Mac Catalyst, id:5d512c487a7dc65e41e267debeb5e6b6443f33ec, name:My Mac }
{ platform:macOS, arch:arm64, variant:DriverKit, id:5d512c487a7dc65e41e267debeb5e6b6443f33ec, name:My Mac }
{ platform:macOS, arch:arm64, variant:Designed for [iPad,iPhone], id:5d512c487a7dc65e41e267debeb5e6b6443f33ec, name:My Mac }
** BUILD FAILED **
The following build commands failed:
SwiftEmitModule normal arm64 Emitting\ module\ for\ HueEntertainmentSwift (in target 'HueEntertainmentSwift' from project 'HueEntertainmentSwift')
SwiftCompile normal arm64 (in target 'HueEntertainmentSwift' from project 'HueEntertainmentSwift')
Building workspace HueEntertainmentSwift with scheme HueEntertainmentSwift
(3 failures)
Command line invocation:
/Applications/Xcode-27.0.0-Release.Candidate.app/Contents/Developer/usr/bin/xcodebuild -IDEClonedSourcePackagesDirPathOverride=/Users/admin/builder/spi-builder-workspace/.dependencies -resolvePackageDependencies
Resolve Package Graph
Resolved source packages:
SymbolKit: https://github.com/swiftlang/swift-docc-symbolkit @ 1.0.0
SwiftDocCPlugin: https://github.com/apple/swift-docc-plugin.git @ 1.5.0
HueEntertainmentSwift: /Users/admin/builder/spi-builder-workspace
resolved source packages: SymbolKit, SwiftDocCPlugin, HueEntertainmentSwift
2026-09-18 11:26:07.054 xcodebuild[1083:6593] [MT] IDERunDestination: Supported platforms for the buildables in the current scheme is empty.
{
"dependencies" : [
{
"identity" : "swift-docc-plugin",
"requirement" : {
"range" : [
{
"lower_bound" : "1.0.0",
"upper_bound" : "2.0.0"
}
]
},
"type" : "sourceControl",
"url" : "https://github.com/apple/swift-docc-plugin.git"
}
],
"manifest_display_name" : "HueEntertainmentSwift",
"name" : "HueEntertainmentSwift",
"path" : "/Users/admin/builder/spi-builder-workspace",
"platforms" : [
{
"name" : "ios",
"version" : "15.0"
}
],
"products" : [
{
"name" : "HueEntertainmentSwift",
"targets" : [
"HueEntertainmentSwift"
],
"type" : {
"library" : [
"automatic"
]
}
}
],
"targets" : [
{
"c99name" : "HueEntertainmentSwift",
"module_type" : "SwiftTarget",
"name" : "HueEntertainmentSwift",
"path" : "Sources",
"product_memberships" : [
"HueEntertainmentSwift"
],
"sources" : [
"HueEntertainmentSwift/Animation.swift",
"HueEntertainmentSwift/AreaUpdate.swift",
"HueEntertainmentSwift/Extensions/HueSession+Animation.swift",
"HueEntertainmentSwift/Extensions/HueSession+Auth.swift",
"HueEntertainmentSwift/Extensions/HueSession+Control.swift",
"HueEntertainmentSwift/Extensions/HueSession+HTTP.swift",
"HueEntertainmentSwift/Extensions/HueSession+Settings.swift",
"HueEntertainmentSwift/Extensions/String.swift",
"HueEntertainmentSwift/HueSession.swift",
"HueEntertainmentSwift/JSONTypes.swift",
"HueEntertainmentSwift/Message.swift",
"HueEntertainmentSwift/XYBrightness.swift"
],
"type" : "library"
},
{
"c99name" : "HueEntertainmentAPITests",
"module_type" : "SwiftTarget",
"name" : "HueEntertainmentAPITests",
"path" : "Tests/HueEntertainmentAPITests",
"sources" : [
"HueEntertainmentAPITests.swift"
],
"target_dependencies" : [
"HueEntertainmentSwift"
],
"type" : "test"
}
],
"tools_version" : "5.6"
}
{
"workspace" : {
"name" : "HueEntertainmentSwift",
"schemes" : [
"HueEntertainmentSwift"
]
}
}
2026-09-18 11:26:14.562 xcodebuild[1141:6985] [MT] IDERunDestination: Supported platforms for the buildables in the current scheme is empty.
Running build ...
env DEVELOPER_DIR=/Applications/Xcode-27.0.0-Release.Candidate.app xcrun xcodebuild -IDEClonedSourcePackagesDirPathOverride=$PWD/.dependencies -skipMacroValidation -skipPackagePluginValidation -derivedDataPath $PWD/.derivedData build -scheme HueEntertainmentSwift -destination platform=macOS,arch=arm64
Command line invocation:
/Applications/Xcode-27.0.0-Release.Candidate.app/Contents/Developer/usr/bin/xcodebuild -IDEClonedSourcePackagesDirPathOverride=/Users/admin/builder/spi-builder-workspace/.dependencies -skipMacroValidation -skipPackagePluginValidation -derivedDataPath /Users/admin/builder/spi-builder-workspace/.derivedData build -scheme HueEntertainmentSwift -destination platform=macOS,arch=arm64
Resolve Package Graph
Resolved source packages:
HueEntertainmentSwift: /Users/admin/builder/spi-builder-workspace
SymbolKit: https://github.com/swiftlang/swift-docc-symbolkit @ 1.0.0
SwiftDocCPlugin: https://github.com/apple/swift-docc-plugin.git @ 1.5.0
ComputePackagePrebuildTargetDependencyGraph
Prepare packages
CreateBuildRequest
SendProjectDescription
CreateBuildOperation
ComputeTargetDependencyGraph
note: Building targets in dependency order
note: Target dependency graph (2 targets)
Target 'HueEntertainmentSwift-product' in project 'HueEntertainmentSwift'
➜ Explicit dependency on target 'HueEntertainmentSwift' in project 'HueEntertainmentSwift'
Target 'HueEntertainmentSwift' in project 'HueEntertainmentSwift' (no dependencies)
GatherProvisioningInputs
CreateBuildDescription
ClangStatCache /Applications/Xcode-27.0.0-Release.Candidate.app/Contents/Developer/Toolchains/XcodeDefault.xctoolchain/usr/bin/clang-stat-cache /Applications/Xcode-27.0.0-Release.Candidate.app/Contents/Developer/Platforms/MacOSX.platform/Developer/SDKs/MacOSX27.0.sdk /Users/admin/builder/spi-builder-workspace/.derivedData/SDKStatCaches.noindex/macosx27.0-26A425-e829b21a6f8c9b70876ba0858053c0446a22442a12e9d48fe1a705f55a1adfc4.sdkstatcache
cd /Users/admin/builder/spi-builder-workspace/.swiftpm/xcode
/Applications/Xcode-27.0.0-Release.Candidate.app/Contents/Developer/Toolchains/XcodeDefault.xctoolchain/usr/bin/clang-stat-cache /Applications/Xcode-27.0.0-Release.Candidate.app/Contents/Developer/Platforms/MacOSX.platform/Developer/SDKs/MacOSX27.0.sdk -o /Users/admin/builder/spi-builder-workspace/.derivedData/SDKStatCaches.noindex/macosx27.0-26A425-e829b21a6f8c9b70876ba0858053c0446a22442a12e9d48fe1a705f55a1adfc4.sdkstatcache
SwiftDriver HueEntertainmentSwift normal arm64 com.apple.xcode.tools.swift.compiler (in target 'HueEntertainmentSwift' from project 'HueEntertainmentSwift')
cd /Users/admin/builder/spi-builder-workspace/.swiftpm/xcode
builtin-SwiftDriver -- /Applications/Xcode-27.0.0-Release.Candidate.app/Contents/Developer/Toolchains/XcodeDefault.xctoolchain/usr/bin/swiftc -parse-as-library -module-name HueEntertainmentSwift -Onone @/Users/admin/builder/spi-builder-workspace/.derivedData/Build/Intermediates.noindex/HueEntertainmentSwift.build/Debug/HueEntertainmentSwift-t.build/Objects-normal/arm64/HueEntertainmentSwift.SwiftFileList -DSWIFT_PACKAGE -DDEBUG -DSWIFT_MODULE_RESOURCE_BUNDLE_UNAVAILABLE -DXcode -plugin-path /Applications/Xcode-27.0.0-Release.Candidate.app/Contents/Developer/Toolchains/XcodeDefault.xctoolchain/usr/lib/swift/host/plugins/testing -enable-experimental-feature DebugDescriptionMacro -sdk /Applications/Xcode-27.0.0-Release.Candidate.app/Contents/Developer/Platforms/MacOSX.platform/Developer/SDKs/MacOSX27.0.sdk -target arm64-apple-macos12.0 -g -module-cache-path /Users/admin/builder/spi-builder-workspace/.derivedData/ModuleCache.noindex -Xfrontend -serialize-debugging-options -profile-coverage-mapping -profile-generate -enable-testing -index-store-path /Users/admin/builder/spi-builder-workspace/.derivedData/Index.noindex/DataStore -Xcc -D_LIBCPP_HARDENING_MODE\=_LIBCPP_HARDENING_MODE_DEBUG -swift-version 5 -I /Users/admin/builder/spi-builder-workspace/.derivedData/Build/Products/Debug -Isystem /Applications/Xcode-27.0.0-Release.Candidate.app/Contents/Developer/Platforms/MacOSX.platform/Developer/usr/lib -F /Users/admin/builder/spi-builder-workspace/.derivedData/Build/Products/Debug -F /Applications/Xcode-27.0.0-Release.Candidate.app/Contents/Developer/Platforms/MacOSX.platform/Developer/Library/Frameworks -c -j10 -enable-batch-mode -incremental -Xcc -ivfsstatcache -Xcc /Users/admin/builder/spi-builder-workspace/.derivedData/SDKStatCaches.noindex/macosx27.0-26A425-e829b21a6f8c9b70876ba0858053c0446a22442a12e9d48fe1a705f55a1adfc4.sdkstatcache -output-file-map /Users/admin/builder/spi-builder-workspace/.derivedData/Build/Intermediates.noindex/HueEntertainmentSwift.build/Debug/HueEntertainmentSwift-t.build/Objects-normal/arm64/HueEntertainmentSwift-OutputFileMap.json -save-temps -no-color-diagnostics -explicit-module-build -module-cache-path /Users/admin/builder/spi-builder-workspace/.derivedData/Build/Intermediates.noindex/SwiftExplicitPrecompiledModules -clang-scanner-module-cache-path /Users/admin/builder/spi-builder-workspace/.derivedData/ModuleCache.noindex -sdk-module-cache-path /Users/admin/builder/spi-builder-workspace/.derivedData/SDKExplicitPrecompiledModules -emit-dependencies -emit-module -emit-module-path /Users/admin/builder/spi-builder-workspace/.derivedData/Build/Intermediates.noindex/HueEntertainmentSwift.build/Debug/HueEntertainmentSwift-t.build/Objects-normal/arm64/HueEntertainmentSwift.swiftmodule -serialize-diagnostics -dependency-scan-serialize-diagnostics-path /Users/admin/builder/spi-builder-workspace/.derivedData/Build/Intermediates.noindex/HueEntertainmentSwift.build/Debug/HueEntertainmentSwift-t.build/Objects-normal/arm64/HueEntertainmentSwift-dependency-scan.dia -validate-clang-modules-once -clang-build-session-file /Users/admin/builder/spi-builder-workspace/.derivedData/ModuleCache.noindex/Session.modulevalidation -Xcc -fmodules-prune-interval\=86400 -Xcc -fmodules-prune-after\=345600 -emit-const-values -const-gather-protocols-list /Users/admin/builder/spi-builder-workspace/.derivedData/Build/Intermediates.noindex/HueEntertainmentSwift.build/Debug/HueEntertainmentSwift-t.build/Objects-normal/arm64/HueEntertainmentSwift_const_extract_protocols.json -Xcc -I/Users/admin/builder/spi-builder-workspace/.derivedData/Build/Products/Debug/include -Xcc -I/Users/admin/builder/spi-builder-workspace/.derivedData/Build/Intermediates.noindex/HueEntertainmentSwift.build/Debug/HueEntertainmentSwift-t.build/DerivedSources-normal/arm64 -Xcc -I/Users/admin/builder/spi-builder-workspace/.derivedData/Build/Intermediates.noindex/HueEntertainmentSwift.build/Debug/HueEntertainmentSwift-t.build/DerivedSources/arm64 -Xcc -I/Users/admin/builder/spi-builder-workspace/.derivedData/Build/Intermediates.noindex/HueEntertainmentSwift.build/Debug/HueEntertainmentSwift-t.build/DerivedSources -Xcc -DSWIFT_PACKAGE -Xcc -DDEBUG\=1 -emit-objc-header -emit-objc-header-path /Users/admin/builder/spi-builder-workspace/.derivedData/Build/Intermediates.noindex/HueEntertainmentSwift.build/Debug/HueEntertainmentSwift-t.build/Objects-normal/arm64/HueEntertainmentSwift-Swift.h -working-directory /Users/admin/builder/spi-builder-workspace/.swiftpm/xcode -experimental-emit-module-separately -disable-cmo
SwiftCompile normal arm64 Compiling\ Animation.swift,\ AreaUpdate.swift /Users/admin/builder/spi-builder-workspace/Sources/HueEntertainmentSwift/Animation.swift /Users/admin/builder/spi-builder-workspace/Sources/HueEntertainmentSwift/AreaUpdate.swift (in target 'HueEntertainmentSwift' from project 'HueEntertainmentSwift')
SwiftCompile normal arm64 /Users/admin/builder/spi-builder-workspace/Sources/HueEntertainmentSwift/Animation.swift (in target 'HueEntertainmentSwift' from project 'HueEntertainmentSwift')
cd /Users/admin/builder/spi-builder-workspace/.swiftpm/xcode
builtin-SwiftPerFileCompile Animation.swift
SwiftCompile normal arm64 /Users/admin/builder/spi-builder-workspace/Sources/HueEntertainmentSwift/AreaUpdate.swift (in target 'HueEntertainmentSwift' from project 'HueEntertainmentSwift')
cd /Users/admin/builder/spi-builder-workspace/.swiftpm/xcode
builtin-SwiftPerFileCompile AreaUpdate.swift
SwiftCompile normal arm64 Compiling\ HueSession+Animation.swift,\ HueSession+Auth.swift /Users/admin/builder/spi-builder-workspace/Sources/HueEntertainmentSwift/Extensions/HueSession+Animation.swift /Users/admin/builder/spi-builder-workspace/Sources/HueEntertainmentSwift/Extensions/HueSession+Auth.swift (in target 'HueEntertainmentSwift' from project 'HueEntertainmentSwift')
/Users/admin/builder/spi-builder-workspace/Sources/HueEntertainmentSwift/Extensions/HueSession+Auth.swift:49:4: warning: switch must be exhaustive
47 | }
48 |
49 | switch state {
| |- warning: switch must be exhaustive
| |- note: add missing case: '.setup'
| |- note: add missing case: '.waiting(_)'
| |- note: add missing case: '.preparing'
| `- note: add missing cases
50 | case .ready:
51 | self.connection = connection
/Users/admin/builder/spi-builder-workspace/Sources/HueEntertainmentSwift/Extensions/HueSession+Auth.swift:24:13: warning: variable 'ip' was never mutated; consider changing to 'let' constant [#VariableNeverMutated]
22 | */
23 | func connect() throws {
24 | guard var ip = ip, var address = IPv4Address(ip), var clientKey = self.clientKey, var appID = self.appID, var username = self.username else {
| `- warning: variable 'ip' was never mutated; consider changing to 'let' constant [#VariableNeverMutated]
25 | throw HueError.connectionError("Could not connect")
26 | }
/Users/admin/builder/spi-builder-workspace/Sources/HueEntertainmentSwift/Extensions/HueSession+Auth.swift:24:26: warning: variable 'address' was never mutated; consider changing to 'let' constant [#VariableNeverMutated]
22 | */
23 | func connect() throws {
24 | guard var ip = ip, var address = IPv4Address(ip), var clientKey = self.clientKey, var appID = self.appID, var username = self.username else {
| `- warning: variable 'address' was never mutated; consider changing to 'let' constant [#VariableNeverMutated]
25 | throw HueError.connectionError("Could not connect")
26 | }
/Users/admin/builder/spi-builder-workspace/Sources/HueEntertainmentSwift/Extensions/HueSession+Auth.swift:24:57: warning: variable 'clientKey' was never mutated; consider changing to 'let' constant [#VariableNeverMutated]
22 | */
23 | func connect() throws {
24 | guard var ip = ip, var address = IPv4Address(ip), var clientKey = self.clientKey, var appID = self.appID, var username = self.username else {
| `- warning: variable 'clientKey' was never mutated; consider changing to 'let' constant [#VariableNeverMutated]
25 | throw HueError.connectionError("Could not connect")
26 | }
/Users/admin/builder/spi-builder-workspace/Sources/HueEntertainmentSwift/Extensions/HueSession+Auth.swift:24:89: warning: variable 'appID' was never mutated; consider changing to 'let' constant [#VariableNeverMutated]
22 | */
23 | func connect() throws {
24 | guard var ip = ip, var address = IPv4Address(ip), var clientKey = self.clientKey, var appID = self.appID, var username = self.username else {
| `- warning: variable 'appID' was never mutated; consider changing to 'let' constant [#VariableNeverMutated]
25 | throw HueError.connectionError("Could not connect")
26 | }
/Users/admin/builder/spi-builder-workspace/Sources/HueEntertainmentSwift/Extensions/HueSession+Auth.swift:24:113: warning: variable 'username' was never used; consider replacing with '_' or removing it [#NoUsage]
22 | */
23 | func connect() throws {
24 | guard var ip = ip, var address = IPv4Address(ip), var clientKey = self.clientKey, var appID = self.appID, var username = self.username else {
| `- warning: variable 'username' was never used; consider replacing with '_' or removing it [#NoUsage]
25 | throw HueError.connectionError("Could not connect")
26 | }
SwiftCompile normal arm64 /Users/admin/builder/spi-builder-workspace/Sources/HueEntertainmentSwift/Extensions/HueSession+Animation.swift (in target 'HueEntertainmentSwift' from project 'HueEntertainmentSwift')
cd /Users/admin/builder/spi-builder-workspace/.swiftpm/xcode
builtin-SwiftPerFileCompile HueSession+Animation.swift
SwiftCompile normal arm64 /Users/admin/builder/spi-builder-workspace/Sources/HueEntertainmentSwift/Extensions/HueSession+Auth.swift (in target 'HueEntertainmentSwift' from project 'HueEntertainmentSwift')
cd /Users/admin/builder/spi-builder-workspace/.swiftpm/xcode
builtin-SwiftPerFileCompile HueSession+Auth.swift
SwiftCompile normal arm64 Compiling\ HueSession+HTTP.swift /Users/admin/builder/spi-builder-workspace/Sources/HueEntertainmentSwift/Extensions/HueSession+HTTP.swift (in target 'HueEntertainmentSwift' from project 'HueEntertainmentSwift')
SwiftCompile normal arm64 /Users/admin/builder/spi-builder-workspace/Sources/HueEntertainmentSwift/Extensions/HueSession+HTTP.swift (in target 'HueEntertainmentSwift' from project 'HueEntertainmentSwift')
cd /Users/admin/builder/spi-builder-workspace/.swiftpm/xcode
builtin-SwiftPerFileCompile HueSession+HTTP.swift
SwiftCompile normal arm64 Compiling\ HueSession.swift /Users/admin/builder/spi-builder-workspace/Sources/HueEntertainmentSwift/HueSession.swift (in target 'HueEntertainmentSwift' from project 'HueEntertainmentSwift')
SwiftCompile normal arm64 /Users/admin/builder/spi-builder-workspace/Sources/HueEntertainmentSwift/HueSession.swift (in target 'HueEntertainmentSwift' from project 'HueEntertainmentSwift')
cd /Users/admin/builder/spi-builder-workspace/.swiftpm/xcode
builtin-SwiftPerFileCompile HueSession.swift
SwiftCompile normal arm64 Compiling\ XYBrightness.swift /Users/admin/builder/spi-builder-workspace/Sources/HueEntertainmentSwift/XYBrightness.swift (in target 'HueEntertainmentSwift' from project 'HueEntertainmentSwift')
/Users/admin/builder/spi-builder-workspace/Sources/HueEntertainmentSwift/XYBrightness.swift:80:23: error: cannot find type 'UIColor' in scope
78 |
79 | @available(iOS 14, *)
80 | public init(uiColor: UIColor, forcedBrightness: Double? = nil) {
| `- error: cannot find type 'UIColor' in scope
81 | self.gamut = GamutC
82 |
/Users/admin/builder/spi-builder-workspace/Sources/HueEntertainmentSwift/XYBrightness.swift:98:22: error: cannot find 'UIColor' in scope
96 | @available(iOS 14.0, *)
97 | public init(color: Color, forcedBrightness: Double? = nil) {
98 | self.init(uiColor: UIColor(color), forcedBrightness: forcedBrightness)
| `- error: cannot find 'UIColor' in scope
99 | }
100 |
SwiftCompile normal arm64 /Users/admin/builder/spi-builder-workspace/Sources/HueEntertainmentSwift/XYBrightness.swift (in target 'HueEntertainmentSwift' from project 'HueEntertainmentSwift')
cd /Users/admin/builder/spi-builder-workspace/.swiftpm/xcode
builtin-SwiftPerFileCompile XYBrightness.swift
SwiftEmitModule normal arm64 Emitting\ module\ for\ HueEntertainmentSwift (in target 'HueEntertainmentSwift' from project 'HueEntertainmentSwift')
/Users/admin/builder/spi-builder-workspace/Sources/HueEntertainmentSwift/XYBrightness.swift:80:23: error: cannot find type 'UIColor' in scope
78 |
79 | @available(iOS 14, *)
80 | public init(uiColor: UIColor, forcedBrightness: Double? = nil) {
| `- error: cannot find type 'UIColor' in scope
81 | self.gamut = GamutC
82 |
Failed frontend command:
/Applications/Xcode-27.0.0-Release.Candidate.app/Contents/Developer/Toolchains/XcodeDefault.xctoolchain/usr/bin/swift-frontend -frontend -emit-module -experimental-skip-non-inlinable-function-bodies-without-types /Users/admin/builder/spi-builder-workspace/Sources/HueEntertainmentSwift/Animation.swift /Users/admin/builder/spi-builder-workspace/Sources/HueEntertainmentSwift/AreaUpdate.swift /Users/admin/builder/spi-builder-workspace/Sources/HueEntertainmentSwift/Extensions/HueSession+Animation.swift /Users/admin/builder/spi-builder-workspace/Sources/HueEntertainmentSwift/Extensions/HueSession+Auth.swift /Users/admin/builder/spi-builder-workspace/Sources/HueEntertainmentSwift/Extensions/HueSession+Control.swift /Users/admin/builder/spi-builder-workspace/Sources/HueEntertainmentSwift/Extensions/HueSession+HTTP.swift /Users/admin/builder/spi-builder-workspace/Sources/HueEntertainmentSwift/Extensions/HueSession+Settings.swift /Users/admin/builder/spi-builder-workspace/Sources/HueEntertainmentSwift/Extensions/String.swift /Users/admin/builder/spi-builder-workspace/Sources/HueEntertainmentSwift/HueSession.swift /Users/admin/builder/spi-builder-workspace/Sources/HueEntertainmentSwift/JSONTypes.swift /Users/admin/builder/spi-builder-workspace/Sources/HueEntertainmentSwift/Message.swift /Users/admin/builder/spi-builder-workspace/Sources/HueEntertainmentSwift/XYBrightness.swift -target arm64-apple-macos12.0 -disable-cross-import-overlay-search -load-resolved-plugin /Applications/Xcode-27.0.0-Release.Candidate.app/Contents/Developer/Platforms/MacOSX.platform/Developer/usr/lib/swift/host/plugins/libFoundationMacros.dylib\#/Applications/Xcode-27.0.0-Release.Candidate.app/Contents/Developer/Platforms/MacOSX.platform/Developer/usr/bin/swift-plugin-server\#FoundationMacros -load-resolved-plugin /Applications/Xcode-27.0.0-Release.Candidate.app/Contents/Developer/Platforms/MacOSX.platform/Developer/usr/lib/swift/host/plugins/libObservationMacros.dylib\#/Applications/Xcode-27.0.0-Release.Candidate.app/Contents/Developer/Platforms/MacOSX.platform/Developer/usr/bin/swift-plugin-server\#ObservationMacros -load-resolved-plugin /Applications/Xcode-27.0.0-Release.Candidate.app/Contents/Developer/Platforms/MacOSX.platform/Developer/usr/lib/swift/host/plugins/libPreviewsMacros.dylib\#/Applications/Xcode-27.0.0-Release.Candidate.app/Contents/Developer/Platforms/MacOSX.platform/Developer/usr/bin/swift-plugin-server\#PreviewsMacros -load-resolved-plugin /Applications/Xcode-27.0.0-Release.Candidate.app/Contents/Developer/Platforms/MacOSX.platform/Developer/usr/lib/swift/host/plugins/libSwiftMacros.dylib\#/Applications/Xcode-27.0.0-Release.Candidate.app/Contents/Developer/Platforms/MacOSX.platform/Developer/usr/bin/swift-plugin-server\#SwiftMacros -load-resolved-plugin /Applications/Xcode-27.0.0-Release.Candidate.app/Contents/Developer/Platforms/MacOSX.platform/Developer/usr/lib/swift/host/plugins/libSwiftUIMacros.dylib\#/Applications/Xcode-27.0.0-Release.Candidate.app/Contents/Developer/Platforms/MacOSX.platform/Developer/usr/bin/swift-plugin-server\#SwiftUIMacros -disable-implicit-swift-modules -Xcc -fno-implicit-modules -Xcc -fno-implicit-module-maps -explicit-swift-module-map-file /Users/admin/builder/spi-builder-workspace/.derivedData/Build/Intermediates.noindex/HueEntertainmentSwift.build/Debug/HueEntertainmentSwift-t.build/Objects-normal/arm64/HueEntertainmentSwift-dependencies-1.json -Xllvm -aarch64-use-tbi -enable-objc-interop -stack-check -sdk /Applications/Xcode-27.0.0-Release.Candidate.app/Contents/Developer/Platforms/MacOSX.platform/Developer/SDKs/MacOSX27.0.sdk -I /Users/admin/builder/spi-builder-workspace/.derivedData/Build/Products/Debug -Isystem /Applications/Xcode-27.0.0-Release.Candidate.app/Contents/Developer/Platforms/MacOSX.platform/Developer/usr/lib -F /Users/admin/builder/spi-builder-workspace/.derivedData/Build/Products/Debug -F /Applications/Xcode-27.0.0-Release.Candidate.app/Contents/Developer/Platforms/MacOSX.platform/Developer/Library/Frameworks -module-cache-path /Users/admin/builder/spi-builder-workspace/.derivedData/Build/Intermediates.noindex/SwiftExplicitPrecompiledModules -no-color-diagnostics -Xcc -fno-color-diagnostics -enable-testing -g -debug-info-format\=dwarf -dwarf-version\=4 -profile-generate -profile-coverage-mapping -swift-version 5 -Onone -D SWIFT_PACKAGE -D DEBUG -D SWIFT_MODULE_RESOURCE_BUNDLE_UNAVAILABLE -D Xcode -serialize-debugging-options -enable-experimental-feature DebugDescriptionMacro -empty-abi-descriptor -validate-clang-modules-once -clang-build-session-file /Users/admin/builder/spi-builder-workspace/.derivedData/ModuleCache.noindex/Session.modulevalidation -Xcc -working-directory -Xcc /Users/admin/builder/spi-builder-workspace/.swiftpm/xcode -enable-anonymous-context-mangled-names -file-compilation-dir /Users/admin/builder/spi-builder-workspace/.swiftpm/xcode -Xcc -D_LIBCPP_HARDENING_MODE\=_LIBCPP_HARDENING_MODE_DEBUG -Xcc -ivfsstatcache -Xcc /Users/admin/builder/spi-builder-workspace/.derivedData/SDKStatCaches.noindex/macosx27.0-26A425-e829b21a6f8c9b70876ba0858053c0446a22442a12e9d48fe1a705f55a1adfc4.sdkstatcache -Xcc -fmodules-prune-interval\=86400 -Xcc -fmodules-prune-after\=345600 -Xcc -I/Users/admin/builder/spi-builder-workspace/.derivedData/Build/Products/Debug/include -Xcc -I/Users/admin/builder/spi-builder-workspace/.derivedData/Build/Intermediates.noindex/HueEntertainmentSwift.build/Debug/HueEntertainmentSwift-t.build/DerivedSources-normal/arm64 -Xcc -I/Users/admin/builder/spi-builder-workspace/.derivedData/Build/Intermediates.noindex/HueEntertainmentSwift.build/Debug/HueEntertainmentSwift-t.build/DerivedSources/arm64 -Xcc -I/Users/admin/builder/spi-builder-workspace/.derivedData/Build/Intermediates.noindex/HueEntertainmentSwift.build/Debug/HueEntertainmentSwift-t.build/DerivedSources -Xcc -DSWIFT_PACKAGE -Xcc -DDEBUG\=1 -no-auto-bridging-header-chaining -module-name HueEntertainmentSwift -const-gather-protocols-file /Users/admin/builder/spi-builder-workspace/.derivedData/Build/Intermediates.noindex/HueEntertainmentSwift.build/Debug/HueEntertainmentSwift-t.build/Objects-normal/arm64/HueEntertainmentSwift_const_extract_protocols.json -disable-clang-spi -clang-target arm64-apple-macos27.0 -target-sdk-version 27.0 -target-sdk-name macosx27.0 -in-process-plugin-server-path /Applications/Xcode-27.0.0-Release.Candidate.app/Contents/Developer/Toolchains/XcodeDefault.xctoolchain/usr/lib/swift/host/libSwiftInProcPluginServer.dylib -emit-module-doc-path /Users/admin/builder/spi-builder-workspace/.derivedData/Build/Intermediates.noindex/HueEntertainmentSwift.build/Debug/HueEntertainmentSwift-t.build/Objects-normal/arm64/HueEntertainmentSwift.swiftdoc -emit-module-source-info-path /Users/admin/builder/spi-builder-workspace/.derivedData/Build/Intermediates.noindex/HueEntertainmentSwift.build/Debug/HueEntertainmentSwift-t.build/Objects-normal/arm64/HueEntertainmentSwift.swiftsourceinfo -emit-objc-header-path /Users/admin/builder/spi-builder-workspace/.derivedData/Build/Intermediates.noindex/HueEntertainmentSwift.build/Debug/HueEntertainmentSwift-t.build/Objects-normal/arm64/HueEntertainmentSwift-Swift.h -serialize-diagnostics-path /Users/admin/builder/spi-builder-workspace/.derivedData/Build/Intermediates.noindex/HueEntertainmentSwift.build/Debug/HueEntertainmentSwift-t.build/Objects-normal/arm64/HueEntertainmentSwift-primary-emit-module.dia -emit-dependencies-path /Users/admin/builder/spi-builder-workspace/.derivedData/Build/Intermediates.noindex/HueEntertainmentSwift.build/Debug/HueEntertainmentSwift-t.build/Objects-normal/arm64/HueEntertainmentSwift-primary-emit-module.d -parse-as-library -o /Users/admin/builder/spi-builder-workspace/.derivedData/Build/Intermediates.noindex/HueEntertainmentSwift.build/Debug/HueEntertainmentSwift-t.build/Objects-normal/arm64/HueEntertainmentSwift.swiftmodule -emit-abi-descriptor-path /Users/admin/builder/spi-builder-workspace/.derivedData/Build/Intermediates.noindex/HueEntertainmentSwift.build/Debug/HueEntertainmentSwift-t.build/Objects-normal/arm64/HueEntertainmentSwift.abi.json
SwiftCompile normal arm64 (in target 'HueEntertainmentSwift' from project 'HueEntertainmentSwift')
cd /Users/admin/builder/spi-builder-workspace/.swiftpm/xcode
SwiftCompile normal arm64 Compiling\ Message.swift /Users/admin/builder/spi-builder-workspace/Sources/HueEntertainmentSwift/Message.swift (in target 'HueEntertainmentSwift' from project 'HueEntertainmentSwift')
SwiftCompile normal arm64 /Users/admin/builder/spi-builder-workspace/Sources/HueEntertainmentSwift/Message.swift (in target 'HueEntertainmentSwift' from project 'HueEntertainmentSwift')
cd /Users/admin/builder/spi-builder-workspace/.swiftpm/xcode
builtin-SwiftPerFileCompile Message.swift
SwiftCompile normal arm64 Compiling\ JSONTypes.swift /Users/admin/builder/spi-builder-workspace/Sources/HueEntertainmentSwift/JSONTypes.swift (in target 'HueEntertainmentSwift' from project 'HueEntertainmentSwift')
SwiftCompile normal arm64 /Users/admin/builder/spi-builder-workspace/Sources/HueEntertainmentSwift/JSONTypes.swift (in target 'HueEntertainmentSwift' from project 'HueEntertainmentSwift')
cd /Users/admin/builder/spi-builder-workspace/.swiftpm/xcode
builtin-SwiftPerFileCompile JSONTypes.swift
SwiftCompile normal arm64 Compiling\ HueSession+Settings.swift /Users/admin/builder/spi-builder-workspace/Sources/HueEntertainmentSwift/Extensions/HueSession+Settings.swift (in target 'HueEntertainmentSwift' from project 'HueEntertainmentSwift')
SwiftCompile normal arm64 /Users/admin/builder/spi-builder-workspace/Sources/HueEntertainmentSwift/Extensions/HueSession+Settings.swift (in target 'HueEntertainmentSwift' from project 'HueEntertainmentSwift')
cd /Users/admin/builder/spi-builder-workspace/.swiftpm/xcode
builtin-SwiftPerFileCompile HueSession+Settings.swift
SwiftCompile normal arm64 Compiling\ String.swift /Users/admin/builder/spi-builder-workspace/Sources/HueEntertainmentSwift/Extensions/String.swift (in target 'HueEntertainmentSwift' from project 'HueEntertainmentSwift')
SwiftCompile normal arm64 /Users/admin/builder/spi-builder-workspace/Sources/HueEntertainmentSwift/Extensions/String.swift (in target 'HueEntertainmentSwift' from project 'HueEntertainmentSwift')
cd /Users/admin/builder/spi-builder-workspace/.swiftpm/xcode
builtin-SwiftPerFileCompile String.swift
SwiftCompile normal arm64 Compiling\ HueSession+Control.swift /Users/admin/builder/spi-builder-workspace/Sources/HueEntertainmentSwift/Extensions/HueSession+Control.swift (in target 'HueEntertainmentSwift' from project 'HueEntertainmentSwift')
SwiftCompile normal arm64 /Users/admin/builder/spi-builder-workspace/Sources/HueEntertainmentSwift/Extensions/HueSession+Control.swift (in target 'HueEntertainmentSwift' from project 'HueEntertainmentSwift')
cd /Users/admin/builder/spi-builder-workspace/.swiftpm/xcode
builtin-SwiftPerFileCompile HueSession+Control.swift
PruneExplicitPrecompiledModules /Users/admin/builder/spi-builder-workspace/.derivedData/Build/Intermediates.noindex/ExplicitPrecompiledModules
PruneExplicitPrecompiledModules /Users/admin/builder/spi-builder-workspace/.derivedData/Build/Intermediates.noindex/SwiftExplicitPrecompiledModules
PruneExplicitPrecompiledModules /Users/admin/builder/spi-builder-workspace/.derivedData/SDKExplicitPrecompiledModules
2026-09-18 11:26:21.378 xcodebuild[1192:7340] [MT] IDERunDestination: Supported platforms for the buildables in the current scheme is empty.
--- xcodebuild: WARNING: Using the first of multiple matching destinations:
{ platform:macOS, arch:arm64, id:5d512c487a7dc65e41e267debeb5e6b6443f33ec, name:My Mac }
{ platform:macOS, arch:arm64, variant:Mac Catalyst, id:5d512c487a7dc65e41e267debeb5e6b6443f33ec, name:My Mac }
{ platform:macOS, arch:arm64, variant:DriverKit, id:5d512c487a7dc65e41e267debeb5e6b6443f33ec, name:My Mac }
{ platform:macOS, arch:arm64, variant:Designed for [iPad,iPhone], id:5d512c487a7dc65e41e267debeb5e6b6443f33ec, name:My Mac }
** BUILD FAILED **
The following build commands failed:
SwiftEmitModule normal arm64 Emitting\ module\ for\ HueEntertainmentSwift (in target 'HueEntertainmentSwift' from project 'HueEntertainmentSwift')
SwiftCompile normal arm64 (in target 'HueEntertainmentSwift' from project 'HueEntertainmentSwift')
Building workspace HueEntertainmentSwift with scheme HueEntertainmentSwift
(3 failures)
BUILD FAILURE 6.4 macosXcodebuild