Build Information
Failed to build hcitool, reference master (52fa8a), with Swift 6.4 for watchOS using Xcode 27.0 on 16 Sep 2026 00:47:36 UTC.
Build Command
No build command. This typically means the build failed at an early stage where we determine the build command.Build Log
========================================
RunAll
========================================
Builder version: 5.1.0
Interrupt handler set up.
========================================
Checkout
========================================
Clone URL: https://github.com/millertechnologyperu/hcitool.git
Reference: master
Initialized empty Git repository in /Users/admin/builder/spi-builder-workspace/.git/
From https://github.com/millertechnologyperu/hcitool
* branch master -> FETCH_HEAD
* [new branch] master -> origin/master
HEAD is now at 52fa8a2 Updated GitHub CI
Cloned https://github.com/millertechnologyperu/hcitool.git
Revision (git rev-parse @):
52fa8a281a43914e699c383753072df46914cdbc
SUCCESS checkout https://github.com/millertechnologyperu/hcitool.git at master
========================================
Build
========================================
Selected platform: watchOS
Swift version: 6.4
Building package at path: $PWD
https://github.com/millertechnologyperu/hcitool.git
Command line invocation:
/Applications/Xcode-27.0.0-Release.Candidate.app/Contents/Developer/usr/bin/xcodebuild -IDEClonedSourcePackagesDirPathOverride=/Users/admin/builder/spi-builder-workspace/.dependencies -resolvePackageDependencies
Resolve Package Graph
Fetching from https://github.com/PureSwift/BluetoothLinux.git
Fetching from https://github.com/PureSwift/Bluetooth.git
Fetching from https://github.com/PureSwift/Socket.git
Resolve Package Graph
Updating from https://github.com/PureSwift/BluetoothLinux.git
Updating from https://github.com/PureSwift/Bluetooth.git
Updating from https://github.com/PureSwift/Socket.git
Resolve Package Graph
Updating from https://github.com/PureSwift/BluetoothLinux.git
Updating from https://github.com/PureSwift/Bluetooth.git
Updating from https://github.com/PureSwift/Socket.git
Resolve Package Graph
Updating from https://github.com/PureSwift/BluetoothLinux.git
Updating from https://github.com/PureSwift/Bluetooth.git
Updating from https://github.com/PureSwift/Socket.git
Resolved source packages:
spi-builder-workspace: (null)
2026-09-15 20:47:33.435 xcodebuild[524:3015] Writing error result bundle to /var/folders/xq/y_g06wb113726d38xsyx71_h0000gn/T/ResultBundle_2026-15-09_20-47-0033.xcresult
xcodebuild: error: Could not resolve package dependencies:
Failed to resolve dependencies Dependencies could not be resolved because root depends on 'swift-argument-parser' 1.1.0..<1.2.0 and 'bluetoothlinux' depends on 'swift-argument-parser' 1.5.0..<2.0.0.
Command line invocation:
/Applications/Xcode-27.0.0-Release.Candidate.app/Contents/Developer/usr/bin/xcodebuild -IDEClonedSourcePackagesDirPathOverride=/Users/admin/builder/spi-builder-workspace/.dependencies -resolvePackageDependencies
Resolve Package Graph
Updating from https://github.com/PureSwift/BluetoothLinux.git
Updating from https://github.com/PureSwift/Bluetooth.git
Updating from https://github.com/PureSwift/Socket.git
Resolved source packages:
spi-builder-workspace: (null)
2026-09-15 20:47:36.522 xcodebuild[745:4169] Writing error result bundle to /var/folders/xq/y_g06wb113726d38xsyx71_h0000gn/T/ResultBundle_2026-15-09_20-47-0036.xcresult
xcodebuild: error: Could not resolve package dependencies:
Failed to resolve dependencies Dependencies could not be resolved because root depends on 'swift-argument-parser' 1.1.0..<1.2.0 and 'bluetoothlinux' depends on 'swift-argument-parser' 1.5.0..<2.0.0.
BUILD FAILURE 6.4 watchOS