The Swift Package Index logo.Swift Package Index

Track the adoption of Swift 6 strict concurrency checks for data race safety. How many packages are Ready for Swift 6?

Build Information

Failed to build SwaggerParser with Swift 5.8 for watchOS using Xcode 14.3.

Build Command

env DEVELOPER_DIR=/Applications/Xcode-14.3.1.app xcrun xcodebuild -IDEClonedSourcePackagesDirPathOverride=$workDir/.dependencies -skipPackagePluginValidation -derivedDataPath $workDir/.derivedData build -scheme SwaggerParser -destination generic/platform=watchos

Build Log

SwiftCompile normal arm64 /Users/builder/builds/o86TiJKT/0/finestructure/swiftpackageindex-builder/spi-builder-workspace/Tests/NullableTests.swift (in target 'SwaggerParserTests' from project 'SwaggerParser')
    cd /Users/builder/builds/o86TiJKT/0/finestructure/swiftpackageindex-builder/spi-builder-workspace
    /Applications/Xcode-14.3.1.app/Contents/Developer/Toolchains/XcodeDefault.xctoolchain/usr/bin/swift-frontend -c /Users/builder/builds/o86TiJKT/0/finestructure/swiftpackageindex-builder/spi-builder-workspace/Tests/AbstractTests.swift /Users/builder/builds/o86TiJKT/0/finestructure/swiftpackageindex-builder/spi-builder-workspace/Tests/AllOfTests.swift /Users/builder/builds/o86TiJKT/0/finestructure/swiftpackageindex-builder/spi-builder-workspace/Tests/BasicTests.swift /Users/builder/builds/o86TiJKT/0/finestructure/swiftpackageindex-builder/spi-builder-workspace/Tests/ChainedReferenceTests.swift /Users/builder/builds/o86TiJKT/0/finestructure/swiftpackageindex-builder/spi-builder-workspace/Tests/CrossReferenceTests.swift /Users/builder/builds/o86TiJKT/0/finestructure/swiftpackageindex-builder/spi-builder-workspace/Tests/ExampleTests.swift -primary-file /Users/builder/builds/o86TiJKT/0/finestructure/swiftpackageindex-builder/spi-builder-workspace/Tests/LinuxMain.swift -primary-file /Users/builder/builds/o86TiJKT/0/finestructure/swiftpackageindex-builder/spi-builder-workspace/Tests/NullableTests.swift /Users/builder/builds/o86TiJKT/0/finestructure/swiftpackageindex-builder/spi-builder-workspace/Tests/OneOfTests.swift /Users/builder/builds/o86TiJKT/0/finestructure/swiftpackageindex-builder/spi-builder-workspace/Tests/StructureSchemaTests.swift /Users/builder/builds/o86TiJKT/0/finestructure/swiftpackageindex-builder/spi-builder-workspace/Tests/TestHelpers.swift /Users/builder/builds/o86TiJKT/0/finestructure/swiftpackageindex-builder/spi-builder-workspace/Tests/VersionTests.swift -emit-dependencies-path /Users/builder/builds/o86TiJKT/0/finestructure/swiftpackageindex-builder/spi-builder-workspace/.derivedData/Build/Intermediates.noindex/SwaggerParser.build/Debug-watchos/SwaggerParserTests.build/Objects-normal/arm64/LinuxMain.d -emit-reference-dependencies-path /Users/builder/builds/o86TiJKT/0/finestructure/swiftpackageindex-builder/spi-builder-workspace/.derivedData/Build/Intermediates.noindex/SwaggerParser.build/Debug-watchos/SwaggerParserTests.build/Objects-normal/arm64/LinuxMain.swiftdeps -serialize-diagnostics-path /Users/builder/builds/o86TiJKT/0/finestructure/swiftpackageindex-builder/spi-builder-workspace/.derivedData/Build/Intermediates.noindex/SwaggerParser.build/Debug-watchos/SwaggerParserTests.build/Objects-normal/arm64/LinuxMain.dia -emit-dependencies-path /Users/builder/builds/o86TiJKT/0/finestructure/swiftpackageindex-builder/spi-builder-workspace/.derivedData/Build/Intermediates.noindex/SwaggerParser.build/Debug-watchos/SwaggerParserTests.build/Objects-normal/arm64/NullableTests.d -emit-reference-dependencies-path /Users/builder/builds/o86TiJKT/0/finestructure/swiftpackageindex-builder/spi-builder-workspace/.derivedData/Build/Intermediates.noindex/SwaggerParser.build/Debug-watchos/SwaggerParserTests.build/Objects-normal/arm64/NullableTests.swiftdeps -serialize-diagnostics-path /Users/builder/builds/o86TiJKT/0/finestructure/swiftpackageindex-builder/spi-builder-workspace/.derivedData/Build/Intermediates.noindex/SwaggerParser.build/Debug-watchos/SwaggerParserTests.build/Objects-normal/arm64/NullableTests.dia -target arm64-apple-watchos4.0 -Xllvm -aarch64-use-tbi -enable-objc-interop -sdk /Applications/Xcode-14.3.1.app/Contents/Developer/Platforms/WatchOS.platform/Developer/SDKs/WatchOS9.4.sdk -I /Users/builder/builds/o86TiJKT/0/finestructure/swiftpackageindex-builder/spi-builder-workspace/.derivedData/Build/Products/Debug-watchos -I /Applications/Xcode-14.3.1.app/Contents/Developer/Platforms/WatchOS.platform/Developer/usr/lib -F /Users/builder/builds/o86TiJKT/0/finestructure/swiftpackageindex-builder/spi-builder-workspace/.derivedData/Build/Products/Debug-watchos -F /Applications/Xcode-14.3.1.app/Contents/Developer/Platforms/WatchOS.platform/Developer/Library/Frameworks -F /Applications/Xcode-14.3.1.app/Contents/Developer/Platforms/WatchOS.platform/Developer/SDKs/WatchOS9.4.sdk/Developer/Library/Frameworks -no-color-diagnostics -enable-testing -g -module-cache-path /Users/builder/builds/o86TiJKT/0/finestructure/swiftpackageindex-builder/spi-builder-workspace/.derivedData/ModuleCache.noindex -swift-version 4 -enforce-exclusivity\=checked -Onone -D SWIFT_PACKAGE -D DEBUG -D Xcode -serialize-debugging-options -empty-abi-descriptor -Xcc -working-directory -Xcc /Users/builder/builds/o86TiJKT/0/finestructure/swiftpackageindex-builder/spi-builder-workspace -resource-dir /Applications/Xcode-14.3.1.app/Contents/Developer/Toolchains/XcodeDefault.xctoolchain/usr/lib/swift -enable-anonymous-context-mangled-names -Xcc -ivfsstatcache -Xcc /Users/builder/builds/o86TiJKT/0/finestructure/swiftpackageindex-builder/spi-builder-workspace/.derivedData/SDKStatCaches.noindex/watchos9.4-20T248-.sdkstatcache -Xcc -I/Users/builder/builds/o86TiJKT/0/finestructure/swiftpackageindex-builder/spi-builder-workspace/.derivedData/Build/Products/Debug-watchos/include -Xcc -I/Users/builder/builds/o86TiJKT/0/finestructure/swiftpackageindex-builder/spi-builder-workspace/.derivedData/Build/Intermediates.noindex/SwaggerParser.build/Debug-watchos/SwaggerParserTests.build/DerivedSources-normal/arm64 -Xcc -I/Users/builder/builds/o86TiJKT/0/finestructure/swiftpackageindex-builder/spi-builder-workspace/.derivedData/Build/Intermediates.noindex/SwaggerParser.build/Debug-watchos/SwaggerParserTests.build/DerivedSources/arm64 -Xcc -I/Users/builder/builds/o86TiJKT/0/finestructure/swiftpackageindex-builder/spi-builder-workspace/.derivedData/Build/Intermediates.noindex/SwaggerParser.build/Debug-watchos/SwaggerParserTests.build/DerivedSources -Xcc -DSWIFT_PACKAGE -Xcc -DDEBUG\=1 -module-name SwaggerParserTests -frontend-parseable-output -disable-clang-spi -target-sdk-version 9.4 -target-sdk-name watchos9.4 -o /Users/builder/builds/o86TiJKT/0/finestructure/swiftpackageindex-builder/spi-builder-workspace/.derivedData/Build/Intermediates.noindex/SwaggerParser.build/Debug-watchos/SwaggerParserTests.build/Objects-normal/arm64/LinuxMain.o -o /Users/builder/builds/o86TiJKT/0/finestructure/swiftpackageindex-builder/spi-builder-workspace/.derivedData/Build/Intermediates.noindex/SwaggerParser.build/Debug-watchos/SwaggerParserTests.build/Objects-normal/arm64/NullableTests.o -index-unit-output-path /SwaggerParser.build/Debug-watchos/SwaggerParserTests.build/Objects-normal/arm64/LinuxMain.o -index-unit-output-path /SwaggerParser.build/Debug-watchos/SwaggerParserTests.build/Objects-normal/arm64/NullableTests.o -index-store-path /Users/builder/builds/o86TiJKT/0/finestructure/swiftpackageindex-builder/spi-builder-workspace/.derivedData/Index.noindex/DataStore -index-system-modules
SwiftCompile normal arm64 Compiling\ AbstractTests.swift,\ AllOfTests.swift /Users/builder/builds/o86TiJKT/0/finestructure/swiftpackageindex-builder/spi-builder-workspace/Tests/AbstractTests.swift /Users/builder/builds/o86TiJKT/0/finestructure/swiftpackageindex-builder/spi-builder-workspace/Tests/AllOfTests.swift (in target 'SwaggerParserTests' from project 'SwaggerParser')
    cd /Users/builder/builds/o86TiJKT/0/finestructure/swiftpackageindex-builder/spi-builder-workspace
    builtin-swiftTaskExecution -- /Applications/Xcode-14.3.1.app/Contents/Developer/Toolchains/XcodeDefault.xctoolchain/usr/bin/swift-frontend -frontend -c -primary-file /Users/builder/builds/o86TiJKT/0/finestructure/swiftpackageindex-builder/spi-builder-workspace/Tests/AbstractTests.swift -primary-file /Users/builder/builds/o86TiJKT/0/finestructure/swiftpackageindex-builder/spi-builder-workspace/Tests/AllOfTests.swift /Users/builder/builds/o86TiJKT/0/finestructure/swiftpackageindex-builder/spi-builder-workspace/Tests/BasicTests.swift /Users/builder/builds/o86TiJKT/0/finestructure/swiftpackageindex-builder/spi-builder-workspace/Tests/ChainedReferenceTests.swift /Users/builder/builds/o86TiJKT/0/finestructure/swiftpackageindex-builder/spi-builder-workspace/Tests/CrossReferenceTests.swift /Users/builder/builds/o86TiJKT/0/finestructure/swiftpackageindex-builder/spi-builder-workspace/Tests/ExampleTests.swift /Users/builder/builds/o86TiJKT/0/finestructure/swiftpackageindex-builder/spi-builder-workspace/Tests/LinuxMain.swift /Users/builder/builds/o86TiJKT/0/finestructure/swiftpackageindex-builder/spi-builder-workspace/Tests/NullableTests.swift /Users/builder/builds/o86TiJKT/0/finestructure/swiftpackageindex-builder/spi-builder-workspace/Tests/OneOfTests.swift /Users/builder/builds/o86TiJKT/0/finestructure/swiftpackageindex-builder/spi-builder-workspace/Tests/StructureSchemaTests.swift /Users/builder/builds/o86TiJKT/0/finestructure/swiftpackageindex-builder/spi-builder-workspace/Tests/TestHelpers.swift /Users/builder/builds/o86TiJKT/0/finestructure/swiftpackageindex-builder/spi-builder-workspace/Tests/VersionTests.swift -emit-dependencies-path /Users/builder/builds/o86TiJKT/0/finestructure/swiftpackageindex-builder/spi-builder-workspace/.derivedData/Build/Intermediates.noindex/SwaggerParser.build/Debug-watchos/SwaggerParserTests.build/Objects-normal/arm64/AbstractTests.d -emit-reference-dependencies-path /Users/builder/builds/o86TiJKT/0/finestructure/swiftpackageindex-builder/spi-builder-workspace/.derivedData/Build/Intermediates.noindex/SwaggerParser.build/Debug-watchos/SwaggerParserTests.build/Objects-normal/arm64/AbstractTests.swiftdeps -serialize-diagnostics-path /Users/builder/builds/o86TiJKT/0/finestructure/swiftpackageindex-builder/spi-builder-workspace/.derivedData/Build/Intermediates.noindex/SwaggerParser.build/Debug-watchos/SwaggerParserTests.build/Objects-normal/arm64/AbstractTests.dia -emit-dependencies-path /Users/builder/builds/o86TiJKT/0/finestructure/swiftpackageindex-builder/spi-builder-workspace/.derivedData/Build/Intermediates.noindex/SwaggerParser.build/Debug-watchos/SwaggerParserTests.build/Objects-normal/arm64/AllOfTests.d -emit-reference-dependencies-path /Users/builder/builds/o86TiJKT/0/finestructure/swiftpackageindex-builder/spi-builder-workspace/.derivedData/Build/Intermediates.noindex/SwaggerParser.build/Debug-watchos/SwaggerParserTests.build/Objects-normal/arm64/AllOfTests.swiftdeps -serialize-diagnostics-path /Users/builder/builds/o86TiJKT/0/finestructure/swiftpackageindex-builder/spi-builder-workspace/.derivedData/Build/Intermediates.noindex/SwaggerParser.build/Debug-watchos/SwaggerParserTests.build/Objects-normal/arm64/AllOfTests.dia -target arm64-apple-watchos4.0 -Xllvm -aarch64-use-tbi -enable-objc-interop -sdk /Applications/Xcode-14.3.1.app/Contents/Developer/Platforms/WatchOS.platform/Developer/SDKs/WatchOS9.4.sdk -I /Users/builder/builds/o86TiJKT/0/finestructure/swiftpackageindex-builder/spi-builder-workspace/.derivedData/Build/Products/Debug-watchos -I /Applications/Xcode-14.3.1.app/Contents/Developer/Platforms/WatchOS.platform/Developer/usr/lib -F /Users/builder/builds/o86TiJKT/0/finestructure/swiftpackageindex-builder/spi-builder-workspace/.derivedData/Build/Products/Debug-watchos -F /Applications/Xcode-14.3.1.app/Contents/Developer/Platforms/WatchOS.platform/Developer/Library/Frameworks -F /Applications/Xcode-14.3.1.app/Contents/Developer/Platforms/WatchOS.platform/Developer/SDKs/WatchOS9.4.sdk/Developer/Library/Frameworks -no-color-diagnostics -enable-testing -g -module-cache-path /Users/builder/builds/o86TiJKT/0/finestructure/swiftpackageindex-builder/spi-builder-workspace/.derivedData/ModuleCache.noindex -swift-version 4 -enforce-exclusivity\=checked -Onone -D SWIFT_PACKAGE -D DEBUG -D Xcode -serialize-debugging-options -empty-abi-descriptor -Xcc -working-directory -Xcc /Users/builder/builds/o86TiJKT/0/finestructure/swiftpackageindex-builder/spi-builder-workspace -resource-dir /Applications/Xcode-14.3.1.app/Contents/Developer/Toolchains/XcodeDefault.xctoolchain/usr/lib/swift -enable-anonymous-context-mangled-names -Xcc -ivfsstatcache -Xcc /Users/builder/builds/o86TiJKT/0/finestructure/swiftpackageindex-builder/spi-builder-workspace/.derivedData/SDKStatCaches.noindex/watchos9.4-20T248-.sdkstatcache -Xcc -I/Users/builder/builds/o86TiJKT/0/finestructure/swiftpackageindex-builder/spi-builder-workspace/.derivedData/Build/Products/Debug-watchos/include -Xcc -I/Users/builder/builds/o86TiJKT/0/finestructure/swiftpackageindex-builder/spi-builder-workspace/.derivedData/Build/Intermediates.noindex/SwaggerParser.build/Debug-watchos/SwaggerParserTests.build/DerivedSources-normal/arm64 -Xcc -I/Users/builder/builds/o86TiJKT/0/finestructure/swiftpackageindex-builder/spi-builder-workspace/.derivedData/Build/Intermediates.noindex/SwaggerParser.build/Debug-watchos/SwaggerParserTests.build/DerivedSources/arm64 -Xcc -I/Users/builder/builds/o86TiJKT/0/finestructure/swiftpackageindex-builder/spi-builder-workspace/.derivedData/Build/Intermediates.noindex/SwaggerParser.build/Debug-watchos/SwaggerParserTests.build/DerivedSources -Xcc -DSWIFT_PACKAGE -Xcc -DDEBUG\=1 -module-name SwaggerParserTests -frontend-parseable-output -disable-clang-spi -target-sdk-version 9.4 -target-sdk-name watchos9.4 -o /Users/builder/builds/o86TiJKT/0/finestructure/swiftpackageindex-builder/spi-builder-workspace/.derivedData/Build/Intermediates.noindex/SwaggerParser.build/Debug-watchos/SwaggerParserTests.build/Objects-normal/arm64/AbstractTests.o -o /Users/builder/builds/o86TiJKT/0/finestructure/swiftpackageindex-builder/spi-builder-workspace/.derivedData/Build/Intermediates.noindex/SwaggerParser.build/Debug-watchos/SwaggerParserTests.build/Objects-normal/arm64/AllOfTests.o -index-unit-output-path /SwaggerParser.build/Debug-watchos/SwaggerParserTests.build/Objects-normal/arm64/AbstractTests.o -index-unit-output-path /SwaggerParser.build/Debug-watchos/SwaggerParserTests.build/Objects-normal/arm64/AllOfTests.o -index-store-path /Users/builder/builds/o86TiJKT/0/finestructure/swiftpackageindex-builder/spi-builder-workspace/.derivedData/Index.noindex/DataStore -index-system-modules
SwiftCompile normal arm64 /Users/builder/builds/o86TiJKT/0/finestructure/swiftpackageindex-builder/spi-builder-workspace/Tests/AbstractTests.swift (in target 'SwaggerParserTests' from project 'SwaggerParser')
    cd /Users/builder/builds/o86TiJKT/0/finestructure/swiftpackageindex-builder/spi-builder-workspace
    /Applications/Xcode-14.3.1.app/Contents/Developer/Toolchains/XcodeDefault.xctoolchain/usr/bin/swift-frontend -c -primary-file /Users/builder/builds/o86TiJKT/0/finestructure/swiftpackageindex-builder/spi-builder-workspace/Tests/AbstractTests.swift -primary-file /Users/builder/builds/o86TiJKT/0/finestructure/swiftpackageindex-builder/spi-builder-workspace/Tests/AllOfTests.swift /Users/builder/builds/o86TiJKT/0/finestructure/swiftpackageindex-builder/spi-builder-workspace/Tests/BasicTests.swift /Users/builder/builds/o86TiJKT/0/finestructure/swiftpackageindex-builder/spi-builder-workspace/Tests/ChainedReferenceTests.swift /Users/builder/builds/o86TiJKT/0/finestructure/swiftpackageindex-builder/spi-builder-workspace/Tests/CrossReferenceTests.swift /Users/builder/builds/o86TiJKT/0/finestructure/swiftpackageindex-builder/spi-builder-workspace/Tests/ExampleTests.swift /Users/builder/builds/o86TiJKT/0/finestructure/swiftpackageindex-builder/spi-builder-workspace/Tests/LinuxMain.swift /Users/builder/builds/o86TiJKT/0/finestructure/swiftpackageindex-builder/spi-builder-workspace/Tests/NullableTests.swift /Users/builder/builds/o86TiJKT/0/finestructure/swiftpackageindex-builder/spi-builder-workspace/Tests/OneOfTests.swift /Users/builder/builds/o86TiJKT/0/finestructure/swiftpackageindex-builder/spi-builder-workspace/Tests/StructureSchemaTests.swift /Users/builder/builds/o86TiJKT/0/finestructure/swiftpackageindex-builder/spi-builder-workspace/Tests/TestHelpers.swift /Users/builder/builds/o86TiJKT/0/finestructure/swiftpackageindex-builder/spi-builder-workspace/Tests/VersionTests.swift -emit-dependencies-path /Users/builder/builds/o86TiJKT/0/finestructure/swiftpackageindex-builder/spi-builder-workspace/.derivedData/Build/Intermediates.noindex/SwaggerParser.build/Debug-watchos/SwaggerParserTests.build/Objects-normal/arm64/AbstractTests.d -emit-reference-dependencies-path /Users/builder/builds/o86TiJKT/0/finestructure/swiftpackageindex-builder/spi-builder-workspace/.derivedData/Build/Intermediates.noindex/SwaggerParser.build/Debug-watchos/SwaggerParserTests.build/Objects-normal/arm64/AbstractTests.swiftdeps -serialize-diagnostics-path /Users/builder/builds/o86TiJKT/0/finestructure/swiftpackageindex-builder/spi-builder-workspace/.derivedData/Build/Intermediates.noindex/SwaggerParser.build/Debug-watchos/SwaggerParserTests.build/Objects-normal/arm64/AbstractTests.dia -emit-dependencies-path /Users/builder/builds/o86TiJKT/0/finestructure/swiftpackageindex-builder/spi-builder-workspace/.derivedData/Build/Intermediates.noindex/SwaggerParser.build/Debug-watchos/SwaggerParserTests.build/Objects-normal/arm64/AllOfTests.d -emit-reference-dependencies-path /Users/builder/builds/o86TiJKT/0/finestructure/swiftpackageindex-builder/spi-builder-workspace/.derivedData/Build/Intermediates.noindex/SwaggerParser.build/Debug-watchos/SwaggerParserTests.build/Objects-normal/arm64/AllOfTests.swiftdeps -serialize-diagnostics-path /Users/builder/builds/o86TiJKT/0/finestructure/swiftpackageindex-builder/spi-builder-workspace/.derivedData/Build/Intermediates.noindex/SwaggerParser.build/Debug-watchos/SwaggerParserTests.build/Objects-normal/arm64/AllOfTests.dia -target arm64-apple-watchos4.0 -Xllvm -aarch64-use-tbi -enable-objc-interop -sdk /Applications/Xcode-14.3.1.app/Contents/Developer/Platforms/WatchOS.platform/Developer/SDKs/WatchOS9.4.sdk -I /Users/builder/builds/o86TiJKT/0/finestructure/swiftpackageindex-builder/spi-builder-workspace/.derivedData/Build/Products/Debug-watchos -I /Applications/Xcode-14.3.1.app/Contents/Developer/Platforms/WatchOS.platform/Developer/usr/lib -F /Users/builder/builds/o86TiJKT/0/finestructure/swiftpackageindex-builder/spi-builder-workspace/.derivedData/Build/Products/Debug-watchos -F /Applications/Xcode-14.3.1.app/Contents/Developer/Platforms/WatchOS.platform/Developer/Library/Frameworks -F /Applications/Xcode-14.3.1.app/Contents/Developer/Platforms/WatchOS.platform/Developer/SDKs/WatchOS9.4.sdk/Developer/Library/Frameworks -no-color-diagnostics -enable-testing -g -module-cache-path /Users/builder/builds/o86TiJKT/0/finestructure/swiftpackageindex-builder/spi-builder-workspace/.derivedData/ModuleCache.noindex -swift-version 4 -enforce-exclusivity\=checked -Onone -D SWIFT_PACKAGE -D DEBUG -D Xcode -serialize-debugging-options -empty-abi-descriptor -Xcc -working-directory -Xcc /Users/builder/builds/o86TiJKT/0/finestructure/swiftpackageindex-builder/spi-builder-workspace -resource-dir /Applications/Xcode-14.3.1.app/Contents/Developer/Toolchains/XcodeDefault.xctoolchain/usr/lib/swift -enable-anonymous-context-mangled-names -Xcc -ivfsstatcache -Xcc /Users/builder/builds/o86TiJKT/0/finestructure/swiftpackageindex-builder/spi-builder-workspace/.derivedData/SDKStatCaches.noindex/watchos9.4-20T248-.sdkstatcache -Xcc -I/Users/builder/builds/o86TiJKT/0/finestructure/swiftpackageindex-builder/spi-builder-workspace/.derivedData/Build/Products/Debug-watchos/include -Xcc -I/Users/builder/builds/o86TiJKT/0/finestructure/swiftpackageindex-builder/spi-builder-workspace/.derivedData/Build/Intermediates.noindex/SwaggerParser.build/Debug-watchos/SwaggerParserTests.build/DerivedSources-normal/arm64 -Xcc -I/Users/builder/builds/o86TiJKT/0/finestructure/swiftpackageindex-builder/spi-builder-workspace/.derivedData/Build/Intermediates.noindex/SwaggerParser.build/Debug-watchos/SwaggerParserTests.build/DerivedSources/arm64 -Xcc -I/Users/builder/builds/o86TiJKT/0/finestructure/swiftpackageindex-builder/spi-builder-workspace/.derivedData/Build/Intermediates.noindex/SwaggerParser.build/Debug-watchos/SwaggerParserTests.build/DerivedSources -Xcc -DSWIFT_PACKAGE -Xcc -DDEBUG\=1 -module-name SwaggerParserTests -frontend-parseable-output -disable-clang-spi -target-sdk-version 9.4 -target-sdk-name watchos9.4 -o /Users/builder/builds/o86TiJKT/0/finestructure/swiftpackageindex-builder/spi-builder-workspace/.derivedData/Build/Intermediates.noindex/SwaggerParser.build/Debug-watchos/SwaggerParserTests.build/Objects-normal/arm64/AbstractTests.o -o /Users/builder/builds/o86TiJKT/0/finestructure/swiftpackageindex-builder/spi-builder-workspace/.derivedData/Build/Intermediates.noindex/SwaggerParser.build/Debug-watchos/SwaggerParserTests.build/Objects-normal/arm64/AllOfTests.o -index-unit-output-path /SwaggerParser.build/Debug-watchos/SwaggerParserTests.build/Objects-normal/arm64/AbstractTests.o -index-unit-output-path /SwaggerParser.build/Debug-watchos/SwaggerParserTests.build/Objects-normal/arm64/AllOfTests.o -index-store-path /Users/builder/builds/o86TiJKT/0/finestructure/swiftpackageindex-builder/spi-builder-workspace/.derivedData/Index.noindex/DataStore -index-system-modules
SwiftCompile normal arm64 /Users/builder/builds/o86TiJKT/0/finestructure/swiftpackageindex-builder/spi-builder-workspace/Tests/AllOfTests.swift (in target 'SwaggerParserTests' from project 'SwaggerParser')
    cd /Users/builder/builds/o86TiJKT/0/finestructure/swiftpackageindex-builder/spi-builder-workspace
    /Applications/Xcode-14.3.1.app/Contents/Developer/Toolchains/XcodeDefault.xctoolchain/usr/bin/swift-frontend -c -primary-file /Users/builder/builds/o86TiJKT/0/finestructure/swiftpackageindex-builder/spi-builder-workspace/Tests/AbstractTests.swift -primary-file /Users/builder/builds/o86TiJKT/0/finestructure/swiftpackageindex-builder/spi-builder-workspace/Tests/AllOfTests.swift /Users/builder/builds/o86TiJKT/0/finestructure/swiftpackageindex-builder/spi-builder-workspace/Tests/BasicTests.swift /Users/builder/builds/o86TiJKT/0/finestructure/swiftpackageindex-builder/spi-builder-workspace/Tests/ChainedReferenceTests.swift /Users/builder/builds/o86TiJKT/0/finestructure/swiftpackageindex-builder/spi-builder-workspace/Tests/CrossReferenceTests.swift /Users/builder/builds/o86TiJKT/0/finestructure/swiftpackageindex-builder/spi-builder-workspace/Tests/ExampleTests.swift /Users/builder/builds/o86TiJKT/0/finestructure/swiftpackageindex-builder/spi-builder-workspace/Tests/LinuxMain.swift /Users/builder/builds/o86TiJKT/0/finestructure/swiftpackageindex-builder/spi-builder-workspace/Tests/NullableTests.swift /Users/builder/builds/o86TiJKT/0/finestructure/swiftpackageindex-builder/spi-builder-workspace/Tests/OneOfTests.swift /Users/builder/builds/o86TiJKT/0/finestructure/swiftpackageindex-builder/spi-builder-workspace/Tests/StructureSchemaTests.swift /Users/builder/builds/o86TiJKT/0/finestructure/swiftpackageindex-builder/spi-builder-workspace/Tests/TestHelpers.swift /Users/builder/builds/o86TiJKT/0/finestructure/swiftpackageindex-builder/spi-builder-workspace/Tests/VersionTests.swift -emit-dependencies-path /Users/builder/builds/o86TiJKT/0/finestructure/swiftpackageindex-builder/spi-builder-workspace/.derivedData/Build/Intermediates.noindex/SwaggerParser.build/Debug-watchos/SwaggerParserTests.build/Objects-normal/arm64/AbstractTests.d -emit-reference-dependencies-path /Users/builder/builds/o86TiJKT/0/finestructure/swiftpackageindex-builder/spi-builder-workspace/.derivedData/Build/Intermediates.noindex/SwaggerParser.build/Debug-watchos/SwaggerParserTests.build/Objects-normal/arm64/AbstractTests.swiftdeps -serialize-diagnostics-path /Users/builder/builds/o86TiJKT/0/finestructure/swiftpackageindex-builder/spi-builder-workspace/.derivedData/Build/Intermediates.noindex/SwaggerParser.build/Debug-watchos/SwaggerParserTests.build/Objects-normal/arm64/AbstractTests.dia -emit-dependencies-path /Users/builder/builds/o86TiJKT/0/finestructure/swiftpackageindex-builder/spi-builder-workspace/.derivedData/Build/Intermediates.noindex/SwaggerParser.build/Debug-watchos/SwaggerParserTests.build/Objects-normal/arm64/AllOfTests.d -emit-reference-dependencies-path /Users/builder/builds/o86TiJKT/0/finestructure/swiftpackageindex-builder/spi-builder-workspace/.derivedData/Build/Intermediates.noindex/SwaggerParser.build/Debug-watchos/SwaggerParserTests.build/Objects-normal/arm64/AllOfTests.swiftdeps -serialize-diagnostics-path /Users/builder/builds/o86TiJKT/0/finestructure/swiftpackageindex-builder/spi-builder-workspace/.derivedData/Build/Intermediates.noindex/SwaggerParser.build/Debug-watchos/SwaggerParserTests.build/Objects-normal/arm64/AllOfTests.dia -target arm64-apple-watchos4.0 -Xllvm -aarch64-use-tbi -enable-objc-interop -sdk /Applications/Xcode-14.3.1.app/Contents/Developer/Platforms/WatchOS.platform/Developer/SDKs/WatchOS9.4.sdk -I /Users/builder/builds/o86TiJKT/0/finestructure/swiftpackageindex-builder/spi-builder-workspace/.derivedData/Build/Products/Debug-watchos -I /Applications/Xcode-14.3.1.app/Contents/Developer/Platforms/WatchOS.platform/Developer/usr/lib -F /Users/builder/builds/o86TiJKT/0/finestructure/swiftpackageindex-builder/spi-builder-workspace/.derivedData/Build/Products/Debug-watchos -F /Applications/Xcode-14.3.1.app/Contents/Developer/Platforms/WatchOS.platform/Developer/Library/Frameworks -F /Applications/Xcode-14.3.1.app/Contents/Developer/Platforms/WatchOS.platform/Developer/SDKs/WatchOS9.4.sdk/Developer/Library/Frameworks -no-color-diagnostics -enable-testing -g -module-cache-path /Users/builder/builds/o86TiJKT/0/finestructure/swiftpackageindex-builder/spi-builder-workspace/.derivedData/ModuleCache.noindex -swift-version 4 -enforce-exclusivity\=checked -Onone -D SWIFT_PACKAGE -D DEBUG -D Xcode -serialize-debugging-options -empty-abi-descriptor -Xcc -working-directory -Xcc /Users/builder/builds/o86TiJKT/0/finestructure/swiftpackageindex-builder/spi-builder-workspace -resource-dir /Applications/Xcode-14.3.1.app/Contents/Developer/Toolchains/XcodeDefault.xctoolchain/usr/lib/swift -enable-anonymous-context-mangled-names -Xcc -ivfsstatcache -Xcc /Users/builder/builds/o86TiJKT/0/finestructure/swiftpackageindex-builder/spi-builder-workspace/.derivedData/SDKStatCaches.noindex/watchos9.4-20T248-.sdkstatcache -Xcc -I/Users/builder/builds/o86TiJKT/0/finestructure/swiftpackageindex-builder/spi-builder-workspace/.derivedData/Build/Products/Debug-watchos/include -Xcc -I/Users/builder/builds/o86TiJKT/0/finestructure/swiftpackageindex-builder/spi-builder-workspace/.derivedData/Build/Intermediates.noindex/SwaggerParser.build/Debug-watchos/SwaggerParserTests.build/DerivedSources-normal/arm64 -Xcc -I/Users/builder/builds/o86TiJKT/0/finestructure/swiftpackageindex-builder/spi-builder-workspace/.derivedData/Build/Intermediates.noindex/SwaggerParser.build/Debug-watchos/SwaggerParserTests.build/DerivedSources/arm64 -Xcc -I/Users/builder/builds/o86TiJKT/0/finestructure/swiftpackageindex-builder/spi-builder-workspace/.derivedData/Build/Intermediates.noindex/SwaggerParser.build/Debug-watchos/SwaggerParserTests.build/DerivedSources -Xcc -DSWIFT_PACKAGE -Xcc -DDEBUG\=1 -module-name SwaggerParserTests -frontend-parseable-output -disable-clang-spi -target-sdk-version 9.4 -target-sdk-name watchos9.4 -o /Users/builder/builds/o86TiJKT/0/finestructure/swiftpackageindex-builder/spi-builder-workspace/.derivedData/Build/Intermediates.noindex/SwaggerParser.build/Debug-watchos/SwaggerParserTests.build/Objects-normal/arm64/AbstractTests.o -o /Users/builder/builds/o86TiJKT/0/finestructure/swiftpackageindex-builder/spi-builder-workspace/.derivedData/Build/Intermediates.noindex/SwaggerParser.build/Debug-watchos/SwaggerParserTests.build/Objects-normal/arm64/AllOfTests.o -index-unit-output-path /SwaggerParser.build/Debug-watchos/SwaggerParserTests.build/Objects-normal/arm64/AbstractTests.o -index-unit-output-path /SwaggerParser.build/Debug-watchos/SwaggerParserTests.build/Objects-normal/arm64/AllOfTests.o -index-store-path /Users/builder/builds/o86TiJKT/0/finestructure/swiftpackageindex-builder/spi-builder-workspace/.derivedData/Index.noindex/DataStore -index-system-modules
SwiftCompile normal arm64 Compiling\ TestHelpers.swift /Users/builder/builds/o86TiJKT/0/finestructure/swiftpackageindex-builder/spi-builder-workspace/Tests/TestHelpers.swift (in target 'SwaggerParserTests' from project 'SwaggerParser')
    cd /Users/builder/builds/o86TiJKT/0/finestructure/swiftpackageindex-builder/spi-builder-workspace
    builtin-swiftTaskExecution -- /Applications/Xcode-14.3.1.app/Contents/Developer/Toolchains/XcodeDefault.xctoolchain/usr/bin/swift-frontend -frontend -c /Users/builder/builds/o86TiJKT/0/finestructure/swiftpackageindex-builder/spi-builder-workspace/Tests/AbstractTests.swift /Users/builder/builds/o86TiJKT/0/finestructure/swiftpackageindex-builder/spi-builder-workspace/Tests/AllOfTests.swift /Users/builder/builds/o86TiJKT/0/finestructure/swiftpackageindex-builder/spi-builder-workspace/Tests/BasicTests.swift /Users/builder/builds/o86TiJKT/0/finestructure/swiftpackageindex-builder/spi-builder-workspace/Tests/ChainedReferenceTests.swift /Users/builder/builds/o86TiJKT/0/finestructure/swiftpackageindex-builder/spi-builder-workspace/Tests/CrossReferenceTests.swift /Users/builder/builds/o86TiJKT/0/finestructure/swiftpackageindex-builder/spi-builder-workspace/Tests/ExampleTests.swift /Users/builder/builds/o86TiJKT/0/finestructure/swiftpackageindex-builder/spi-builder-workspace/Tests/LinuxMain.swift /Users/builder/builds/o86TiJKT/0/finestructure/swiftpackageindex-builder/spi-builder-workspace/Tests/NullableTests.swift /Users/builder/builds/o86TiJKT/0/finestructure/swiftpackageindex-builder/spi-builder-workspace/Tests/OneOfTests.swift /Users/builder/builds/o86TiJKT/0/finestructure/swiftpackageindex-builder/spi-builder-workspace/Tests/StructureSchemaTests.swift -primary-file /Users/builder/builds/o86TiJKT/0/finestructure/swiftpackageindex-builder/spi-builder-workspace/Tests/TestHelpers.swift /Users/builder/builds/o86TiJKT/0/finestructure/swiftpackageindex-builder/spi-builder-workspace/Tests/VersionTests.swift -emit-dependencies-path /Users/builder/builds/o86TiJKT/0/finestructure/swiftpackageindex-builder/spi-builder-workspace/.derivedData/Build/Intermediates.noindex/SwaggerParser.build/Debug-watchos/SwaggerParserTests.build/Objects-normal/arm64/TestHelpers.d -emit-reference-dependencies-path /Users/builder/builds/o86TiJKT/0/finestructure/swiftpackageindex-builder/spi-builder-workspace/.derivedData/Build/Intermediates.noindex/SwaggerParser.build/Debug-watchos/SwaggerParserTests.build/Objects-normal/arm64/TestHelpers.swiftdeps -serialize-diagnostics-path /Users/builder/builds/o86TiJKT/0/finestructure/swiftpackageindex-builder/spi-builder-workspace/.derivedData/Build/Intermediates.noindex/SwaggerParser.build/Debug-watchos/SwaggerParserTests.build/Objects-normal/arm64/TestHelpers.dia -target arm64-apple-watchos4.0 -Xllvm -aarch64-use-tbi -enable-objc-interop -sdk /Applications/Xcode-14.3.1.app/Contents/Developer/Platforms/WatchOS.platform/Developer/SDKs/WatchOS9.4.sdk -I /Users/builder/builds/o86TiJKT/0/finestructure/swiftpackageindex-builder/spi-builder-workspace/.derivedData/Build/Products/Debug-watchos -I /Applications/Xcode-14.3.1.app/Contents/Developer/Platforms/WatchOS.platform/Developer/usr/lib -F /Users/builder/builds/o86TiJKT/0/finestructure/swiftpackageindex-builder/spi-builder-workspace/.derivedData/Build/Products/Debug-watchos -F /Applications/Xcode-14.3.1.app/Contents/Developer/Platforms/WatchOS.platform/Developer/Library/Frameworks -F /Applications/Xcode-14.3.1.app/Contents/Developer/Platforms/WatchOS.platform/Developer/SDKs/WatchOS9.4.sdk/Developer/Library/Frameworks -no-color-diagnostics -enable-testing -g -module-cache-path /Users/builder/builds/o86TiJKT/0/finestructure/swiftpackageindex-builder/spi-builder-workspace/.derivedData/ModuleCache.noindex -swift-version 4 -enforce-exclusivity\=checked -Onone -D SWIFT_PACKAGE -D DEBUG -D Xcode -serialize-debugging-options -empty-abi-descriptor -Xcc -working-directory -Xcc /Users/builder/builds/o86TiJKT/0/finestructure/swiftpackageindex-builder/spi-builder-workspace -resource-dir /Applications/Xcode-14.3.1.app/Contents/Developer/Toolchains/XcodeDefault.xctoolchain/usr/lib/swift -enable-anonymous-context-mangled-names -Xcc -ivfsstatcache -Xcc /Users/builder/builds/o86TiJKT/0/finestructure/swiftpackageindex-builder/spi-builder-workspace/.derivedData/SDKStatCaches.noindex/watchos9.4-20T248-.sdkstatcache -Xcc -I/Users/builder/builds/o86TiJKT/0/finestructure/swiftpackageindex-builder/spi-builder-workspace/.derivedData/Build/Products/Debug-watchos/include -Xcc -I/Users/builder/builds/o86TiJKT/0/finestructure/swiftpackageindex-builder/spi-builder-workspace/.derivedData/Build/Intermediates.noindex/SwaggerParser.build/Debug-watchos/SwaggerParserTests.build/DerivedSources-normal/arm64 -Xcc -I/Users/builder/builds/o86TiJKT/0/finestructure/swiftpackageindex-builder/spi-builder-workspace/.derivedData/Build/Intermediates.noindex/SwaggerParser.build/Debug-watchos/SwaggerParserTests.build/DerivedSources/arm64 -Xcc -I/Users/builder/builds/o86TiJKT/0/finestructure/swiftpackageindex-builder/spi-builder-workspace/.derivedData/Build/Intermediates.noindex/SwaggerParser.build/Debug-watchos/SwaggerParserTests.build/DerivedSources -Xcc -DSWIFT_PACKAGE -Xcc -DDEBUG\=1 -module-name SwaggerParserTests -frontend-parseable-output -disable-clang-spi -target-sdk-version 9.4 -target-sdk-name watchos9.4 -o /Users/builder/builds/o86TiJKT/0/finestructure/swiftpackageindex-builder/spi-builder-workspace/.derivedData/Build/Intermediates.noindex/SwaggerParser.build/Debug-watchos/SwaggerParserTests.build/Objects-normal/arm64/TestHelpers.o -index-unit-output-path /SwaggerParser.build/Debug-watchos/SwaggerParserTests.build/Objects-normal/arm64/TestHelpers.o -index-store-path /Users/builder/builds/o86TiJKT/0/finestructure/swiftpackageindex-builder/spi-builder-workspace/.derivedData/Index.noindex/DataStore -index-system-modules
SwiftCompile normal arm64 /Users/builder/builds/o86TiJKT/0/finestructure/swiftpackageindex-builder/spi-builder-workspace/Tests/TestHelpers.swift (in target 'SwaggerParserTests' from project 'SwaggerParser')
    cd /Users/builder/builds/o86TiJKT/0/finestructure/swiftpackageindex-builder/spi-builder-workspace
    /Applications/Xcode-14.3.1.app/Contents/Developer/Toolchains/XcodeDefault.xctoolchain/usr/bin/swift-frontend -c /Users/builder/builds/o86TiJKT/0/finestructure/swiftpackageindex-builder/spi-builder-workspace/Tests/AbstractTests.swift /Users/builder/builds/o86TiJKT/0/finestructure/swiftpackageindex-builder/spi-builder-workspace/Tests/AllOfTests.swift /Users/builder/builds/o86TiJKT/0/finestructure/swiftpackageindex-builder/spi-builder-workspace/Tests/BasicTests.swift /Users/builder/builds/o86TiJKT/0/finestructure/swiftpackageindex-builder/spi-builder-workspace/Tests/ChainedReferenceTests.swift /Users/builder/builds/o86TiJKT/0/finestructure/swiftpackageindex-builder/spi-builder-workspace/Tests/CrossReferenceTests.swift /Users/builder/builds/o86TiJKT/0/finestructure/swiftpackageindex-builder/spi-builder-workspace/Tests/ExampleTests.swift /Users/builder/builds/o86TiJKT/0/finestructure/swiftpackageindex-builder/spi-builder-workspace/Tests/LinuxMain.swift /Users/builder/builds/o86TiJKT/0/finestructure/swiftpackageindex-builder/spi-builder-workspace/Tests/NullableTests.swift /Users/builder/builds/o86TiJKT/0/finestructure/swiftpackageindex-builder/spi-builder-workspace/Tests/OneOfTests.swift /Users/builder/builds/o86TiJKT/0/finestructure/swiftpackageindex-builder/spi-builder-workspace/Tests/StructureSchemaTests.swift -primary-file /Users/builder/builds/o86TiJKT/0/finestructure/swiftpackageindex-builder/spi-builder-workspace/Tests/TestHelpers.swift /Users/builder/builds/o86TiJKT/0/finestructure/swiftpackageindex-builder/spi-builder-workspace/Tests/VersionTests.swift -emit-dependencies-path /Users/builder/builds/o86TiJKT/0/finestructure/swiftpackageindex-builder/spi-builder-workspace/.derivedData/Build/Intermediates.noindex/SwaggerParser.build/Debug-watchos/SwaggerParserTests.build/Objects-normal/arm64/TestHelpers.d -emit-reference-dependencies-path /Users/builder/builds/o86TiJKT/0/finestructure/swiftpackageindex-builder/spi-builder-workspace/.derivedData/Build/Intermediates.noindex/SwaggerParser.build/Debug-watchos/SwaggerParserTests.build/Objects-normal/arm64/TestHelpers.swiftdeps -serialize-diagnostics-path /Users/builder/builds/o86TiJKT/0/finestructure/swiftpackageindex-builder/spi-builder-workspace/.derivedData/Build/Intermediates.noindex/SwaggerParser.build/Debug-watchos/SwaggerParserTests.build/Objects-normal/arm64/TestHelpers.dia -target arm64-apple-watchos4.0 -Xllvm -aarch64-use-tbi -enable-objc-interop -sdk /Applications/Xcode-14.3.1.app/Contents/Developer/Platforms/WatchOS.platform/Developer/SDKs/WatchOS9.4.sdk -I /Users/builder/builds/o86TiJKT/0/finestructure/swiftpackageindex-builder/spi-builder-workspace/.derivedData/Build/Products/Debug-watchos -I /Applications/Xcode-14.3.1.app/Contents/Developer/Platforms/WatchOS.platform/Developer/usr/lib -F /Users/builder/builds/o86TiJKT/0/finestructure/swiftpackageindex-builder/spi-builder-workspace/.derivedData/Build/Products/Debug-watchos -F /Applications/Xcode-14.3.1.app/Contents/Developer/Platforms/WatchOS.platform/Developer/Library/Frameworks -F /Applications/Xcode-14.3.1.app/Contents/Developer/Platforms/WatchOS.platform/Developer/SDKs/WatchOS9.4.sdk/Developer/Library/Frameworks -no-color-diagnostics -enable-testing -g -module-cache-path /Users/builder/builds/o86TiJKT/0/finestructure/swiftpackageindex-builder/spi-builder-workspace/.derivedData/ModuleCache.noindex -swift-version 4 -enforce-exclusivity\=checked -Onone -D SWIFT_PACKAGE -D DEBUG -D Xcode -serialize-debugging-options -empty-abi-descriptor -Xcc -working-directory -Xcc /Users/builder/builds/o86TiJKT/0/finestructure/swiftpackageindex-builder/spi-builder-workspace -resource-dir /Applications/Xcode-14.3.1.app/Contents/Developer/Toolchains/XcodeDefault.xctoolchain/usr/lib/swift -enable-anonymous-context-mangled-names -Xcc -ivfsstatcache -Xcc /Users/builder/builds/o86TiJKT/0/finestructure/swiftpackageindex-builder/spi-builder-workspace/.derivedData/SDKStatCaches.noindex/watchos9.4-20T248-.sdkstatcache -Xcc -I/Users/builder/builds/o86TiJKT/0/finestructure/swiftpackageindex-builder/spi-builder-workspace/.derivedData/Build/Products/Debug-watchos/include -Xcc -I/Users/builder/builds/o86TiJKT/0/finestructure/swiftpackageindex-builder/spi-builder-workspace/.derivedData/Build/Intermediates.noindex/SwaggerParser.build/Debug-watchos/SwaggerParserTests.build/DerivedSources-normal/arm64 -Xcc -I/Users/builder/builds/o86TiJKT/0/finestructure/swiftpackageindex-builder/spi-builder-workspace/.derivedData/Build/Intermediates.noindex/SwaggerParser.build/Debug-watchos/SwaggerParserTests.build/DerivedSources/arm64 -Xcc -I/Users/builder/builds/o86TiJKT/0/finestructure/swiftpackageindex-builder/spi-builder-workspace/.derivedData/Build/Intermediates.noindex/SwaggerParser.build/Debug-watchos/SwaggerParserTests.build/DerivedSources -Xcc -DSWIFT_PACKAGE -Xcc -DDEBUG\=1 -module-name SwaggerParserTests -frontend-parseable-output -disable-clang-spi -target-sdk-version 9.4 -target-sdk-name watchos9.4 -o /Users/builder/builds/o86TiJKT/0/finestructure/swiftpackageindex-builder/spi-builder-workspace/.derivedData/Build/Intermediates.noindex/SwaggerParser.build/Debug-watchos/SwaggerParserTests.build/Objects-normal/arm64/TestHelpers.o -index-unit-output-path /SwaggerParser.build/Debug-watchos/SwaggerParserTests.build/Objects-normal/arm64/TestHelpers.o -index-store-path /Users/builder/builds/o86TiJKT/0/finestructure/swiftpackageindex-builder/spi-builder-workspace/.derivedData/Index.noindex/DataStore -index-system-modules
SwiftEmitModule normal arm64_32 Emitting\ module\ for\ SwaggerParserTests (in target 'SwaggerParserTests' from project 'SwaggerParser')
    cd /Users/builder/builds/o86TiJKT/0/finestructure/swiftpackageindex-builder/spi-builder-workspace
    builtin-swiftTaskExecution -- /Applications/Xcode-14.3.1.app/Contents/Developer/Toolchains/XcodeDefault.xctoolchain/usr/bin/swift-frontend -frontend -emit-module -experimental-skip-non-inlinable-function-bodies-without-types /Users/builder/builds/o86TiJKT/0/finestructure/swiftpackageindex-builder/spi-builder-workspace/Tests/AbstractTests.swift /Users/builder/builds/o86TiJKT/0/finestructure/swiftpackageindex-builder/spi-builder-workspace/Tests/AllOfTests.swift /Users/builder/builds/o86TiJKT/0/finestructure/swiftpackageindex-builder/spi-builder-workspace/Tests/BasicTests.swift /Users/builder/builds/o86TiJKT/0/finestructure/swiftpackageindex-builder/spi-builder-workspace/Tests/ChainedReferenceTests.swift /Users/builder/builds/o86TiJKT/0/finestructure/swiftpackageindex-builder/spi-builder-workspace/Tests/CrossReferenceTests.swift /Users/builder/builds/o86TiJKT/0/finestructure/swiftpackageindex-builder/spi-builder-workspace/Tests/ExampleTests.swift /Users/builder/builds/o86TiJKT/0/finestructure/swiftpackageindex-builder/spi-builder-workspace/Tests/LinuxMain.swift /Users/builder/builds/o86TiJKT/0/finestructure/swiftpackageindex-builder/spi-builder-workspace/Tests/NullableTests.swift /Users/builder/builds/o86TiJKT/0/finestructure/swiftpackageindex-builder/spi-builder-workspace/Tests/OneOfTests.swift /Users/builder/builds/o86TiJKT/0/finestructure/swiftpackageindex-builder/spi-builder-workspace/Tests/StructureSchemaTests.swift /Users/builder/builds/o86TiJKT/0/finestructure/swiftpackageindex-builder/spi-builder-workspace/Tests/TestHelpers.swift /Users/builder/builds/o86TiJKT/0/finestructure/swiftpackageindex-builder/spi-builder-workspace/Tests/VersionTests.swift -target arm64_32-apple-watchos4.0 -enable-objc-interop -sdk /Applications/Xcode-14.3.1.app/Contents/Developer/Platforms/WatchOS.platform/Developer/SDKs/WatchOS9.4.sdk -I /Users/builder/builds/o86TiJKT/0/finestructure/swiftpackageindex-builder/spi-builder-workspace/.derivedData/Build/Products/Debug-watchos -I /Applications/Xcode-14.3.1.app/Contents/Developer/Platforms/WatchOS.platform/Developer/usr/lib -F /Users/builder/builds/o86TiJKT/0/finestructure/swiftpackageindex-builder/spi-builder-workspace/.derivedData/Build/Products/Debug-watchos -F /Applications/Xcode-14.3.1.app/Contents/Developer/Platforms/WatchOS.platform/Developer/Library/Frameworks -F /Applications/Xcode-14.3.1.app/Contents/Developer/Platforms/WatchOS.platform/Developer/SDKs/WatchOS9.4.sdk/Developer/Library/Frameworks -no-color-diagnostics -enable-testing -g -module-cache-path /Users/builder/builds/o86TiJKT/0/finestructure/swiftpackageindex-builder/spi-builder-workspace/.derivedData/ModuleCache.noindex -swift-version 4 -enforce-exclusivity\=checked -Onone -D SWIFT_PACKAGE -D DEBUG -D Xcode -serialize-debugging-options -empty-abi-descriptor -Xcc -working-directory -Xcc /Users/builder/builds/o86TiJKT/0/finestructure/swiftpackageindex-builder/spi-builder-workspace -resource-dir /Applications/Xcode-14.3.1.app/Contents/Developer/Toolchains/XcodeDefault.xctoolchain/usr/lib/swift -enable-anonymous-context-mangled-names -Xcc -ivfsstatcache -Xcc /Users/builder/builds/o86TiJKT/0/finestructure/swiftpackageindex-builder/spi-builder-workspace/.derivedData/SDKStatCaches.noindex/watchos9.4-20T248-.sdkstatcache -Xcc -I/Users/builder/builds/o86TiJKT/0/finestructure/swiftpackageindex-builder/spi-builder-workspace/.derivedData/Build/Products/Debug-watchos/include -Xcc -I/Users/builder/builds/o86TiJKT/0/finestructure/swiftpackageindex-builder/spi-builder-workspace/.derivedData/Build/Intermediates.noindex/SwaggerParser.build/Debug-watchos/SwaggerParserTests.build/DerivedSources-normal/arm64_32 -Xcc -I/Users/builder/builds/o86TiJKT/0/finestructure/swiftpackageindex-builder/spi-builder-workspace/.derivedData/Build/Intermediates.noindex/SwaggerParser.build/Debug-watchos/SwaggerParserTests.build/DerivedSources/arm64_32 -Xcc -I/Users/builder/builds/o86TiJKT/0/finestructure/swiftpackageindex-builder/spi-builder-workspace/.derivedData/Build/Intermediates.noindex/SwaggerParser.build/Debug-watchos/SwaggerParserTests.build/DerivedSources -Xcc -DSWIFT_PACKAGE -Xcc -DDEBUG\=1 -module-name SwaggerParserTests -disable-clang-spi -target-sdk-version 9.4 -target-sdk-name watchos9.4 -emit-module-doc-path /Users/builder/builds/o86TiJKT/0/finestructure/swiftpackageindex-builder/spi-builder-workspace/.derivedData/Build/Intermediates.noindex/SwaggerParser.build/Debug-watchos/SwaggerParserTests.build/Objects-normal/arm64_32/SwaggerParserTests.swiftdoc -emit-module-source-info-path /Users/builder/builds/o86TiJKT/0/finestructure/swiftpackageindex-builder/spi-builder-workspace/.derivedData/Build/Intermediates.noindex/SwaggerParser.build/Debug-watchos/SwaggerParserTests.build/Objects-normal/arm64_32/SwaggerParserTests.swiftsourceinfo -serialize-diagnostics-path /Users/builder/builds/o86TiJKT/0/finestructure/swiftpackageindex-builder/spi-builder-workspace/.derivedData/Build/Intermediates.noindex/SwaggerParser.build/Debug-watchos/SwaggerParserTests.build/Objects-normal/arm64_32/SwaggerParserTests-master-emit-module.dia -emit-dependencies-path /Users/builder/builds/o86TiJKT/0/finestructure/swiftpackageindex-builder/spi-builder-workspace/.derivedData/Build/Intermediates.noindex/SwaggerParser.build/Debug-watchos/SwaggerParserTests.build/Objects-normal/arm64_32/SwaggerParserTests-master-emit-module.d -o /Users/builder/builds/o86TiJKT/0/finestructure/swiftpackageindex-builder/spi-builder-workspace/.derivedData/Build/Intermediates.noindex/SwaggerParser.build/Debug-watchos/SwaggerParserTests.build/Objects-normal/arm64_32/SwaggerParserTests.swiftmodule -emit-abi-descriptor-path /Users/builder/builds/o86TiJKT/0/finestructure/swiftpackageindex-builder/spi-builder-workspace/.derivedData/Build/Intermediates.noindex/SwaggerParser.build/Debug-watchos/SwaggerParserTests.build/Objects-normal/arm64_32/SwaggerParserTests.abi.json
Command SwiftEmitModule failed with a nonzero exit code
Resolve Package Graph
2024-05-29 01:31:40.416 xcodebuild[72857:20182181] DVTCoreDeviceEnabledState: DVTCoreDeviceEnabledState_Disabled set via user default (DVTEnableCoreDevice=disabled)
** BUILD FAILED **
The following build commands failed:
	SwiftEmitModule normal arm64 Emitting\ module\ for\ SwaggerParserTests (in target 'SwaggerParserTests' from project 'SwaggerParser')
	SwiftEmitModule normal arm64_32 Emitting\ module\ for\ SwaggerParserTests (in target 'SwaggerParserTests' from project 'SwaggerParser')
(2 failures)
Command line invocation:
    /Applications/Xcode-14.3.1.app/Contents/Developer/usr/bin/xcodebuild -IDEClonedSourcePackagesDirPathOverride=/Users/builder/builds/o86TiJKT/0/finestructure/swiftpackageindex-builder/spi-builder-workspace/.dependencies -skipPackagePluginValidation -derivedDataPath /Users/builder/builds/o86TiJKT/0/finestructure/swiftpackageindex-builder/spi-builder-workspace/.derivedData build -scheme SwaggerParser -destination generic/platform=watchos
User defaults from command line:
    IDEClonedSourcePackagesDirPathOverride = /Users/builder/builds/o86TiJKT/0/finestructure/swiftpackageindex-builder/spi-builder-workspace/.dependencies
    IDEDerivedDataPathOverride = /Users/builder/builds/o86TiJKT/0/finestructure/swiftpackageindex-builder/spi-builder-workspace/.derivedData
    IDEPackageSupportUseBuiltinSCM = YES
Resolve Package Graph
Resolved source packages:
  SwaggerParser: /Users/builder/builds/o86TiJKT/0/finestructure/swiftpackageindex-builder/spi-builder-workspace
Prepare packages
Computing target dependency graph and provisioning inputs
Create build description
note: Building targets in dependency order
ClangStatCache /Applications/Xcode-14.3.1.app/Contents/Developer/Toolchains/XcodeDefault.xctoolchain/usr/bin/clang-stat-cache /Applications/Xcode-14.3.1.app/Contents/Developer/Platforms/WatchOS.platform/Developer/SDKs/WatchOS9.4.sdk /Users/builder/builds/o86TiJKT/0/finestructure/swiftpackageindex-builder/spi-builder-workspace/.derivedData/SDKStatCaches.noindex/watchos9.4-20T248-.sdkstatcache
    cd /Users/builder/builds/o86TiJKT/0/finestructure/swiftpackageindex-builder/spi-builder-workspace/.swiftpm/xcode
    /Applications/Xcode-14.3.1.app/Contents/Developer/Toolchains/XcodeDefault.xctoolchain/usr/bin/clang-stat-cache /Applications/Xcode-14.3.1.app/Contents/Developer/Platforms/WatchOS.platform/Developer/SDKs/WatchOS9.4.sdk -o /Users/builder/builds/o86TiJKT/0/finestructure/swiftpackageindex-builder/spi-builder-workspace/.derivedData/SDKStatCaches.noindex/watchos9.4-20T248-.sdkstatcache
SwiftDriver SwaggerParserTests normal arm64 com.apple.xcode.tools.swift.compiler (in target 'SwaggerParserTests' from project 'SwaggerParser')
    cd /Users/builder/builds/o86TiJKT/0/finestructure/swiftpackageindex-builder/spi-builder-workspace
    builtin-SwiftDriver -- /Applications/Xcode-14.3.1.app/Contents/Developer/Toolchains/XcodeDefault.xctoolchain/usr/bin/swiftc -module-name SwaggerParserTests -Onone -enforce-exclusivity\=checked @/Users/builder/builds/o86TiJKT/0/finestructure/swiftpackageindex-builder/spi-builder-workspace/.derivedData/Build/Intermediates.noindex/SwaggerParser.build/Debug-watchos/SwaggerParserTests.build/Objects-normal/arm64/SwaggerParserTests.SwiftFileList -DSWIFT_PACKAGE -DDEBUG -DXcode -sdk /Applications/Xcode-14.3.1.app/Contents/Developer/Platforms/WatchOS.platform/Developer/SDKs/WatchOS9.4.sdk -target arm64-apple-watchos4.0 -g -module-cache-path /Users/builder/builds/o86TiJKT/0/finestructure/swiftpackageindex-builder/spi-builder-workspace/.derivedData/ModuleCache.noindex -Xfrontend -serialize-debugging-options -enable-testing -index-store-path /Users/builder/builds/o86TiJKT/0/finestructure/swiftpackageindex-builder/spi-builder-workspace/.derivedData/Index.noindex/DataStore -swift-version 4 -I /Users/builder/builds/o86TiJKT/0/finestructure/swiftpackageindex-builder/spi-builder-workspace/.derivedData/Build/Products/Debug-watchos -I /Applications/Xcode-14.3.1.app/Contents/Developer/Platforms/WatchOS.platform/Developer/usr/lib -F /Users/builder/builds/o86TiJKT/0/finestructure/swiftpackageindex-builder/spi-builder-workspace/.derivedData/Build/Products/Debug-watchos -F /Applications/Xcode-14.3.1.app/Contents/Developer/Platforms/WatchOS.platform/Developer/Library/Frameworks -F /Applications/Xcode-14.3.1.app/Contents/Developer/Platforms/WatchOS.platform/Developer/SDKs/WatchOS9.4.sdk/Developer/Library/Frameworks -c -j8 -enable-batch-mode -incremental -Xcc -ivfsstatcache -Xcc /Users/builder/builds/o86TiJKT/0/finestructure/swiftpackageindex-builder/spi-builder-workspace/.derivedData/SDKStatCaches.noindex/watchos9.4-20T248-.sdkstatcache -output-file-map /Users/builder/builds/o86TiJKT/0/finestructure/swiftpackageindex-builder/spi-builder-workspace/.derivedData/Build/Intermediates.noindex/SwaggerParser.build/Debug-watchos/SwaggerParserTests.build/Objects-normal/arm64/SwaggerParserTests-OutputFileMap.json -use-frontend-parseable-output -save-temps -no-color-diagnostics -serialize-diagnostics -emit-dependencies -emit-module -emit-module-path /Users/builder/builds/o86TiJKT/0/finestructure/swiftpackageindex-builder/spi-builder-workspace/.derivedData/Build/Intermediates.noindex/SwaggerParser.build/Debug-watchos/SwaggerParserTests.build/Objects-normal/arm64/SwaggerParserTests.swiftmodule -Xcc -I/Users/builder/builds/o86TiJKT/0/finestructure/swiftpackageindex-builder/spi-builder-workspace/.derivedData/Build/Products/Debug-watchos/include -Xcc -I/Users/builder/builds/o86TiJKT/0/finestructure/swiftpackageindex-builder/spi-builder-workspace/.derivedData/Build/Intermediates.noindex/SwaggerParser.build/Debug-watchos/SwaggerParserTests.build/DerivedSources-normal/arm64 -Xcc -I/Users/builder/builds/o86TiJKT/0/finestructure/swiftpackageindex-builder/spi-builder-workspace/.derivedData/Build/Intermediates.noindex/SwaggerParser.build/Debug-watchos/SwaggerParserTests.build/DerivedSources/arm64 -Xcc -I/Users/builder/builds/o86TiJKT/0/finestructure/swiftpackageindex-builder/spi-builder-workspace/.derivedData/Build/Intermediates.noindex/SwaggerParser.build/Debug-watchos/SwaggerParserTests.build/DerivedSources -Xcc -DSWIFT_PACKAGE -Xcc -DDEBUG\=1 -working-directory /Users/builder/builds/o86TiJKT/0/finestructure/swiftpackageindex-builder/spi-builder-workspace -experimental-emit-module-separately -disable-cmo
SwiftDriver SwaggerParserTests normal arm64_32 com.apple.xcode.tools.swift.compiler (in target 'SwaggerParserTests' from project 'SwaggerParser')
    cd /Users/builder/builds/o86TiJKT/0/finestructure/swiftpackageindex-builder/spi-builder-workspace
    builtin-SwiftDriver -- /Applications/Xcode-14.3.1.app/Contents/Developer/Toolchains/XcodeDefault.xctoolchain/usr/bin/swiftc -module-name SwaggerParserTests -Onone -enforce-exclusivity\=checked @/Users/builder/builds/o86TiJKT/0/finestructure/swiftpackageindex-builder/spi-builder-workspace/.derivedData/Build/Intermediates.noindex/SwaggerParser.build/Debug-watchos/SwaggerParserTests.build/Objects-normal/arm64_32/SwaggerParserTests.SwiftFileList -DSWIFT_PACKAGE -DDEBUG -DXcode -sdk /Applications/Xcode-14.3.1.app/Contents/Developer/Platforms/WatchOS.platform/Developer/SDKs/WatchOS9.4.sdk -target arm64_32-apple-watchos4.0 -g -module-cache-path /Users/builder/builds/o86TiJKT/0/finestructure/swiftpackageindex-builder/spi-builder-workspace/.derivedData/ModuleCache.noindex -Xfrontend -serialize-debugging-options -enable-testing -index-store-path /Users/builder/builds/o86TiJKT/0/finestructure/swiftpackageindex-builder/spi-builder-workspace/.derivedData/Index.noindex/DataStore -swift-version 4 -I /Users/builder/builds/o86TiJKT/0/finestructure/swiftpackageindex-builder/spi-builder-workspace/.derivedData/Build/Products/Debug-watchos -I /Applications/Xcode-14.3.1.app/Contents/Developer/Platforms/WatchOS.platform/Developer/usr/lib -F /Users/builder/builds/o86TiJKT/0/finestructure/swiftpackageindex-builder/spi-builder-workspace/.derivedData/Build/Products/Debug-watchos -F /Applications/Xcode-14.3.1.app/Contents/Developer/Platforms/WatchOS.platform/Developer/Library/Frameworks -F /Applications/Xcode-14.3.1.app/Contents/Developer/Platforms/WatchOS.platform/Developer/SDKs/WatchOS9.4.sdk/Developer/Library/Frameworks -c -j8 -enable-batch-mode -incremental -Xcc -ivfsstatcache -Xcc /Users/builder/builds/o86TiJKT/0/finestructure/swiftpackageindex-builder/spi-builder-workspace/.derivedData/SDKStatCaches.noindex/watchos9.4-20T248-.sdkstatcache -output-file-map /Users/builder/builds/o86TiJKT/0/finestructure/swiftpackageindex-builder/spi-builder-workspace/.derivedData/Build/Intermediates.noindex/SwaggerParser.build/Debug-watchos/SwaggerParserTests.build/Objects-normal/arm64_32/SwaggerParserTests-OutputFileMap.json -use-frontend-parseable-output -save-temps -no-color-diagnostics -serialize-diagnostics -emit-dependencies -emit-module -emit-module-path /Users/builder/builds/o86TiJKT/0/finestructure/swiftpackageindex-builder/spi-builder-workspace/.derivedData/Build/Intermediates.noindex/SwaggerParser.build/Debug-watchos/SwaggerParserTests.build/Objects-normal/arm64_32/SwaggerParserTests.swiftmodule -Xcc -I/Users/builder/builds/o86TiJKT/0/finestructure/swiftpackageindex-builder/spi-builder-workspace/.derivedData/Build/Products/Debug-watchos/include -Xcc -I/Users/builder/builds/o86TiJKT/0/finestructure/swiftpackageindex-builder/spi-builder-workspace/.derivedData/Build/Intermediates.noindex/SwaggerParser.build/Debug-watchos/SwaggerParserTests.build/DerivedSources-normal/arm64_32 -Xcc -I/Users/builder/builds/o86TiJKT/0/finestructure/swiftpackageindex-builder/spi-builder-workspace/.derivedData/Build/Intermediates.noindex/SwaggerParser.build/Debug-watchos/SwaggerParserTests.build/DerivedSources/arm64_32 -Xcc -I/Users/builder/builds/o86TiJKT/0/finestructure/swiftpackageindex-builder/spi-builder-workspace/.derivedData/Build/Intermediates.noindex/SwaggerParser.build/Debug-watchos/SwaggerParserTests.build/DerivedSources -Xcc -DSWIFT_PACKAGE -Xcc -DDEBUG\=1 -working-directory /Users/builder/builds/o86TiJKT/0/finestructure/swiftpackageindex-builder/spi-builder-workspace -experimental-emit-module-separately -disable-cmo
SwiftDriver SwaggerParser normal arm64_32 com.apple.xcode.tools.swift.compiler (in target 'SwaggerParser' from project 'SwaggerParser')
    cd /Users/builder/builds/o86TiJKT/0/finestructure/swiftpackageindex-builder/spi-builder-workspace
    builtin-SwiftDriver -- /Applications/Xcode-14.3.1.app/Contents/Developer/Toolchains/XcodeDefault.xctoolchain/usr/bin/swiftc -module-name SwaggerParser -Onone -enforce-exclusivity\=checked @/Users/builder/builds/o86TiJKT/0/finestructure/swiftpackageindex-builder/spi-builder-workspace/.derivedData/Build/Intermediates.noindex/SwaggerParser.build/Debug-watchos/SwaggerParser.build/Objects-normal/arm64_32/SwaggerParser.SwiftFileList -DSWIFT_PACKAGE -DDEBUG -DXcode -sdk /Applications/Xcode-14.3.1.app/Contents/Developer/Platforms/WatchOS.platform/Developer/SDKs/WatchOS9.4.sdk -target arm64_32-apple-watchos4.0 -g -module-cache-path /Users/builder/builds/o86TiJKT/0/finestructure/swiftpackageindex-builder/spi-builder-workspace/.derivedData/ModuleCache.noindex -Xfrontend -serialize-debugging-options -enable-testing -index-store-path /Users/builder/builds/o86TiJKT/0/finestructure/swiftpackageindex-builder/spi-builder-workspace/.derivedData/Index.noindex/DataStore -swift-version 4 -I /Users/builder/builds/o86TiJKT/0/finestructure/swiftpackageindex-builder/spi-builder-workspace/.derivedData/Build/Products/Debug-watchos -I /Applications/Xcode-14.3.1.app/Contents/Developer/Platforms/WatchOS.platform/Developer/usr/lib -F /Users/builder/builds/o86TiJKT/0/finestructure/swiftpackageindex-builder/spi-builder-workspace/.derivedData/Build/Products/Debug-watchos -F /Applications/Xcode-14.3.1.app/Contents/Developer/Platforms/WatchOS.platform/Developer/Library/Frameworks -F /Applications/Xcode-14.3.1.app/Contents/Developer/Platforms/WatchOS.platform/Developer/SDKs/WatchOS9.4.sdk/Developer/Library/Frameworks -c -j8 -enable-batch-mode -incremental -Xcc -ivfsstatcache -Xcc /Users/builder/builds/o86TiJKT/0/finestructure/swiftpackageindex-builder/spi-builder-workspace/.derivedData/SDKStatCaches.noindex/watchos9.4-20T248-.sdkstatcache -output-file-map /Users/builder/builds/o86TiJKT/0/finestructure/swiftpackageindex-builder/spi-builder-workspace/.derivedData/Build/Intermediates.noindex/SwaggerParser.build/Debug-watchos/SwaggerParser.build/Objects-normal/arm64_32/SwaggerParser-OutputFileMap.json -use-frontend-parseable-output -save-temps -no-color-diagnostics -serialize-diagnostics -emit-dependencies -emit-module -emit-module-path /Users/builder/builds/o86TiJKT/0/finestructure/swiftpackageindex-builder/spi-builder-workspace/.derivedData/Build/Intermediates.noindex/SwaggerParser.build/Debug-watchos/SwaggerParser.build/Objects-normal/arm64_32/SwaggerParser.swiftmodule -Xcc -I/Users/builder/builds/o86TiJKT/0/finestructure/swiftpackageindex-builder/spi-builder-workspace/.derivedData/Build/Intermediates.noindex/SwaggerParser.build/Debug-watchos/SwaggerParser.build/swift-overrides.hmap -Xcc -I/Users/builder/builds/o86TiJKT/0/finestructure/swiftpackageindex-builder/spi-builder-workspace/.derivedData/Build/Products/Debug-watchos/include -Xcc -I/Users/builder/builds/o86TiJKT/0/finestructure/swiftpackageindex-builder/spi-builder-workspace/.derivedData/Build/Intermediates.noindex/SwaggerParser.build/Debug-watchos/SwaggerParser.build/DerivedSources-normal/arm64_32 -Xcc -I/Users/builder/builds/o86TiJKT/0/finestructure/swiftpackageindex-builder/spi-builder-workspace/.derivedData/Build/Intermediates.noindex/SwaggerParser.build/Debug-watchos/SwaggerParser.build/DerivedSources/arm64_32 -Xcc -I/Users/builder/builds/o86TiJKT/0/finestructure/swiftpackageindex-builder/spi-builder-workspace/.derivedData/Build/Intermediates.noindex/SwaggerParser.build/Debug-watchos/SwaggerParser.build/DerivedSources -Xcc -DSWIFT_PACKAGE -Xcc -DDEBUG\=1 -emit-objc-header -emit-objc-header-path /Users/builder/builds/o86TiJKT/0/finestructure/swiftpackageindex-builder/spi-builder-workspace/.derivedData/Build/Intermediates.noindex/SwaggerParser.build/Debug-watchos/SwaggerParser.build/Objects-normal/arm64_32/SwaggerParser-Swift.h -working-directory /Users/builder/builds/o86TiJKT/0/finestructure/swiftpackageindex-builder/spi-builder-workspace -experimental-emit-module-separately -disable-cmo
SwiftDriver SwaggerParser normal arm64 com.apple.xcode.tools.swift.compiler (in target 'SwaggerParser' from project 'SwaggerParser')
    cd /Users/builder/builds/o86TiJKT/0/finestructure/swiftpackageindex-builder/spi-builder-workspace
    builtin-SwiftDriver -- /Applications/Xcode-14.3.1.app/Contents/Developer/Toolchains/XcodeDefault.xctoolchain/usr/bin/swiftc -module-name SwaggerParser -Onone -enforce-exclusivity\=checked @/Users/builder/builds/o86TiJKT/0/finestructure/swiftpackageindex-builder/spi-builder-workspace/.derivedData/Build/Intermediates.noindex/SwaggerParser.build/Debug-watchos/SwaggerParser.build/Objects-normal/arm64/SwaggerParser.SwiftFileList -DSWIFT_PACKAGE -DDEBUG -DXcode -sdk /Applications/Xcode-14.3.1.app/Contents/Developer/Platforms/WatchOS.platform/Developer/SDKs/WatchOS9.4.sdk -target arm64-apple-watchos4.0 -g -module-cache-path /Users/builder/builds/o86TiJKT/0/finestructure/swiftpackageindex-builder/spi-builder-workspace/.derivedData/ModuleCache.noindex -Xfrontend -serialize-debugging-options -enable-testing -index-store-path /Users/builder/builds/o86TiJKT/0/finestructure/swiftpackageindex-builder/spi-builder-workspace/.derivedData/Index.noindex/DataStore -swift-version 4 -I /Users/builder/builds/o86TiJKT/0/finestructure/swiftpackageindex-builder/spi-builder-workspace/.derivedData/Build/Products/Debug-watchos -I /Applications/Xcode-14.3.1.app/Contents/Developer/Platforms/WatchOS.platform/Developer/usr/lib -F /Users/builder/builds/o86TiJKT/0/finestructure/swiftpackageindex-builder/spi-builder-workspace/.derivedData/Build/Products/Debug-watchos -F /Applications/Xcode-14.3.1.app/Contents/Developer/Platforms/WatchOS.platform/Developer/Library/Frameworks -F /Applications/Xcode-14.3.1.app/Contents/Developer/Platforms/WatchOS.platform/Developer/SDKs/WatchOS9.4.sdk/Developer/Library/Frameworks -c -j8 -enable-batch-mode -incremental -Xcc -ivfsstatcache -Xcc /Users/builder/builds/o86TiJKT/0/finestructure/swiftpackageindex-builder/spi-builder-workspace/.derivedData/SDKStatCaches.noindex/watchos9.4-20T248-.sdkstatcache -output-file-map /Users/builder/builds/o86TiJKT/0/finestructure/swiftpackageindex-builder/spi-builder-workspace/.derivedData/Build/Intermediates.noindex/SwaggerParser.build/Debug-watchos/SwaggerParser.build/Objects-normal/arm64/SwaggerParser-OutputFileMap.json -use-frontend-parseable-output -save-temps -no-color-diagnostics -serialize-diagnostics -emit-dependencies -emit-module -emit-module-path /Users/builder/builds/o86TiJKT/0/finestructure/swiftpackageindex-builder/spi-builder-workspace/.derivedData/Build/Intermediates.noindex/SwaggerParser.build/Debug-watchos/SwaggerParser.build/Objects-normal/arm64/SwaggerParser.swiftmodule -Xcc -I/Users/builder/builds/o86TiJKT/0/finestructure/swiftpackageindex-builder/spi-builder-workspace/.derivedData/Build/Intermediates.noindex/SwaggerParser.build/Debug-watchos/SwaggerParser.build/swift-overrides.hmap -Xcc -I/Users/builder/builds/o86TiJKT/0/finestructure/swiftpackageindex-builder/spi-builder-workspace/.derivedData/Build/Products/Debug-watchos/include -Xcc -I/Users/builder/builds/o86TiJKT/0/finestructure/swiftpackageindex-builder/spi-builder-workspace/.derivedData/Build/Intermediates.noindex/SwaggerParser.build/Debug-watchos/SwaggerParser.build/DerivedSources-normal/arm64 -Xcc -I/Users/builder/builds/o86TiJKT/0/finestructure/swiftpackageindex-builder/spi-builder-workspace/.derivedData/Build/Intermediates.noindex/SwaggerParser.build/Debug-watchos/SwaggerParser.build/DerivedSources/arm64 -Xcc -I/Users/builder/builds/o86TiJKT/0/finestructure/swiftpackageindex-builder/spi-builder-workspace/.derivedData/Build/Intermediates.noindex/SwaggerParser.build/Debug-watchos/SwaggerParser.build/DerivedSources -Xcc -DSWIFT_PACKAGE -Xcc -DDEBUG\=1 -emit-objc-header -emit-objc-header-path /Users/builder/builds/o86TiJKT/0/finestructure/swiftpackageindex-builder/spi-builder-workspace/.derivedData/Build/Intermediates.noindex/SwaggerParser.build/Debug-watchos/SwaggerParser.build/Objects-normal/arm64/SwaggerParser-Swift.h -working-directory /Users/builder/builds/o86TiJKT/0/finestructure/swiftpackageindex-builder/spi-builder-workspace -experimental-emit-module-separately -disable-cmo
SwiftDriver SwaggerParser normal armv7k com.apple.xcode.tools.swift.compiler (in target 'SwaggerParser' from project 'SwaggerParser')
    cd /Users/builder/builds/o86TiJKT/0/finestructure/swiftpackageindex-builder/spi-builder-workspace
    builtin-SwiftDriver -- /Applications/Xcode-14.3.1.app/Contents/Developer/Toolchains/XcodeDefault.xctoolchain/usr/bin/swiftc -module-name SwaggerParser -Onone -enforce-exclusivity\=checked @/Users/builder/builds/o86TiJKT/0/finestructure/swiftpackageindex-builder/spi-builder-workspace/.derivedData/Build/Intermediates.noindex/SwaggerParser.build/Debug-watchos/SwaggerParser.build/Objects-normal/armv7k/SwaggerParser.SwiftFileList -DSWIFT_PACKAGE -DDEBUG -DXcode -sdk /Applications/Xcode-14.3.1.app/Contents/Developer/Platforms/WatchOS.platform/Developer/SDKs/WatchOS9.4.sdk -target armv7k-apple-watchos4.0 -g -module-cache-path /Users/builder/builds/o86TiJKT/0/finestructure/swiftpackageindex-builder/spi-builder-workspace/.derivedData/ModuleCache.noindex -Xfrontend -serialize-debugging-options -enable-testing -index-store-path /Users/builder/builds/o86TiJKT/0/finestructure/swiftpackageindex-builder/spi-builder-workspace/.derivedData/Index.noindex/DataStore -swift-version 4 -I /Users/builder/builds/o86TiJKT/0/finestructure/swiftpackageindex-builder/spi-builder-workspace/.derivedData/Build/Products/Debug-watchos -I /Applications/Xcode-14.3.1.app/Contents/Developer/Platforms/WatchOS.platform/Developer/usr/lib -F /Users/builder/builds/o86TiJKT/0/finestructure/swiftpackageindex-builder/spi-builder-workspace/.derivedData/Build/Products/Debug-watchos -F /Applications/Xcode-14.3.1.app/Contents/Developer/Platforms/WatchOS.platform/Developer/Library/Frameworks -F /Applications/Xcode-14.3.1.app/Contents/Developer/Platforms/WatchOS.platform/Developer/SDKs/WatchOS9.4.sdk/Developer/Library/Frameworks -c -j8 -enable-batch-mode -incremental -Xcc -ivfsstatcache -Xcc /Users/builder/builds/o86TiJKT/0/finestructure/swiftpackageindex-builder/spi-builder-workspace/.derivedData/SDKStatCaches.noindex/watchos9.4-20T248-.sdkstatcache -output-file-map /Users/builder/builds/o86TiJKT/0/finestructure/swiftpackageindex-builder/spi-builder-workspace/.derivedData/Build/Intermediates.noindex/SwaggerParser.build/Debug-watchos/SwaggerParser.build/Objects-normal/armv7k/SwaggerParser-OutputFileMap.json -use-frontend-parseable-output -save-temps -no-color-diagnostics -serialize-diagnostics -emit-dependencies -emit-module -emit-module-path /Users/builder/builds/o86TiJKT/0/finestructure/swiftpackageindex-builder/spi-builder-workspace/.derivedData/Build/Intermediates.noindex/SwaggerParser.build/Debug-watchos/SwaggerParser.build/Objects-normal/armv7k/SwaggerParser.swiftmodule -Xcc -I/Users/builder/builds/o86TiJKT/0/finestructure/swiftpackageindex-builder/spi-builder-workspace/.derivedData/Build/Intermediates.noindex/SwaggerParser.build/Debug-watchos/SwaggerParser.build/swift-overrides.hmap -Xcc -I/Users/builder/builds/o86TiJKT/0/finestructure/swiftpackageindex-builder/spi-builder-workspace/.derivedData/Build/Products/Debug-watchos/include -Xcc -I/Users/builder/builds/o86TiJKT/0/finestructure/swiftpackageindex-builder/spi-builder-workspace/.derivedData/Build/Intermediates.noindex/SwaggerParser.build/Debug-watchos/SwaggerParser.build/DerivedSources-normal/armv7k -Xcc -I/Users/builder/builds/o86TiJKT/0/finestructure/swiftpackageindex-builder/spi-builder-workspace/.derivedData/Build/Intermediates.noindex/SwaggerParser.build/Debug-watchos/SwaggerParser.build/DerivedSources/armv7k -Xcc -I/Users/builder/builds/o86TiJKT/0/finestructure/swiftpackageindex-builder/spi-builder-workspace/.derivedData/Build/Intermediates.noindex/SwaggerParser.build/Debug-watchos/SwaggerParser.build/DerivedSources -Xcc -DSWIFT_PACKAGE -Xcc -DDEBUG\=1 -emit-objc-header -emit-objc-header-path /Users/builder/builds/o86TiJKT/0/finestructure/swiftpackageindex-builder/spi-builder-workspace/.derivedData/Build/Intermediates.noindex/SwaggerParser.build/Debug-watchos/SwaggerParser.build/Objects-normal/armv7k/SwaggerParser-Swift.h -working-directory /Users/builder/builds/o86TiJKT/0/finestructure/swiftpackageindex-builder/spi-builder-workspace -experimental-emit-module-separately -disable-cmo
SwiftDriver SwaggerParserTests normal armv7k com.apple.xcode.tools.swift.compiler (in target 'SwaggerParserTests' from project 'SwaggerParser')
    cd /Users/builder/builds/o86TiJKT/0/finestructure/swiftpackageindex-builder/spi-builder-workspace
    builtin-SwiftDriver -- /Applications/Xcode-14.3.1.app/Contents/Developer/Toolchains/XcodeDefault.xctoolchain/usr/bin/swiftc -module-name SwaggerParserTests -Onone -enforce-exclusivity\=checked @/Users/builder/builds/o86TiJKT/0/finestructure/swiftpackageindex-builder/spi-builder-workspace/.derivedData/Build/Intermediates.noindex/SwaggerParser.build/Debug-watchos/SwaggerParserTests.build/Objects-normal/armv7k/SwaggerParserTests.SwiftFileList -DSWIFT_PACKAGE -DDEBUG -DXcode -sdk /Applications/Xcode-14.3.1.app/Contents/Developer/Platforms/WatchOS.platform/Developer/SDKs/WatchOS9.4.sdk -target armv7k-apple-watchos4.0 -g -module-cache-path /Users/builder/builds/o86TiJKT/0/finestructure/swiftpackageindex-builder/spi-builder-workspace/.derivedData/ModuleCache.noindex -Xfrontend -serialize-debugging-options -enable-testing -index-store-path /Users/builder/builds/o86TiJKT/0/finestructure/swiftpackageindex-builder/spi-builder-workspace/.derivedData/Index.noindex/DataStore -swift-version 4 -I /Users/builder/builds/o86TiJKT/0/finestructure/swiftpackageindex-builder/spi-builder-workspace/.derivedData/Build/Products/Debug-watchos -I /Applications/Xcode-14.3.1.app/Contents/Developer/Platforms/WatchOS.platform/Developer/usr/lib -F /Users/builder/builds/o86TiJKT/0/finestructure/swiftpackageindex-builder/spi-builder-workspace/.derivedData/Build/Products/Debug-watchos -F /Applications/Xcode-14.3.1.app/Contents/Developer/Platforms/WatchOS.platform/Developer/Library/Frameworks -F /Applications/Xcode-14.3.1.app/Contents/Developer/Platforms/WatchOS.platform/Developer/SDKs/WatchOS9.4.sdk/Developer/Library/Frameworks -c -j8 -enable-batch-mode -incremental -Xcc -ivfsstatcache -Xcc /Users/builder/builds/o86TiJKT/0/finestructure/swiftpackageindex-builder/spi-builder-workspace/.derivedData/SDKStatCaches.noindex/watchos9.4-20T248-.sdkstatcache -output-file-map /Users/builder/builds/o86TiJKT/0/finestructure/swiftpackageindex-builder/spi-builder-workspace/.derivedData/Build/Intermediates.noindex/SwaggerParser.build/Debug-watchos/SwaggerParserTests.build/Objects-normal/armv7k/SwaggerParserTests-OutputFileMap.json -use-frontend-parseable-output -save-temps -no-color-diagnostics -serialize-diagnostics -emit-dependencies -emit-module -emit-module-path /Users/builder/builds/o86TiJKT/0/finestructure/swiftpackageindex-builder/spi-builder-workspace/.derivedData/Build/Intermediates.noindex/SwaggerParser.build/Debug-watchos/SwaggerParserTests.build/Objects-normal/armv7k/SwaggerParserTests.swiftmodule -Xcc -I/Users/builder/builds/o86TiJKT/0/finestructure/swiftpackageindex-builder/spi-builder-workspace/.derivedData/Build/Products/Debug-watchos/include -Xcc -I/Users/builder/builds/o86TiJKT/0/finestructure/swiftpackageindex-builder/spi-builder-workspace/.derivedData/Build/Intermediates.noindex/SwaggerParser.build/Debug-watchos/SwaggerParserTests.build/DerivedSources-normal/armv7k -Xcc -I/Users/builder/builds/o86TiJKT/0/finestructure/swiftpackageindex-builder/spi-builder-workspace/.derivedData/Build/Intermediates.noindex/SwaggerParser.build/Debug-watchos/SwaggerParserTests.build/DerivedSources/armv7k -Xcc -I/Users/builder/builds/o86TiJKT/0/finestructure/swiftpackageindex-builder/spi-builder-workspace/.derivedData/Build/Intermediates.noindex/SwaggerParser.build/Debug-watchos/SwaggerParserTests.build/DerivedSources -Xcc -DSWIFT_PACKAGE -Xcc -DDEBUG\=1 -working-directory /Users/builder/builds/o86TiJKT/0/finestructure/swiftpackageindex-builder/spi-builder-workspace -experimental-emit-module-separately -disable-cmo
SwiftCompile normal arm64_32 Compiling\ LinuxMain.swift,\ NullableTests.swift /Users/builder/builds/o86TiJKT/0/finestructure/swiftpackageindex-builder/spi-builder-workspace/Tests/LinuxMain.swift /Users/builder/builds/o86TiJKT/0/finestructure/swiftpackageindex-builder/spi-builder-workspace/Tests/NullableTests.swift (in target 'SwaggerParserTests' from project 'SwaggerParser')
    cd /Users/builder/builds/o86TiJKT/0/finestructure/swiftpackageindex-builder/spi-builder-workspace
    builtin-swiftTaskExecution -- /Applications/Xcode-14.3.1.app/Contents/Developer/Toolchains/XcodeDefault.xctoolchain/usr/bin/swift-frontend -frontend -c /Users/builder/builds/o86TiJKT/0/finestructure/swiftpackageindex-builder/spi-builder-workspace/Tests/AbstractTests.swift /Users/builder/builds/o86TiJKT/0/finestructure/swiftpackageindex-builder/spi-builder-workspace/Tests/AllOfTests.swift /Users/builder/builds/o86TiJKT/0/finestructure/swiftpackageindex-builder/spi-builder-workspace/Tests/BasicTests.swift /Users/builder/builds/o86TiJKT/0/finestructure/swiftpackageindex-builder/spi-builder-workspace/Tests/ChainedReferenceTests.swift /Users/builder/builds/o86TiJKT/0/finestructure/swiftpackageindex-builder/spi-builder-workspace/Tests/CrossReferenceTests.swift /Users/builder/builds/o86TiJKT/0/finestructure/swiftpackageindex-builder/spi-builder-workspace/Tests/ExampleTests.swift -primary-file /Users/builder/builds/o86TiJKT/0/finestructure/swiftpackageindex-builder/spi-builder-workspace/Tests/LinuxMain.swift -primary-file /Users/builder/builds/o86TiJKT/0/finestructure/swiftpackageindex-builder/spi-builder-workspace/Tests/NullableTests.swift /Users/builder/builds/o86TiJKT/0/finestructure/swiftpackageindex-builder/spi-builder-workspace/Tests/OneOfTests.swift /Users/builder/builds/o86TiJKT/0/finestructure/swiftpackageindex-builder/spi-builder-workspace/Tests/StructureSchemaTests.swift /Users/builder/builds/o86TiJKT/0/finestructure/swiftpackageindex-builder/spi-builder-workspace/Tests/TestHelpers.swift /Users/builder/builds/o86TiJKT/0/finestructure/swiftpackageindex-builder/spi-builder-workspace/Tests/VersionTests.swift -emit-dependencies-path /Users/builder/builds/o86TiJKT/0/finestructure/swiftpackageindex-builder/spi-builder-workspace/.derivedData/Build/Intermediates.noindex/SwaggerParser.build/Debug-watchos/SwaggerParserTests.build/Objects-normal/arm64_32/LinuxMain.d -emit-reference-dependencies-path /Users/builder/builds/o86TiJKT/0/finestructure/swiftpackageindex-builder/spi-builder-workspace/.derivedData/Build/Intermediates.noindex/SwaggerParser.build/Debug-watchos/SwaggerParserTests.build/Objects-normal/arm64_32/LinuxMain.swiftdeps -serialize-diagnostics-path /Users/builder/builds/o86TiJKT/0/finestructure/swiftpackageindex-builder/spi-builder-workspace/.derivedData/Build/Intermediates.noindex/SwaggerParser.build/Debug-watchos/SwaggerParserTests.build/Objects-normal/arm64_32/LinuxMain.dia -emit-dependencies-path /Users/builder/builds/o86TiJKT/0/finestructure/swiftpackageindex-builder/spi-builder-workspace/.derivedData/Build/Intermediates.noindex/SwaggerParser.build/Debug-watchos/SwaggerParserTests.build/Objects-normal/arm64_32/NullableTests.d -emit-reference-dependencies-path /Users/builder/builds/o86TiJKT/0/finestructure/swiftpackageindex-builder/spi-builder-workspace/.derivedData/Build/Intermediates.noindex/SwaggerParser.build/Debug-watchos/SwaggerParserTests.build/Objects-normal/arm64_32/NullableTests.swiftdeps -serialize-diagnostics-path /Users/builder/builds/o86TiJKT/0/finestructure/swiftpackageindex-builder/spi-builder-workspace/.derivedData/Build/Intermediates.noindex/SwaggerParser.build/Debug-watchos/SwaggerParserTests.build/Objects-normal/arm64_32/NullableTests.dia -target arm64_32-apple-watchos4.0 -enable-objc-interop -sdk /Applications/Xcode-14.3.1.app/Contents/Developer/Platforms/WatchOS.platform/Developer/SDKs/WatchOS9.4.sdk -I /Users/builder/builds/o86TiJKT/0/finestructure/swiftpackageindex-builder/spi-builder-workspace/.derivedData/Build/Products/Debug-watchos -I /Applications/Xcode-14.3.1.app/Contents/Developer/Platforms/WatchOS.platform/Developer/usr/lib -F /Users/builder/builds/o86TiJKT/0/finestructure/swiftpackageindex-builder/spi-builder-workspace/.derivedData/Build/Products/Debug-watchos -F /Applications/Xcode-14.3.1.app/Contents/Developer/Platforms/WatchOS.platform/Developer/Library/Frameworks -F /Applications/Xcode-14.3.1.app/Contents/Developer/Platforms/WatchOS.platform/Developer/SDKs/WatchOS9.4.sdk/Developer/Library/Frameworks -no-color-diagnostics -enable-testing -g -module-cache-path /Users/builder/builds/o86TiJKT/0/finestructure/swiftpackageindex-builder/spi-builder-workspace/.derivedData/ModuleCache.noindex -swift-version 4 -enforce-exclusivity\=checked -Onone -D SWIFT_PACKAGE -D DEBUG -D Xcode -serialize-debugging-options -empty-abi-descriptor -Xcc -working-directory -Xcc /Users/builder/builds/o86TiJKT/0/finestructure/swiftpackageindex-builder/spi-builder-workspace -resource-dir /Applications/Xcode-14.3.1.app/Contents/Developer/Toolchains/XcodeDefault.xctoolchain/usr/lib/swift -enable-anonymous-context-mangled-names -Xcc -ivfsstatcache -Xcc /Users/builder/builds/o86TiJKT/0/finestructure/swiftpackageindex-builder/spi-builder-workspace/.derivedData/SDKStatCaches.noindex/watchos9.4-20T248-.sdkstatcache -Xcc -I/Users/builder/builds/o86TiJKT/0/finestructure/swiftpackageindex-builder/spi-builder-workspace/.derivedData/Build/Products/Debug-watchos/include -Xcc -I/Users/builder/builds/o86TiJKT/0/finestructure/swiftpackageindex-builder/spi-builder-workspace/.derivedData/Build/Intermediates.noindex/SwaggerParser.build/Debug-watchos/SwaggerParserTests.build/DerivedSources-normal/arm64_32 -Xcc -I/Users/builder/builds/o86TiJKT/0/finestructure/swiftpackageindex-builder/spi-builder-workspace/.derivedData/Build/Intermediates.noindex/SwaggerParser.build/Debug-watchos/SwaggerParserTests.build/DerivedSources/arm64_32 -Xcc -I/Users/builder/builds/o86TiJKT/0/finestructure/swiftpackageindex-builder/spi-builder-workspace/.derivedData/Build/Intermediates.noindex/SwaggerParser.build/Debug-watchos/SwaggerParserTests.build/DerivedSources -Xcc -DSWIFT_PACKAGE -Xcc -DDEBUG\=1 -module-name SwaggerParserTests -frontend-parseable-output -disable-clang-spi -target-sdk-version 9.4 -target-sdk-name watchos9.4 -o /Users/builder/builds/o86TiJKT/0/finestructure/swiftpackageindex-builder/spi-builder-workspace/.derivedData/Build/Intermediates.noindex/SwaggerParser.build/Debug-watchos/SwaggerParserTests.build/Objects-normal/arm64_32/LinuxMain.o -o /Users/builder/builds/o86TiJKT/0/finestructure/swiftpackageindex-builder/spi-builder-workspace/.derivedData/Build/Intermediates.noindex/SwaggerParser.build/Debug-watchos/SwaggerParserTests.build/Objects-normal/arm64_32/NullableTests.o -index-unit-output-path /SwaggerParser.build/Debug-watchos/SwaggerParserTests.build/Objects-normal/arm64_32/LinuxMain.o -index-unit-output-path /SwaggerParser.build/Debug-watchos/SwaggerParserTests.build/Objects-normal/arm64_32/NullableTests.o -index-store-path /Users/builder/builds/o86TiJKT/0/finestructure/swiftpackageindex-builder/spi-builder-workspace/.derivedData/Index.noindex/DataStore -index-system-modules
SwiftCompile normal arm64_32 /Users/builder/builds/o86TiJKT/0/finestructure/swiftpackageindex-builder/spi-builder-workspace/Tests/LinuxMain.swift (in target 'SwaggerParserTests' from project 'SwaggerParser')
    cd /Users/builder/builds/o86TiJKT/0/finestructure/swiftpackageindex-builder/spi-builder-workspace
    /Applications/Xcode-14.3.1.app/Contents/Developer/Toolchains/XcodeDefault.xctoolchain/usr/bin/swift-frontend -c /Users/builder/builds/o86TiJKT/0/finestructure/swiftpackageindex-builder/spi-builder-workspace/Tests/AbstractTests.swift /Users/builder/builds/o86TiJKT/0/finestructure/swiftpackageindex-builder/spi-builder-workspace/Tests/AllOfTests.swift /Users/builder/builds/o86TiJKT/0/finestructure/swiftpackageindex-builder/spi-builder-workspace/Tests/BasicTests.swift /Users/builder/builds/o86TiJKT/0/finestructure/swiftpackageindex-builder/spi-builder-workspace/Tests/ChainedReferenceTests.swift /Users/builder/builds/o86TiJKT/0/finestructure/swiftpackageindex-builder/spi-builder-workspace/Tests/CrossReferenceTests.swift /Users/builder/builds/o86TiJKT/0/finestructure/swiftpackageindex-builder/spi-builder-workspace/Tests/ExampleTests.swift -primary-file /Users/builder/builds/o86TiJKT/0/finestructure/swiftpackageindex-builder/spi-builder-workspace/Tests/LinuxMain.swift -primary-file /Users/builder/builds/o86TiJKT/0/finestructure/swiftpackageindex-builder/spi-builder-workspace/Tests/NullableTests.swift /Users/builder/builds/o86TiJKT/0/finestructure/swiftpackageindex-builder/spi-builder-workspace/Tests/OneOfTests.swift /Users/builder/builds/o86TiJKT/0/finestructure/swiftpackageindex-builder/spi-builder-workspace/Tests/StructureSchemaTests.swift /Users/builder/builds/o86TiJKT/0/finestructure/swiftpackageindex-builder/spi-builder-workspace/Tests/TestHelpers.swift /Users/builder/builds/o86TiJKT/0/finestructure/swiftpackageindex-builder/spi-builder-workspace/Tests/VersionTests.swift -emit-dependencies-path /Users/builder/builds/o86TiJKT/0/finestructure/swiftpackageindex-builder/spi-builder-workspace/.derivedData/Build/Intermediates.noindex/SwaggerParser.build/Debug-watchos/SwaggerParserTests.build/Objects-normal/arm64_32/LinuxMain.d -emit-reference-dependencies-path /Users/builder/builds/o86TiJKT/0/finestructure/swiftpackageindex-builder/spi-builder-workspace/.derivedData/Build/Intermediates.noindex/SwaggerParser.build/Debug-watchos/SwaggerParserTests.build/Objects-normal/arm64_32/LinuxMain.swiftdeps -serialize-diagnostics-path /Users/builder/builds/o86TiJKT/0/finestructure/swiftpackageindex-builder/spi-builder-workspace/.derivedData/Build/Intermediates.noindex/SwaggerParser.build/Debug-watchos/SwaggerParserTests.build/Objects-normal/arm64_32/LinuxMain.dia -emit-dependencies-path /Users/builder/builds/o86TiJKT/0/finestructure/swiftpackageindex-builder/spi-builder-workspace/.derivedData/Build/Intermediates.noindex/SwaggerParser.build/Debug-watchos/SwaggerParserTests.build/Objects-normal/arm64_32/NullableTests.d -emit-reference-dependencies-path /Users/builder/builds/o86TiJKT/0/finestructure/swiftpackageindex-builder/spi-builder-workspace/.derivedData/Build/Intermediates.noindex/SwaggerParser.build/Debug-watchos/SwaggerParserTests.build/Objects-normal/arm64_32/NullableTests.swiftdeps -serialize-diagnostics-path /Users/builder/builds/o86TiJKT/0/finestructure/swiftpackageindex-builder/spi-builder-workspace/.derivedData/Build/Intermediates.noindex/SwaggerParser.build/Debug-watchos/SwaggerParserTests.build/Objects-normal/arm64_32/NullableTests.dia -target arm64_32-apple-watchos4.0 -enable-objc-interop -sdk /Applications/Xcode-14.3.1.app/Contents/Developer/Platforms/WatchOS.platform/Developer/SDKs/WatchOS9.4.sdk -I /Users/builder/builds/o86TiJKT/0/finestructure/swiftpackageindex-builder/spi-builder-workspace/.derivedData/Build/Products/Debug-watchos -I /Applications/Xcode-14.3.1.app/Contents/Developer/Platforms/WatchOS.platform/Developer/usr/lib -F /Users/builder/builds/o86TiJKT/0/finestructure/swiftpackageindex-builder/spi-builder-workspace/.derivedData/Build/Products/Debug-watchos -F /Applications/Xcode-14.3.1.app/Contents/Developer/Platforms/WatchOS.platform/Developer/Library/Frameworks -F /Applications/Xcode-14.3.1.app/Contents/Developer/Platforms/WatchOS.platform/Developer/SDKs/WatchOS9.4.sdk/Developer/Library/Frameworks -no-color-diagnostics -enable-testing -g -module-cache-path /Users/builder/builds/o86TiJKT/0/finestructure/swiftpackageindex-builder/spi-builder-workspace/.derivedData/ModuleCache.noindex -swift-version 4 -enforce-exclusivity\=checked -Onone -D SWIFT_PACKAGE -D DEBUG -D Xcode -serialize-debugging-options -empty-abi-descriptor -Xcc -working-directory -Xcc /Users/builder/builds/o86TiJKT/0/finestructure/swiftpackageindex-builder/spi-builder-workspace -resource-dir /Applications/Xcode-14.3.1.app/Contents/Developer/Toolchains/XcodeDefault.xctoolchain/usr/lib/swift -enable-anonymous-context-mangled-names -Xcc -ivfsstatcache -Xcc /Users/builder/builds/o86TiJKT/0/finestructure/swiftpackageindex-builder/spi-builder-workspace/.derivedData/SDKStatCaches.noindex/watchos9.4-20T248-.sdkstatcache -Xcc -I/Users/builder/builds/o86TiJKT/0/finestructure/swiftpackageindex-builder/spi-builder-workspace/.derivedData/Build/Products/Debug-watchos/include -Xcc -I/Users/builder/builds/o86TiJKT/0/finestructure/swiftpackageindex-builder/spi-builder-workspace/.derivedData/Build/Intermediates.noindex/SwaggerParser.build/Debug-watchos/SwaggerParserTests.build/DerivedSources-normal/arm64_32 -Xcc -I/Users/builder/builds/o86TiJKT/0/finestructure/swiftpackageindex-builder/spi-builder-workspace/.derivedData/Build/Intermediates.noindex/SwaggerParser.build/Debug-watchos/SwaggerParserTests.build/DerivedSources/arm64_32 -Xcc -I/Users/builder/builds/o86TiJKT/0/finestructure/swiftpackageindex-builder/spi-builder-workspace/.derivedData/Build/Intermediates.noindex/SwaggerParser.build/Debug-watchos/SwaggerParserTests.build/DerivedSources -Xcc -DSWIFT_PACKAGE -Xcc -DDEBUG\=1 -module-name SwaggerParserTests -frontend-parseable-output -disable-clang-spi -target-sdk-version 9.4 -target-sdk-name watchos9.4 -o /Users/builder/builds/o86TiJKT/0/finestructure/swiftpackageindex-builder/spi-builder-workspace/.derivedData/Build/Intermediates.noindex/SwaggerParser.build/Debug-watchos/SwaggerParserTests.build/Objects-normal/arm64_32/LinuxMain.o -o /Users/builder/builds/o86TiJKT/0/finestructure/swiftpackageindex-builder/spi-builder-workspace/.derivedData/Build/Intermediates.noindex/SwaggerParser.build/Debug-watchos/SwaggerParserTests.build/Objects-normal/arm64_32/NullableTests.o -index-unit-output-path /SwaggerParser.build/Debug-watchos/SwaggerParserTests.build/Objects-normal/arm64_32/LinuxMain.o -index-unit-output-path /SwaggerParser.build/Debug-watchos/SwaggerParserTests.build/Objects-normal/arm64_32/NullableTests.o -index-store-path /Users/builder/builds/o86TiJKT/0/finestructure/swiftpackageindex-builder/spi-builder-workspace/.derivedData/Index.noindex/DataStore -index-system-modules
SwiftCompile normal arm64_32 /Users/builder/builds/o86TiJKT/0/finestructure/swiftpackageindex-builder/spi-builder-workspace/Tests/NullableTests.swift (in target 'SwaggerParserTests' from project 'SwaggerParser')
    cd /Users/builder/builds/o86TiJKT/0/finestructure/swiftpackageindex-builder/spi-builder-workspace
    /Applications/Xcode-14.3.1.app/Contents/Developer/Toolchains/XcodeDefault.xctoolchain/usr/bin/swift-frontend -c /Users/builder/builds/o86TiJKT/0/finestructure/swiftpackageindex-builder/spi-builder-workspace/Tests/AbstractTests.swift /Users/builder/builds/o86TiJKT/0/finestructure/swiftpackageindex-builder/spi-builder-workspace/Tests/AllOfTests.swift /Users/builder/builds/o86TiJKT/0/finestructure/swiftpackageindex-builder/spi-builder-workspace/Tests/BasicTests.swift /Users/builder/builds/o86TiJKT/0/finestructure/swiftpackageindex-builder/spi-builder-workspace/Tests/ChainedReferenceTests.swift /Users/builder/builds/o86TiJKT/0/finestructure/swiftpackageindex-builder/spi-builder-workspace/Tests/CrossReferenceTests.swift /Users/builder/builds/o86TiJKT/0/finestructure/swiftpackageindex-builder/spi-builder-workspace/Tests/ExampleTests.swift -primary-file /Users/builder/builds/o86TiJKT/0/finestructure/swiftpackageindex-builder/spi-builder-workspace/Tests/LinuxMain.swift -primary-file /Users/builder/builds/o86TiJKT/0/finestructure/swiftpackageindex-builder/spi-builder-workspace/Tests/NullableTests.swift /Users/builder/builds/o86TiJKT/0/finestructure/swiftpackageindex-builder/spi-builder-workspace/Tests/OneOfTests.swift /Users/builder/builds/o86TiJKT/0/finestructure/swiftpackageindex-builder/spi-builder-workspace/Tests/StructureSchemaTests.swift /Users/builder/builds/o86TiJKT/0/finestructure/swiftpackageindex-builder/spi-builder-workspace/Tests/TestHelpers.swift /Users/builder/builds/o86TiJKT/0/finestructure/swiftpackageindex-builder/spi-builder-workspace/Tests/VersionTests.swift -emit-dependencies-path /Users/builder/builds/o86TiJKT/0/finestructure/swiftpackageindex-builder/spi-builder-workspace/.derivedData/Build/Intermediates.noindex/SwaggerParser.build/Debug-watchos/SwaggerParserTests.build/Objects-normal/arm64_32/LinuxMain.d -emit-reference-dependencies-path /Users/builder/builds/o86TiJKT/0/finestructure/swiftpackageindex-builder/spi-builder-workspace/.derivedData/Build/Intermediates.noindex/SwaggerParser.build/Debug-watchos/SwaggerParserTests.build/Objects-normal/arm64_32/LinuxMain.swiftdeps -serialize-diagnostics-path /Users/builder/builds/o86TiJKT/0/finestructure/swiftpackageindex-builder/spi-builder-workspace/.derivedData/Build/Intermediates.noindex/SwaggerParser.build/Debug-watchos/SwaggerParserTests.build/Objects-normal/arm64_32/LinuxMain.dia -emit-dependencies-path /Users/builder/builds/o86TiJKT/0/finestructure/swiftpackageindex-builder/spi-builder-workspace/.derivedData/Build/Intermediates.noindex/SwaggerParser.build/Debug-watchos/SwaggerParserTests.build/Objects-normal/arm64_32/NullableTests.d -emit-reference-dependencies-path /Users/builder/builds/o86TiJKT/0/finestructure/swiftpackageindex-builder/spi-builder-workspace/.derivedData/Build/Intermediates.noindex/SwaggerParser.build/Debug-watchos/SwaggerParserTests.build/Objects-normal/arm64_32/NullableTests.swiftdeps -serialize-diagnostics-path /Users/builder/builds/o86TiJKT/0/finestructure/swiftpackageindex-builder/spi-builder-workspace/.derivedData/Build/Intermediates.noindex/SwaggerParser.build/Debug-watchos/SwaggerParserTests.build/Objects-normal/arm64_32/NullableTests.dia -target arm64_32-apple-watchos4.0 -enable-objc-interop -sdk /Applications/Xcode-14.3.1.app/Contents/Developer/Platforms/WatchOS.platform/Developer/SDKs/WatchOS9.4.sdk -I /Users/builder/builds/o86TiJKT/0/finestructure/swiftpackageindex-builder/spi-builder-workspace/.derivedData/Build/Products/Debug-watchos -I /Applications/Xcode-14.3.1.app/Contents/Developer/Platforms/WatchOS.platform/Developer/usr/lib -F /Users/builder/builds/o86TiJKT/0/finestructure/swiftpackageindex-builder/spi-builder-workspace/.derivedData/Build/Products/Debug-watchos -F /Applications/Xcode-14.3.1.app/Contents/Developer/Platforms/WatchOS.platform/Developer/Library/Frameworks -F /Applications/Xcode-14.3.1.app/Contents/Developer/Platforms/WatchOS.platform/Developer/SDKs/WatchOS9.4.sdk/Developer/Library/Frameworks -no-color-diagnostics -enable-testing -g -module-cache-path /Users/builder/builds/o86TiJKT/0/finestructure/swiftpackageindex-builder/spi-builder-workspace/.derivedData/ModuleCache.noindex -swift-version 4 -enforce-exclusivity\=checked -Onone -D SWIFT_PACKAGE -D DEBUG -D Xcode -serialize-debugging-options -empty-abi-descriptor -Xcc -working-directory -Xcc /Users/builder/builds/o86TiJKT/0/finestructure/swiftpackageindex-builder/spi-builder-workspace -resource-dir /Applications/Xcode-14.3.1.app/Contents/Developer/Toolchains/XcodeDefault.xctoolchain/usr/lib/swift -enable-anonymous-context-mangled-names -Xcc -ivfsstatcache -Xcc /Users/builder/builds/o86TiJKT/0/finestructure/swiftpackageindex-builder/spi-builder-workspace/.derivedData/SDKStatCaches.noindex/watchos9.4-20T248-.sdkstatcache -Xcc -I/Users/builder/builds/o86TiJKT/0/finestructure/swiftpackageindex-builder/spi-builder-workspace/.derivedData/Build/Products/Debug-watchos/include -Xcc -I/Users/builder/builds/o86TiJKT/0/finestructure/swiftpackageindex-builder/spi-builder-workspace/.derivedData/Build/Intermediates.noindex/SwaggerParser.build/Debug-watchos/SwaggerParserTests.build/DerivedSources-normal/arm64_32 -Xcc -I/Users/builder/builds/o86TiJKT/0/finestructure/swiftpackageindex-builder/spi-builder-workspace/.derivedData/Build/Intermediates.noindex/SwaggerParser.build/Debug-watchos/SwaggerParserTests.build/DerivedSources/arm64_32 -Xcc -I/Users/builder/builds/o86TiJKT/0/finestructure/swiftpackageindex-builder/spi-builder-workspace/.derivedData/Build/Intermediates.noindex/SwaggerParser.build/Debug-watchos/SwaggerParserTests.build/DerivedSources -Xcc -DSWIFT_PACKAGE -Xcc -DDEBUG\=1 -module-name SwaggerParserTests -frontend-parseable-output -disable-clang-spi -target-sdk-version 9.4 -target-sdk-name watchos9.4 -o /Users/builder/builds/o86TiJKT/0/finestructure/swiftpackageindex-builder/spi-builder-workspace/.derivedData/Build/Intermediates.noindex/SwaggerParser.build/Debug-watchos/SwaggerParserTests.build/Objects-normal/arm64_32/LinuxMain.o -o /Users/builder/builds/o86TiJKT/0/finestructure/swiftpackageindex-builder/spi-builder-workspace/.derivedData/Build/Intermediates.noindex/SwaggerParser.build/Debug-watchos/SwaggerParserTests.build/Objects-normal/arm64_32/NullableTests.o -index-unit-output-path /SwaggerParser.build/Debug-watchos/SwaggerParserTests.build/Objects-normal/arm64_32/LinuxMain.o -index-unit-output-path /SwaggerParser.build/Debug-watchos/SwaggerParserTests.build/Objects-normal/arm64_32/NullableTests.o -index-store-path /Users/builder/builds/o86TiJKT/0/finestructure/swiftpackageindex-builder/spi-builder-workspace/.derivedData/Index.noindex/DataStore -index-system-modules
SwiftCompile normal arm64_32 Compiling\ VersionTests.swift /Users/builder/builds/o86TiJKT/0/finestructure/swiftpackageindex-builder/spi-builder-workspace/Tests/VersionTests.swift (in target 'SwaggerParserTests' from project 'SwaggerParser')
    cd /Users/builder/builds/o86TiJKT/0/finestructure/swiftpackageindex-builder/spi-builder-workspace
    builtin-swiftTaskExecution -- /Applications/Xcode-14.3.1.app/Contents/Developer/Toolchains/XcodeDefault.xctoolchain/usr/bin/swift-frontend -frontend -c /Users/builder/builds/o86TiJKT/0/finestructure/swiftpackageindex-builder/spi-builder-workspace/Tests/AbstractTests.swift /Users/builder/builds/o86TiJKT/0/finestructure/swiftpackageindex-builder/spi-builder-workspace/Tests/AllOfTests.swift /Users/builder/builds/o86TiJKT/0/finestructure/swiftpackageindex-builder/spi-builder-workspace/Tests/BasicTests.swift /Users/builder/builds/o86TiJKT/0/finestructure/swiftpackageindex-builder/spi-builder-workspace/Tests/ChainedReferenceTests.swift /Users/builder/builds/o86TiJKT/0/finestructure/swiftpackageindex-builder/spi-builder-workspace/Tests/CrossReferenceTests.swift /Users/builder/builds/o86TiJKT/0/finestructure/swiftpackageindex-builder/spi-builder-workspace/Tests/ExampleTests.swift /Users/builder/builds/o86TiJKT/0/finestructure/swiftpackageindex-builder/spi-builder-workspace/Tests/LinuxMain.swift /Users/builder/builds/o86TiJKT/0/finestructure/swiftpackageindex-builder/spi-builder-workspace/Tests/NullableTests.swift /Users/builder/builds/o86TiJKT/0/finestructure/swiftpackageindex-builder/spi-builder-workspace/Tests/OneOfTests.swift /Users/builder/builds/o86TiJKT/0/finestructure/swiftpackageindex-builder/spi-builder-workspace/Tests/StructureSchemaTests.swift /Users/builder/builds/o86TiJKT/0/finestructure/swiftpackageindex-builder/spi-builder-workspace/Tests/TestHelpers.swift -primary-file /Users/builder/builds/o86TiJKT/0/finestructure/swiftpackageindex-builder/spi-builder-workspace/Tests/VersionTests.swift -emit-dependencies-path /Users/builder/builds/o86TiJKT/0/finestructure/swiftpackageindex-builder/spi-builder-workspace/.derivedData/Build/Intermediates.noindex/SwaggerParser.build/Debug-watchos/SwaggerParserTests.build/Objects-normal/arm64_32/VersionTests.d -emit-reference-dependencies-path /Users/builder/builds/o86TiJKT/0/finestructure/swiftpackageindex-builder/spi-builder-workspace/.derivedData/Build/Intermediates.noindex/SwaggerParser.build/Debug-watchos/SwaggerParserTests.build/Objects-normal/arm64_32/VersionTests.swiftdeps -serialize-diagnostics-path /Users/builder/builds/o86TiJKT/0/finestructure/swiftpackageindex-builder/spi-builder-workspace/.derivedData/Build/Intermediates.noindex/SwaggerParser.build/Debug-watchos/SwaggerParserTests.build/Objects-normal/arm64_32/VersionTests.dia -target arm64_32-apple-watchos4.0 -enable-objc-interop -sdk /Applications/Xcode-14.3.1.app/Contents/Developer/Platforms/WatchOS.platform/Developer/SDKs/WatchOS9.4.sdk -I /Users/builder/builds/o86TiJKT/0/finestructure/swiftpackageindex-builder/spi-builder-workspace/.derivedData/Build/Products/Debug-watchos -I /Applications/Xcode-14.3.1.app/Contents/Developer/Platforms/WatchOS.platform/Developer/usr/lib -F /Users/builder/builds/o86TiJKT/0/finestructure/swiftpackageindex-builder/spi-builder-workspace/.derivedData/Build/Products/Debug-watchos -F /Applications/Xcode-14.3.1.app/Contents/Developer/Platforms/WatchOS.platform/Developer/Library/Frameworks -F /Applications/Xcode-14.3.1.app/Contents/Developer/Platforms/WatchOS.platform/Developer/SDKs/WatchOS9.4.sdk/Developer/Library/Frameworks -no-color-diagnostics -enable-testing -g -module-cache-path /Users/builder/builds/o86TiJKT/0/finestructure/swiftpackageindex-builder/spi-builder-workspace/.derivedData/ModuleCache.noindex -swift-version 4 -enforce-exclusivity\=checked -Onone -D SWIFT_PACKAGE -D DEBUG -D Xcode -serialize-debugging-options -empty-abi-descriptor -Xcc -working-directory -Xcc /Users/builder/builds/o86TiJKT/0/finestructure/swiftpackageindex-builder/spi-builder-workspace -resource-dir /Applications/Xcode-14.3.1.app/Contents/Developer/Toolchains/XcodeDefault.xctoolchain/usr/lib/swift -enable-anonymous-context-mangled-names -Xcc -ivfsstatcache -Xcc /Users/builder/builds/o86TiJKT/0/finestructure/swiftpackageindex-builder/spi-builder-workspace/.derivedData/SDKStatCaches.noindex/watchos9.4-20T248-.sdkstatcache -Xcc -I/Users/builder/builds/o86TiJKT/0/finestructure/swiftpackageindex-builder/spi-builder-workspace/.derivedData/Build/Products/Debug-watchos/include -Xcc -I/Users/builder/builds/o86TiJKT/0/finestructure/swiftpackageindex-builder/spi-builder-workspace/.derivedData/Build/Intermediates.noindex/SwaggerParser.build/Debug-watchos/SwaggerParserTests.build/DerivedSources-normal/arm64_32 -Xcc -I/Users/builder/builds/o86TiJKT/0/finestructure/swiftpackageindex-builder/spi-builder-workspace/.derivedData/Build/Intermediates.noindex/SwaggerParser.build/Debug-watchos/SwaggerParserTests.build/DerivedSources/arm64_32 -Xcc -I/Users/builder/builds/o86TiJKT/0/finestructure/swiftpackageindex-builder/spi-builder-workspace/.derivedData/Build/Intermediates.noindex/SwaggerParser.build/Debug-watchos/SwaggerParserTests.build/DerivedSources -Xcc -DSWIFT_PACKAGE -Xcc -DDEBUG\=1 -module-name SwaggerParserTests -frontend-parseable-output -disable-clang-spi -target-sdk-version 9.4 -target-sdk-name watchos9.4 -o /Users/builder/builds/o86TiJKT/0/finestructure/swiftpackageindex-builder/spi-builder-workspace/.derivedData/Build/Intermediates.noindex/SwaggerParser.build/Debug-watchos/SwaggerParserTests.build/Objects-normal/arm64_32/VersionTests.o -index-unit-output-path /SwaggerParser.build/Debug-watchos/SwaggerParserTests.build/Objects-normal/arm64_32/VersionTests.o -index-store-path /Users/builder/builds/o86TiJKT/0/finestructure/swiftpackageindex-builder/spi-builder-workspace/.derivedData/Index.noindex/DataStore -index-system-modules
SwiftCompile normal arm64_32 /Users/builder/builds/o86TiJKT/0/finestructure/swiftpackageindex-builder/spi-builder-workspace/Tests/VersionTests.swift (in target 'SwaggerParserTests' from project 'SwaggerParser')
    cd /Users/builder/builds/o86TiJKT/0/finestructure/swiftpackageindex-builder/spi-builder-workspace
    /Applications/Xcode-14.3.1.app/Contents/Developer/Toolchains/XcodeDefault.xctoolchain/usr/bin/swift-frontend -c /Users/builder/builds/o86TiJKT/0/finestructure/swiftpackageindex-builder/spi-builder-workspace/Tests/AbstractTests.swift /Users/builder/builds/o86TiJKT/0/finestructure/swiftpackageindex-builder/spi-builder-workspace/Tests/AllOfTests.swift /Users/builder/builds/o86TiJKT/0/finestructure/swiftpackageindex-builder/spi-builder-workspace/Tests/BasicTests.swift /Users/builder/builds/o86TiJKT/0/finestructure/swiftpackageindex-builder/spi-builder-workspace/Tests/ChainedReferenceTests.swift /Users/builder/builds/o86TiJKT/0/finestructure/swiftpackageindex-builder/spi-builder-workspace/Tests/CrossReferenceTests.swift /Users/builder/builds/o86TiJKT/0/finestructure/swiftpackageindex-builder/spi-builder-workspace/Tests/ExampleTests.swift /Users/builder/builds/o86TiJKT/0/finestructure/swiftpackageindex-builder/spi-builder-workspace/Tests/LinuxMain.swift /Users/builder/builds/o86TiJKT/0/finestructure/swiftpackageindex-builder/spi-builder-workspace/Tests/NullableTests.swift /Users/builder/builds/o86TiJKT/0/finestructure/swiftpackageindex-builder/spi-builder-workspace/Tests/OneOfTests.swift /Users/builder/builds/o86TiJKT/0/finestructure/swiftpackageindex-builder/spi-builder-workspace/Tests/StructureSchemaTests.swift /Users/builder/builds/o86TiJKT/0/finestructure/swiftpackageindex-builder/spi-builder-workspace/Tests/TestHelpers.swift -primary-file /Users/builder/builds/o86TiJKT/0/finestructure/swiftpackageindex-builder/spi-builder-workspace/Tests/VersionTests.swift -emit-dependencies-path /Users/builder/builds/o86TiJKT/0/finestructure/swiftpackageindex-builder/spi-builder-workspace/.derivedData/Build/Intermediates.noindex/SwaggerParser.build/Debug-watchos/SwaggerParserTests.build/Objects-normal/arm64_32/VersionTests.d -emit-reference-dependencies-path /Users/builder/builds/o86TiJKT/0/finestructure/swiftpackageindex-builder/spi-builder-workspace/.derivedData/Build/Intermediates.noindex/SwaggerParser.build/Debug-watchos/SwaggerParserTests.build/Objects-normal/arm64_32/VersionTests.swiftdeps -serialize-diagnostics-path /Users/builder/builds/o86TiJKT/0/finestructure/swiftpackageindex-builder/spi-builder-workspace/.derivedData/Build/Intermediates.noindex/SwaggerParser.build/Debug-watchos/SwaggerParserTests.build/Objects-normal/arm64_32/VersionTests.dia -target arm64_32-apple-watchos4.0 -enable-objc-interop -sdk /Applications/Xcode-14.3.1.app/Contents/Developer/Platforms/WatchOS.platform/Developer/SDKs/WatchOS9.4.sdk -I /Users/builder/builds/o86TiJKT/0/finestructure/swiftpackageindex-builder/spi-builder-workspace/.derivedData/Build/Products/Debug-watchos -I /Applications/Xcode-14.3.1.app/Contents/Developer/Platforms/WatchOS.platform/Developer/usr/lib -F /Users/builder/builds/o86TiJKT/0/finestructure/swiftpackageindex-builder/spi-builder-workspace/.derivedData/Build/Products/Debug-watchos -F /Applications/Xcode-14.3.1.app/Contents/Developer/Platforms/WatchOS.platform/Developer/Library/Frameworks -F /Applications/Xcode-14.3.1.app/Contents/Developer/Platforms/WatchOS.platform/Developer/SDKs/WatchOS9.4.sdk/Developer/Library/Frameworks -no-color-diagnostics -enable-testing -g -module-cache-path /Users/builder/builds/o86TiJKT/0/finestructure/swiftpackageindex-builder/spi-builder-workspace/.derivedData/ModuleCache.noindex -swift-version 4 -enforce-exclusivity\=checked -Onone -D SWIFT_PACKAGE -D DEBUG -D Xcode -serialize-debugging-options -empty-abi-descriptor -Xcc -working-directory -Xcc /Users/builder/builds/o86TiJKT/0/finestructure/swiftpackageindex-builder/spi-builder-workspace -resource-dir /Applications/Xcode-14.3.1.app/Contents/Developer/Toolchains/XcodeDefault.xctoolchain/usr/lib/swift -enable-anonymous-context-mangled-names -Xcc -ivfsstatcache -Xcc /Users/builder/builds/o86TiJKT/0/finestructure/swiftpackageindex-builder/spi-builder-workspace/.derivedData/SDKStatCaches.noindex/watchos9.4-20T248-.sdkstatcache -Xcc -I/Users/builder/builds/o86TiJKT/0/finestructure/swiftpackageindex-builder/spi-builder-workspace/.derivedData/Build/Products/Debug-watchos/include -Xcc -I/Users/builder/builds/o86TiJKT/0/finestructure/swiftpackageindex-builder/spi-builder-workspace/.derivedData/Build/Intermediates.noindex/SwaggerParser.build/Debug-watchos/SwaggerParserTests.build/DerivedSources-normal/arm64_32 -Xcc -I/Users/builder/builds/o86TiJKT/0/finestructure/swiftpackageindex-builder/spi-builder-workspace/.derivedData/Build/Intermediates.noindex/SwaggerParser.build/Debug-watchos/SwaggerParserTests.build/DerivedSources/arm64_32 -Xcc -I/Users/builder/builds/o86TiJKT/0/finestructure/swiftpackageindex-builder/spi-builder-workspace/.derivedData/Build/Intermediates.noindex/SwaggerParser.build/Debug-watchos/SwaggerParserTests.build/DerivedSources -Xcc -DSWIFT_PACKAGE -Xcc -DDEBUG\=1 -module-name SwaggerParserTests -frontend-parseable-output -disable-clang-spi -target-sdk-version 9.4 -target-sdk-name watchos9.4 -o /Users/builder/builds/o86TiJKT/0/finestructure/swiftpackageindex-builder/spi-builder-workspace/.derivedData/Build/Intermediates.noindex/SwaggerParser.build/Debug-watchos/SwaggerParserTests.build/Objects-normal/arm64_32/VersionTests.o -index-unit-output-path /SwaggerParser.build/Debug-watchos/SwaggerParserTests.build/Objects-normal/arm64_32/VersionTests.o -index-store-path /Users/builder/builds/o86TiJKT/0/finestructure/swiftpackageindex-builder/spi-builder-workspace/.derivedData/Index.noindex/DataStore -index-system-modules
SwiftCompile normal arm64_32 Compiling\ BasicTests.swift,\ ChainedReferenceTests.swift /Users/builder/builds/o86TiJKT/0/finestructure/swiftpackageindex-builder/spi-builder-workspace/Tests/BasicTests.swift /Users/builder/builds/o86TiJKT/0/finestructure/swiftpackageindex-builder/spi-builder-workspace/Tests/ChainedReferenceTests.swift (in target 'SwaggerParserTests' from project 'SwaggerParser')
    cd /Users/builder/builds/o86TiJKT/0/finestructure/swiftpackageindex-builder/spi-builder-workspace
    builtin-swiftTaskExecution -- /Applications/Xcode-14.3.1.app/Contents/Developer/Toolchains/XcodeDefault.xctoolchain/usr/bin/swift-frontend -frontend -c /Users/builder/builds/o86TiJKT/0/finestructure/swiftpackageindex-builder/spi-builder-workspace/Tests/AbstractTests.swift /Users/builder/builds/o86TiJKT/0/finestructure/swiftpackageindex-builder/spi-builder-workspace/Tests/AllOfTests.swift -primary-file /Users/builder/builds/o86TiJKT/0/finestructure/swiftpackageindex-builder/spi-builder-workspace/Tests/BasicTests.swift -primary-file /Users/builder/builds/o86TiJKT/0/finestructure/swiftpackageindex-builder/spi-builder-workspace/Tests/ChainedReferenceTests.swift /Users/builder/builds/o86TiJKT/0/finestructure/swiftpackageindex-builder/spi-builder-workspace/Tests/CrossReferenceTests.swift /Users/builder/builds/o86TiJKT/0/finestructure/swiftpackageindex-builder/spi-builder-workspace/Tests/ExampleTests.swift /Users/builder/builds/o86TiJKT/0/finestructure/swiftpackageindex-builder/spi-builder-workspace/Tests/LinuxMain.swift /Users/builder/builds/o86TiJKT/0/finestructure/swiftpackageindex-builder/spi-builder-workspace/Tests/NullableTests.swift /Users/builder/builds/o86TiJKT/0/finestructure/swiftpackageindex-builder/spi-builder-workspace/Tests/OneOfTests.swift /Users/builder/builds/o86TiJKT/0/finestructure/swiftpackageindex-builder/spi-builder-workspace/Tests/StructureSchemaTests.swift /Users/builder/builds/o86TiJKT/0/finestructure/swiftpackageindex-builder/spi-builder-workspace/Tests/TestHelpers.swift /Users/builder/builds/o86TiJKT/0/finestructure/swiftpackageindex-builder/spi-builder-workspace/Tests/VersionTests.swift -emit-dependencies-path /Users/builder/builds/o86TiJKT/0/finestructure/swiftpackageindex-builder/spi-builder-workspace/.derivedData/Build/Intermediates.noindex/SwaggerParser.build/Debug-watchos/SwaggerParserTests.build/Objects-normal/arm64_32/BasicTests.d -emit-reference-dependencies-path /Users/builder/builds/o86TiJKT/0/finestructure/swiftpackageindex-builder/spi-builder-workspace/.derivedData/Build/Intermediates.noindex/SwaggerParser.build/Debug-watchos/SwaggerParserTests.build/Objects-normal/arm64_32/BasicTests.swiftdeps -serialize-diagnostics-path /Users/builder/builds/o86TiJKT/0/finestructure/swiftpackageindex-builder/spi-builder-workspace/.derivedData/Build/Intermediates.noindex/SwaggerParser.build/Debug-watchos/SwaggerParserTests.build/Objects-normal/arm64_32/BasicTests.dia -emit-dependencies-path /Users/builder/builds/o86TiJKT/0/finestructure/swiftpackageindex-builder/spi-builder-workspace/.derivedData/Build/Intermediates.noindex/SwaggerParser.build/Debug-watchos/SwaggerParserTests.build/Objects-normal/arm64_32/ChainedReferenceTests.d -emit-reference-dependencies-path /Users/builder/builds/o86TiJKT/0/finestructure/swiftpackageindex-builder/spi-builder-workspace/.derivedData/Build/Intermediates.noindex/SwaggerParser.build/Debug-watchos/SwaggerParserTests.build/Objects-normal/arm64_32/ChainedReferenceTests.swiftdeps -serialize-diagnostics-path /Users/builder/builds/o86TiJKT/0/finestructure/swiftpackageindex-builder/spi-builder-workspace/.derivedData/Build/Intermediates.noindex/SwaggerParser.build/Debug-watchos/SwaggerParserTests.build/Objects-normal/arm64_32/ChainedReferenceTests.dia -target arm64_32-apple-watchos4.0 -enable-objc-interop -sdk /Applications/Xcode-14.3.1.app/Contents/Developer/Platforms/WatchOS.platform/Developer/SDKs/WatchOS9.4.sdk -I /Users/builder/builds/o86TiJKT/0/finestructure/swiftpackageindex-builder/spi-builder-workspace/.derivedData/Build/Products/Debug-watchos -I /Applications/Xcode-14.3.1.app/Contents/Developer/Platforms/WatchOS.platform/Developer/usr/lib -F /Users/builder/builds/o86TiJKT/0/finestructure/swiftpackageindex-builder/spi-builder-workspace/.derivedData/Build/Products/Debug-watchos -F /Applications/Xcode-14.3.1.app/Contents/Developer/Platforms/WatchOS.platform/Developer/Library/Frameworks -F /Applications/Xcode-14.3.1.app/Contents/Developer/Platforms/WatchOS.platform/Developer/SDKs/WatchOS9.4.sdk/Developer/Library/Frameworks -no-color-diagnostics -enable-testing -g -module-cache-path /Users/builder/builds/o86TiJKT/0/finestructure/swiftpackageindex-builder/spi-builder-workspace/.derivedData/ModuleCache.noindex -swift-version 4 -enforce-exclusivity\=checked -Onone -D SWIFT_PACKAGE -D DEBUG -D Xcode -serialize-debugging-options -empty-abi-descriptor -Xcc -working-directory -Xcc /Users/builder/builds/o86TiJKT/0/finestructure/swiftpackageindex-builder/spi-builder-workspace -resource-dir /Applications/Xcode-14.3.1.app/Contents/Developer/Toolchains/XcodeDefault.xctoolchain/usr/lib/swift -enable-anonymous-context-mangled-names -Xcc -ivfsstatcache -Xcc /Users/builder/builds/o86TiJKT/0/finestructure/swiftpackageindex-builder/spi-builder-workspace/.derivedData/SDKStatCaches.noindex/watchos9.4-20T248-.sdkstatcache -Xcc -I/Users/builder/builds/o86TiJKT/0/finestructure/swiftpackageindex-builder/spi-builder-workspace/.derivedData/Build/Products/Debug-watchos/include -Xcc -I/Users/builder/builds/o86TiJKT/0/finestructure/swiftpackageindex-builder/spi-builder-workspace/.derivedData/Build/Intermediates.noindex/SwaggerParser.build/Debug-watchos/SwaggerParserTests.build/DerivedSources-normal/arm64_32 -Xcc -I/Users/builder/builds/o86TiJKT/0/finestructure/swiftpackageindex-builder/spi-builder-workspace/.derivedData/Build/Intermediates.noindex/SwaggerParser.build/Debug-watchos/SwaggerParserTests.build/DerivedSources/arm64_32 -Xcc -I/Users/builder/builds/o86TiJKT/0/finestructure/swiftpackageindex-builder/spi-builder-workspace/.derivedData/Build/Intermediates.noindex/SwaggerParser.build/Debug-watchos/SwaggerParserTests.build/DerivedSources -Xcc -DSWIFT_PACKAGE -Xcc -DDEBUG\=1 -module-name SwaggerParserTests -frontend-parseable-output -disable-clang-spi -target-sdk-version 9.4 -target-sdk-name watchos9.4 -o /Users/builder/builds/o86TiJKT/0/finestructure/swiftpackageindex-builder/spi-builder-workspace/.derivedData/Build/Intermediates.noindex/SwaggerParser.build/Debug-watchos/SwaggerParserTests.build/Objects-normal/arm64_32/BasicTests.o -o /Users/builder/builds/o86TiJKT/0/finestructure/swiftpackageindex-builder/spi-builder-workspace/.derivedData/Build/Intermediates.noindex/SwaggerParser.build/Debug-watchos/SwaggerParserTests.build/Objects-normal/arm64_32/ChainedReferenceTests.o -index-unit-output-path /SwaggerParser.build/Debug-watchos/SwaggerParserTests.build/Objects-normal/arm64_32/BasicTests.o -index-unit-output-path /SwaggerParser.build/Debug-watchos/SwaggerParserTests.build/Objects-normal/arm64_32/ChainedReferenceTests.o -index-store-path /Users/builder/builds/o86TiJKT/0/finestructure/swiftpackageindex-builder/spi-builder-workspace/.derivedData/Index.noindex/DataStore -index-system-modules
SwiftCompile normal arm64_32 /Users/builder/builds/o86TiJKT/0/finestructure/swiftpackageindex-builder/spi-builder-workspace/Tests/BasicTests.swift (in target 'SwaggerParserTests' from project 'SwaggerParser')
    cd /Users/builder/builds/o86TiJKT/0/finestructure/swiftpackageindex-builder/spi-builder-workspace
    /Applications/Xcode-14.3.1.app/Contents/Developer/Toolchains/XcodeDefault.xctoolchain/usr/bin/swift-frontend -c /Users/builder/builds/o86TiJKT/0/finestructure/swiftpackageindex-builder/spi-builder-workspace/Tests/AbstractTests.swift /Users/builder/builds/o86TiJKT/0/finestructure/swiftpackageindex-builder/spi-builder-workspace/Tests/AllOfTests.swift -primary-file /Users/builder/builds/o86TiJKT/0/finestructure/swiftpackageindex-builder/spi-builder-workspace/Tests/BasicTests.swift -primary-file /Users/builder/builds/o86TiJKT/0/finestructure/swiftpackageindex-builder/spi-builder-workspace/Tests/ChainedReferenceTests.swift /Users/builder/builds/o86TiJKT/0/finestructure/swiftpackageindex-builder/spi-builder-workspace/Tests/CrossReferenceTests.swift /Users/builder/builds/o86TiJKT/0/finestructure/swiftpackageindex-builder/spi-builder-workspace/Tests/ExampleTests.swift /Users/builder/builds/o86TiJKT/0/finestructure/swiftpackageindex-builder/spi-builder-workspace/Tests/LinuxMain.swift /Users/builder/builds/o86TiJKT/0/finestructure/swiftpackageindex-builder/spi-builder-workspace/Tests/NullableTests.swift /Users/builder/builds/o86TiJKT/0/finestructure/swiftpackageindex-builder/spi-builder-workspace/Tests/OneOfTests.swift /Users/builder/builds/o86TiJKT/0/finestructure/swiftpackageindex-builder/spi-builder-workspace/Tests/StructureSchemaTests.swift /Users/builder/builds/o86TiJKT/0/finestructure/swiftpackageindex-builder/spi-builder-workspace/Tests/TestHelpers.swift /Users/builder/builds/o86TiJKT/0/finestructure/swiftpackageindex-builder/spi-builder-workspace/Tests/VersionTests.swift -emit-dependencies-path /Users/builder/builds/o86TiJKT/0/finestructure/swiftpackageindex-builder/spi-builder-workspace/.derivedData/Build/Intermediates.noindex/SwaggerParser.build/Debug-watchos/SwaggerParserTests.build/Objects-normal/arm64_32/BasicTests.d -emit-reference-dependencies-path /Users/builder/builds/o86TiJKT/0/finestructure/swiftpackageindex-builder/spi-builder-workspace/.derivedData/Build/Intermediates.noindex/SwaggerParser.build/Debug-watchos/SwaggerParserTests.build/Objects-normal/arm64_32/BasicTests.swiftdeps -serialize-diagnostics-path /Users/builder/builds/o86TiJKT/0/finestructure/swiftpackageindex-builder/spi-builder-workspace/.derivedData/Build/Intermediates.noindex/SwaggerParser.build/Debug-watchos/SwaggerParserTests.build/Objects-normal/arm64_32/BasicTests.dia -emit-dependencies-path /Users/builder/builds/o86TiJKT/0/finestructure/swiftpackageindex-builder/spi-builder-workspace/.derivedData/Build/Intermediates.noindex/SwaggerParser.build/Debug-watchos/SwaggerParserTests.build/Objects-normal/arm64_32/ChainedReferenceTests.d -emit-reference-dependencies-path /Users/builder/builds/o86TiJKT/0/finestructure/swiftpackageindex-builder/spi-builder-workspace/.derivedData/Build/Intermediates.noindex/SwaggerParser.build/Debug-watchos/SwaggerParserTests.build/Objects-normal/arm64_32/ChainedReferenceTests.swiftdeps -serialize-diagnostics-path /Users/builder/builds/o86TiJKT/0/finestructure/swiftpackageindex-builder/spi-builder-workspace/.derivedData/Build/Intermediates.noindex/SwaggerParser.build/Debug-watchos/SwaggerParserTests.build/Objects-normal/arm64_32/ChainedReferenceTests.dia -target arm64_32-apple-watchos4.0 -enable-objc-interop -sdk /Applications/Xcode-14.3.1.app/Contents/Developer/Platforms/WatchOS.platform/Developer/SDKs/WatchOS9.4.sdk -I /Users/builder/builds/o86TiJKT/0/finestructure/swiftpackageindex-builder/spi-builder-workspace/.derivedData/Build/Products/Debug-watchos -I /Applications/Xcode-14.3.1.app/Contents/Developer/Platforms/WatchOS.platform/Developer/usr/lib -F /Users/builder/builds/o86TiJKT/0/finestructure/swiftpackageindex-builder/spi-builder-workspace/.derivedData/Build/Products/Debug-watchos -F /Applications/Xcode-14.3.1.app/Contents/Developer/Platforms/WatchOS.platform/Developer/Library/Frameworks -F /Applications/Xcode-14.3.1.app/Contents/Developer/Platforms/WatchOS.platform/Developer/SDKs/WatchOS9.4.sdk/Developer/Library/Frameworks -no-color-diagnostics -enable-testing -g -module-cache-path /Users/builder/builds/o86TiJKT/0/finestructure/swiftpackageindex-builder/spi-builder-workspace/.derivedData/ModuleCache.noindex -swift-version 4 -enforce-exclusivity\=checked -Onone -D SWIFT_PACKAGE -D DEBUG -D Xcode -serialize-debugging-options -empty-abi-descriptor -Xcc -working-directory -Xcc /Users/builder/builds/o86TiJKT/0/finestructure/swiftpackageindex-builder/spi-builder-workspace -resource-dir /Applications/Xcode-14.3.1.app/Contents/Developer/Toolchains/XcodeDefault.xctoolchain/usr/lib/swift -enable-anonymous-context-mangled-names -Xcc -ivfsstatcache -Xcc /Users/builder/builds/o86TiJKT/0/finestructure/swiftpackageindex-builder/spi-builder-workspace/.derivedData/SDKStatCaches.noindex/watchos9.4-20T248-.sdkstatcache -Xcc -I/Users/builder/builds/o86TiJKT/0/finestructure/swiftpackageindex-builder/spi-builder-workspace/.derivedData/Build/Products/Debug-watchos/include -Xcc -I/Users/builder/builds/o86TiJKT/0/finestructure/swiftpackageindex-builder/spi-builder-workspace/.derivedData/Build/Intermediates.noindex/SwaggerParser.build/Debug-watchos/SwaggerParserTests.build/DerivedSources-normal/arm64_32 -Xcc -I/Users/builder/builds/o86TiJKT/0/finestructure/swiftpackageindex-builder/spi-builder-workspace/.derivedData/Build/Intermediates.noindex/SwaggerParser.build/Debug-watchos/SwaggerParserTests.build/DerivedSources/arm64_32 -Xcc -I/Users/builder/builds/o86TiJKT/0/finestructure/swiftpackageindex-builder/spi-builder-workspace/.derivedData/Build/Intermediates.noindex/SwaggerParser.build/Debug-watchos/SwaggerParserTests.build/DerivedSources -Xcc -DSWIFT_PACKAGE -Xcc -DDEBUG\=1 -module-name SwaggerParserTests -frontend-parseable-output -disable-clang-spi -target-sdk-version 9.4 -target-sdk-name watchos9.4 -o /Users/builder/builds/o86TiJKT/0/finestructure/swiftpackageindex-builder/spi-builder-workspace/.derivedData/Build/Intermediates.noindex/SwaggerParser.build/Debug-watchos/SwaggerParserTests.build/Objects-normal/arm64_32/BasicTests.o -o /Users/builder/builds/o86TiJKT/0/finestructure/swiftpackageindex-builder/spi-builder-workspace/.derivedData/Build/Intermediates.noindex/SwaggerParser.build/Debug-watchos/SwaggerParserTests.build/Objects-normal/arm64_32/ChainedReferenceTests.o -index-unit-output-path /SwaggerParser.build/Debug-watchos/SwaggerParserTests.build/Objects-normal/arm64_32/BasicTests.o -index-unit-output-path /SwaggerParser.build/Debug-watchos/SwaggerParserTests.build/Objects-normal/arm64_32/ChainedReferenceTests.o -index-store-path /Users/builder/builds/o86TiJKT/0/finestructure/swiftpackageindex-builder/spi-builder-workspace/.derivedData/Index.noindex/DataStore -index-system-modules
SwiftCompile normal arm64_32 /Users/builder/builds/o86TiJKT/0/finestructure/swiftpackageindex-builder/spi-builder-workspace/Tests/ChainedReferenceTests.swift (in target 'SwaggerParserTests' from project 'SwaggerParser')
    cd /Users/builder/builds/o86TiJKT/0/finestructure/swiftpackageindex-builder/spi-builder-workspace
    /Applications/Xcode-14.3.1.app/Contents/Developer/Toolchains/XcodeDefault.xctoolchain/usr/bin/swift-frontend -c /Users/builder/builds/o86TiJKT/0/finestructure/swiftpackageindex-builder/spi-builder-workspace/Tests/AbstractTests.swift /Users/builder/builds/o86TiJKT/0/finestructure/swiftpackageindex-builder/spi-builder-workspace/Tests/AllOfTests.swift -primary-file /Users/builder/builds/o86TiJKT/0/finestructure/swiftpackageindex-builder/spi-builder-workspace/Tests/BasicTests.swift -primary-file /Users/builder/builds/o86TiJKT/0/finestructure/swiftpackageindex-builder/spi-builder-workspace/Tests/ChainedReferenceTests.swift /Users/builder/builds/o86TiJKT/0/finestructure/swiftpackageindex-builder/spi-builder-workspace/Tests/CrossReferenceTests.swift /Users/builder/builds/o86TiJKT/0/finestructure/swiftpackageindex-builder/spi-builder-workspace/Tests/ExampleTests.swift /Users/builder/builds/o86TiJKT/0/finestructure/swiftpackageindex-builder/spi-builder-workspace/Tests/LinuxMain.swift /Users/builder/builds/o86TiJKT/0/finestructure/swiftpackageindex-builder/spi-builder-workspace/Tests/NullableTests.swift /Users/builder/builds/o86TiJKT/0/finestructure/swiftpackageindex-builder/spi-builder-workspace/Tests/OneOfTests.swift /Users/builder/builds/o86TiJKT/0/finestructure/swiftpackageindex-builder/spi-builder-workspace/Tests/StructureSchemaTests.swift /Users/builder/builds/o86TiJKT/0/finestructure/swiftpackageindex-builder/spi-builder-workspace/Tests/TestHelpers.swift /Users/builder/builds/o86TiJKT/0/finestructure/swiftpackageindex-builder/spi-builder-workspace/Tests/VersionTests.swift -emit-dependencies-path /Users/builder/builds/o86TiJKT/0/finestructure/swiftpackageindex-builder/spi-builder-workspace/.derivedData/Build/Intermediates.noindex/SwaggerParser.build/Debug-watchos/SwaggerParserTests.build/Objects-normal/arm64_32/BasicTests.d -emit-reference-dependencies-path /Users/builder/builds/o86TiJKT/0/finestructure/swiftpackageindex-builder/spi-builder-workspace/.derivedData/Build/Intermediates.noindex/SwaggerParser.build/Debug-watchos/SwaggerParserTests.build/Objects-normal/arm64_32/BasicTests.swiftdeps -serialize-diagnostics-path /Users/builder/builds/o86TiJKT/0/finestructure/swiftpackageindex-builder/spi-builder-workspace/.derivedData/Build/Intermediates.noindex/SwaggerParser.build/Debug-watchos/SwaggerParserTests.build/Objects-normal/arm64_32/BasicTests.dia -emit-dependencies-path /Users/builder/builds/o86TiJKT/0/finestructure/swiftpackageindex-builder/spi-builder-workspace/.derivedData/Build/Intermediates.noindex/SwaggerParser.build/Debug-watchos/SwaggerParserTests.build/Objects-normal/arm64_32/ChainedReferenceTests.d -emit-reference-dependencies-path /Users/builder/builds/o86TiJKT/0/finestructure/swiftpackageindex-builder/spi-builder-workspace/.derivedData/Build/Intermediates.noindex/SwaggerParser.build/Debug-watchos/SwaggerParserTests.build/Objects-normal/arm64_32/ChainedReferenceTests.swiftdeps -serialize-diagnostics-path /Users/builder/builds/o86TiJKT/0/finestructure/swiftpackageindex-builder/spi-builder-workspace/.derivedData/Build/Intermediates.noindex/SwaggerParser.build/Debug-watchos/SwaggerParserTests.build/Objects-normal/arm64_32/ChainedReferenceTests.dia -target arm64_32-apple-watchos4.0 -enable-objc-interop -sdk /Applications/Xcode-14.3.1.app/Contents/Developer/Platforms/WatchOS.platform/Developer/SDKs/WatchOS9.4.sdk -I /Users/builder/builds/o86TiJKT/0/finestructure/swiftpackageindex-builder/spi-builder-workspace/.derivedData/Build/Products/Debug-watchos -I /Applications/Xcode-14.3.1.app/Contents/Developer/Platforms/WatchOS.platform/Developer/usr/lib -F /Users/builder/builds/o86TiJKT/0/finestructure/swiftpackageindex-builder/spi-builder-workspace/.derivedData/Build/Products/Debug-watchos -F /Applications/Xcode-14.3.1.app/Contents/Developer/Platforms/WatchOS.platform/Developer/Library/Frameworks -F /Applications/Xcode-14.3.1.app/Contents/Developer/Platforms/WatchOS.platform/Developer/SDKs/WatchOS9.4.sdk/Developer/Library/Frameworks -no-color-diagnostics -enable-testing -g -module-cache-path /Users/builder/builds/o86TiJKT/0/finestructure/swiftpackageindex-builder/spi-builder-workspace/.derivedData/ModuleCache.noindex -swift-version 4 -enforce-exclusivity\=checked -Onone -D SWIFT_PACKAGE -D DEBUG -D Xcode -serialize-debugging-options -empty-abi-descriptor -Xcc -working-directory -Xcc /Users/builder/builds/o86TiJKT/0/finestructure/swiftpackageindex-builder/spi-builder-workspace -resource-dir /Applications/Xcode-14.3.1.app/Contents/Developer/Toolchains/XcodeDefault.xctoolchain/usr/lib/swift -enable-anonymous-context-mangled-names -Xcc -ivfsstatcache -Xcc /Users/builder/builds/o86TiJKT/0/finestructure/swiftpackageindex-builder/spi-builder-workspace/.derivedData/SDKStatCaches.noindex/watchos9.4-20T248-.sdkstatcache -Xcc -I/Users/builder/builds/o86TiJKT/0/finestructure/swiftpackageindex-builder/spi-builder-workspace/.derivedData/Build/Products/Debug-watchos/include -Xcc -I/Users/builder/builds/o86TiJKT/0/finestructure/swiftpackageindex-builder/spi-builder-workspace/.derivedData/Build/Intermediates.noindex/SwaggerParser.build/Debug-watchos/SwaggerParserTests.build/DerivedSources-normal/arm64_32 -Xcc -I/Users/builder/builds/o86TiJKT/0/finestructure/swiftpackageindex-builder/spi-builder-workspace/.derivedData/Build/Intermediates.noindex/SwaggerParser.build/Debug-watchos/SwaggerParserTests.build/DerivedSources/arm64_32 -Xcc -I/Users/builder/builds/o86TiJKT/0/finestructure/swiftpackageindex-builder/spi-builder-workspace/.derivedData/Build/Intermediates.noindex/SwaggerParser.build/Debug-watchos/SwaggerParserTests.build/DerivedSources -Xcc -DSWIFT_PACKAGE -Xcc -DDEBUG\=1 -module-name SwaggerParserTests -frontend-parseable-output -disable-clang-spi -target-sdk-version 9.4 -target-sdk-name watchos9.4 -o /Users/builder/builds/o86TiJKT/0/finestructure/swiftpackageindex-builder/spi-builder-workspace/.derivedData/Build/Intermediates.noindex/SwaggerParser.build/Debug-watchos/SwaggerParserTests.build/Objects-normal/arm64_32/BasicTests.o -o /Users/builder/builds/o86TiJKT/0/finestructure/swiftpackageindex-builder/spi-builder-workspace/.derivedData/Build/Intermediates.noindex/SwaggerParser.build/Debug-watchos/SwaggerParserTests.build/Objects-normal/arm64_32/ChainedReferenceTests.o -index-unit-output-path /SwaggerParser.build/Debug-watchos/SwaggerParserTests.build/Objects-normal/arm64_32/BasicTests.o -index-unit-output-path /SwaggerParser.build/Debug-watchos/SwaggerParserTests.build/Objects-normal/arm64_32/ChainedReferenceTests.o -index-store-path /Users/builder/builds/o86TiJKT/0/finestructure/swiftpackageindex-builder/spi-builder-workspace/.derivedData/Index.noindex/DataStore -index-system-modules
SwiftEmitModule normal arm64_32 Emitting\ module\ for\ SwaggerParserTests (in target 'SwaggerParserTests' from project 'SwaggerParser')
    cd /Users/builder/builds/o86TiJKT/0/finestructure/swiftpackageindex-builder/spi-builder-workspace
    builtin-swiftTaskExecution -- /Applications/Xcode-14.3.1.app/Contents/Developer/Toolchains/XcodeDefault.xctoolchain/usr/bin/swift-frontend -frontend -emit-module -experimental-skip-non-inlinable-function-bodies-without-types /Users/builder/builds/o86TiJKT/0/finestructure/swiftpackageindex-builder/spi-builder-workspace/Tests/AbstractTests.swift /Users/builder/builds/o86TiJKT/0/finestructure/swiftpackageindex-builder/spi-builder-workspace/Tests/AllOfTests.swift /Users/builder/builds/o86TiJKT/0/finestructure/swiftpackageindex-builder/spi-builder-workspace/Tests/BasicTests.swift /Users/builder/builds/o86TiJKT/0/finestructure/swiftpackageindex-builder/spi-builder-workspace/Tests/ChainedReferenceTests.swift /Users/builder/builds/o86TiJKT/0/finestructure/swiftpackageindex-builder/spi-builder-workspace/Tests/CrossReferenceTests.swift /Users/builder/builds/o86TiJKT/0/finestructure/swiftpackageindex-builder/spi-builder-workspace/Tests/ExampleTests.swift /Users/builder/builds/o86TiJKT/0/finestructure/swiftpackageindex-builder/spi-builder-workspace/Tests/LinuxMain.swift /Users/builder/builds/o86TiJKT/0/finestructure/swiftpackageindex-builder/spi-builder-workspace/Tests/NullableTests.swift /Users/builder/builds/o86TiJKT/0/finestructure/swiftpackageindex-builder/spi-builder-workspace/Tests/OneOfTests.swift /Users/builder/builds/o86TiJKT/0/finestructure/swiftpackageindex-builder/spi-builder-workspace/Tests/StructureSchemaTests.swift /Users/builder/builds/o86TiJKT/0/finestructure/swiftpackageindex-builder/spi-builder-workspace/Tests/TestHelpers.swift /Users/builder/builds/o86TiJKT/0/finestructure/swiftpackageindex-builder/spi-builder-workspace/Tests/VersionTests.swift -target arm64_32-apple-watchos4.0 -enable-objc-interop -sdk /Applications/Xcode-14.3.1.app/Contents/Developer/Platforms/WatchOS.platform/Developer/SDKs/WatchOS9.4.sdk -I /Users/builder/builds/o86TiJKT/0/finestructure/swiftpackageindex-builder/spi-builder-workspace/.derivedData/Build/Products/Debug-watchos -I /Applications/Xcode-14.3.1.app/Contents/Developer/Platforms/WatchOS.platform/Developer/usr/lib -F /Users/builder/builds/o86TiJKT/0/finestructure/swiftpackageindex-builder/spi-builder-workspace/.derivedData/Build/Products/Debug-watchos -F /Applications/Xcode-14.3.1.app/Contents/Developer/Platforms/WatchOS.platform/Developer/Library/Frameworks -F /Applications/Xcode-14.3.1.app/Contents/Developer/Platforms/WatchOS.platform/Developer/SDKs/WatchOS9.4.sdk/Developer/Library/Frameworks -no-color-diagnostics -enable-testing -g -module-cache-path /Users/builder/builds/o86TiJKT/0/finestructure/swiftpackageindex-builder/spi-builder-workspace/.derivedData/ModuleCache.noindex -swift-version 4 -enforce-exclusivity\=checked -Onone -D SWIFT_PACKAGE -D DEBUG -D Xcode -serialize-debugging-options -empty-abi-descriptor -Xcc -working-directory -Xcc /Users/builder/builds/o86TiJKT/0/finestructure/swiftpackageindex-builder/spi-builder-workspace -resource-dir /Applications/Xcode-14.3.1.app/Contents/Developer/Toolchains/XcodeDefault.xctoolchain/usr/lib/swift -enable-anonymous-context-mangled-names -Xcc -ivfsstatcache -Xcc /Users/builder/builds/o86TiJKT/0/finestructure/swiftpackageindex-builder/spi-builder-workspace/.derivedData/SDKStatCaches.noindex/watchos9.4-20T248-.sdkstatcache -Xcc -I/Users/builder/builds/o86TiJKT/0/finestructure/swiftpackageindex-builder/spi-builder-workspace/.derivedData/Build/Products/Debug-watchos/include -Xcc -I/Users/builder/builds/o86TiJKT/0/finestructure/swiftpackageindex-builder/spi-builder-workspace/.derivedData/Build/Intermediates.noindex/SwaggerParser.build/Debug-watchos/SwaggerParserTests.build/DerivedSources-normal/arm64_32 -Xcc -I/Users/builder/builds/o86TiJKT/0/finestructure/swiftpackageindex-builder/spi-builder-workspace/.derivedData/Build/Intermediates.noindex/SwaggerParser.build/Debug-watchos/SwaggerParserTests.build/DerivedSources/arm64_32 -Xcc -I/Users/builder/builds/o86TiJKT/0/finestructure/swiftpackageindex-builder/spi-builder-workspace/.derivedData/Build/Intermediates.noindex/SwaggerParser.build/Debug-watchos/SwaggerParserTests.build/DerivedSources -Xcc -DSWIFT_PACKAGE -Xcc -DDEBUG\=1 -module-name SwaggerParserTests -disable-clang-spi -target-sdk-version 9.4 -target-sdk-name watchos9.4 -emit-module-doc-path /Users/builder/builds/o86TiJKT/0/finestructure/swiftpackageindex-builder/spi-builder-workspace/.derivedData/Build/Intermediates.noindex/SwaggerParser.build/Debug-watchos/SwaggerParserTests.build/Objects-normal/arm64_32/SwaggerParserTests.swiftdoc -emit-module-source-info-path /Users/builder/builds/o86TiJKT/0/finestructure/swiftpackageindex-builder/spi-builder-workspace/.derivedData/Build/Intermediates.noindex/SwaggerParser.build/Debug-watchos/SwaggerParserTests.build/Objects-normal/arm64_32/SwaggerParserTests.swiftsourceinfo -serialize-diagnostics-path /Users/builder/builds/o86TiJKT/0/finestructure/swiftpackageindex-builder/spi-builder-workspace/.derivedData/Build/Intermediates.noindex/SwaggerParser.build/Debug-watchos/SwaggerParserTests.build/Objects-normal/arm64_32/SwaggerParserTests-master-emit-module.dia -emit-dependencies-path /Users/builder/builds/o86TiJKT/0/finestructure/swiftpackageindex-builder/spi-builder-workspace/.derivedData/Build/Intermediates.noindex/SwaggerParser.build/Debug-watchos/SwaggerParserTests.build/Objects-normal/arm64_32/SwaggerParserTests-master-emit-module.d -o /Users/builder/builds/o86TiJKT/0/finestructure/swiftpackageindex-builder/spi-builder-workspace/.derivedData/Build/Intermediates.noindex/SwaggerParser.build/Debug-watchos/SwaggerParserTests.build/Objects-normal/arm64_32/SwaggerParserTests.swiftmodule -emit-abi-descriptor-path /Users/builder/builds/o86TiJKT/0/finestructure/swiftpackageindex-builder/spi-builder-workspace/.derivedData/Build/Intermediates.noindex/SwaggerParser.build/Debug-watchos/SwaggerParserTests.build/Objects-normal/arm64_32/SwaggerParserTests.abi.json
/Users/builder/builds/o86TiJKT/0/finestructure/swiftpackageindex-builder/spi-builder-workspace/Tests/AbstractTests.swift:2:18: error: no such module 'SwaggerParser'
@testable import SwaggerParser
                 ^
SwiftCompile normal arm64_32 Compiling\ TestHelpers.swift /Users/builder/builds/o86TiJKT/0/finestructure/swiftpackageindex-builder/spi-builder-workspace/Tests/TestHelpers.swift (in target 'SwaggerParserTests' from project 'SwaggerParser')
    cd /Users/builder/builds/o86TiJKT/0/finestructure/swiftpackageindex-builder/spi-builder-workspace
    builtin-swiftTaskExecution -- /Applications/Xcode-14.3.1.app/Contents/Developer/Toolchains/XcodeDefault.xctoolchain/usr/bin/swift-frontend -frontend -c /Users/builder/builds/o86TiJKT/0/finestructure/swiftpackageindex-builder/spi-builder-workspace/Tests/AbstractTests.swift /Users/builder/builds/o86TiJKT/0/finestructure/swiftpackageindex-builder/spi-builder-workspace/Tests/AllOfTests.swift /Users/builder/builds/o86TiJKT/0/finestructure/swiftpackageindex-builder/spi-builder-workspace/Tests/BasicTests.swift /Users/builder/builds/o86TiJKT/0/finestructure/swiftpackageindex-builder/spi-builder-workspace/Tests/ChainedReferenceTests.swift /Users/builder/builds/o86TiJKT/0/finestructure/swiftpackageindex-builder/spi-builder-workspace/Tests/CrossReferenceTests.swift /Users/builder/builds/o86TiJKT/0/finestructure/swiftpackageindex-builder/spi-builder-workspace/Tests/ExampleTests.swift /Users/builder/builds/o86TiJKT/0/finestructure/swiftpackageindex-builder/spi-builder-workspace/Tests/LinuxMain.swift /Users/builder/builds/o86TiJKT/0/finestructure/swiftpackageindex-builder/spi-builder-workspace/Tests/NullableTests.swift /Users/builder/builds/o86TiJKT/0/finestructure/swiftpackageindex-builder/spi-builder-workspace/Tests/OneOfTests.swift /Users/builder/builds/o86TiJKT/0/finestructure/swiftpackageindex-builder/spi-builder-workspace/Tests/StructureSchemaTests.swift -primary-file /Users/builder/builds/o86TiJKT/0/finestructure/swiftpackageindex-builder/spi-builder-workspace/Tests/TestHelpers.swift /Users/builder/builds/o86TiJKT/0/finestructure/swiftpackageindex-builder/spi-builder-workspace/Tests/VersionTests.swift -emit-dependencies-path /Users/builder/builds/o86TiJKT/0/finestructure/swiftpackageindex-builder/spi-builder-workspace/.derivedData/Build/Intermediates.noindex/SwaggerParser.build/Debug-watchos/SwaggerParserTests.build/Objects-normal/arm64_32/TestHelpers.d -emit-reference-dependencies-path /Users/builder/builds/o86TiJKT/0/finestructure/swiftpackageindex-builder/spi-builder-workspace/.derivedData/Build/Intermediates.noindex/SwaggerParser.build/Debug-watchos/SwaggerParserTests.build/Objects-normal/arm64_32/TestHelpers.swiftdeps -serialize-diagnostics-path /Users/builder/builds/o86TiJKT/0/finestructure/swiftpackageindex-builder/spi-builder-workspace/.derivedData/Build/Intermediates.noindex/SwaggerParser.build/Debug-watchos/SwaggerParserTests.build/Objects-normal/arm64_32/TestHelpers.dia -target arm64_32-apple-watchos4.0 -enable-objc-interop -sdk /Applications/Xcode-14.3.1.app/Contents/Developer/Platforms/WatchOS.platform/Developer/SDKs/WatchOS9.4.sdk -I /Users/builder/builds/o86TiJKT/0/finestructure/swiftpackageindex-builder/spi-builder-workspace/.derivedData/Build/Products/Debug-watchos -I /Applications/Xcode-14.3.1.app/Contents/Developer/Platforms/WatchOS.platform/Developer/usr/lib -F /Users/builder/builds/o86TiJKT/0/finestructure/swiftpackageindex-builder/spi-builder-workspace/.derivedData/Build/Products/Debug-watchos -F /Applications/Xcode-14.3.1.app/Contents/Developer/Platforms/WatchOS.platform/Developer/Library/Frameworks -F /Applications/Xcode-14.3.1.app/Contents/Developer/Platforms/WatchOS.platform/Developer/SDKs/WatchOS9.4.sdk/Developer/Library/Frameworks -no-color-diagnostics -enable-testing -g -module-cache-path /Users/builder/builds/o86TiJKT/0/finestructure/swiftpackageindex-builder/spi-builder-workspace/.derivedData/ModuleCache.noindex -swift-version 4 -enforce-exclusivity\=checked -Onone -D SWIFT_PACKAGE -D DEBUG -D Xcode -serialize-debugging-options -empty-abi-descriptor -Xcc -working-directory -Xcc /Users/builder/builds/o86TiJKT/0/finestructure/swiftpackageindex-builder/spi-builder-workspace -resource-dir /Applications/Xcode-14.3.1.app/Contents/Developer/Toolchains/XcodeDefault.xctoolchain/usr/lib/swift -enable-anonymous-context-mangled-names -Xcc -ivfsstatcache -Xcc /Users/builder/builds/o86TiJKT/0/finestructure/swiftpackageindex-builder/spi-builder-workspace/.derivedData/SDKStatCaches.noindex/watchos9.4-20T248-.sdkstatcache -Xcc -I/Users/builder/builds/o86TiJKT/0/finestructure/swiftpackageindex-builder/spi-builder-workspace/.derivedData/Build/Products/Debug-watchos/include -Xcc -I/Users/builder/builds/o86TiJKT/0/finestructure/swiftpackageindex-builder/spi-builder-workspace/.derivedData/Build/Intermediates.noindex/SwaggerParser.build/Debug-watchos/SwaggerParserTests.build/DerivedSources-normal/arm64_32 -Xcc -I/Users/builder/builds/o86TiJKT/0/finestructure/swiftpackageindex-builder/spi-builder-workspace/.derivedData/Build/Intermediates.noindex/SwaggerParser.build/Debug-watchos/SwaggerParserTests.build/DerivedSources/arm64_32 -Xcc -I/Users/builder/builds/o86TiJKT/0/finestructure/swiftpackageindex-builder/spi-builder-workspace/.derivedData/Build/Intermediates.noindex/SwaggerParser.build/Debug-watchos/SwaggerParserTests.build/DerivedSources -Xcc -DSWIFT_PACKAGE -Xcc -DDEBUG\=1 -module-name SwaggerParserTests -frontend-parseable-output -disable-clang-spi -target-sdk-version 9.4 -target-sdk-name watchos9.4 -o /Users/builder/builds/o86TiJKT/0/finestructure/swiftpackageindex-builder/spi-builder-workspace/.derivedData/Build/Intermediates.noindex/SwaggerParser.build/Debug-watchos/SwaggerParserTests.build/Objects-normal/arm64_32/TestHelpers.o -index-unit-output-path /SwaggerParser.build/Debug-watchos/SwaggerParserTests.build/Objects-normal/arm64_32/TestHelpers.o -index-store-path /Users/builder/builds/o86TiJKT/0/finestructure/swiftpackageindex-builder/spi-builder-workspace/.derivedData/Index.noindex/DataStore -index-system-modules
SwiftCompile normal arm64_32 /Users/builder/builds/o86TiJKT/0/finestructure/swiftpackageindex-builder/spi-builder-workspace/Tests/TestHelpers.swift (in target 'SwaggerParserTests' from project 'SwaggerParser')
    cd /Users/builder/builds/o86TiJKT/0/finestructure/swiftpackageindex-builder/spi-builder-workspace
    /Applications/Xcode-14.3.1.app/Contents/Developer/Toolchains/XcodeDefault.xctoolchain/usr/bin/swift-frontend -c /Users/builder/builds/o86TiJKT/0/finestructure/swiftpackageindex-builder/spi-builder-workspace/Tests/AbstractTests.swift /Users/builder/builds/o86TiJKT/0/finestructure/swiftpackageindex-builder/spi-builder-workspace/Tests/AllOfTests.swift /Users/builder/builds/o86TiJKT/0/finestructure/swiftpackageindex-builder/spi-builder-workspace/Tests/BasicTests.swift /Users/builder/builds/o86TiJKT/0/finestructure/swiftpackageindex-builder/spi-builder-workspace/Tests/ChainedReferenceTests.swift /Users/builder/builds/o86TiJKT/0/finestructure/swiftpackageindex-builder/spi-builder-workspace/Tests/CrossReferenceTests.swift /Users/builder/builds/o86TiJKT/0/finestructure/swiftpackageindex-builder/spi-builder-workspace/Tests/ExampleTests.swift /Users/builder/builds/o86TiJKT/0/finestructure/swiftpackageindex-builder/spi-builder-workspace/Tests/LinuxMain.swift /Users/builder/builds/o86TiJKT/0/finestructure/swiftpackageindex-builder/spi-builder-workspace/Tests/NullableTests.swift /Users/builder/builds/o86TiJKT/0/finestructure/swiftpackageindex-builder/spi-builder-workspace/Tests/OneOfTests.swift /Users/builder/builds/o86TiJKT/0/finestructure/swiftpackageindex-builder/spi-builder-workspace/Tests/StructureSchemaTests.swift -primary-file /Users/builder/builds/o86TiJKT/0/finestructure/swiftpackageindex-builder/spi-builder-workspace/Tests/TestHelpers.swift /Users/builder/builds/o86TiJKT/0/finestructure/swiftpackageindex-builder/spi-builder-workspace/Tests/VersionTests.swift -emit-dependencies-path /Users/builder/builds/o86TiJKT/0/finestructure/swiftpackageindex-builder/spi-builder-workspace/.derivedData/Build/Intermediates.noindex/SwaggerParser.build/Debug-watchos/SwaggerParserTests.build/Objects-normal/arm64_32/TestHelpers.d -emit-reference-dependencies-path /Users/builder/builds/o86TiJKT/0/finestructure/swiftpackageindex-builder/spi-builder-workspace/.derivedData/Build/Intermediates.noindex/SwaggerParser.build/Debug-watchos/SwaggerParserTests.build/Objects-normal/arm64_32/TestHelpers.swiftdeps -serialize-diagnostics-path /Users/builder/builds/o86TiJKT/0/finestructure/swiftpackageindex-builder/spi-builder-workspace/.derivedData/Build/Intermediates.noindex/SwaggerParser.build/Debug-watchos/SwaggerParserTests.build/Objects-normal/arm64_32/TestHelpers.dia -target arm64_32-apple-watchos4.0 -enable-objc-interop -sdk /Applications/Xcode-14.3.1.app/Contents/Developer/Platforms/WatchOS.platform/Developer/SDKs/WatchOS9.4.sdk -I /Users/builder/builds/o86TiJKT/0/finestructure/swiftpackageindex-builder/spi-builder-workspace/.derivedData/Build/Products/Debug-watchos -I /Applications/Xcode-14.3.1.app/Contents/Developer/Platforms/WatchOS.platform/Developer/usr/lib -F /Users/builder/builds/o86TiJKT/0/finestructure/swiftpackageindex-builder/spi-builder-workspace/.derivedData/Build/Products/Debug-watchos -F /Applications/Xcode-14.3.1.app/Contents/Developer/Platforms/WatchOS.platform/Developer/Library/Frameworks -F /Applications/Xcode-14.3.1.app/Contents/Developer/Platforms/WatchOS.platform/Developer/SDKs/WatchOS9.4.sdk/Developer/Library/Frameworks -no-color-diagnostics -enable-testing -g -module-cache-path /Users/builder/builds/o86TiJKT/0/finestructure/swiftpackageindex-builder/spi-builder-workspace/.derivedData/ModuleCache.noindex -swift-version 4 -enforce-exclusivity\=checked -Onone -D SWIFT_PACKAGE -D DEBUG -D Xcode -serialize-debugging-options -empty-abi-descriptor -Xcc -working-directory -Xcc /Users/builder/builds/o86TiJKT/0/finestructure/swiftpackageindex-builder/spi-builder-workspace -resource-dir /Applications/Xcode-14.3.1.app/Contents/Developer/Toolchains/XcodeDefault.xctoolchain/usr/lib/swift -enable-anonymous-context-mangled-names -Xcc -ivfsstatcache -Xcc /Users/builder/builds/o86TiJKT/0/finestructure/swiftpackageindex-builder/spi-builder-workspace/.derivedData/SDKStatCaches.noindex/watchos9.4-20T248-.sdkstatcache -Xcc -I/Users/builder/builds/o86TiJKT/0/finestructure/swiftpackageindex-builder/spi-builder-workspace/.derivedData/Build/Products/Debug-watchos/include -Xcc -I/Users/builder/builds/o86TiJKT/0/finestructure/swiftpackageindex-builder/spi-builder-workspace/.derivedData/Build/Intermediates.noindex/SwaggerParser.build/Debug-watchos/SwaggerParserTests.build/DerivedSources-normal/arm64_32 -Xcc -I/Users/builder/builds/o86TiJKT/0/finestructure/swiftpackageindex-builder/spi-builder-workspace/.derivedData/Build/Intermediates.noindex/SwaggerParser.build/Debug-watchos/SwaggerParserTests.build/DerivedSources/arm64_32 -Xcc -I/Users/builder/builds/o86TiJKT/0/finestructure/swiftpackageindex-builder/spi-builder-workspace/.derivedData/Build/Intermediates.noindex/SwaggerParser.build/Debug-watchos/SwaggerParserTests.build/DerivedSources -Xcc -DSWIFT_PACKAGE -Xcc -DDEBUG\=1 -module-name SwaggerParserTests -frontend-parseable-output -disable-clang-spi -target-sdk-version 9.4 -target-sdk-name watchos9.4 -o /Users/builder/builds/o86TiJKT/0/finestructure/swiftpackageindex-builder/spi-builder-workspace/.derivedData/Build/Intermediates.noindex/SwaggerParser.build/Debug-watchos/SwaggerParserTests.build/Objects-normal/arm64_32/TestHelpers.o -index-unit-output-path /SwaggerParser.build/Debug-watchos/SwaggerParserTests.build/Objects-normal/arm64_32/TestHelpers.o -index-store-path /Users/builder/builds/o86TiJKT/0/finestructure/swiftpackageindex-builder/spi-builder-workspace/.derivedData/Index.noindex/DataStore -index-system-modules
SwiftCompile normal arm64_32 Compiling\ OneOfTests.swift /Users/builder/builds/o86TiJKT/0/finestructure/swiftpackageindex-builder/spi-builder-workspace/Tests/OneOfTests.swift (in target 'SwaggerParserTests' from project 'SwaggerParser')
    cd /Users/builder/builds/o86TiJKT/0/finestructure/swiftpackageindex-builder/spi-builder-workspace
    builtin-swiftTaskExecution -- /Applications/Xcode-14.3.1.app/Contents/Developer/Toolchains/XcodeDefault.xctoolchain/usr/bin/swift-frontend -frontend -c /Users/builder/builds/o86TiJKT/0/finestructure/swiftpackageindex-builder/spi-builder-workspace/Tests/AbstractTests.swift /Users/builder/builds/o86TiJKT/0/finestructure/swiftpackageindex-builder/spi-builder-workspace/Tests/AllOfTests.swift /Users/builder/builds/o86TiJKT/0/finestructure/swiftpackageindex-builder/spi-builder-workspace/Tests/BasicTests.swift /Users/builder/builds/o86TiJKT/0/finestructure/swiftpackageindex-builder/spi-builder-workspace/Tests/ChainedReferenceTests.swift /Users/builder/builds/o86TiJKT/0/finestructure/swiftpackageindex-builder/spi-builder-workspace/Tests/CrossReferenceTests.swift /Users/builder/builds/o86TiJKT/0/finestructure/swiftpackageindex-builder/spi-builder-workspace/Tests/ExampleTests.swift /Users/builder/builds/o86TiJKT/0/finestructure/swiftpackageindex-builder/spi-builder-workspace/Tests/LinuxMain.swift /Users/builder/builds/o86TiJKT/0/finestructure/swiftpackageindex-builder/spi-builder-workspace/Tests/NullableTests.swift -primary-file /Users/builder/builds/o86TiJKT/0/finestructure/swiftpackageindex-builder/spi-builder-workspace/Tests/OneOfTests.swift /Users/builder/builds/o86TiJKT/0/finestructure/swiftpackageindex-builder/spi-builder-workspace/Tests/StructureSchemaTests.swift /Users/builder/builds/o86TiJKT/0/finestructure/swiftpackageindex-builder/spi-builder-workspace/Tests/TestHelpers.swift /Users/builder/builds/o86TiJKT/0/finestructure/swiftpackageindex-builder/spi-builder-workspace/Tests/VersionTests.swift -emit-dependencies-path /Users/builder/builds/o86TiJKT/0/finestructure/swiftpackageindex-builder/spi-builder-workspace/.derivedData/Build/Intermediates.noindex/SwaggerParser.build/Debug-watchos/SwaggerParserTests.build/Objects-normal/arm64_32/OneOfTests.d -emit-reference-dependencies-path /Users/builder/builds/o86TiJKT/0/finestructure/swiftpackageindex-builder/spi-builder-workspace/.derivedData/Build/Intermediates.noindex/SwaggerParser.build/Debug-watchos/SwaggerParserTests.build/Objects-normal/arm64_32/OneOfTests.swiftdeps -serialize-diagnostics-path /Users/builder/builds/o86TiJKT/0/finestructure/swiftpackageindex-builder/spi-builder-workspace/.derivedData/Build/Intermediates.noindex/SwaggerParser.build/Debug-watchos/SwaggerParserTests.build/Objects-normal/arm64_32/OneOfTests.dia -target arm64_32-apple-watchos4.0 -enable-objc-interop -sdk /Applications/Xcode-14.3.1.app/Contents/Developer/Platforms/WatchOS.platform/Developer/SDKs/WatchOS9.4.sdk -I /Users/builder/builds/o86TiJKT/0/finestructure/swiftpackageindex-builder/spi-builder-workspace/.derivedData/Build/Products/Debug-watchos -I /Applications/Xcode-14.3.1.app/Contents/Developer/Platforms/WatchOS.platform/Developer/usr/lib -F /Users/builder/builds/o86TiJKT/0/finestructure/swiftpackageindex-builder/spi-builder-workspace/.derivedData/Build/Products/Debug-watchos -F /Applications/Xcode-14.3.1.app/Contents/Developer/Platforms/WatchOS.platform/Developer/Library/Frameworks -F /Applications/Xcode-14.3.1.app/Contents/Developer/Platforms/WatchOS.platform/Developer/SDKs/WatchOS9.4.sdk/Developer/Library/Frameworks -no-color-diagnostics -enable-testing -g -module-cache-path /Users/builder/builds/o86TiJKT/0/finestructure/swiftpackageindex-builder/spi-builder-workspace/.derivedData/ModuleCache.noindex -swift-version 4 -enforce-exclusivity\=checked -Onone -D SWIFT_PACKAGE -D DEBUG -D Xcode -serialize-debugging-options -empty-abi-descriptor -Xcc -working-directory -Xcc /Users/builder/builds/o86TiJKT/0/finestructure/swiftpackageindex-builder/spi-builder-workspace -resource-dir /Applications/Xcode-14.3.1.app/Contents/Developer/Toolchains/XcodeDefault.xctoolchain/usr/lib/swift -enable-anonymous-context-mangled-names -Xcc -ivfsstatcache -Xcc /Users/builder/builds/o86TiJKT/0/finestructure/swiftpackageindex-builder/spi-builder-workspace/.derivedData/SDKStatCaches.noindex/watchos9.4-20T248-.sdkstatcache -Xcc -I/Users/builder/builds/o86TiJKT/0/finestructure/swiftpackageindex-builder/spi-builder-workspace/.derivedData/Build/Products/Debug-watchos/include -Xcc -I/Users/builder/builds/o86TiJKT/0/finestructure/swiftpackageindex-builder/spi-builder-workspace/.derivedData/Build/Intermediates.noindex/SwaggerParser.build/Debug-watchos/SwaggerParserTests.build/DerivedSources-normal/arm64_32 -Xcc -I/Users/builder/builds/o86TiJKT/0/finestructure/swiftpackageindex-builder/spi-builder-workspace/.derivedData/Build/Intermediates.noindex/SwaggerParser.build/Debug-watchos/SwaggerParserTests.build/DerivedSources/arm64_32 -Xcc -I/Users/builder/builds/o86TiJKT/0/finestructure/swiftpackageindex-builder/spi-builder-workspace/.derivedData/Build/Intermediates.noindex/SwaggerParser.build/Debug-watchos/SwaggerParserTests.build/DerivedSources -Xcc -DSWIFT_PACKAGE -Xcc -DDEBUG\=1 -module-name SwaggerParserTests -frontend-parseable-output -disable-clang-spi -target-sdk-version 9.4 -target-sdk-name watchos9.4 -o /Users/builder/builds/o86TiJKT/0/finestructure/swiftpackageindex-builder/spi-builder-workspace/.derivedData/Build/Intermediates.noindex/SwaggerParser.build/Debug-watchos/SwaggerParserTests.build/Objects-normal/arm64_32/OneOfTests.o -index-unit-output-path /SwaggerParser.build/Debug-watchos/SwaggerParserTests.build/Objects-normal/arm64_32/OneOfTests.o -index-store-path /Users/builder/builds/o86TiJKT/0/finestructure/swiftpackageindex-builder/spi-builder-workspace/.derivedData/Index.noindex/DataStore -index-system-modules
SwiftCompile normal arm64_32 /Users/builder/builds/o86TiJKT/0/finestructure/swiftpackageindex-builder/spi-builder-workspace/Tests/OneOfTests.swift (in target 'SwaggerParserTests' from project 'SwaggerParser')
    cd /Users/builder/builds/o86TiJKT/0/finestructure/swiftpackageindex-builder/spi-builder-workspace
    /Applications/Xcode-14.3.1.app/Contents/Developer/Toolchains/XcodeDefault.xctoolchain/usr/bin/swift-frontend -c /Users/builder/builds/o86TiJKT/0/finestructure/swiftpackageindex-builder/spi-builder-workspace/Tests/AbstractTests.swift /Users/builder/builds/o86TiJKT/0/finestructure/swiftpackageindex-builder/spi-builder-workspace/Tests/AllOfTests.swift /Users/builder/builds/o86TiJKT/0/finestructure/swiftpackageindex-builder/spi-builder-workspace/Tests/BasicTests.swift /Users/builder/builds/o86TiJKT/0/finestructure/swiftpackageindex-builder/spi-builder-workspace/Tests/ChainedReferenceTests.swift /Users/builder/builds/o86TiJKT/0/finestructure/swiftpackageindex-builder/spi-builder-workspace/Tests/CrossReferenceTests.swift /Users/builder/builds/o86TiJKT/0/finestructure/swiftpackageindex-builder/spi-builder-workspace/Tests/ExampleTests.swift /Users/builder/builds/o86TiJKT/0/finestructure/swiftpackageindex-builder/spi-builder-workspace/Tests/LinuxMain.swift /Users/builder/builds/o86TiJKT/0/finestructure/swiftpackageindex-builder/spi-builder-workspace/Tests/NullableTests.swift -primary-file /Users/builder/builds/o86TiJKT/0/finestructure/swiftpackageindex-builder/spi-builder-workspace/Tests/OneOfTests.swift /Users/builder/builds/o86TiJKT/0/finestructure/swiftpackageindex-builder/spi-builder-workspace/Tests/StructureSchemaTests.swift /Users/builder/builds/o86TiJKT/0/finestructure/swiftpackageindex-builder/spi-builder-workspace/Tests/TestHelpers.swift /Users/builder/builds/o86TiJKT/0/finestructure/swiftpackageindex-builder/spi-builder-workspace/Tests/VersionTests.swift -emit-dependencies-path /Users/builder/builds/o86TiJKT/0/finestructure/swiftpackageindex-builder/spi-builder-workspace/.derivedData/Build/Intermediates.noindex/SwaggerParser.build/Debug-watchos/SwaggerParserTests.build/Objects-normal/arm64_32/OneOfTests.d -emit-reference-dependencies-path /Users/builder/builds/o86TiJKT/0/finestructure/swiftpackageindex-builder/spi-builder-workspace/.derivedData/Build/Intermediates.noindex/SwaggerParser.build/Debug-watchos/SwaggerParserTests.build/Objects-normal/arm64_32/OneOfTests.swiftdeps -serialize-diagnostics-path /Users/builder/builds/o86TiJKT/0/finestructure/swiftpackageindex-builder/spi-builder-workspace/.derivedData/Build/Intermediates.noindex/SwaggerParser.build/Debug-watchos/SwaggerParserTests.build/Objects-normal/arm64_32/OneOfTests.dia -target arm64_32-apple-watchos4.0 -enable-objc-interop -sdk /Applications/Xcode-14.3.1.app/Contents/Developer/Platforms/WatchOS.platform/Developer/SDKs/WatchOS9.4.sdk -I /Users/builder/builds/o86TiJKT/0/finestructure/swiftpackageindex-builder/spi-builder-workspace/.derivedData/Build/Products/Debug-watchos -I /Applications/Xcode-14.3.1.app/Contents/Developer/Platforms/WatchOS.platform/Developer/usr/lib -F /Users/builder/builds/o86TiJKT/0/finestructure/swiftpackageindex-builder/spi-builder-workspace/.derivedData/Build/Products/Debug-watchos -F /Applications/Xcode-14.3.1.app/Contents/Developer/Platforms/WatchOS.platform/Developer/Library/Frameworks -F /Applications/Xcode-14.3.1.app/Contents/Developer/Platforms/WatchOS.platform/Developer/SDKs/WatchOS9.4.sdk/Developer/Library/Frameworks -no-color-diagnostics -enable-testing -g -module-cache-path /Users/builder/builds/o86TiJKT/0/finestructure/swiftpackageindex-builder/spi-builder-workspace/.derivedData/ModuleCache.noindex -swift-version 4 -enforce-exclusivity\=checked -Onone -D SWIFT_PACKAGE -D DEBUG -D Xcode -serialize-debugging-options -empty-abi-descriptor -Xcc -working-directory -Xcc /Users/builder/builds/o86TiJKT/0/finestructure/swiftpackageindex-builder/spi-builder-workspace -resource-dir /Applications/Xcode-14.3.1.app/Contents/Developer/Toolchains/XcodeDefault.xctoolchain/usr/lib/swift -enable-anonymous-context-mangled-names -Xcc -ivfsstatcache -Xcc /Users/builder/builds/o86TiJKT/0/finestructure/swiftpackageindex-builder/spi-builder-workspace/.derivedData/SDKStatCaches.noindex/watchos9.4-20T248-.sdkstatcache -Xcc -I/Users/builder/builds/o86TiJKT/0/finestructure/swiftpackageindex-builder/spi-builder-workspace/.derivedData/Build/Products/Debug-watchos/include -Xcc -I/Users/builder/builds/o86TiJKT/0/finestructure/swiftpackageindex-builder/spi-builder-workspace/.derivedData/Build/Intermediates.noindex/SwaggerParser.build/Debug-watchos/SwaggerParserTests.build/DerivedSources-normal/arm64_32 -Xcc -I/Users/builder/builds/o86TiJKT/0/finestructure/swiftpackageindex-builder/spi-builder-workspace/.derivedData/Build/Intermediates.noindex/SwaggerParser.build/Debug-watchos/SwaggerParserTests.build/DerivedSources/arm64_32 -Xcc -I/Users/builder/builds/o86TiJKT/0/finestructure/swiftpackageindex-builder/spi-builder-workspace/.derivedData/Build/Intermediates.noindex/SwaggerParser.build/Debug-watchos/SwaggerParserTests.build/DerivedSources -Xcc -DSWIFT_PACKAGE -Xcc -DDEBUG\=1 -module-name SwaggerParserTests -frontend-parseable-output -disable-clang-spi -target-sdk-version 9.4 -target-sdk-name watchos9.4 -o /Users/builder/builds/o86TiJKT/0/finestructure/swiftpackageindex-builder/spi-builder-workspace/.derivedData/Build/Intermediates.noindex/SwaggerParser.build/Debug-watchos/SwaggerParserTests.build/Objects-normal/arm64_32/OneOfTests.o -index-unit-output-path /SwaggerParser.build/Debug-watchos/SwaggerParserTests.build/Objects-normal/arm64_32/OneOfTests.o -index-store-path /Users/builder/builds/o86TiJKT/0/finestructure/swiftpackageindex-builder/spi-builder-workspace/.derivedData/Index.noindex/DataStore -index-system-modules
SwiftCompile normal arm64_32 Compiling\ AbstractTests.swift,\ AllOfTests.swift /Users/builder/builds/o86TiJKT/0/finestructure/swiftpackageindex-builder/spi-builder-workspace/Tests/AbstractTests.swift /Users/builder/builds/o86TiJKT/0/finestructure/swiftpackageindex-builder/spi-builder-workspace/Tests/AllOfTests.swift (in target 'SwaggerParserTests' from project 'SwaggerParser')
    cd /Users/builder/builds/o86TiJKT/0/finestructure/swiftpackageindex-builder/spi-builder-workspace
    builtin-swiftTaskExecution -- /Applications/Xcode-14.3.1.app/Contents/Developer/Toolchains/XcodeDefault.xctoolchain/usr/bin/swift-frontend -frontend -c -primary-file /Users/builder/builds/o86TiJKT/0/finestructure/swiftpackageindex-builder/spi-builder-workspace/Tests/AbstractTests.swift -primary-file /Users/builder/builds/o86TiJKT/0/finestructure/swiftpackageindex-builder/spi-builder-workspace/Tests/AllOfTests.swift /Users/builder/builds/o86TiJKT/0/finestructure/swiftpackageindex-builder/spi-builder-workspace/Tests/BasicTests.swift /Users/builder/builds/o86TiJKT/0/finestructure/swiftpackageindex-builder/spi-builder-workspace/Tests/ChainedReferenceTests.swift /Users/builder/builds/o86TiJKT/0/finestructure/swiftpackageindex-builder/spi-builder-workspace/Tests/CrossReferenceTests.swift /Users/builder/builds/o86TiJKT/0/finestructure/swiftpackageindex-builder/spi-builder-workspace/Tests/ExampleTests.swift /Users/builder/builds/o86TiJKT/0/finestructure/swiftpackageindex-builder/spi-builder-workspace/Tests/LinuxMain.swift /Users/builder/builds/o86TiJKT/0/finestructure/swiftpackageindex-builder/spi-builder-workspace/Tests/NullableTests.swift /Users/builder/builds/o86TiJKT/0/finestructure/swiftpackageindex-builder/spi-builder-workspace/Tests/OneOfTests.swift /Users/builder/builds/o86TiJKT/0/finestructure/swiftpackageindex-builder/spi-builder-workspace/Tests/StructureSchemaTests.swift /Users/builder/builds/o86TiJKT/0/finestructure/swiftpackageindex-builder/spi-builder-workspace/Tests/TestHelpers.swift /Users/builder/builds/o86TiJKT/0/finestructure/swiftpackageindex-builder/spi-builder-workspace/Tests/VersionTests.swift -emit-dependencies-path /Users/builder/builds/o86TiJKT/0/finestructure/swiftpackageindex-builder/spi-builder-workspace/.derivedData/Build/Intermediates.noindex/SwaggerParser.build/Debug-watchos/SwaggerParserTests.build/Objects-normal/arm64_32/AbstractTests.d -emit-reference-dependencies-path /Users/builder/builds/o86TiJKT/0/finestructure/swiftpackageindex-builder/spi-builder-workspace/.derivedData/Build/Intermediates.noindex/SwaggerParser.build/Debug-watchos/SwaggerParserTests.build/Objects-normal/arm64_32/AbstractTests.swiftdeps -serialize-diagnostics-path /Users/builder/builds/o86TiJKT/0/finestructure/swiftpackageindex-builder/spi-builder-workspace/.derivedData/Build/Intermediates.noindex/SwaggerParser.build/Debug-watchos/SwaggerParserTests.build/Objects-normal/arm64_32/AbstractTests.dia -emit-dependencies-path /Users/builder/builds/o86TiJKT/0/finestructure/swiftpackageindex-builder/spi-builder-workspace/.derivedData/Build/Intermediates.noindex/SwaggerParser.build/Debug-watchos/SwaggerParserTests.build/Objects-normal/arm64_32/AllOfTests.d -emit-reference-dependencies-path /Users/builder/builds/o86TiJKT/0/finestructure/swiftpackageindex-builder/spi-builder-workspace/.derivedData/Build/Intermediates.noindex/SwaggerParser.build/Debug-watchos/SwaggerParserTests.build/Objects-normal/arm64_32/AllOfTests.swiftdeps -serialize-diagnostics-path /Users/builder/builds/o86TiJKT/0/finestructure/swiftpackageindex-builder/spi-builder-workspace/.derivedData/Build/Intermediates.noindex/SwaggerParser.build/Debug-watchos/SwaggerParserTests.build/Objects-normal/arm64_32/AllOfTests.dia -target arm64_32-apple-watchos4.0 -enable-objc-interop -sdk /Applications/Xcode-14.3.1.app/Contents/Developer/Platforms/WatchOS.platform/Developer/SDKs/WatchOS9.4.sdk -I /Users/builder/builds/o86TiJKT/0/finestructure/swiftpackageindex-builder/spi-builder-workspace/.derivedData/Build/Products/Debug-watchos -I /Applications/Xcode-14.3.1.app/Contents/Developer/Platforms/WatchOS.platform/Developer/usr/lib -F /Users/builder/builds/o86TiJKT/0/finestructure/swiftpackageindex-builder/spi-builder-workspace/.derivedData/Build/Products/Debug-watchos -F /Applications/Xcode-14.3.1.app/Contents/Developer/Platforms/WatchOS.platform/Developer/Library/Frameworks -F /Applications/Xcode-14.3.1.app/Contents/Developer/Platforms/WatchOS.platform/Developer/SDKs/WatchOS9.4.sdk/Developer/Library/Frameworks -no-color-diagnostics -enable-testing -g -module-cache-path /Users/builder/builds/o86TiJKT/0/finestructure/swiftpackageindex-builder/spi-builder-workspace/.derivedData/ModuleCache.noindex -swift-version 4 -enforce-exclusivity\=checked -Onone -D SWIFT_PACKAGE -D DEBUG -D Xcode -serialize-debugging-options -empty-abi-descriptor -Xcc -working-directory -Xcc /Users/builder/builds/o86TiJKT/0/finestructure/swiftpackageindex-builder/spi-builder-workspace -resource-dir /Applications/Xcode-14.3.1.app/Contents/Developer/Toolchains/XcodeDefault.xctoolchain/usr/lib/swift -enable-anonymous-context-mangled-names -Xcc -ivfsstatcache -Xcc /Users/builder/builds/o86TiJKT/0/finestructure/swiftpackageindex-builder/spi-builder-workspace/.derivedData/SDKStatCaches.noindex/watchos9.4-20T248-.sdkstatcache -Xcc -I/Users/builder/builds/o86TiJKT/0/finestructure/swiftpackageindex-builder/spi-builder-workspace/.derivedData/Build/Products/Debug-watchos/include -Xcc -I/Users/builder/builds/o86TiJKT/0/finestructure/swiftpackageindex-builder/spi-builder-workspace/.derivedData/Build/Intermediates.noindex/SwaggerParser.build/Debug-watchos/SwaggerParserTests.build/DerivedSources-normal/arm64_32 -Xcc -I/Users/builder/builds/o86TiJKT/0/finestructure/swiftpackageindex-builder/spi-builder-workspace/.derivedData/Build/Intermediates.noindex/SwaggerParser.build/Debug-watchos/SwaggerParserTests.build/DerivedSources/arm64_32 -Xcc -I/Users/builder/builds/o86TiJKT/0/finestructure/swiftpackageindex-builder/spi-builder-workspace/.derivedData/Build/Intermediates.noindex/SwaggerParser.build/Debug-watchos/SwaggerParserTests.build/DerivedSources -Xcc -DSWIFT_PACKAGE -Xcc -DDEBUG\=1 -module-name SwaggerParserTests -frontend-parseable-output -disable-clang-spi -target-sdk-version 9.4 -target-sdk-name watchos9.4 -o /Users/builder/builds/o86TiJKT/0/finestructure/swiftpackageindex-builder/spi-builder-workspace/.derivedData/Build/Intermediates.noindex/SwaggerParser.build/Debug-watchos/SwaggerParserTests.build/Objects-normal/arm64_32/AbstractTests.o -o /Users/builder/builds/o86TiJKT/0/finestructure/swiftpackageindex-builder/spi-builder-workspace/.derivedData/Build/Intermediates.noindex/SwaggerParser.build/Debug-watchos/SwaggerParserTests.build/Objects-normal/arm64_32/AllOfTests.o -index-unit-output-path /SwaggerParser.build/Debug-watchos/SwaggerParserTests.build/Objects-normal/arm64_32/AbstractTests.o -index-unit-output-path /SwaggerParser.build/Debug-watchos/SwaggerParserTests.build/Objects-normal/arm64_32/AllOfTests.o -index-store-path /Users/builder/builds/o86TiJKT/0/finestructure/swiftpackageindex-builder/spi-builder-workspace/.derivedData/Index.noindex/DataStore -index-system-modules
SwiftCompile normal arm64_32 /Users/builder/builds/o86TiJKT/0/finestructure/swiftpackageindex-builder/spi-builder-workspace/Tests/AbstractTests.swift (in target 'SwaggerParserTests' from project 'SwaggerParser')
    cd /Users/builder/builds/o86TiJKT/0/finestructure/swiftpackageindex-builder/spi-builder-workspace
    /Applications/Xcode-14.3.1.app/Contents/Developer/Toolchains/XcodeDefault.xctoolchain/usr/bin/swift-frontend -c -primary-file /Users/builder/builds/o86TiJKT/0/finestructure/swiftpackageindex-builder/spi-builder-workspace/Tests/AbstractTests.swift -primary-file /Users/builder/builds/o86TiJKT/0/finestructure/swiftpackageindex-builder/spi-builder-workspace/Tests/AllOfTests.swift /Users/builder/builds/o86TiJKT/0/finestructure/swiftpackageindex-builder/spi-builder-workspace/Tests/BasicTests.swift /Users/builder/builds/o86TiJKT/0/finestructure/swiftpackageindex-builder/spi-builder-workspace/Tests/ChainedReferenceTests.swift /Users/builder/builds/o86TiJKT/0/finestructure/swiftpackageindex-builder/spi-builder-workspace/Tests/CrossReferenceTests.swift /Users/builder/builds/o86TiJKT/0/finestructure/swiftpackageindex-builder/spi-builder-workspace/Tests/ExampleTests.swift /Users/builder/builds/o86TiJKT/0/finestructure/swiftpackageindex-builder/spi-builder-workspace/Tests/LinuxMain.swift /Users/builder/builds/o86TiJKT/0/finestructure/swiftpackageindex-builder/spi-builder-workspace/Tests/NullableTests.swift /Users/builder/builds/o86TiJKT/0/finestructure/swiftpackageindex-builder/spi-builder-workspace/Tests/OneOfTests.swift /Users/builder/builds/o86TiJKT/0/finestructure/swiftpackageindex-builder/spi-builder-workspace/Tests/StructureSchemaTests.swift /Users/builder/builds/o86TiJKT/0/finestructure/swiftpackageindex-builder/spi-builder-workspace/Tests/TestHelpers.swift /Users/builder/builds/o86TiJKT/0/finestructure/swiftpackageindex-builder/spi-builder-workspace/Tests/VersionTests.swift -emit-dependencies-path /Users/builder/builds/o86TiJKT/0/finestructure/swiftpackageindex-builder/spi-builder-workspace/.derivedData/Build/Intermediates.noindex/SwaggerParser.build/Debug-watchos/SwaggerParserTests.build/Objects-normal/arm64_32/AbstractTests.d -emit-reference-dependencies-path /Users/builder/builds/o86TiJKT/0/finestructure/swiftpackageindex-builder/spi-builder-workspace/.derivedData/Build/Intermediates.noindex/SwaggerParser.build/Debug-watchos/SwaggerParserTests.build/Objects-normal/arm64_32/AbstractTests.swiftdeps -serialize-diagnostics-path /Users/builder/builds/o86TiJKT/0/finestructure/swiftpackageindex-builder/spi-builder-workspace/.derivedData/Build/Intermediates.noindex/SwaggerParser.build/Debug-watchos/SwaggerParserTests.build/Objects-normal/arm64_32/AbstractTests.dia -emit-dependencies-path /Users/builder/builds/o86TiJKT/0/finestructure/swiftpackageindex-builder/spi-builder-workspace/.derivedData/Build/Intermediates.noindex/SwaggerParser.build/Debug-watchos/SwaggerParserTests.build/Objects-normal/arm64_32/AllOfTests.d -emit-reference-dependencies-path /Users/builder/builds/o86TiJKT/0/finestructure/swiftpackageindex-builder/spi-builder-workspace/.derivedData/Build/Intermediates.noindex/SwaggerParser.build/Debug-watchos/SwaggerParserTests.build/Objects-normal/arm64_32/AllOfTests.swiftdeps -serialize-diagnostics-path /Users/builder/builds/o86TiJKT/0/finestructure/swiftpackageindex-builder/spi-builder-workspace/.derivedData/Build/Intermediates.noindex/SwaggerParser.build/Debug-watchos/SwaggerParserTests.build/Objects-normal/arm64_32/AllOfTests.dia -target arm64_32-apple-watchos4.0 -enable-objc-interop -sdk /Applications/Xcode-14.3.1.app/Contents/Developer/Platforms/WatchOS.platform/Developer/SDKs/WatchOS9.4.sdk -I /Users/builder/builds/o86TiJKT/0/finestructure/swiftpackageindex-builder/spi-builder-workspace/.derivedData/Build/Products/Debug-watchos -I /Applications/Xcode-14.3.1.app/Contents/Developer/Platforms/WatchOS.platform/Developer/usr/lib -F /Users/builder/builds/o86TiJKT/0/finestructure/swiftpackageindex-builder/spi-builder-workspace/.derivedData/Build/Products/Debug-watchos -F /Applications/Xcode-14.3.1.app/Contents/Developer/Platforms/WatchOS.platform/Developer/Library/Frameworks -F /Applications/Xcode-14.3.1.app/Contents/Developer/Platforms/WatchOS.platform/Developer/SDKs/WatchOS9.4.sdk/Developer/Library/Frameworks -no-color-diagnostics -enable-testing -g -module-cache-path /Users/builder/builds/o86TiJKT/0/finestructure/swiftpackageindex-builder/spi-builder-workspace/.derivedData/ModuleCache.noindex -swift-version 4 -enforce-exclusivity\=checked -Onone -D SWIFT_PACKAGE -D DEBUG -D Xcode -serialize-debugging-options -empty-abi-descriptor -Xcc -working-directory -Xcc /Users/builder/builds/o86TiJKT/0/finestructure/swiftpackageindex-builder/spi-builder-workspace -resource-dir /Applications/Xcode-14.3.1.app/Contents/Developer/Toolchains/XcodeDefault.xctoolchain/usr/lib/swift -enable-anonymous-context-mangled-names -Xcc -ivfsstatcache -Xcc /Users/builder/builds/o86TiJKT/0/finestructure/swiftpackageindex-builder/spi-builder-workspace/.derivedData/SDKStatCaches.noindex/watchos9.4-20T248-.sdkstatcache -Xcc -I/Users/builder/builds/o86TiJKT/0/finestructure/swiftpackageindex-builder/spi-builder-workspace/.derivedData/Build/Products/Debug-watchos/include -Xcc -I/Users/builder/builds/o86TiJKT/0/finestructure/swiftpackageindex-builder/spi-builder-workspace/.derivedData/Build/Intermediates.noindex/SwaggerParser.build/Debug-watchos/SwaggerParserTests.build/DerivedSources-normal/arm64_32 -Xcc -I/Users/builder/builds/o86TiJKT/0/finestructure/swiftpackageindex-builder/spi-builder-workspace/.derivedData/Build/Intermediates.noindex/SwaggerParser.build/Debug-watchos/SwaggerParserTests.build/DerivedSources/arm64_32 -Xcc -I/Users/builder/builds/o86TiJKT/0/finestructure/swiftpackageindex-builder/spi-builder-workspace/.derivedData/Build/Intermediates.noindex/SwaggerParser.build/Debug-watchos/SwaggerParserTests.build/DerivedSources -Xcc -DSWIFT_PACKAGE -Xcc -DDEBUG\=1 -module-name SwaggerParserTests -frontend-parseable-output -disable-clang-spi -target-sdk-version 9.4 -target-sdk-name watchos9.4 -o /Users/builder/builds/o86TiJKT/0/finestructure/swiftpackageindex-builder/spi-builder-workspace/.derivedData/Build/Intermediates.noindex/SwaggerParser.build/Debug-watchos/SwaggerParserTests.build/Objects-normal/arm64_32/AbstractTests.o -o /Users/builder/builds/o86TiJKT/0/finestructure/swiftpackageindex-builder/spi-builder-workspace/.derivedData/Build/Intermediates.noindex/SwaggerParser.build/Debug-watchos/SwaggerParserTests.build/Objects-normal/arm64_32/AllOfTests.o -index-unit-output-path /SwaggerParser.build/Debug-watchos/SwaggerParserTests.build/Objects-normal/arm64_32/AbstractTests.o -index-unit-output-path /SwaggerParser.build/Debug-watchos/SwaggerParserTests.build/Objects-normal/arm64_32/AllOfTests.o -index-store-path /Users/builder/builds/o86TiJKT/0/finestructure/swiftpackageindex-builder/spi-builder-workspace/.derivedData/Index.noindex/DataStore -index-system-modules
SwiftCompile normal arm64_32 /Users/builder/builds/o86TiJKT/0/finestructure/swiftpackageindex-builder/spi-builder-workspace/Tests/AllOfTests.swift (in target 'SwaggerParserTests' from project 'SwaggerParser')
    cd /Users/builder/builds/o86TiJKT/0/finestructure/swiftpackageindex-builder/spi-builder-workspace
    /Applications/Xcode-14.3.1.app/Contents/Developer/Toolchains/XcodeDefault.xctoolchain/usr/bin/swift-frontend -c -primary-file /Users/builder/builds/o86TiJKT/0/finestructure/swiftpackageindex-builder/spi-builder-workspace/Tests/AbstractTests.swift -primary-file /Users/builder/builds/o86TiJKT/0/finestructure/swiftpackageindex-builder/spi-builder-workspace/Tests/AllOfTests.swift /Users/builder/builds/o86TiJKT/0/finestructure/swiftpackageindex-builder/spi-builder-workspace/Tests/BasicTests.swift /Users/builder/builds/o86TiJKT/0/finestructure/swiftpackageindex-builder/spi-builder-workspace/Tests/ChainedReferenceTests.swift /Users/builder/builds/o86TiJKT/0/finestructure/swiftpackageindex-builder/spi-builder-workspace/Tests/CrossReferenceTests.swift /Users/builder/builds/o86TiJKT/0/finestructure/swiftpackageindex-builder/spi-builder-workspace/Tests/ExampleTests.swift /Users/builder/builds/o86TiJKT/0/finestructure/swiftpackageindex-builder/spi-builder-workspace/Tests/LinuxMain.swift /Users/builder/builds/o86TiJKT/0/finestructure/swiftpackageindex-builder/spi-builder-workspace/Tests/NullableTests.swift /Users/builder/builds/o86TiJKT/0/finestructure/swiftpackageindex-builder/spi-builder-workspace/Tests/OneOfTests.swift /Users/builder/builds/o86TiJKT/0/finestructure/swiftpackageindex-builder/spi-builder-workspace/Tests/StructureSchemaTests.swift /Users/builder/builds/o86TiJKT/0/finestructure/swiftpackageindex-builder/spi-builder-workspace/Tests/TestHelpers.swift /Users/builder/builds/o86TiJKT/0/finestructure/swiftpackageindex-builder/spi-builder-workspace/Tests/VersionTests.swift -emit-dependencies-path /Users/builder/builds/o86TiJKT/0/finestructure/swiftpackageindex-builder/spi-builder-workspace/.derivedData/Build/Intermediates.noindex/SwaggerParser.build/Debug-watchos/SwaggerParserTests.build/Objects-normal/arm64_32/AbstractTests.d -emit-reference-dependencies-path /Users/builder/builds/o86TiJKT/0/finestructure/swiftpackageindex-builder/spi-builder-workspace/.derivedData/Build/Intermediates.noindex/SwaggerParser.build/Debug-watchos/SwaggerParserTests.build/Objects-normal/arm64_32/AbstractTests.swiftdeps -serialize-diagnostics-path /Users/builder/builds/o86TiJKT/0/finestructure/swiftpackageindex-builder/spi-builder-workspace/.derivedData/Build/Intermediates.noindex/SwaggerParser.build/Debug-watchos/SwaggerParserTests.build/Objects-normal/arm64_32/AbstractTests.dia -emit-dependencies-path /Users/builder/builds/o86TiJKT/0/finestructure/swiftpackageindex-builder/spi-builder-workspace/.derivedData/Build/Intermediates.noindex/SwaggerParser.build/Debug-watchos/SwaggerParserTests.build/Objects-normal/arm64_32/AllOfTests.d -emit-reference-dependencies-path /Users/builder/builds/o86TiJKT/0/finestructure/swiftpackageindex-builder/spi-builder-workspace/.derivedData/Build/Intermediates.noindex/SwaggerParser.build/Debug-watchos/SwaggerParserTests.build/Objects-normal/arm64_32/AllOfTests.swiftdeps -serialize-diagnostics-path /Users/builder/builds/o86TiJKT/0/finestructure/swiftpackageindex-builder/spi-builder-workspace/.derivedData/Build/Intermediates.noindex/SwaggerParser.build/Debug-watchos/SwaggerParserTests.build/Objects-normal/arm64_32/AllOfTests.dia -target arm64_32-apple-watchos4.0 -enable-objc-interop -sdk /Applications/Xcode-14.3.1.app/Contents/Developer/Platforms/WatchOS.platform/Developer/SDKs/WatchOS9.4.sdk -I /Users/builder/builds/o86TiJKT/0/finestructure/swiftpackageindex-builder/spi-builder-workspace/.derivedData/Build/Products/Debug-watchos -I /Applications/Xcode-14.3.1.app/Contents/Developer/Platforms/WatchOS.platform/Developer/usr/lib -F /Users/builder/builds/o86TiJKT/0/finestructure/swiftpackageindex-builder/spi-builder-workspace/.derivedData/Build/Products/Debug-watchos -F /Applications/Xcode-14.3.1.app/Contents/Developer/Platforms/WatchOS.platform/Developer/Library/Frameworks -F /Applications/Xcode-14.3.1.app/Contents/Developer/Platforms/WatchOS.platform/Developer/SDKs/WatchOS9.4.sdk/Developer/Library/Frameworks -no-color-diagnostics -enable-testing -g -module-cache-path /Users/builder/builds/o86TiJKT/0/finestructure/swiftpackageindex-builder/spi-builder-workspace/.derivedData/ModuleCache.noindex -swift-version 4 -enforce-exclusivity\=checked -Onone -D SWIFT_PACKAGE -D DEBUG -D Xcode -serialize-debugging-options -empty-abi-descriptor -Xcc -working-directory -Xcc /Users/builder/builds/o86TiJKT/0/finestructure/swiftpackageindex-builder/spi-builder-workspace -resource-dir /Applications/Xcode-14.3.1.app/Contents/Developer/Toolchains/XcodeDefault.xctoolchain/usr/lib/swift -enable-anonymous-context-mangled-names -Xcc -ivfsstatcache -Xcc /Users/builder/builds/o86TiJKT/0/finestructure/swiftpackageindex-builder/spi-builder-workspace/.derivedData/SDKStatCaches.noindex/watchos9.4-20T248-.sdkstatcache -Xcc -I/Users/builder/builds/o86TiJKT/0/finestructure/swiftpackageindex-builder/spi-builder-workspace/.derivedData/Build/Products/Debug-watchos/include -Xcc -I/Users/builder/builds/o86TiJKT/0/finestructure/swiftpackageindex-builder/spi-builder-workspace/.derivedData/Build/Intermediates.noindex/SwaggerParser.build/Debug-watchos/SwaggerParserTests.build/DerivedSources-normal/arm64_32 -Xcc -I/Users/builder/builds/o86TiJKT/0/finestructure/swiftpackageindex-builder/spi-builder-workspace/.derivedData/Build/Intermediates.noindex/SwaggerParser.build/Debug-watchos/SwaggerParserTests.build/DerivedSources/arm64_32 -Xcc -I/Users/builder/builds/o86TiJKT/0/finestructure/swiftpackageindex-builder/spi-builder-workspace/.derivedData/Build/Intermediates.noindex/SwaggerParser.build/Debug-watchos/SwaggerParserTests.build/DerivedSources -Xcc -DSWIFT_PACKAGE -Xcc -DDEBUG\=1 -module-name SwaggerParserTests -frontend-parseable-output -disable-clang-spi -target-sdk-version 9.4 -target-sdk-name watchos9.4 -o /Users/builder/builds/o86TiJKT/0/finestructure/swiftpackageindex-builder/spi-builder-workspace/.derivedData/Build/Intermediates.noindex/SwaggerParser.build/Debug-watchos/SwaggerParserTests.build/Objects-normal/arm64_32/AbstractTests.o -o /Users/builder/builds/o86TiJKT/0/finestructure/swiftpackageindex-builder/spi-builder-workspace/.derivedData/Build/Intermediates.noindex/SwaggerParser.build/Debug-watchos/SwaggerParserTests.build/Objects-normal/arm64_32/AllOfTests.o -index-unit-output-path /SwaggerParser.build/Debug-watchos/SwaggerParserTests.build/Objects-normal/arm64_32/AbstractTests.o -index-unit-output-path /SwaggerParser.build/Debug-watchos/SwaggerParserTests.build/Objects-normal/arm64_32/AllOfTests.o -index-store-path /Users/builder/builds/o86TiJKT/0/finestructure/swiftpackageindex-builder/spi-builder-workspace/.derivedData/Index.noindex/DataStore -index-system-modules
SwiftCompile normal arm64_32 Compiling\ CrossReferenceTests.swift,\ ExampleTests.swift /Users/builder/builds/o86TiJKT/0/finestructure/swiftpackageindex-builder/spi-builder-workspace/Tests/CrossReferenceTests.swift /Users/builder/builds/o86TiJKT/0/finestructure/swiftpackageindex-builder/spi-builder-workspace/Tests/ExampleTests.swift (in target 'SwaggerParserTests' from project 'SwaggerParser')
    cd /Users/builder/builds/o86TiJKT/0/finestructure/swiftpackageindex-builder/spi-builder-workspace
    builtin-swiftTaskExecution -- /Applications/Xcode-14.3.1.app/Contents/Developer/Toolchains/XcodeDefault.xctoolchain/usr/bin/swift-frontend -frontend -c /Users/builder/builds/o86TiJKT/0/finestructure/swiftpackageindex-builder/spi-builder-workspace/Tests/AbstractTests.swift /Users/builder/builds/o86TiJKT/0/finestructure/swiftpackageindex-builder/spi-builder-workspace/Tests/AllOfTests.swift /Users/builder/builds/o86TiJKT/0/finestructure/swiftpackageindex-builder/spi-builder-workspace/Tests/BasicTests.swift /Users/builder/builds/o86TiJKT/0/finestructure/swiftpackageindex-builder/spi-builder-workspace/Tests/ChainedReferenceTests.swift -primary-file /Users/builder/builds/o86TiJKT/0/finestructure/swiftpackageindex-builder/spi-builder-workspace/Tests/CrossReferenceTests.swift -primary-file /Users/builder/builds/o86TiJKT/0/finestructure/swiftpackageindex-builder/spi-builder-workspace/Tests/ExampleTests.swift /Users/builder/builds/o86TiJKT/0/finestructure/swiftpackageindex-builder/spi-builder-workspace/Tests/LinuxMain.swift /Users/builder/builds/o86TiJKT/0/finestructure/swiftpackageindex-builder/spi-builder-workspace/Tests/NullableTests.swift /Users/builder/builds/o86TiJKT/0/finestructure/swiftpackageindex-builder/spi-builder-workspace/Tests/OneOfTests.swift /Users/builder/builds/o86TiJKT/0/finestructure/swiftpackageindex-builder/spi-builder-workspace/Tests/StructureSchemaTests.swift /Users/builder/builds/o86TiJKT/0/finestructure/swiftpackageindex-builder/spi-builder-workspace/Tests/TestHelpers.swift /Users/builder/builds/o86TiJKT/0/finestructure/swiftpackageindex-builder/spi-builder-workspace/Tests/VersionTests.swift -emit-dependencies-path /Users/builder/builds/o86TiJKT/0/finestructure/swiftpackageindex-builder/spi-builder-workspace/.derivedData/Build/Intermediates.noindex/SwaggerParser.build/Debug-watchos/SwaggerParserTests.build/Objects-normal/arm64_32/CrossReferenceTests.d -emit-reference-dependencies-path /Users/builder/builds/o86TiJKT/0/finestructure/swiftpackageindex-builder/spi-builder-workspace/.derivedData/Build/Intermediates.noindex/SwaggerParser.build/Debug-watchos/SwaggerParserTests.build/Objects-normal/arm64_32/CrossReferenceTests.swiftdeps -serialize-diagnostics-path /Users/builder/builds/o86TiJKT/0/finestructure/swiftpackageindex-builder/spi-builder-workspace/.derivedData/Build/Intermediates.noindex/SwaggerParser.build/Debug-watchos/SwaggerParserTests.build/Objects-normal/arm64_32/CrossReferenceTests.dia -emit-dependencies-path /Users/builder/builds/o86TiJKT/0/finestructure/swiftpackageindex-builder/spi-builder-workspace/.derivedData/Build/Intermediates.noindex/SwaggerParser.build/Debug-watchos/SwaggerParserTests.build/Objects-normal/arm64_32/ExampleTests.d -emit-reference-dependencies-path /Users/builder/builds/o86TiJKT/0/finestructure/swiftpackageindex-builder/spi-builder-workspace/.derivedData/Build/Intermediates.noindex/SwaggerParser.build/Debug-watchos/SwaggerParserTests.build/Objects-normal/arm64_32/ExampleTests.swiftdeps -serialize-diagnostics-path /Users/builder/builds/o86TiJKT/0/finestructure/swiftpackageindex-builder/spi-builder-workspace/.derivedData/Build/Intermediates.noindex/SwaggerParser.build/Debug-watchos/SwaggerParserTests.build/Objects-normal/arm64_32/ExampleTests.dia -target arm64_32-apple-watchos4.0 -enable-objc-interop -sdk /Applications/Xcode-14.3.1.app/Contents/Developer/Platforms/WatchOS.platform/Developer/SDKs/WatchOS9.4.sdk -I /Users/builder/builds/o86TiJKT/0/finestructure/swiftpackageindex-builder/spi-builder-workspace/.derivedData/Build/Products/Debug-watchos -I /Applications/Xcode-14.3.1.app/Contents/Developer/Platforms/WatchOS.platform/Developer/usr/lib -F /Users/builder/builds/o86TiJKT/0/finestructure/swiftpackageindex-builder/spi-builder-workspace/.derivedData/Build/Products/Debug-watchos -F /Applications/Xcode-14.3.1.app/Contents/Developer/Platforms/WatchOS.platform/Developer/Library/Frameworks -F /Applications/Xcode-14.3.1.app/Contents/Developer/Platforms/WatchOS.platform/Developer/SDKs/WatchOS9.4.sdk/Developer/Library/Frameworks -no-color-diagnostics -enable-testing -g -module-cache-path /Users/builder/builds/o86TiJKT/0/finestructure/swiftpackageindex-builder/spi-builder-workspace/.derivedData/ModuleCache.noindex -swift-version 4 -enforce-exclusivity\=checked -Onone -D SWIFT_PACKAGE -D DEBUG -D Xcode -serialize-debugging-options -empty-abi-descriptor -Xcc -working-directory -Xcc /Users/builder/builds/o86TiJKT/0/finestructure/swiftpackageindex-builder/spi-builder-workspace -resource-dir /Applications/Xcode-14.3.1.app/Contents/Developer/Toolchains/XcodeDefault.xctoolchain/usr/lib/swift -enable-anonymous-context-mangled-names -Xcc -ivfsstatcache -Xcc /Users/builder/builds/o86TiJKT/0/finestructure/swiftpackageindex-builder/spi-builder-workspace/.derivedData/SDKStatCaches.noindex/watchos9.4-20T248-.sdkstatcache -Xcc -I/Users/builder/builds/o86TiJKT/0/finestructure/swiftpackageindex-builder/spi-builder-workspace/.derivedData/Build/Products/Debug-watchos/include -Xcc -I/Users/builder/builds/o86TiJKT/0/finestructure/swiftpackageindex-builder/spi-builder-workspace/.derivedData/Build/Intermediates.noindex/SwaggerParser.build/Debug-watchos/SwaggerParserTests.build/DerivedSources-normal/arm64_32 -Xcc -I/Users/builder/builds/o86TiJKT/0/finestructure/swiftpackageindex-builder/spi-builder-workspace/.derivedData/Build/Intermediates.noindex/SwaggerParser.build/Debug-watchos/SwaggerParserTests.build/DerivedSources/arm64_32 -Xcc -I/Users/builder/builds/o86TiJKT/0/finestructure/swiftpackageindex-builder/spi-builder-workspace/.derivedData/Build/Intermediates.noindex/SwaggerParser.build/Debug-watchos/SwaggerParserTests.build/DerivedSources -Xcc -DSWIFT_PACKAGE -Xcc -DDEBUG\=1 -module-name SwaggerParserTests -frontend-parseable-output -disable-clang-spi -target-sdk-version 9.4 -target-sdk-name watchos9.4 -o /Users/builder/builds/o86TiJKT/0/finestructure/swiftpackageindex-builder/spi-builder-workspace/.derivedData/Build/Intermediates.noindex/SwaggerParser.build/Debug-watchos/SwaggerParserTests.build/Objects-normal/arm64_32/CrossReferenceTests.o -o /Users/builder/builds/o86TiJKT/0/finestructure/swiftpackageindex-builder/spi-builder-workspace/.derivedData/Build/Intermediates.noindex/SwaggerParser.build/Debug-watchos/SwaggerParserTests.build/Objects-normal/arm64_32/ExampleTests.o -index-unit-output-path /SwaggerParser.build/Debug-watchos/SwaggerParserTests.build/Objects-normal/arm64_32/CrossReferenceTests.o -index-unit-output-path /SwaggerParser.build/Debug-watchos/SwaggerParserTests.build/Objects-normal/arm64_32/ExampleTests.o -index-store-path /Users/builder/builds/o86TiJKT/0/finestructure/swiftpackageindex-builder/spi-builder-workspace/.derivedData/Index.noindex/DataStore -index-system-modules
SwiftCompile normal arm64_32 /Users/builder/builds/o86TiJKT/0/finestructure/swiftpackageindex-builder/spi-builder-workspace/Tests/CrossReferenceTests.swift (in target 'SwaggerParserTests' from project 'SwaggerParser')
    cd /Users/builder/builds/o86TiJKT/0/finestructure/swiftpackageindex-builder/spi-builder-workspace
    /Applications/Xcode-14.3.1.app/Contents/Developer/Toolchains/XcodeDefault.xctoolchain/usr/bin/swift-frontend -c /Users/builder/builds/o86TiJKT/0/finestructure/swiftpackageindex-builder/spi-builder-workspace/Tests/AbstractTests.swift /Users/builder/builds/o86TiJKT/0/finestructure/swiftpackageindex-builder/spi-builder-workspace/Tests/AllOfTests.swift /Users/builder/builds/o86TiJKT/0/finestructure/swiftpackageindex-builder/spi-builder-workspace/Tests/BasicTests.swift /Users/builder/builds/o86TiJKT/0/finestructure/swiftpackageindex-builder/spi-builder-workspace/Tests/ChainedReferenceTests.swift -primary-file /Users/builder/builds/o86TiJKT/0/finestructure/swiftpackageindex-builder/spi-builder-workspace/Tests/CrossReferenceTests.swift -primary-file /Users/builder/builds/o86TiJKT/0/finestructure/swiftpackageindex-builder/spi-builder-workspace/Tests/ExampleTests.swift /Users/builder/builds/o86TiJKT/0/finestructure/swiftpackageindex-builder/spi-builder-workspace/Tests/LinuxMain.swift /Users/builder/builds/o86TiJKT/0/finestructure/swiftpackageindex-builder/spi-builder-workspace/Tests/NullableTests.swift /Users/builder/builds/o86TiJKT/0/finestructure/swiftpackageindex-builder/spi-builder-workspace/Tests/OneOfTests.swift /Users/builder/builds/o86TiJKT/0/finestructure/swiftpackageindex-builder/spi-builder-workspace/Tests/StructureSchemaTests.swift /Users/builder/builds/o86TiJKT/0/finestructure/swiftpackageindex-builder/spi-builder-workspace/Tests/TestHelpers.swift /Users/builder/builds/o86TiJKT/0/finestructure/swiftpackageindex-builder/spi-builder-workspace/Tests/VersionTests.swift -emit-dependencies-path /Users/builder/builds/o86TiJKT/0/finestructure/swiftpackageindex-builder/spi-builder-workspace/.derivedData/Build/Intermediates.noindex/SwaggerParser.build/Debug-watchos/SwaggerParserTests.build/Objects-normal/arm64_32/CrossReferenceTests.d -emit-reference-dependencies-path /Users/builder/builds/o86TiJKT/0/finestructure/swiftpackageindex-builder/spi-builder-workspace/.derivedData/Build/Intermediates.noindex/SwaggerParser.build/Debug-watchos/SwaggerParserTests.build/Objects-normal/arm64_32/CrossReferenceTests.swiftdeps -serialize-diagnostics-path /Users/builder/builds/o86TiJKT/0/finestructure/swiftpackageindex-builder/spi-builder-workspace/.derivedData/Build/Intermediates.noindex/SwaggerParser.build/Debug-watchos/SwaggerParserTests.build/Objects-normal/arm64_32/CrossReferenceTests.dia -emit-dependencies-path /Users/builder/builds/o86TiJKT/0/finestructure/swiftpackageindex-builder/spi-builder-workspace/.derivedData/Build/Intermediates.noindex/SwaggerParser.build/Debug-watchos/SwaggerParserTests.build/Objects-normal/arm64_32/ExampleTests.d -emit-reference-dependencies-path /Users/builder/builds/o86TiJKT/0/finestructure/swiftpackageindex-builder/spi-builder-workspace/.derivedData/Build/Intermediates.noindex/SwaggerParser.build/Debug-watchos/SwaggerParserTests.build/Objects-normal/arm64_32/ExampleTests.swiftdeps -serialize-diagnostics-path /Users/builder/builds/o86TiJKT/0/finestructure/swiftpackageindex-builder/spi-builder-workspace/.derivedData/Build/Intermediates.noindex/SwaggerParser.build/Debug-watchos/SwaggerParserTests.build/Objects-normal/arm64_32/ExampleTests.dia -target arm64_32-apple-watchos4.0 -enable-objc-interop -sdk /Applications/Xcode-14.3.1.app/Contents/Developer/Platforms/WatchOS.platform/Developer/SDKs/WatchOS9.4.sdk -I /Users/builder/builds/o86TiJKT/0/finestructure/swiftpackageindex-builder/spi-builder-workspace/.derivedData/Build/Products/Debug-watchos -I /Applications/Xcode-14.3.1.app/Contents/Developer/Platforms/WatchOS.platform/Developer/usr/lib -F /Users/builder/builds/o86TiJKT/0/finestructure/swiftpackageindex-builder/spi-builder-workspace/.derivedData/Build/Products/Debug-watchos -F /Applications/Xcode-14.3.1.app/Contents/Developer/Platforms/WatchOS.platform/Developer/Library/Frameworks -F /Applications/Xcode-14.3.1.app/Contents/Developer/Platforms/WatchOS.platform/Developer/SDKs/WatchOS9.4.sdk/Developer/Library/Frameworks -no-color-diagnostics -enable-testing -g -module-cache-path /Users/builder/builds/o86TiJKT/0/finestructure/swiftpackageindex-builder/spi-builder-workspace/.derivedData/ModuleCache.noindex -swift-version 4 -enforce-exclusivity\=checked -Onone -D SWIFT_PACKAGE -D DEBUG -D Xcode -serialize-debugging-options -empty-abi-descriptor -Xcc -working-directory -Xcc /Users/builder/builds/o86TiJKT/0/finestructure/swiftpackageindex-builder/spi-builder-workspace -resource-dir /Applications/Xcode-14.3.1.app/Contents/Developer/Toolchains/XcodeDefault.xctoolchain/usr/lib/swift -enable-anonymous-context-mangled-names -Xcc -ivfsstatcache -Xcc /Users/builder/builds/o86TiJKT/0/finestructure/swiftpackageindex-builder/spi-builder-workspace/.derivedData/SDKStatCaches.noindex/watchos9.4-20T248-.sdkstatcache -Xcc -I/Users/builder/builds/o86TiJKT/0/finestructure/swiftpackageindex-builder/spi-builder-workspace/.derivedData/Build/Products/Debug-watchos/include -Xcc -I/Users/builder/builds/o86TiJKT/0/finestructure/swiftpackageindex-builder/spi-builder-workspace/.derivedData/Build/Intermediates.noindex/SwaggerParser.build/Debug-watchos/SwaggerParserTests.build/DerivedSources-normal/arm64_32 -Xcc -I/Users/builder/builds/o86TiJKT/0/finestructure/swiftpackageindex-builder/spi-builder-workspace/.derivedData/Build/Intermediates.noindex/SwaggerParser.build/Debug-watchos/SwaggerParserTests.build/DerivedSources/arm64_32 -Xcc -I/Users/builder/builds/o86TiJKT/0/finestructure/swiftpackageindex-builder/spi-builder-workspace/.derivedData/Build/Intermediates.noindex/SwaggerParser.build/Debug-watchos/SwaggerParserTests.build/DerivedSources -Xcc -DSWIFT_PACKAGE -Xcc -DDEBUG\=1 -module-name SwaggerParserTests -frontend-parseable-output -disable-clang-spi -target-sdk-version 9.4 -target-sdk-name watchos9.4 -o /Users/builder/builds/o86TiJKT/0/finestructure/swiftpackageindex-builder/spi-builder-workspace/.derivedData/Build/Intermediates.noindex/SwaggerParser.build/Debug-watchos/SwaggerParserTests.build/Objects-normal/arm64_32/CrossReferenceTests.o -o /Users/builder/builds/o86TiJKT/0/finestructure/swiftpackageindex-builder/spi-builder-workspace/.derivedData/Build/Intermediates.noindex/SwaggerParser.build/Debug-watchos/SwaggerParserTests.build/Objects-normal/arm64_32/ExampleTests.o -index-unit-output-path /SwaggerParser.build/Debug-watchos/SwaggerParserTests.build/Objects-normal/arm64_32/CrossReferenceTests.o -index-unit-output-path /SwaggerParser.build/Debug-watchos/SwaggerParserTests.build/Objects-normal/arm64_32/ExampleTests.o -index-store-path /Users/builder/builds/o86TiJKT/0/finestructure/swiftpackageindex-builder/spi-builder-workspace/.derivedData/Index.noindex/DataStore -index-system-modules
SwiftCompile normal arm64_32 /Users/builder/builds/o86TiJKT/0/finestructure/swiftpackageindex-builder/spi-builder-workspace/Tests/ExampleTests.swift (in target 'SwaggerParserTests' from project 'SwaggerParser')
    cd /Users/builder/builds/o86TiJKT/0/finestructure/swiftpackageindex-builder/spi-builder-workspace
    /Applications/Xcode-14.3.1.app/Contents/Developer/Toolchains/XcodeDefault.xctoolchain/usr/bin/swift-frontend -c /Users/builder/builds/o86TiJKT/0/finestructure/swiftpackageindex-builder/spi-builder-workspace/Tests/AbstractTests.swift /Users/builder/builds/o86TiJKT/0/finestructure/swiftpackageindex-builder/spi-builder-workspace/Tests/AllOfTests.swift /Users/builder/builds/o86TiJKT/0/finestructure/swiftpackageindex-builder/spi-builder-workspace/Tests/BasicTests.swift /Users/builder/builds/o86TiJKT/0/finestructure/swiftpackageindex-builder/spi-builder-workspace/Tests/ChainedReferenceTests.swift -primary-file /Users/builder/builds/o86TiJKT/0/finestructure/swiftpackageindex-builder/spi-builder-workspace/Tests/CrossReferenceTests.swift -primary-file /Users/builder/builds/o86TiJKT/0/finestructure/swiftpackageindex-builder/spi-builder-workspace/Tests/ExampleTests.swift /Users/builder/builds/o86TiJKT/0/finestructure/swiftpackageindex-builder/spi-builder-workspace/Tests/LinuxMain.swift /Users/builder/builds/o86TiJKT/0/finestructure/swiftpackageindex-builder/spi-builder-workspace/Tests/NullableTests.swift /Users/builder/builds/o86TiJKT/0/finestructure/swiftpackageindex-builder/spi-builder-workspace/Tests/OneOfTests.swift /Users/builder/builds/o86TiJKT/0/finestructure/swiftpackageindex-builder/spi-builder-workspace/Tests/StructureSchemaTests.swift /Users/builder/builds/o86TiJKT/0/finestructure/swiftpackageindex-builder/spi-builder-workspace/Tests/TestHelpers.swift /Users/builder/builds/o86TiJKT/0/finestructure/swiftpackageindex-builder/spi-builder-workspace/Tests/VersionTests.swift -emit-dependencies-path /Users/builder/builds/o86TiJKT/0/finestructure/swiftpackageindex-builder/spi-builder-workspace/.derivedData/Build/Intermediates.noindex/SwaggerParser.build/Debug-watchos/SwaggerParserTests.build/Objects-normal/arm64_32/CrossReferenceTests.d -emit-reference-dependencies-path /Users/builder/builds/o86TiJKT/0/finestructure/swiftpackageindex-builder/spi-builder-workspace/.derivedData/Build/Intermediates.noindex/SwaggerParser.build/Debug-watchos/SwaggerParserTests.build/Objects-normal/arm64_32/CrossReferenceTests.swiftdeps -serialize-diagnostics-path /Users/builder/builds/o86TiJKT/0/finestructure/swiftpackageindex-builder/spi-builder-workspace/.derivedData/Build/Intermediates.noindex/SwaggerParser.build/Debug-watchos/SwaggerParserTests.build/Objects-normal/arm64_32/CrossReferenceTests.dia -emit-dependencies-path /Users/builder/builds/o86TiJKT/0/finestructure/swiftpackageindex-builder/spi-builder-workspace/.derivedData/Build/Intermediates.noindex/SwaggerParser.build/Debug-watchos/SwaggerParserTests.build/Objects-normal/arm64_32/ExampleTests.d -emit-reference-dependencies-path /Users/builder/builds/o86TiJKT/0/finestructure/swiftpackageindex-builder/spi-builder-workspace/.derivedData/Build/Intermediates.noindex/SwaggerParser.build/Debug-watchos/SwaggerParserTests.build/Objects-normal/arm64_32/ExampleTests.swiftdeps -serialize-diagnostics-path /Users/builder/builds/o86TiJKT/0/finestructure/swiftpackageindex-builder/spi-builder-workspace/.derivedData/Build/Intermediates.noindex/SwaggerParser.build/Debug-watchos/SwaggerParserTests.build/Objects-normal/arm64_32/ExampleTests.dia -target arm64_32-apple-watchos4.0 -enable-objc-interop -sdk /Applications/Xcode-14.3.1.app/Contents/Developer/Platforms/WatchOS.platform/Developer/SDKs/WatchOS9.4.sdk -I /Users/builder/builds/o86TiJKT/0/finestructure/swiftpackageindex-builder/spi-builder-workspace/.derivedData/Build/Products/Debug-watchos -I /Applications/Xcode-14.3.1.app/Contents/Developer/Platforms/WatchOS.platform/Developer/usr/lib -F /Users/builder/builds/o86TiJKT/0/finestructure/swiftpackageindex-builder/spi-builder-workspace/.derivedData/Build/Products/Debug-watchos -F /Applications/Xcode-14.3.1.app/Contents/Developer/Platforms/WatchOS.platform/Developer/Library/Frameworks -F /Applications/Xcode-14.3.1.app/Contents/Developer/Platforms/WatchOS.platform/Developer/SDKs/WatchOS9.4.sdk/Developer/Library/Frameworks -no-color-diagnostics -enable-testing -g -module-cache-path /Users/builder/builds/o86TiJKT/0/finestructure/swiftpackageindex-builder/spi-builder-workspace/.derivedData/ModuleCache.noindex -swift-version 4 -enforce-exclusivity\=checked -Onone -D SWIFT_PACKAGE -D DEBUG -D Xcode -serialize-debugging-options -empty-abi-descriptor -Xcc -working-directory -Xcc /Users/builder/builds/o86TiJKT/0/finestructure/swiftpackageindex-builder/spi-builder-workspace -resource-dir /Applications/Xcode-14.3.1.app/Contents/Developer/Toolchains/XcodeDefault.xctoolchain/usr/lib/swift -enable-anonymous-context-mangled-names -Xcc -ivfsstatcache -Xcc /Users/builder/builds/o86TiJKT/0/finestructure/swiftpackageindex-builder/spi-builder-workspace/.derivedData/SDKStatCaches.noindex/watchos9.4-20T248-.sdkstatcache -Xcc -I/Users/builder/builds/o86TiJKT/0/finestructure/swiftpackageindex-builder/spi-builder-workspace/.derivedData/Build/Products/Debug-watchos/include -Xcc -I/Users/builder/builds/o86TiJKT/0/finestructure/swiftpackageindex-builder/spi-builder-workspace/.derivedData/Build/Intermediates.noindex/SwaggerParser.build/Debug-watchos/SwaggerParserTests.build/DerivedSources-normal/arm64_32 -Xcc -I/Users/builder/builds/o86TiJKT/0/finestructure/swiftpackageindex-builder/spi-builder-workspace/.derivedData/Build/Intermediates.noindex/SwaggerParser.build/Debug-watchos/SwaggerParserTests.build/DerivedSources/arm64_32 -Xcc -I/Users/builder/builds/o86TiJKT/0/finestructure/swiftpackageindex-builder/spi-builder-workspace/.derivedData/Build/Intermediates.noindex/SwaggerParser.build/Debug-watchos/SwaggerParserTests.build/DerivedSources -Xcc -DSWIFT_PACKAGE -Xcc -DDEBUG\=1 -module-name SwaggerParserTests -frontend-parseable-output -disable-clang-spi -target-sdk-version 9.4 -target-sdk-name watchos9.4 -o /Users/builder/builds/o86TiJKT/0/finestructure/swiftpackageindex-builder/spi-builder-workspace/.derivedData/Build/Intermediates.noindex/SwaggerParser.build/Debug-watchos/SwaggerParserTests.build/Objects-normal/arm64_32/CrossReferenceTests.o -o /Users/builder/builds/o86TiJKT/0/finestructure/swiftpackageindex-builder/spi-builder-workspace/.derivedData/Build/Intermediates.noindex/SwaggerParser.build/Debug-watchos/SwaggerParserTests.build/Objects-normal/arm64_32/ExampleTests.o -index-unit-output-path /SwaggerParser.build/Debug-watchos/SwaggerParserTests.build/Objects-normal/arm64_32/CrossReferenceTests.o -index-unit-output-path /SwaggerParser.build/Debug-watchos/SwaggerParserTests.build/Objects-normal/arm64_32/ExampleTests.o -index-store-path /Users/builder/builds/o86TiJKT/0/finestructure/swiftpackageindex-builder/spi-builder-workspace/.derivedData/Index.noindex/DataStore -index-system-modules
2024-05-29 01:31:44.013 xcodebuild[72897:20182381] DVTCoreDeviceEnabledState: DVTCoreDeviceEnabledState_Disabled set via user default (DVTEnableCoreDevice=disabled)
** BUILD FAILED **
The following build commands failed:
	SwiftEmitModule normal arm64_32 Emitting\ module\ for\ SwaggerParserTests (in target 'SwaggerParserTests' from project 'SwaggerParser')
(1 failure)
BUILD FAILURE 5.8 watchOS