The Swift Package Index logo.Swift Package Index

Build Information

Failed to build SwiftKupo, reference 0.1.2 (dd996f), with Swift 6.4 for Wasm on 30 Sep 2026 12:52:06 UTC.

Build Command

bash -c docker run --pull=always --rm -v "checkouts-54344845-1":/host -w "$PWD" -e JAVA_HOME="/root/.sdkman/candidates/java/current" -e SPI_BUILD="1" -e SPI_PROCESSING="1" registry.gitlab.com/saguaro1/spi-images:wasm-6.4-latest swift build --swift-sdk swift-6.4.x-DEVELOPMENT-SNAPSHOT-2026-09-04-a_wasm 2>&1

Build Log

========================================
RunAll
========================================
Builder version: 5.1.1
Interrupt handler set up.
========================================
Checkout
========================================
Clone URL: https://github.com/Kingpin-Apps/swift-kupo.git
Reference: 0.1.2
Initialized empty Git repository in /host/spi-builder-workspace/.git/
hint: Using 'master' as the name for the initial branch. This default branch name
hint: is subject to change. To configure the initial branch name to use in all
hint: of your new repositories, which will suppress this warning, call:
hint:
hint: 	git config --global init.defaultBranch <name>
hint:
hint: Names commonly chosen instead of 'master' are 'main', 'trunk' and
hint: 'development'. The just-created branch can be renamed via this command:
hint:
hint: 	git branch -m <name>
From https://github.com/Kingpin-Apps/swift-kupo
 * tag               0.1.2      -> FETCH_HEAD
HEAD is now at dd996fb bump: version 0.1.1 → 0.1.2
Cloned https://github.com/Kingpin-Apps/swift-kupo.git
Revision (git rev-parse @):
dd996fb3b90ecee7bc4df2e688d61ca17c27ef5e
SUCCESS checkout https://github.com/Kingpin-Apps/swift-kupo.git at 0.1.2
========================================
Build
========================================
Selected platform:         wasm
Swift version:             6.4
Building package at path:  $PWD
https://github.com/Kingpin-Apps/swift-kupo.git
Running build ...
bash -c docker run --pull=always --rm -v "checkouts-54344845-1":/host -w "$PWD" -e JAVA_HOME="/root/.sdkman/candidates/java/current" -e SPI_BUILD="1" -e SPI_PROCESSING="1" registry.gitlab.com/saguaro1/spi-images:wasm-6.4-latest swift build --swift-sdk swift-6.4.x-DEVELOPMENT-SNAPSHOT-2026-09-04-a_wasm 2>&1
wasm-6.4-latest: Pulling from saguaro1/spi-images
Digest: sha256:4328fdb43c680d205c1d6761b1e3267aa38277eefdda9ddfb17b6a0f1a77857a
Status: Image is up to date for registry.gitlab.com/saguaro1/spi-images:wasm-6.4-latest
Fetching https://github.com/apple/swift-openapi-urlsession
Fetching https://github.com/apple/swift-openapi-runtime
Fetching https://github.com/apple/swift-openapi-generator
[1/7023] Fetching swift-openapi-runtime
[3373/8207] Fetching swift-openapi-runtime, swift-openapi-urlsession
Fetched https://github.com/apple/swift-openapi-urlsession (0.66s)
[1/18515] Fetching swift-openapi-generator
Fetched https://github.com/apple/swift-openapi-runtime (1.65s)
Fetched https://github.com/apple/swift-openapi-generator (1.65s)
Computing version for https://github.com/apple/swift-openapi-urlsession
Computed https://github.com/apple/swift-openapi-urlsession at 1.3.1 (2.81s)
Fetching https://github.com/apple/swift-collections
Fetching https://github.com/apple/swift-http-types
[1/1939] Fetching swift-http-types
[1940/30008] Fetching swift-http-types, swift-collections
Fetched https://github.com/apple/swift-http-types (1.76s)
Fetched https://github.com/apple/swift-collections (1.78s)
Computing version for https://github.com/apple/swift-openapi-runtime
Computed https://github.com/apple/swift-openapi-runtime at 1.12.2 (1.97s)
Computing version for https://github.com/apple/swift-http-types
Computed https://github.com/apple/swift-http-types at 1.8.0 (0.22s)
Computing version for https://github.com/apple/swift-openapi-generator
Computed https://github.com/apple/swift-openapi-generator at 1.13.1 (0.26s)
Fetching https://github.com/apple/swift-argument-parser
Fetching https://github.com/jpsim/Yams
Fetching https://github.com/apple/swift-algorithms
[1/11861] Fetching yams
[120/18020] Fetching yams, swift-algorithms
[11972/36968] Fetching yams, swift-algorithms, swift-argument-parser
Fetched https://github.com/apple/swift-algorithms (0.69s)
[5932/30809] Fetching yams, swift-argument-parser
Fetching https://github.com/mattpolzin/OpenAPIKit
Fetched https://github.com/apple/swift-argument-parser (1.05s)
Fetched https://github.com/jpsim/Yams (1.07s)
[1/175177] Fetching openapikit
Fetched https://github.com/mattpolzin/OpenAPIKit (5.03s)
Computing version for https://github.com/apple/swift-algorithms
Computed https://github.com/apple/swift-algorithms at 1.2.1 (7.17s)
Fetching https://github.com/apple/swift-numerics.git
[1/6651] Fetching swift-numerics
Fetched https://github.com/apple/swift-numerics.git (0.69s)
Computing version for https://github.com/mattpolzin/OpenAPIKit
Computed https://github.com/mattpolzin/OpenAPIKit at 6.4.0 (1.00s)
Computing version for https://github.com/apple/swift-numerics.git
Computed https://github.com/apple/swift-numerics.git at 1.1.1 (0.26s)
Computing version for https://github.com/apple/swift-argument-parser
Computed https://github.com/apple/swift-argument-parser at 1.8.2 (0.25s)
Computing version for https://github.com/apple/swift-collections
Computed https://github.com/apple/swift-collections at 1.7.1 (0.30s)
Computing version for https://github.com/jpsim/Yams
Computed https://github.com/jpsim/Yams at 6.2.2 (0.18s)
Creating working copy for https://github.com/apple/swift-algorithms
Working copy of https://github.com/apple/swift-algorithms resolved at 1.2.1
Creating working copy for https://github.com/apple/swift-openapi-generator
Working copy of https://github.com/apple/swift-openapi-generator resolved at 1.13.1
Creating working copy for https://github.com/apple/swift-collections
Working copy of https://github.com/apple/swift-collections resolved at 1.7.1
Creating working copy for https://github.com/apple/swift-http-types
Working copy of https://github.com/apple/swift-http-types resolved at 1.8.0
Creating working copy for https://github.com/apple/swift-argument-parser
Working copy of https://github.com/apple/swift-argument-parser resolved at 1.8.2
Creating working copy for https://github.com/jpsim/Yams
Working copy of https://github.com/jpsim/Yams resolved at 6.2.2
Creating working copy for https://github.com/mattpolzin/OpenAPIKit
Working copy of https://github.com/mattpolzin/OpenAPIKit resolved at 6.4.0
Creating working copy for https://github.com/apple/swift-numerics.git
Working copy of https://github.com/apple/swift-numerics.git resolved at 1.1.1
Creating working copy for https://github.com/apple/swift-openapi-runtime
Working copy of https://github.com/apple/swift-openapi-runtime resolved at 1.12.2
Creating working copy for https://github.com/apple/swift-openapi-urlsession
Working copy of https://github.com/apple/swift-openapi-urlsession resolved at 1.3.1
Building for debugging...
[Computing dependencies]
[Pre-planning 1 / 659]
[Planning deferred tasks]
[Starting]
[61 / 252] OpenAPIRuntime
[132 / 270] HTTPTypes
[137 / 305] InternalCollectionsUtilities
[138 / 305] _NumericsShims
[148 / 305] Yams
[148 / 305] InternalCollectionsUtilities
[160 / 305] Yams
[161 / 305] OpenAPIKitCore
[171 / 305] HTTPTypes
[173 / 305] HTTPTypes
[174 / 305] Yams
[180 / 305] RealModule
[181 / 305] RealModule-product
[182 / 305] RealModule-product
[183 / 305] RealModule
[186 / 305] OpenAPIKitCore
[187 / 305] OpenAPIKitCore
[187 / 306] Yams
[193 / 306] Yams
[195 / 307] Yams
[199 / 307] InternalCollectionsUtilities
[199 / 307] Yams
[200 / 307] Yams
[201 / 307] SpanPreview
[205 / 307] InternalCollectionsUtilities
[206 / 308] OpenAPIKitCore
[210 / 308] HTTPTypes
[212 / 308] HTTPTypes-product
[214 / 308] OpenAPIRuntime
[217 / 309] InternalCollectionsUtilities
[220 / 309] OpenAPIKitCore
[227 / 318] SpanPreview
[228 / 318] SpanPreview
[234 / 318] SpanPreview
[237 / 320] HTTPTypes
[244 / 323] ArgumentParserToolInfo
[246 / 323] ArgumentParserToolInfo
[256 / 377] OpenAPIRuntime
[257 / 377] OpenAPIKit30
[259 / 377] DequeModule
[259 / 377] Algorithms
[260 / 377] Yams
[262 / 377] OpenAPIRuntime
error: SwiftCompile normal wasm32 failed with a nonzero exit code. Command line:     cd /host

/root/.swiftpm/swift-sdks/swift-6.4.x-DEVELOPMENT-SNAPSHOT-2026-09-04-a_wasm.artifactbundle/swift-6.4.x-DEVELOPMENT-SNAPSHOT-2026-09-04-a_wasm/wasm32-unknown-wasip1/swift.xctoolchain/usr/lib/swift_static/CoreFoundation/CoreFoundation.h:28:10: note: while building module 'wasi_emulated_signal' imported from /root/.swiftpm/swift-sdks/swift-6.4.x-DEVELOPMENT-SNAPSHOT-2026-09-04-a_wasm.artifactbundle/swift-6.4.x-DEVELOPMENT-SNAPSHOT-2026-09-04-a_wasm/wasm32-unknown-wasip1/swift.xctoolchain/usr/lib/swift_static/CoreFoundation/CoreFoundation.h:28:
 26 | #include <setjmp.h>
 27 | #endif
 28 | #include <signal.h>
    |          `- note: while building module 'wasi_emulated_signal' imported from /root/.swiftpm/swift-sdks/swift-6.4.x-DEVELOPMENT-SNAPSHOT-2026-09-04-a_wasm.artifactbundle/swift-6.4.x-DEVELOPMENT-SNAPSHOT-2026-09-04-a_wasm/wasm32-unknown-wasip1/swift.xctoolchain/usr/lib/swift_static/CoreFoundation/CoreFoundation.h:28:
 29 | #include <stddef.h>
 30 | #include <stdio.h>
<module-includes>:1:10: note: in file included from <module-includes>:1:
1 | #include "signal.h"
  |          `- note: in file included from <module-includes>:1:
2 |
/root/.swiftpm/swift-sdks/swift-6.4.x-DEVELOPMENT-SNAPSHOT-2026-09-04-a_wasm.artifactbundle/swift-6.4.x-DEVELOPMENT-SNAPSHOT-2026-09-04-a_wasm/wasm32-unknown-wasip1/WASI.sdk/include/wasm32-wasip1/signal.h:2:2: error: "wasm lacks signal support; to enable minimal signal emulation, compile with -D_WASI_EMULATED_SIGNAL and link with -lwasi-emulated-signal"
  1 | #ifndef _WASI_EMULATED_SIGNAL
  2 | #error "wasm lacks signal support; to enable minimal signal emulation, \
    |  `- error: "wasm lacks signal support; to enable minimal signal emulation, compile with -D_WASI_EMULATED_SIGNAL and link with -lwasi-emulated-signal"
  3 | compile with -D_WASI_EMULATED_SIGNAL and link with -lwasi-emulated-signal"
  4 | #else
<module-includes>:1:10: note: in file included from <module-includes>:1:
1 | #include "CoreFoundation.h"
  |          `- note: in file included from <module-includes>:1:
2 |
/root/.swiftpm/swift-sdks/swift-6.4.x-DEVELOPMENT-SNAPSHOT-2026-09-04-a_wasm.artifactbundle/swift-6.4.x-DEVELOPMENT-SNAPSHOT-2026-09-04-a_wasm/wasm32-unknown-wasip1/swift.xctoolchain/usr/lib/swift_static/CoreFoundation/CoreFoundation.h:28:10: error: could not build module 'wasi_emulated_signal'
 26 | #include <setjmp.h>
 27 | #endif
 28 | #include <signal.h>
    |          `- error: could not build module 'wasi_emulated_signal'
 29 | #include <stddef.h>
 30 | #include <stdio.h>
/root/.swiftpm/swift-sdks/swift-6.4.x-DEVELOPMENT-SNAPSHOT-2026-09-04-a_wasm.artifactbundle/swift-6.4.x-DEVELOPMENT-SNAPSHOT-2026-09-04-a_wasm/wasm32-unknown-wasip1/swift.xctoolchain/usr/lib/swift_static/CoreFoundation/ForSwiftFoundationOnly.h:86:10: note: while building module 'wasi_emulated_mman' imported from /root/.swiftpm/swift-sdks/swift-6.4.x-DEVELOPMENT-SNAPSHOT-2026-09-04-a_wasm.artifactbundle/swift-6.4.x-DEVELOPMENT-SNAPSHOT-2026-09-04-a_wasm/wasm32-unknown-wasip1/swift.xctoolchain/usr/lib/swift_static/CoreFoundation/ForSwiftFoundationOnly.h:86:
 84 | #undef _WASI_EMULATED_MMAN
 85 | #define _WASI_EMULATED_MMAN
 86 | #include <sys/mman.h>
    |          `- note: while building module 'wasi_emulated_mman' imported from /root/.swiftpm/swift-sdks/swift-6.4.x-DEVELOPMENT-SNAPSHOT-2026-09-04-a_wasm.artifactbundle/swift-6.4.x-DEVELOPMENT-SNAPSHOT-2026-09-04-a_wasm/wasm32-unknown-wasip1/swift.xctoolchain/usr/lib/swift_static/CoreFoundation/ForSwiftFoundationOnly.h:86:
 87 | #elif TARGET_OS_LINUX
 88 | #include <errno.h>
<module-includes>:1:10: note: in file included from <module-includes>:1:
1 | #include "sys/mman.h"
  |          `- note: in file included from <module-includes>:1:
2 |
/root/.swiftpm/swift-sdks/swift-6.4.x-DEVELOPMENT-SNAPSHOT-2026-09-04-a_wasm.artifactbundle/swift-6.4.x-DEVELOPMENT-SNAPSHOT-2026-09-04-a_wasm/wasm32-unknown-wasip1/WASI.sdk/include/wasm32-wasip1/sys/mman.h:2:2: error: "WASI lacks a true mmap; to enable minimal mmap emulation, compile with -D_WASI_EMULATED_MMAN and link with -lwasi-emulated-mman"
  1 | #ifndef _WASI_EMULATED_MMAN
  2 | #error "WASI lacks a true mmap; to enable minimal mmap emulation, \
    |  `- error: "WASI lacks a true mmap; to enable minimal mmap emulation, compile with -D_WASI_EMULATED_MMAN and link with -lwasi-emulated-mman"
  3 | compile with -D_WASI_EMULATED_MMAN and link with -lwasi-emulated-mman"
  4 | #else
/host/spi-builder-workspace/.build/checkouts/swift-openapi-runtime/Sources/OpenAPIRuntime/Base/OpenAPIValue.swift:22:8: error: could not build C module 'CoreFoundation'
 20 |
 21 | #if canImport(CoreFoundation) && (FullFoundation || canImport(Darwin))
 22 | import CoreFoundation
    |        `- error: could not build C module 'CoreFoundation'
 23 | #endif
 24 |
Failed frontend command:
/usr/bin/swift-frontend -frontend -emit-module -experimental-skip-non-inlinable-function-bodies-without-types /host/spi-builder-workspace/.build/checkouts/swift-openapi-runtime/Sources/OpenAPIRuntime/Base/Acceptable.swift /host/spi-builder-workspace/.build/checkouts/swift-openapi-runtime/Sources/OpenAPIRuntime/Base/Base64EncodedData.swift /host/spi-builder-workspace/.build/checkouts/swift-openapi-runtime/Sources/OpenAPIRuntime/Base/ByteUtilities.swift /host/spi-builder-workspace/.build/checkouts/swift-openapi-runtime/Sources/OpenAPIRuntime/Base/ContentDisposition.swift /host/spi-builder-workspace/.build/checkouts/swift-openapi-runtime/Sources/OpenAPIRuntime/Base/CopyOnWriteBox.swift /host/spi-builder-workspace/.build/checkouts/swift-openapi-runtime/Sources/OpenAPIRuntime/Base/Lock.swift /host/spi-builder-workspace/.build/checkouts/swift-openapi-runtime/Sources/OpenAPIRuntime/Base/OpenAPIMIMEType.swift /host/spi-builder-workspace/.build/checkouts/swift-openapi-runtime/Sources/OpenAPIRuntime/Base/OpenAPIValue.swift /host/spi-builder-workspace/.build/checkouts/swift-openapi-runtime/Sources/OpenAPIRuntime/Base/PrettyStringConvertible.swift /host/spi-builder-workspace/.build/checkouts/swift-openapi-runtime/Sources/OpenAPIRuntime/Base/UndocumentedPayload.swift /host/spi-builder-workspace/.build/checkouts/swift-openapi-runtime/Sources/OpenAPIRuntime/Base/WarningSuppressingAnnotations.swift /host/spi-builder-workspace/.build/checkouts/swift-openapi-runtime/Sources/OpenAPIRuntime/Conversion/CodableExtensions.swift /host/spi-builder-workspace/.build/checkouts/swift-openapi-runtime/Sources/OpenAPIRuntime/Conversion/Configuration.swift /host/spi-builder-workspace/.build/checkouts/swift-openapi-runtime/Sources/OpenAPIRuntime/Conversion/Converter+Client.swift /host/spi-builder-workspace/.build/checkouts/swift-openapi-runtime/Sources/OpenAPIRuntime/Conversion/Converter+Common.swift /host/spi-builder-workspace/.build/checkouts/swift-openapi-runtime/Sources/OpenAPIRuntime/Conversion/Converter+Server.swift /host/spi-builder-workspace/.build/checkouts/swift-openapi-runtime/Sources/OpenAPIRuntime/Conversion/Converter.swift /host/spi-builder-workspace/.build/checkouts/swift-openapi-runtime/Sources/OpenAPIRuntime/Conversion/CurrencyExtensions.swift /host/spi-builder-workspace/.build/checkouts/swift-openapi-runtime/Sources/OpenAPIRuntime/Conversion/ErrorExtensions.swift /host/spi-builder-workspace/.build/checkouts/swift-openapi-runtime/Sources/OpenAPIRuntime/Conversion/FoundationExtensions.swift /host/spi-builder-workspace/.build/checkouts/swift-openapi-runtime/Sources/OpenAPIRuntime/Conversion/ParameterStyles.swift /host/spi-builder-workspace/.build/checkouts/swift-openapi-runtime/Sources/OpenAPIRuntime/Conversion/ServerVariable.swift /host/spi-builder-workspace/.build/checkouts/swift-openapi-runtime/Sources/OpenAPIRuntime/Conversion/URLExtensions.swift /host/spi-builder-workspace/.build/checkouts/swift-openapi-runtime/Sources/OpenAPIRuntime/Deprecated/Deprecated.swift /host/spi-builder-workspace/.build/checkouts/swift-openapi-runtime/Sources/OpenAPIRuntime/Errors/ClientError.swift /host/spi-builder-workspace/.build/checkouts/swift-openapi-runtime/Sources/OpenAPIRuntime/Errors/CodingErrors.swift /host/spi-builder-workspace/.build/checkouts/swift-openapi-runtime/Sources/OpenAPIRuntime/Errors/RuntimeError.swift /host/spi-builder-workspace/.build/checkouts/swift-openapi-runtime/Sources/OpenAPIRuntime/Errors/ServerError.swift /host/spi-builder-workspace/.build/checkouts/swift-openapi-runtime/Sources/OpenAPIRuntime/EventStreams/JSONLinesDecoding.swift /host/spi-builder-workspace/.build/checkouts/swift-openapi-runtime/Sources/OpenAPIRuntime/EventStreams/JSONLinesEncoding.swift /host/spi-builder-workspace/.build/checkouts/swift-openapi-runtime/Sources/OpenAPIRuntime/EventStreams/JSONSequenceDecoding.swift /host/spi-builder-workspace/.build/checkouts/swift-openapi-runtime/Sources/OpenAPIRuntime/EventStreams/JSONSequenceEncoding.swift /host/spi-builder-workspace/.build/checkouts/swift-openapi-runtime/Sources/OpenAPIRuntime/EventStreams/ServerSentEvents.swift /host/spi-builder-workspace/.build/checkouts/swift-openapi-runtime/Sources/OpenAPIRuntime/EventStreams/ServerSentEventsDecoding.swift /host/spi-builder-workspace/.build/checkouts/swift-openapi-runtime/Sources/OpenAPIRuntime/EventStreams/ServerSentEventsEncoding.swift /host/spi-builder-workspace/.build/checkouts/swift-openapi-runtime/Sources/OpenAPIRuntime/Interface/AsyncSequenceCommon.swift /host/spi-builder-workspace/.build/checkouts/swift-openapi-runtime/Sources/OpenAPIRuntime/Interface/ClientTransport.swift /host/spi-builder-workspace/.build/checkouts/swift-openapi-runtime/Sources/OpenAPIRuntime/Interface/CurrencyTypes.swift /host/spi-builder-workspace/.build/checkouts/swift-openapi-runtime/Sources/OpenAPIRuntime/Interface/ErrorHandlingMiddleware.swift /host/spi-builder-workspace/.build/checkouts/swift-openapi-runtime/Sources/OpenAPIRuntime/Interface/HTTPBody.swift /host/spi-builder-workspace/.build/checkouts/swift-openapi-runtime/Sources/OpenAPIRuntime/Interface/QuerySpaceNormalizingMiddleware.swift /host/spi-builder-workspace/.build/checkouts/swift-openapi-runtime/Sources/OpenAPIRuntime/Interface/SendableMetatype.swift /host/spi-builder-workspace/.build/checkouts/swift-openapi-runtime/Sources/OpenAPIRuntime/Interface/ServerTransport.swift /host/spi-builder-workspace/.build/checkouts/swift-openapi-runtime/Sources/OpenAPIRuntime/Interface/UniversalClient.swift /host/spi-builder-workspace/.build/checkouts/swift-openapi-runtime/Sources/OpenAPIRuntime/Interface/UniversalServer.swift /host/spi-builder-workspace/.build/checkouts/swift-openapi-runtime/Sources/OpenAPIRuntime/Multipart/MultipartBoundaryGenerator.swift /host/spi-builder-workspace/.build/checkouts/swift-openapi-runtime/Sources/OpenAPIRuntime/Multipart/MultipartBytesToFramesSequence.swift /host/spi-builder-workspace/.build/checkouts/swift-openapi-runtime/Sources/OpenAPIRuntime/Multipart/MultipartFramesToBytesSequence.swift /host/spi-builder-workspace/.build/checkouts/swift-openapi-runtime/Sources/OpenAPIRuntime/Multipart/MultipartFramesToRawPartsSequence.swift /host/spi-builder-workspace/.build/checkouts/swift-openapi-runtime/Sources/OpenAPIRuntime/Multipart/MultipartInternalTypes.swift /host/spi-builder-workspace/.build/checkouts/swift-openapi-runtime/Sources/OpenAPIRuntime/Multipart/MultipartPublicTypes.swift /host/spi-builder-workspace/.build/checkouts/swift-openapi-runtime/Sources/OpenAPIRuntime/Multipart/MultipartPublicTypesExtensions.swift /host/spi-builder-workspace/.build/checkouts/swift-openapi-runtime/Sources/OpenAPIRuntime/Multipart/MultipartRawPartsToFramesSequence.swift /host/spi-builder-workspace/.build/checkouts/swift-openapi-runtime/Sources/OpenAPIRuntime/Multipart/MultipartValidation.swift /host/spi-builder-workspace/.build/checkouts/swift-openapi-runtime/Sources/OpenAPIRuntime/Multipart/OpenAPIMIMEType+Multipart.swift /host/spi-builder-workspace/.build/checkouts/swift-openapi-runtime/Sources/OpenAPIRuntime/URICoder/Common/URICodeCodingKey.swift /host/spi-builder-workspace/.build/checkouts/swift-openapi-runtime/Sources/OpenAPIRuntime/URICoder/Common/URICoderConfiguration.swift /host/spi-builder-workspace/.build/checkouts/swift-openapi-runtime/Sources/OpenAPIRuntime/URICoder/Common/URIEncodedNode.swift /host/spi-builder-workspace/.build/checkouts/swift-openapi-runtime/Sources/OpenAPIRuntime/URICoder/Common/URIParsedTypes.swift /host/spi-builder-workspace/.build/checkouts/swift-openapi-runtime/Sources/OpenAPIRuntime/URICoder/Decoding/URIDecoder.swift /host/spi-builder-workspace/.build/checkouts/swift-openapi-runtime/Sources/OpenAPIRuntime/URICoder/Decoding/URIValueFromNodeDecoder+Keyed.swift /host/spi-builder-workspace/.build/checkouts/swift-openapi-runtime/Sources/OpenAPIRuntime/URICoder/Decoding/URIValueFromNodeDecoder+Single.swift /host/spi-builder-workspace/.build/checkouts/swift-openapi-runtime/Sources/OpenAPIRuntime/URICoder/Decoding/URIValueFromNodeDecoder+Unkeyed.swift /host/spi-builder-workspace/.build/checkouts/swift-openapi-runtime/Sources/OpenAPIRuntime/URICoder/Decoding/URIValueFromNodeDecoder.swift /host/spi-builder-workspace/.build/checkouts/swift-openapi-runtime/Sources/OpenAPIRuntime/URICoder/Encoding/URIEncoder.swift /host/spi-builder-workspace/.build/checkouts/swift-openapi-runtime/Sources/OpenAPIRuntime/URICoder/Encoding/URIValueToNodeEncoder+Keyed.swift /host/spi-builder-workspace/.build/checkouts/swift-openapi-runtime/Sources/OpenAPIRuntime/URICoder/Encoding/URIValueToNodeEncoder+Single.swift /host/spi-builder-workspace/.build/checkouts/swift-openapi-runtime/Sources/OpenAPIRuntime/URICoder/Encoding/URIValueToNodeEncoder+Unkeyed.swift /host/spi-builder-workspace/.build/checkouts/swift-openapi-runtime/Sources/OpenAPIRuntime/URICoder/Encoding/URIValueToNodeEncoder.swift /host/spi-builder-workspace/.build/checkouts/swift-openapi-runtime/Sources/OpenAPIRuntime/URICoder/Parsing/URIParser.swift /host/spi-builder-workspace/.build/checkouts/swift-openapi-runtime/Sources/OpenAPIRuntime/URICoder/Serialization/URISerializer.swift -target wasm32-unknown-wasip1 -disable-objc-interop -sdk /root/.swiftpm/swift-sdks/swift-6.4.x-DEVELOPMENT-SNAPSHOT-2026-09-04-a_wasm.artifactbundle/swift-6.4.x-DEVELOPMENT-SNAPSHOT-2026-09-04-a_wasm/wasm32-unknown-wasip1/WASI.sdk -sysroot /root/.swiftpm/swift-sdks/swift-6.4.x-DEVELOPMENT-SNAPSHOT-2026-09-04-a_wasm.artifactbundle/swift-6.4.x-DEVELOPMENT-SNAPSHOT-2026-09-04-a_wasm/wasm32-unknown-wasip1/WASI.sdk -I /host/spi-builder-workspace/.build/out/Products/Debug-webassembly-wasm32 -module-cache-path /host/spi-builder-workspace/.build/out/ModuleCache.noindex -color-diagnostics -Xcc -fcolor-diagnostics -enable-testing -g -debug-info-format\=dwarf -dwarf-version\=4 -suppress-warnings -swift-version 6 -Onone -D SWIFT_PACKAGE -D DEBUG -D SWIFT_MODULE_RESOURCE_BUNDLE_UNAVAILABLE -D FullFoundation -D Xcode -serialize-debugging-options -enable-upcoming-feature ExistentialAny -enable-upcoming-feature MemberImportVisibility -enable-upcoming-feature InternalImportsByDefault -enable-experimental-feature DebugDescriptionMacro -empty-abi-descriptor -external-plugin-path /usr/lib/swift/host/plugins/testing\#/usr/bin/swift-plugin-server -user-module-version 1.12.2 -validate-clang-modules-once -clang-build-session-file /host/spi-builder-workspace/.build/out/ModuleCache.noindex/Session.modulevalidation -Xcc -working-directory -Xcc /host -resource-dir /root/.swiftpm/swift-sdks/swift-6.4.x-DEVELOPMENT-SNAPSHOT-2026-09-04-a_wasm.artifactbundle/swift-6.4.x-DEVELOPMENT-SNAPSHOT-2026-09-04-a_wasm/wasm32-unknown-wasip1/swift.xctoolchain/usr/lib/swift_static -use-static-resource-dir -enable-anonymous-context-mangled-names -file-compilation-dir /host -Xcc -resource-dir -Xcc /root/.swiftpm/swift-sdks/swift-6.4.x-DEVELOPMENT-SNAPSHOT-2026-09-04-a_wasm.artifactbundle/swift-6.4.x-DEVELOPMENT-SNAPSHOT-2026-09-04-a_wasm/wasm32-unknown-wasip1/swift.xctoolchain/usr/lib/swift_static/clang -Xcc -D_LIBCPP_HARDENING_MODE\=_LIBCPP_HARDENING_MODE_DEBUG -Xcc -fmodules-prune-interval\=86400 -Xcc -fmodules-prune-after\=345600 -Xcc -I/host/spi-builder-workspace/.build/out/Products/Debug-webassembly-wasm32/include -Xcc -I/host/spi-builder-workspace/.build/out/Intermediates.noindex/swift-openapi-runtime.build/Debug-webassembly-wasm32/OpenAPIRuntime-t.build/DerivedSources-normal/wasm32 -Xcc -I/host/spi-builder-workspace/.build/out/Intermediates.noindex/swift-openapi-runtime.build/Debug-webassembly-wasm32/OpenAPIRuntime-t.build/DerivedSources/wasm32 -Xcc -I/host/spi-builder-workspace/.build/out/Intermediates.noindex/swift-openapi-runtime.build/Debug-webassembly-wasm32/OpenAPIRuntime-t.build/DerivedSources -Xcc -DSWIFT_PACKAGE -Xcc -DDEBUG\=1 -no-auto-bridging-header-chaining -module-name OpenAPIRuntime -package-name swift_openapi_runtime -const-gather-protocols-file /host/spi-builder-workspace/.build/out/Intermediates.noindex/swift-openapi-runtime.build/Debug-webassembly-wasm32/OpenAPIRuntime-t.build/Objects-normal/wasm32/OpenAPIRuntime_const_extract_protocols.json -in-process-plugin-server-path /usr/lib/swift/host/libSwiftInProcPluginServer.so -plugin-path /usr/lib/swift/host/plugins -plugin-path /usr/local/lib/swift/host/plugins -emit-module-doc-path /host/spi-builder-workspace/.build/out/Intermediates.noindex/swift-openapi-runtime.build/Debug-webassembly-wasm32/OpenAPIRuntime-t.build/Objects-normal/wasm32/Modules/OpenAPIRuntime.swiftdoc -emit-module-source-info-path /host/spi-builder-workspace/.build/out/Intermediates.noindex/swift-openapi-runtime.build/Debug-webassembly-wasm32/OpenAPIRuntime-t.build/Objects-normal/wasm32/Modules/OpenAPIRuntime.swiftsourceinfo -emit-objc-header-path /host/spi-builder-workspace/.build/out/Intermediates.noindex/swift-openapi-runtime.build/Debug-webassembly-wasm32/OpenAPIRuntime-t.build/Objects-normal/wasm32/OpenAPIRuntime-Swift.h -serialize-diagnostics-path /host/spi-builder-workspace/.build/out/Intermediates.noindex/swift-openapi-runtime.build/Debug-webassembly-wasm32/OpenAPIRuntime-t.build/Objects-normal/wasm32/OpenAPIRuntime-primary-emit-module.dia -emit-dependencies-path /host/spi-builder-workspace/.build/out/Intermediates.noindex/swift-openapi-runtime.build/Debug-webassembly-wasm32/OpenAPIRuntime-t.build/Objects-normal/wasm32/OpenAPIRuntime-primary-emit-module.d -parse-as-library -o /host/spi-builder-workspace/.build/out/Intermediates.noindex/swift-openapi-runtime.build/Debug-webassembly-wasm32/OpenAPIRuntime-t.build/Objects-normal/wasm32/Modules/OpenAPIRuntime.swiftmodule
error: Build failed
BUILD FAILURE 6.4 wasm