The Swift Package Index logo.Swift Package Index

Build Information

Failed to build OBSwiftSocket, reference 1.0.2 (3223d9), with Swift 6.4 for macOS (SPM) on 20 Sep 2026 11:44:05 UTC.

Build Command

env DEVELOPER_DIR=/Applications/Xcode-27.0.0-Release.Candidate.app xcrun swift build --arch arm64 --target OBSwiftSocket

Build Log

========================================
RunAll
========================================
Builder version: 5.1.0
Interrupt handler set up.
========================================
Checkout
========================================
Clone URL: https://github.com/edonv/OBSwiftSocket.git
Reference: 1.0.2
Initialized empty Git repository in /Users/admin/builder/spi-builder-workspace/.git/
From https://github.com/edonv/OBSwiftSocket
 * tag               1.0.2      -> FETCH_HEAD
HEAD is now at 3223d9c Added empty privacy manifest
Cloned https://github.com/edonv/OBSwiftSocket.git
Revision (git rev-parse @):
3223d9c120c4dbbcbc11a81fd94b0969a112ece0
SPI manifest file found: $PWD/.spi.yml
SUCCESS checkout https://github.com/edonv/OBSwiftSocket.git at 1.0.2
========================================
Build
========================================
Selected platform:         macosSpm
Swift version:             6.4
Building package at path:  $PWD
https://github.com/edonv/OBSwiftSocket.git
Running build ...
env DEVELOPER_DIR=/Applications/Xcode-27.0.0-Release.Candidate.app xcrun swift build --arch arm64 --target OBSwiftSocket
Building for debugging...
[Computing dependencies]
[Pre-planning 1 / 246]
[Planning deferred tasks]
[60 / 124]
[65 / 129] CombineExtensions
[82 / 239]
[86 / 239]
[94 / 277]
[104 / 277]
[108 / 277]
[116 / 277]
[119 / 277]
[123 / 277]
[129 / 277]
[137 / 277]
[139 / 277]
[144 / 277]
[146 / 277]
[156 / 277] JSONValue
[166 / 277] MessagePacker
[171 / 277] JSONValue
[185 / 277] MessagePacker
[191 / 277]
[193 / 277] HTTPTypes
[201 / 277] MessagePacker-product
[202 / 277] MessagePacker-product
[203 / 277] MessagePacker-product
[206 / 277] AsyncCompatibilityKit
[221 / 277] MessagePacker
[231 / 277] JSONValue
[238 / 277] CombineExtensions
[246 / 277] HTTPTypes
[252 / 278] HTTPTypes
[252 / 278] AsyncCompatibilityKit
[252 / 278] HTTPTypesFoundation
[258 / 284] HTTPTypesFoundation
[265 / 285] HTTPTypesFoundation
[267 / 285] WSPublisher
[277 / 296] WSPublisher
[285 / 297] WSPublisher
[285 / 297] OBSwiftSocket
[296 / 310] OBSwiftSocket
[298 / 310] WSPublisher
[301 / 310] AsyncCompatibilityKit
[302 / 310] OBSwiftSocket
Fetching https://github.com/edonv/JSONValue.git
[1/199] Fetching jsonvalue
Fetched https://github.com/edonv/JSONValue.git (1.19s)
Fetching https://github.com/edonv/WSPublisher.git
[1/569] Fetching wspublisher
Fetched https://github.com/edonv/WSPublisher.git (0.83s)
Fetching https://github.com/edonv/CommonExtensions.git
[1/306] Fetching commonextensions
Fetched https://github.com/edonv/CommonExtensions.git (0.84s)
Fetching https://github.com/edonv/AsyncCompatibilityKit.git
[1/91] Fetching asynccompatibilitykit
Fetched https://github.com/edonv/AsyncCompatibilityKit.git (0.74s)
Fetching https://github.com/apple/swift-http-types.git
Fetching https://github.com/hirotakan/MessagePacker.git
[1/1935] Fetching swift-http-types
[2/2656] Fetching swift-http-types, messagepacker
Fetched https://github.com/apple/swift-http-types.git (1.08s)
Fetched https://github.com/hirotakan/MessagePacker.git (1.08s)
Computing version for https://github.com/apple/swift-http-types.git
Computed https://github.com/apple/swift-http-types.git at 1.8.0 (1.75s)
Computing version for https://github.com/hirotakan/MessagePacker.git
Computed https://github.com/hirotakan/MessagePacker.git at 0.4.7 (0.66s)
Creating working copy for https://github.com/edonv/AsyncCompatibilityKit.git
Working copy of https://github.com/edonv/AsyncCompatibilityKit.git resolved at main (00e00a6)
Creating working copy for https://github.com/hirotakan/MessagePacker.git
Working copy of https://github.com/hirotakan/MessagePacker.git resolved at 0.4.7
Creating working copy for https://github.com/edonv/JSONValue.git
Working copy of https://github.com/edonv/JSONValue.git resolved at main (242fa6c)
Creating working copy for https://github.com/edonv/WSPublisher.git
Working copy of https://github.com/edonv/WSPublisher.git resolved at main (84a9b5a)
Creating working copy for https://github.com/edonv/CommonExtensions.git
Working copy of https://github.com/edonv/CommonExtensions.git resolved at main (c0f0d9e)
Creating working copy for https://github.com/apple/swift-http-types.git
Working copy of https://github.com/apple/swift-http-types.git resolved at 1.8.0
error: SwiftCompile normal arm64 /Users/admin/builder/spi-builder-workspace/Sources/OBSwiftSocket/OBS-WS\ Base\ Types.swift failed with a nonzero exit code. Command line:     cd /Users/admin/builder
    builtin-SwiftPerFileCompile OBS-WS\ Base\ Types.swift
error: SwiftCompile normal arm64 /Users/admin/builder/spi-builder-workspace/Sources/OBSwiftSocket/SessionManager.swift failed with a nonzero exit code. Command line:     cd /Users/admin/builder
    builtin-SwiftPerFileCompile SessionManager.swift
/Users/admin/builder/spi-builder-workspace/Sources/OBSwiftSocket/OBS-WS Base Types.swift:49:59: error: extraneous argument label 'dynamicMember:' in subscript
 47 |         case .request:
 48 |             // Get name of request
 49 |             guard case .string(let requestTypeName) = data[dynamicMember: OpDataTypes.Request.CodingKeys.type.rawValue],
    |                                                           `- error: extraneous argument label 'dynamicMember:' in subscript
 50 |                   let requestType = OBSRequests.AllTypes(rawValue: requestTypeName),
 51 |                   case .string(let id) = data[dynamicMember: OpDataTypes.Request.CodingKeys.id.rawValue],
/Users/admin/builder/spi-builder-workspace/Sources/OBSwiftSocket/OBS-WS Base Types.swift:51:46: error: extraneous argument label 'dynamicMember:' in subscript
 49 |             guard case .string(let requestTypeName) = data[dynamicMember: OpDataTypes.Request.CodingKeys.type.rawValue],
 50 |                   let requestType = OBSRequests.AllTypes(rawValue: requestTypeName),
 51 |                   case .string(let id) = data[dynamicMember: OpDataTypes.Request.CodingKeys.id.rawValue],
    |                                              `- error: extraneous argument label 'dynamicMember:' in subscript
 52 |                   let data = data[dynamicMember: OpDataTypes.Request.CodingKeys.data.rawValue]
 53 |             else { casted = nil; break }
/Users/admin/builder/spi-builder-workspace/Sources/OBSwiftSocket/OBS-WS Base Types.swift:52:34: error: extraneous argument label 'dynamicMember:' in subscript
 50 |                   let requestType = OBSRequests.AllTypes(rawValue: requestTypeName),
 51 |                   case .string(let id) = data[dynamicMember: OpDataTypes.Request.CodingKeys.id.rawValue],
 52 |                   let data = data[dynamicMember: OpDataTypes.Request.CodingKeys.data.rawValue]
    |                                  `- error: extraneous argument label 'dynamicMember:' in subscript
 53 |             else { casted = nil; break }
 54 |
/Users/admin/builder/spi-builder-workspace/Sources/OBSwiftSocket/SessionManager.swift:843:14: warning: associated value 'failedEventTypeConversion' of 'Sendable'-conforming enum 'Errors' has non-Sendable type 'any OBSEvent.Type'
841 |         /// Thrown from ``OBSSessionManager/listenForEvent(_:firstOnly:)-1dso5`` when an ``OBSEvent`` type
842 |         /// is unsuccessfully converted to an ``OBSEvents/AllTypes`` case.
843 |         case failedEventTypeConversion(OBSEvent.Type)
    |              `- warning: associated value 'failedEventTypeConversion' of 'Sendable'-conforming enum 'Errors' has non-Sendable type 'any OBSEvent.Type'
844 |
845 |         /// Thrown from ``OBSSessionManager/connect(persistConnectionData:events:)-25yo0`` or
/Users/admin/builder/spi-builder-workspace/Sources/OBSwiftSocket/SessionManager.swift:89:38: warning: 'WSErrors' is deprecated: WSErrors has been renamed to `Errors` for the sake of brevity. [#]8;;https://docs.swift.org/compiler/documentation/diagnostics/deprecated-declaration\DeprecatedDeclaration]8;;\]
 87 |     public func checkForConnection() throws {
 88 |         if !isWebSocketConnected {
 89 |             throw WebSocketPublisher.WSErrors.noActiveConnection
    |                                      |- warning: 'WSErrors' is deprecated: WSErrors has been renamed to `Errors` for the sake of brevity. [#]8;;https://docs.swift.org/compiler/documentation/diagnostics/deprecated-declaration\DeprecatedDeclaration]8;;\]
    |                                      `- note: use 'Errors' instead
 90 |         }
 91 |     }
/Users/admin/builder/spi-builder-workspace/Sources/OBSwiftSocket/SessionManager.swift:390:31: error: generic parameter 'Value' could not be inferred
388 |         }
389 |
390 |         let pub = wsPublisher.publisher
    |                               `- error: generic parameter 'Value' could not be inferred
391 |             .tryFilter { event throws -> Bool in
392 |                 switch event {
Foundation._KeyValueCodingAndObservingPublishing.publisher:2:13: note: in call to function 'publisher(for:options:)'
1 | protocol _KeyValueCodingAndObservingPublishing {
2 | public func publisher<Value>(for keyPath: KeyPath<Self, Value>, options: NSKeyValueObservingOptions = [.initial, .new]) -> NSObject.KeyValueObservingPublisher<Self, Value>}
  |             `- note: in call to function 'publisher(for:options:)'
3 |
/Users/admin/builder/spi-builder-workspace/Sources/OBSwiftSocket/SessionManager.swift:391:14: error: value of type '(KeyPath<WebSocketPublisher, Value>, NSKeyValueObservingOptions) -> NSObject.KeyValueObservingPublisher<WebSocketPublisher, Value>' has no member 'tryFilter'
389 |
390 |         let pub = wsPublisher.publisher
391 |             .tryFilter { event throws -> Bool in
    |              `- error: value of type '(KeyPath<WebSocketPublisher, Value>, NSKeyValueObservingOptions) -> NSObject.KeyValueObservingPublisher<WebSocketPublisher, Value>' has no member 'tryFilter'
392 |                 switch event {
393 |                 case .disconnected(let wsCloseCode, let reason):
[#DeprecatedDeclaration]: <https://docs.swift.org/compiler/documentation/diagnostics/deprecated-declaration>
Failed frontend command:
/Applications/Xcode-27.0.0-Release.Candidate.app/Contents/Developer/Toolchains/XcodeDefault.xctoolchain/usr/bin/swift-frontend -frontend -c /Users/admin/builder/spi-builder-workspace/Sources/OBSwiftSocket/Extensions/Misc\ Extensions.swift /Users/admin/builder/spi-builder-workspace/Sources/OBSwiftSocket/Extensions/PropertyWrappers.swift /Users/admin/builder/spi-builder-workspace/Sources/OBSwiftSocket/Extensions/SessionManager\ Extensions.swift /Users/admin/builder/spi-builder-workspace/Sources/OBSwiftSocket/Extensions/WSPublisher\ Extensions.swift /Users/admin/builder/spi-builder-workspace/Sources/OBSwiftSocket/Generated/Types.swift /Users/admin/builder/spi-builder-workspace/Sources/OBSwiftSocket/Helper\ Types/ColorComponents.swift -primary-file /Users/admin/builder/spi-builder-workspace/Sources/OBSwiftSocket/OBS-WS\ Base\ Types.swift -primary-file /Users/admin/builder/spi-builder-workspace/Sources/OBSwiftSocket/PublisherStore.swift -primary-file /Users/admin/builder/spi-builder-workspace/Sources/OBSwiftSocket/SessionManager.swift /Users/admin/builder/spi-builder-workspace/Sources/OBSwiftSocket/StateManager.swift /Users/admin/builder/spi-builder-workspace/Sources/OBSwiftSocket/Subtypes/Event\ Subtypes.swift /Users/admin/builder/spi-builder-workspace/Sources/OBSwiftSocket/Subtypes/General\ Input\ Settings.swift /Users/admin/builder/spi-builder-workspace/Sources/OBSwiftSocket/Subtypes/Input\ Settings/AudioCapture.swift /Users/admin/builder/spi-builder-workspace/Sources/OBSwiftSocket/Subtypes/Input\ Settings/BrowserSource.swift /Users/admin/builder/spi-builder-workspace/Sources/OBSwiftSocket/Subtypes/Input\ Settings/ColorSource.swift /Users/admin/builder/spi-builder-workspace/Sources/OBSwiftSocket/Subtypes/Input\ Settings/DisplayCapture.swift /Users/admin/builder/spi-builder-workspace/Sources/OBSwiftSocket/Subtypes/Input\ Settings/GameCapture.swift /Users/admin/builder/spi-builder-workspace/Sources/OBSwiftSocket/Subtypes/Input\ Settings/ImageSource.swift /Users/admin/builder/spi-builder-workspace/Sources/OBSwiftSocket/Subtypes/Input\ Settings/MediaSource.swift /Users/admin/builder/spi-builder-workspace/Sources/OBSwiftSocket/Subtypes/Input\ Settings/Slideshow.swift /Users/admin/builder/spi-builder-workspace/Sources/OBSwiftSocket/Subtypes/Input\ Settings/TextSource.swift /Users/admin/builder/spi-builder-workspace/Sources/OBSwiftSocket/Subtypes/Input\ Settings/VLCSource.swift /Users/admin/builder/spi-builder-workspace/Sources/OBSwiftSocket/Subtypes/Input\ Settings/VideoInput.swift /Users/admin/builder/spi-builder-workspace/Sources/OBSwiftSocket/Subtypes/Input\ Settings/WindowCapture.swift /Users/admin/builder/spi-builder-workspace/Sources/OBSwiftSocket/Subtypes/Request\ Subtypes.swift /Users/admin/builder/spi-builder-workspace/Sources/OBSwiftSocket/Subtypes/Transform.swift -supplementary-output-file-map /Users/admin/builder/spi-builder-workspace/.build/out/Intermediates.noindex/OBSwiftSocket.build/Debug/OBSwiftSocket-t.build/Objects-normal/arm64/supplementaryOutputs-13 -target arm64-apple-macos12.0 -module-can-import-version AppKit 2775.10.103.1 2775.10.103 -disable-cross-import-overlay-search -load-resolved-plugin /Applications/Xcode-27.0.0-Release.Candidate.app/Contents/Developer/Platforms/MacOSX.platform/Developer/usr/lib/swift/host/plugins/libFoundationMacros.dylib\#/Applications/Xcode-27.0.0-Release.Candidate.app/Contents/Developer/Platforms/MacOSX.platform/Developer/usr/bin/swift-plugin-server\#FoundationMacros -load-resolved-plugin /Applications/Xcode-27.0.0-Release.Candidate.app/Contents/Developer/Platforms/MacOSX.platform/Developer/usr/lib/swift/host/plugins/libObservationMacros.dylib\#/Applications/Xcode-27.0.0-Release.Candidate.app/Contents/Developer/Platforms/MacOSX.platform/Developer/usr/bin/swift-plugin-server\#ObservationMacros -load-resolved-plugin /Applications/Xcode-27.0.0-Release.Candidate.app/Contents/Developer/Platforms/MacOSX.platform/Developer/usr/lib/swift/host/plugins/libPreviewsMacros.dylib\#/Applications/Xcode-27.0.0-Release.Candidate.app/Contents/Developer/Platforms/MacOSX.platform/Developer/usr/bin/swift-plugin-server\#PreviewsMacros -load-resolved-plugin /Applications/Xcode-27.0.0-Release.Candidate.app/Contents/Developer/Platforms/MacOSX.platform/Developer/usr/lib/swift/host/plugins/libSwiftMacros.dylib\#/Applications/Xcode-27.0.0-Release.Candidate.app/Contents/Developer/Platforms/MacOSX.platform/Developer/usr/bin/swift-plugin-server\#SwiftMacros -load-resolved-plugin /Applications/Xcode-27.0.0-Release.Candidate.app/Contents/Developer/Platforms/MacOSX.platform/Developer/usr/lib/swift/host/plugins/libSwiftUIMacros.dylib\#/Applications/Xcode-27.0.0-Release.Candidate.app/Contents/Developer/Platforms/MacOSX.platform/Developer/usr/bin/swift-plugin-server\#SwiftUIMacros -disable-implicit-swift-modules -Xcc -fno-implicit-modules -Xcc -fno-implicit-module-maps -explicit-swift-module-map-file /Users/admin/builder/spi-builder-workspace/.build/out/Intermediates.noindex/OBSwiftSocket.build/Debug/OBSwiftSocket-t.build/Objects-normal/arm64/OBSwiftSocket-dependencies-1.json -Xllvm -aarch64-use-tbi -enable-objc-interop -stack-check -sdk /Applications/Xcode-27.0.0-Release.Candidate.app/Contents/Developer/Platforms/MacOSX.platform/Developer/SDKs/MacOSX27.0.sdk -I /Users/admin/builder/spi-builder-workspace/.build/out/Products/Debug -Isystem /Applications/Xcode-27.0.0-Release.Candidate.app/Contents/Developer/Platforms/MacOSX.platform/Developer/usr/lib -F /Users/admin/builder/spi-builder-workspace/.build/out/Products/Debug/PackageFrameworks -F /Users/admin/builder/spi-builder-workspace/.build/out/Products/Debug -F /Applications/Xcode-27.0.0-Release.Candidate.app/Contents/Developer/Platforms/MacOSX.platform/Developer/Library/Frameworks -module-cache-path /Users/admin/builder/spi-builder-workspace/.build/out/Intermediates.noindex/SwiftExplicitPrecompiledModules -color-diagnostics -Xcc -fcolor-diagnostics -enable-testing -g -debug-info-format\=dwarf -dwarf-version\=4 -swift-version 5 -Onone -D SWIFT_PACKAGE -D DEBUG -D SWIFT_MODULE_RESOURCE_BUNDLE_UNAVAILABLE -D Xcode -serialize-debugging-options -enable-experimental-feature DebugDescriptionMacro -empty-abi-descriptor -validate-clang-modules-once -clang-build-session-file /Users/admin/builder/spi-builder-workspace/.build/out/ModuleCache.noindex/Session.modulevalidation -Xcc -working-directory -Xcc /Users/admin/builder -enable-anonymous-context-mangled-names -file-compilation-dir /Users/admin/builder -Xcc -D_LIBCPP_HARDENING_MODE\=_LIBCPP_HARDENING_MODE_DEBUG -Xcc -ivfsstatcache -Xcc /Users/admin/builder/spi-builder-workspace/.build/out/SDKStatCaches.noindex/macosx27.0-26A425-80c5bbf1d171475443272936d42f90a36a22442a12e9d48fe1a705f55a1adfc4.sdkstatcache -Xcc -fmodules-prune-interval\=86400 -Xcc -fmodules-prune-after\=345600 -Xcc -I/Users/admin/builder/spi-builder-workspace/.build/out/Products/Debug/include -Xcc -I/Users/admin/builder/spi-builder-workspace/.build/out/Intermediates.noindex/OBSwiftSocket.build/Debug/OBSwiftSocket-t.build/DerivedSources-normal/arm64 -Xcc -I/Users/admin/builder/spi-builder-workspace/.build/out/Intermediates.noindex/OBSwiftSocket.build/Debug/OBSwiftSocket-t.build/DerivedSources/arm64 -Xcc -I/Users/admin/builder/spi-builder-workspace/.build/out/Intermediates.noindex/OBSwiftSocket.build/Debug/OBSwiftSocket-t.build/DerivedSources -Xcc -DSWIFT_PACKAGE -Xcc -DDEBUG\=1 -no-auto-bridging-header-chaining -module-name OBSwiftSocket -const-gather-protocols-file /Users/admin/builder/spi-builder-workspace/.build/out/Intermediates.noindex/OBSwiftSocket.build/Debug/OBSwiftSocket-t.build/Objects-normal/arm64/OBSwiftSocket_const_extract_protocols.json -disable-clang-spi -clang-target arm64-apple-macos27.0 -target-sdk-version 27.0 -target-sdk-name macosx27.0 -in-process-plugin-server-path /Applications/Xcode-27.0.0-Release.Candidate.app/Contents/Developer/Toolchains/XcodeDefault.xctoolchain/usr/lib/swift/host/libSwiftInProcPluginServer.dylib -parse-as-library -o /Users/admin/builder/spi-builder-workspace/.build/out/Intermediates.noindex/OBSwiftSocket.build/Debug/OBSwiftSocket-t.build/Objects-normal/arm64/OBS-WS\ Base\ Types.o -o /Users/admin/builder/spi-builder-workspace/.build/out/Intermediates.noindex/OBSwiftSocket.build/Debug/OBSwiftSocket-t.build/Objects-normal/arm64/PublisherStore.o -o /Users/admin/builder/spi-builder-workspace/.build/out/Intermediates.noindex/OBSwiftSocket.build/Debug/OBSwiftSocket-t.build/Objects-normal/arm64/SessionManager.o -debug-module-path /Users/admin/builder/spi-builder-workspace/.build/out/Intermediates.noindex/OBSwiftSocket.build/Debug/OBSwiftSocket-t.build/Objects-normal/arm64/OBSwiftSocket.swiftmodule -index-unit-output-path /OBSwiftSocket.build/Debug/OBSwiftSocket-t.build/Objects-normal/arm64/OBS-WS\ Base\ Types.o -index-unit-output-path /OBSwiftSocket.build/Debug/OBSwiftSocket-t.build/Objects-normal/arm64/PublisherStore.o -index-unit-output-path /OBSwiftSocket.build/Debug/OBSwiftSocket-t.build/Objects-normal/arm64/SessionManager.o -index-store-path /Users/admin/builder/spi-builder-workspace/.build/out -index-system-modules
error: Build failed
BUILD FAILURE 6.4 macosSpm