Build Information
Failed to build SwiftExif, reference master (6cb51d), with Swift 6.4 for watchOS using Xcode 27.0 on 29 Sep 2026 23:48:22 UTC.
Build Command
env DEVELOPER_DIR=/Applications/Xcode-27.0.0-Release.Candidate.app xcrun xcodebuild -IDEClonedSourcePackagesDirPathOverride=$PWD/.dependencies -skipMacroValidation -skipPackagePluginValidation -derivedDataPath $PWD/.derivedData build -scheme SwiftExif -destination generic/platform=watchOSBuild Log
========================================
RunAll
========================================
Builder version: 5.1.0
Interrupt handler set up.
========================================
Checkout
========================================
Clone URL: https://github.com/kradalby/SwiftExif.git
Reference: master
Initialized empty Git repository in /Users/admin/builder/spi-builder-workspace/.git/
From https://github.com/kradalby/SwiftExif
* branch master -> FETCH_HEAD
* [new branch] master -> origin/master
HEAD is now at 6cb51de ci: test Linux on Swift 6.4
Cloned https://github.com/kradalby/SwiftExif.git
Revision (git rev-parse @):
6cb51de8b97837859cfd03dfed8d844fe54a5f10
SUCCESS checkout https://github.com/kradalby/SwiftExif.git at master
========================================
Build
========================================
Selected platform: watchOS
Swift version: 6.4
Building package at path: $PWD
https://github.com/kradalby/SwiftExif.git
Command line invocation:
/Applications/Xcode-27.0.0-Release.Candidate.app/Contents/Developer/usr/bin/xcodebuild -IDEClonedSourcePackagesDirPathOverride=/Users/admin/builder/spi-builder-workspace/.dependencies -resolvePackageDependencies
Resolve Package Graph
failed to retrieve search paths with pkg-config; maybe pkg-config is not installedyou may be able to install libexif using your system-packager:
brew install libexif
you may be able to install libiptcdata using your system-packager:
brew install libiptcdata
Resolve Package Graph
you may be able to install libexif using your system-packager:
brew install libexif
you may be able to install libiptcdata using your system-packager:
brew install libiptcdata
Resolved source packages:
SwiftExif: /Users/admin/builder/spi-builder-workspace
resolved source packages: SwiftExif
2026-09-29 19:47:42.602 xcodebuild[529:3017] [MT] IDERunDestination: Supported platforms for the buildables in the current scheme is empty.
{
"c_language_standard" : "c11",
"dependencies" : [
],
"manifest_display_name" : "SwiftExif",
"name" : "SwiftExif",
"path" : "/Users/admin/builder/spi-builder-workspace",
"platforms" : [
],
"products" : [
{
"name" : "SwiftExif",
"targets" : [
"SwiftExif"
],
"type" : {
"library" : [
"static"
]
}
}
],
"targets" : [
{
"c99name" : "iptc",
"module_type" : "SystemLibraryTarget",
"name" : "iptc",
"path" : "Sources/iptc",
"product_memberships" : [
"SwiftExif"
],
"sources" : [
],
"type" : "system-target"
},
{
"c99name" : "exif",
"module_type" : "SystemLibraryTarget",
"name" : "exif",
"path" : "Sources/exif",
"product_memberships" : [
"SwiftExif"
],
"sources" : [
],
"type" : "system-target"
},
{
"c99name" : "SwiftExifTests",
"module_type" : "SwiftTarget",
"name" : "SwiftExifTests",
"path" : "Tests/SwiftExifTests",
"sources" : [
"SwiftExifTests.swift"
],
"target_dependencies" : [
"SwiftExif"
],
"type" : "test"
},
{
"c99name" : "SwiftExif",
"module_type" : "SwiftTarget",
"name" : "SwiftExif",
"path" : "Sources/SwiftExif",
"product_memberships" : [
"SwiftExif"
],
"sources" : [
"Exif.swift",
"Image.swift",
"Iptc.swift",
"Types.swift",
"Util.swift"
],
"target_dependencies" : [
"exif",
"ExifFormat",
"iptc"
],
"type" : "library"
},
{
"c99name" : "ExifFormat",
"module_type" : "ClangTarget",
"name" : "ExifFormat",
"path" : "Sources/ExifFormat",
"product_memberships" : [
"SwiftExif"
],
"sources" : [
"exif_format.c"
],
"target_dependencies" : [
"exif",
"iptc"
],
"type" : "library"
}
],
"tools_version" : "6.3"
}
{
"workspace" : {
"name" : "SwiftExif",
"schemes" : [
"SwiftExif"
]
}
}
2026-09-29 19:48:14.477 xcodebuild[633:3849] [MT] IDERunDestination: Supported platforms for the buildables in the current scheme is empty.
Running build ...
env DEVELOPER_DIR=/Applications/Xcode-27.0.0-Release.Candidate.app xcrun xcodebuild -IDEClonedSourcePackagesDirPathOverride=$PWD/.dependencies -skipMacroValidation -skipPackagePluginValidation -derivedDataPath $PWD/.derivedData build -scheme SwiftExif -destination generic/platform=watchOS
Command line invocation:
/Applications/Xcode-27.0.0-Release.Candidate.app/Contents/Developer/usr/bin/xcodebuild -IDEClonedSourcePackagesDirPathOverride=/Users/admin/builder/spi-builder-workspace/.dependencies -skipMacroValidation -skipPackagePluginValidation -derivedDataPath /Users/admin/builder/spi-builder-workspace/.derivedData build -scheme SwiftExif -destination generic/platform=watchOS
Resolve Package Graph
failed to retrieve search paths with pkg-config; maybe pkg-config is not installedyou may be able to install libexif using your system-packager:
brew install libexif
you may be able to install libiptcdata using your system-packager:
brew install libiptcdata
Resolved source packages:
SwiftExif: /Users/admin/builder/spi-builder-workspace
ComputePackagePrebuildTargetDependencyGraph
Prepare packages
CreateBuildRequest
SendProjectDescription
CreateBuildOperation
ComputeTargetDependencyGraph
note: Building targets in dependency order
note: Target dependency graph (5 targets)
Target 'SwiftExif-product' in project 'SwiftExif'
➜ Explicit dependency on target 'SwiftExif' in project 'SwiftExif'
➜ Explicit dependency on target 'ExifFormat' in project 'SwiftExif'
Target 'SwiftExif' in project 'SwiftExif'
➜ Explicit dependency on target 'exif' in project 'SwiftExif'
➜ Explicit dependency on target 'iptc' in project 'SwiftExif'
➜ Explicit dependency on target 'ExifFormat' in project 'SwiftExif'
Target 'ExifFormat' in project 'SwiftExif'
➜ Explicit dependency on target 'exif' in project 'SwiftExif'
➜ Explicit dependency on target 'iptc' in project 'SwiftExif'
Target 'iptc' in project 'SwiftExif' (no dependencies)
Target 'exif' in project 'SwiftExif' (no dependencies)
GatherProvisioningInputs
CreateBuildDescription
ExecuteExternalTool /Applications/Xcode-27.0.0-Release.Candidate.app/Contents/Developer/Toolchains/XcodeDefault.xctoolchain/usr/bin/clang -v -E -dM -isysroot /Applications/Xcode-27.0.0-Release.Candidate.app/Contents/Developer/Platforms/WatchOS.platform/Developer/SDKs/WatchOS27.0.sdk -x c -c /dev/null
ExecuteExternalTool /Applications/Xcode-27.0.0-Release.Candidate.app/Contents/Developer/Toolchains/XcodeDefault.xctoolchain/usr/bin/swiftc --version
ExecuteExternalTool /Applications/Xcode-27.0.0-Release.Candidate.app/Contents/Developer/Toolchains/XcodeDefault.xctoolchain/usr/bin/clang -v -E -dM -arch arm64 -isysroot /Applications/Xcode-27.0.0-Release.Candidate.app/Contents/Developer/Platforms/WatchOS.platform/Developer/SDKs/WatchOS27.0.sdk -x c -c /dev/null
ExecuteExternalTool /Applications/Xcode-27.0.0-Release.Candidate.app/Contents/Developer/Toolchains/XcodeDefault.xctoolchain/usr/bin/ld -version_details
ExecuteExternalTool /Applications/Xcode-27.0.0-Release.Candidate.app/Contents/Developer/Toolchains/XcodeDefault.xctoolchain/usr/bin/clang -v -E -dM -arch arm64_32 -isysroot /Applications/Xcode-27.0.0-Release.Candidate.app/Contents/Developer/Platforms/WatchOS.platform/Developer/SDKs/WatchOS27.0.sdk -x c -c /dev/null
Build description signature: 39bd02c331993acb08cf5ce8f18c4d17
Build description path: /Users/admin/builder/spi-builder-workspace/.derivedData/Build/Intermediates.noindex/XCBuildData/39bd02c331993acb08cf5ce8f18c4d17.xcbuilddata
CreateBuildDirectory /Users/admin/builder/spi-builder-workspace/.derivedData/ModuleCache.noindex
cd /Users/admin/builder/spi-builder-workspace/.swiftpm/xcode
builtin-create-build-directory /Users/admin/builder/spi-builder-workspace/.derivedData/ModuleCache.noindex
CreateBuildDirectory /Users/admin/builder/spi-builder-workspace/.derivedData/SDKExplicitPrecompiledModules
cd /Users/admin/builder/spi-builder-workspace/.swiftpm/xcode
builtin-create-build-directory /Users/admin/builder/spi-builder-workspace/.derivedData/SDKExplicitPrecompiledModules
CreateBuildDirectory /Users/admin/builder/spi-builder-workspace/.derivedData/Build/Intermediates.noindex
cd /Users/admin/builder/spi-builder-workspace/.swiftpm/xcode
builtin-create-build-directory /Users/admin/builder/spi-builder-workspace/.derivedData/Build/Intermediates.noindex
CreateBuildDirectory /Users/admin/builder/spi-builder-workspace/.derivedData/CompilationCache.noindex
cd /Users/admin/builder/spi-builder-workspace/.swiftpm/xcode
builtin-create-build-directory /Users/admin/builder/spi-builder-workspace/.derivedData/CompilationCache.noindex
CreateBuildDirectory /Users/admin/builder/spi-builder-workspace/.derivedData/Build/Products
cd /Users/admin/builder/spi-builder-workspace/.swiftpm/xcode
builtin-create-build-directory /Users/admin/builder/spi-builder-workspace/.derivedData/Build/Products
ClangStatCache /Applications/Xcode-27.0.0-Release.Candidate.app/Contents/Developer/Toolchains/XcodeDefault.xctoolchain/usr/bin/clang-stat-cache /Applications/Xcode-27.0.0-Release.Candidate.app/Contents/Developer/Platforms/WatchOS.platform/Developer/SDKs/WatchOS27.0.sdk /Users/admin/builder/spi-builder-workspace/.derivedData/SDKStatCaches.noindex/watchos27.0-24R360-e829b21a6f8c9b70876ba0858053c04477534ef55a1706bf4c1112bbb242f0a2.sdkstatcache
cd /Users/admin/builder/spi-builder-workspace/.swiftpm/xcode
/Applications/Xcode-27.0.0-Release.Candidate.app/Contents/Developer/Toolchains/XcodeDefault.xctoolchain/usr/bin/clang-stat-cache /Applications/Xcode-27.0.0-Release.Candidate.app/Contents/Developer/Platforms/WatchOS.platform/Developer/SDKs/WatchOS27.0.sdk -o /Users/admin/builder/spi-builder-workspace/.derivedData/SDKStatCaches.noindex/watchos27.0-24R360-e829b21a6f8c9b70876ba0858053c04477534ef55a1706bf4c1112bbb242f0a2.sdkstatcache
CreateBuildDirectory /Users/admin/builder/spi-builder-workspace/.derivedData/Build/Intermediates.noindex/SwiftExplicitPrecompiledModules
cd /Users/admin/builder/spi-builder-workspace/.swiftpm/xcode
builtin-create-build-directory /Users/admin/builder/spi-builder-workspace/.derivedData/Build/Intermediates.noindex/SwiftExplicitPrecompiledModules
CreateBuildDirectory /Users/admin/builder/spi-builder-workspace/.derivedData/Build/Intermediates.noindex/PrecompiledHeaders
cd /Users/admin/builder/spi-builder-workspace/.swiftpm/xcode
builtin-create-build-directory /Users/admin/builder/spi-builder-workspace/.derivedData/Build/Intermediates.noindex/PrecompiledHeaders
CreateBuildDirectory /Users/admin/builder/spi-builder-workspace/.derivedData/Build/Intermediates.noindex/ExplicitPrecompiledModules
cd /Users/admin/builder/spi-builder-workspace/.swiftpm/xcode
builtin-create-build-directory /Users/admin/builder/spi-builder-workspace/.derivedData/Build/Intermediates.noindex/ExplicitPrecompiledModules
CreateBuildDirectory /Users/admin/builder/spi-builder-workspace/.derivedData/Build/Intermediates.noindex/EagerLinkingTBDs/Debug-watchos
cd /Users/admin/builder/spi-builder-workspace/.swiftpm/xcode
builtin-create-build-directory /Users/admin/builder/spi-builder-workspace/.derivedData/Build/Intermediates.noindex/EagerLinkingTBDs/Debug-watchos
CreateBuildDirectory /Users/admin/builder/spi-builder-workspace/.derivedData/Build/Products/Debug-watchos
cd /Users/admin/builder/spi-builder-workspace/.swiftpm/xcode
builtin-create-build-directory /Users/admin/builder/spi-builder-workspace/.derivedData/Build/Products/Debug-watchos
CreateBuildDirectory /Users/admin/builder/spi-builder-workspace/.derivedData/Build/Products/Debug-watchos/PackageFrameworks
cd /Users/admin/builder/spi-builder-workspace/.swiftpm/xcode
builtin-create-build-directory /Users/admin/builder/spi-builder-workspace/.derivedData/Build/Products/Debug-watchos/PackageFrameworks
WriteAuxiliaryFile /Users/admin/builder/spi-builder-workspace/.derivedData/Build/Intermediates.noindex/SwiftExif.build/Debug-watchos/SwiftExif-t.build/SwiftExif.DependencyStaticMetadataFileList (in target 'SwiftExif' from project 'SwiftExif')
cd /Users/admin/builder/spi-builder-workspace
write-file /Users/admin/builder/spi-builder-workspace/.derivedData/Build/Intermediates.noindex/SwiftExif.build/Debug-watchos/SwiftExif-t.build/SwiftExif.DependencyStaticMetadataFileList
WriteAuxiliaryFile /Users/admin/builder/spi-builder-workspace/.derivedData/Build/Intermediates.noindex/SwiftExif.build/Debug-watchos/SwiftExif-t.build/SwiftExif.DependencyMetadataFileList (in target 'SwiftExif' from project 'SwiftExif')
cd /Users/admin/builder/spi-builder-workspace
write-file /Users/admin/builder/spi-builder-workspace/.derivedData/Build/Intermediates.noindex/SwiftExif.build/Debug-watchos/SwiftExif-t.build/SwiftExif.DependencyMetadataFileList
WriteAuxiliaryFile /Users/admin/builder/spi-builder-workspace/.derivedData/Build/Intermediates.noindex/SwiftExif.build/Debug-watchos/SwiftExif-t.build/SwiftExif.modulemap (in target 'SwiftExif' from project 'SwiftExif')
cd /Users/admin/builder/spi-builder-workspace
write-file /Users/admin/builder/spi-builder-workspace/.derivedData/Build/Intermediates.noindex/SwiftExif.build/Debug-watchos/SwiftExif-t.build/SwiftExif.modulemap
WriteAuxiliaryFile /Users/admin/builder/spi-builder-workspace/.derivedData/Build/Intermediates.noindex/SwiftExif.build/Debug-watchos/ExifFormat-t.build/ExifFormat.modulemap (in target 'ExifFormat' from project 'SwiftExif')
cd /Users/admin/builder/spi-builder-workspace
write-file /Users/admin/builder/spi-builder-workspace/.derivedData/Build/Intermediates.noindex/SwiftExif.build/Debug-watchos/ExifFormat-t.build/ExifFormat.modulemap
WriteAuxiliaryFile /Users/admin/builder/spi-builder-workspace/.derivedData/Build/Intermediates.noindex/SwiftExif.build/Debug-watchos/ExifFormat-t.build/Objects-normal/arm64_32/ExifFormat.LinkFileList (in target 'ExifFormat' from project 'SwiftExif')
cd /Users/admin/builder/spi-builder-workspace
write-file /Users/admin/builder/spi-builder-workspace/.derivedData/Build/Intermediates.noindex/SwiftExif.build/Debug-watchos/ExifFormat-t.build/Objects-normal/arm64_32/ExifFormat.LinkFileList
WriteAuxiliaryFile /Users/admin/builder/spi-builder-workspace/.derivedData/Build/Intermediates.noindex/SwiftExif.build/Debug-watchos/ExifFormat-t.build/Objects-normal/arm64/ExifFormat.LinkFileList (in target 'ExifFormat' from project 'SwiftExif')
cd /Users/admin/builder/spi-builder-workspace
write-file /Users/admin/builder/spi-builder-workspace/.derivedData/Build/Intermediates.noindex/SwiftExif.build/Debug-watchos/ExifFormat-t.build/Objects-normal/arm64/ExifFormat.LinkFileList
WriteAuxiliaryFile /Users/admin/builder/spi-builder-workspace/.derivedData/Build/Intermediates.noindex/SwiftExif.build/Debug-watchos/ExifFormat-t.build/Objects-normal/arm64_32/7187679823f38a2a940e0043cdf9d637-common-args.resp (in target 'ExifFormat' from project 'SwiftExif')
cd /Users/admin/builder/spi-builder-workspace
write-file /Users/admin/builder/spi-builder-workspace/.derivedData/Build/Intermediates.noindex/SwiftExif.build/Debug-watchos/ExifFormat-t.build/Objects-normal/arm64_32/7187679823f38a2a940e0043cdf9d637-common-args.resp
'-std=c11' -fmodules -gmodules '-fmodules-cache-path=/Users/admin/builder/spi-builder-workspace/.derivedData/ModuleCache.noindex' '-fmodule-name=ExifFormat' -fpascal-strings -O0 -DSWIFT_PACKAGE '-DDEBUG=1' -g -fprofile-instr-generate -fcoverage-mapping -I/Users/admin/builder/spi-builder-workspace/.derivedData/Build/Products/Debug-watchos/include -I/Users/admin/builder/spi-builder-workspace/Sources/ExifFormat/include -I/Users/admin/builder/spi-builder-workspace/.derivedData/Build/Intermediates.noindex/SwiftExif.build/Debug-watchos/ExifFormat-t.build/DerivedSources-normal/arm64_32 -I/Users/admin/builder/spi-builder-workspace/.derivedData/Build/Intermediates.noindex/SwiftExif.build/Debug-watchos/ExifFormat-t.build/DerivedSources/arm64_32 -I/Users/admin/builder/spi-builder-workspace/.derivedData/Build/Intermediates.noindex/SwiftExif.build/Debug-watchos/ExifFormat-t.build/DerivedSources -F/Users/admin/builder/spi-builder-workspace/.derivedData/Build/Products/Debug-watchos -iframework /Applications/Xcode-27.0.0-Release.Candidate.app/Contents/Developer/Platforms/WatchOS.platform/Developer/Library/Frameworks -iframework /Applications/Xcode-27.0.0-Release.Candidate.app/Contents/Developer/Platforms/WatchOS.platform/Developer/SDKs/WatchOS27.0.sdk/Developer/Library/Frameworks '-fmodule-map-file=/Users/admin/builder/spi-builder-workspace/Sources/iptc/module.modulemap' '-fmodule-map-file=/Users/admin/builder/spi-builder-workspace/Sources/exif/module.modulemap' -DXcode
WriteAuxiliaryFile /Users/admin/builder/spi-builder-workspace/.derivedData/Build/Intermediates.noindex/SwiftExif.build/Debug-watchos/ExifFormat-t.build/Objects-normal/arm64/7187679823f38a2a940e0043cdf9d637-common-args.resp (in target 'ExifFormat' from project 'SwiftExif')
cd /Users/admin/builder/spi-builder-workspace
write-file /Users/admin/builder/spi-builder-workspace/.derivedData/Build/Intermediates.noindex/SwiftExif.build/Debug-watchos/ExifFormat-t.build/Objects-normal/arm64/7187679823f38a2a940e0043cdf9d637-common-args.resp
'-std=c11' -fmodules -gmodules '-fmodules-cache-path=/Users/admin/builder/spi-builder-workspace/.derivedData/ModuleCache.noindex' '-fmodule-name=ExifFormat' -fpascal-strings -O0 -DSWIFT_PACKAGE '-DDEBUG=1' -g -fprofile-instr-generate -fcoverage-mapping -I/Users/admin/builder/spi-builder-workspace/.derivedData/Build/Products/Debug-watchos/include -I/Users/admin/builder/spi-builder-workspace/Sources/ExifFormat/include -I/Users/admin/builder/spi-builder-workspace/.derivedData/Build/Intermediates.noindex/SwiftExif.build/Debug-watchos/ExifFormat-t.build/DerivedSources-normal/arm64 -I/Users/admin/builder/spi-builder-workspace/.derivedData/Build/Intermediates.noindex/SwiftExif.build/Debug-watchos/ExifFormat-t.build/DerivedSources/arm64 -I/Users/admin/builder/spi-builder-workspace/.derivedData/Build/Intermediates.noindex/SwiftExif.build/Debug-watchos/ExifFormat-t.build/DerivedSources -F/Users/admin/builder/spi-builder-workspace/.derivedData/Build/Products/Debug-watchos -iframework /Applications/Xcode-27.0.0-Release.Candidate.app/Contents/Developer/Platforms/WatchOS.platform/Developer/Library/Frameworks -iframework /Applications/Xcode-27.0.0-Release.Candidate.app/Contents/Developer/Platforms/WatchOS.platform/Developer/SDKs/WatchOS27.0.sdk/Developer/Library/Frameworks '-fmodule-map-file=/Users/admin/builder/spi-builder-workspace/Sources/iptc/module.modulemap' '-fmodule-map-file=/Users/admin/builder/spi-builder-workspace/Sources/exif/module.modulemap' -DXcode
WriteAuxiliaryFile /Users/admin/builder/spi-builder-workspace/.derivedData/Build/Intermediates.noindex/SwiftExif.build/Debug-watchos/SwiftExif-t.build/Objects-normal/arm64_32/SwiftExif_const_extract_protocols.json (in target 'SwiftExif' from project 'SwiftExif')
cd /Users/admin/builder/spi-builder-workspace
write-file /Users/admin/builder/spi-builder-workspace/.derivedData/Build/Intermediates.noindex/SwiftExif.build/Debug-watchos/SwiftExif-t.build/Objects-normal/arm64_32/SwiftExif_const_extract_protocols.json
WriteAuxiliaryFile /Users/admin/builder/spi-builder-workspace/.derivedData/Build/Intermediates.noindex/SwiftExif.build/Debug-watchos/SwiftExif-t.build/Objects-normal/arm64_32/SwiftExif.SwiftFileList (in target 'SwiftExif' from project 'SwiftExif')
cd /Users/admin/builder/spi-builder-workspace
write-file /Users/admin/builder/spi-builder-workspace/.derivedData/Build/Intermediates.noindex/SwiftExif.build/Debug-watchos/SwiftExif-t.build/Objects-normal/arm64_32/SwiftExif.SwiftFileList
WriteAuxiliaryFile /Users/admin/builder/spi-builder-workspace/.derivedData/Build/Intermediates.noindex/SwiftExif.build/Debug-watchos/SwiftExif-t.build/Objects-normal/arm64_32/SwiftExif.SwiftConstValuesFileList (in target 'SwiftExif' from project 'SwiftExif')
cd /Users/admin/builder/spi-builder-workspace
write-file /Users/admin/builder/spi-builder-workspace/.derivedData/Build/Intermediates.noindex/SwiftExif.build/Debug-watchos/SwiftExif-t.build/Objects-normal/arm64_32/SwiftExif.SwiftConstValuesFileList
WriteAuxiliaryFile /Users/admin/builder/spi-builder-workspace/.derivedData/Build/Intermediates.noindex/SwiftExif.build/Debug-watchos/SwiftExif-t.build/Objects-normal/arm64_32/SwiftExif.LinkFileList (in target 'SwiftExif' from project 'SwiftExif')
cd /Users/admin/builder/spi-builder-workspace
write-file /Users/admin/builder/spi-builder-workspace/.derivedData/Build/Intermediates.noindex/SwiftExif.build/Debug-watchos/SwiftExif-t.build/Objects-normal/arm64_32/SwiftExif.LinkFileList
WriteAuxiliaryFile /Users/admin/builder/spi-builder-workspace/.derivedData/Build/Intermediates.noindex/SwiftExif.build/Debug-watchos/SwiftExif-t.build/Objects-normal/arm64_32/SwiftExif-OutputFileMap.json (in target 'SwiftExif' from project 'SwiftExif')
cd /Users/admin/builder/spi-builder-workspace
write-file /Users/admin/builder/spi-builder-workspace/.derivedData/Build/Intermediates.noindex/SwiftExif.build/Debug-watchos/SwiftExif-t.build/Objects-normal/arm64_32/SwiftExif-OutputFileMap.json
WriteAuxiliaryFile /Users/admin/builder/spi-builder-workspace/.derivedData/Build/Intermediates.noindex/SwiftExif.build/Debug-watchos/SwiftExif-t.build/Objects-normal/arm64/SwiftExif_const_extract_protocols.json (in target 'SwiftExif' from project 'SwiftExif')
cd /Users/admin/builder/spi-builder-workspace
write-file /Users/admin/builder/spi-builder-workspace/.derivedData/Build/Intermediates.noindex/SwiftExif.build/Debug-watchos/SwiftExif-t.build/Objects-normal/arm64/SwiftExif_const_extract_protocols.json
WriteAuxiliaryFile /Users/admin/builder/spi-builder-workspace/.derivedData/Build/Intermediates.noindex/SwiftExif.build/Debug-watchos/SwiftExif-t.build/Objects-normal/arm64/SwiftExif.SwiftFileList (in target 'SwiftExif' from project 'SwiftExif')
cd /Users/admin/builder/spi-builder-workspace
write-file /Users/admin/builder/spi-builder-workspace/.derivedData/Build/Intermediates.noindex/SwiftExif.build/Debug-watchos/SwiftExif-t.build/Objects-normal/arm64/SwiftExif.SwiftFileList
WriteAuxiliaryFile /Users/admin/builder/spi-builder-workspace/.derivedData/Build/Intermediates.noindex/SwiftExif.build/Debug-watchos/SwiftExif-t.build/Objects-normal/arm64/SwiftExif.SwiftConstValuesFileList (in target 'SwiftExif' from project 'SwiftExif')
cd /Users/admin/builder/spi-builder-workspace
write-file /Users/admin/builder/spi-builder-workspace/.derivedData/Build/Intermediates.noindex/SwiftExif.build/Debug-watchos/SwiftExif-t.build/Objects-normal/arm64/SwiftExif.SwiftConstValuesFileList
WriteAuxiliaryFile /Users/admin/builder/spi-builder-workspace/.derivedData/Build/Intermediates.noindex/SwiftExif.build/Debug-watchos/SwiftExif-t.build/Objects-normal/arm64/SwiftExif.LinkFileList (in target 'SwiftExif' from project 'SwiftExif')
cd /Users/admin/builder/spi-builder-workspace
write-file /Users/admin/builder/spi-builder-workspace/.derivedData/Build/Intermediates.noindex/SwiftExif.build/Debug-watchos/SwiftExif-t.build/Objects-normal/arm64/SwiftExif.LinkFileList
WriteAuxiliaryFile /Users/admin/builder/spi-builder-workspace/.derivedData/Build/Intermediates.noindex/SwiftExif.build/Debug-watchos/SwiftExif-t.build/Objects-normal/arm64/SwiftExif-OutputFileMap.json (in target 'SwiftExif' from project 'SwiftExif')
cd /Users/admin/builder/spi-builder-workspace
write-file /Users/admin/builder/spi-builder-workspace/.derivedData/Build/Intermediates.noindex/SwiftExif.build/Debug-watchos/SwiftExif-t.build/Objects-normal/arm64/SwiftExif-OutputFileMap.json
WriteAuxiliaryFile /Users/admin/builder/spi-builder-workspace/.derivedData/Build/Intermediates.noindex/SwiftExif.build/Debug-watchos/ExifFormat-t.build/ExifFormat.DependencyStaticMetadataFileList (in target 'ExifFormat' from project 'SwiftExif')
cd /Users/admin/builder/spi-builder-workspace
write-file /Users/admin/builder/spi-builder-workspace/.derivedData/Build/Intermediates.noindex/SwiftExif.build/Debug-watchos/ExifFormat-t.build/ExifFormat.DependencyStaticMetadataFileList
Copy /Users/admin/builder/spi-builder-workspace/.derivedData/Build/Intermediates.noindex/GeneratedModuleMaps-watchos/SwiftExif.modulemap /Users/admin/builder/spi-builder-workspace/.derivedData/Build/Intermediates.noindex/SwiftExif.build/Debug-watchos/SwiftExif-t.build/SwiftExif.modulemap (in target 'SwiftExif' from project 'SwiftExif')
cd /Users/admin/builder/spi-builder-workspace
builtin-copy -exclude .DS_Store -exclude CVS -exclude .svn -exclude .git -exclude .hg -resolve-src-symlinks /Users/admin/builder/spi-builder-workspace/.derivedData/Build/Intermediates.noindex/SwiftExif.build/Debug-watchos/SwiftExif-t.build/SwiftExif.modulemap /Users/admin/builder/spi-builder-workspace/.derivedData/Build/Intermediates.noindex/GeneratedModuleMaps-watchos
WriteAuxiliaryFile /Users/admin/builder/spi-builder-workspace/.derivedData/Build/Intermediates.noindex/SwiftExif.build/Debug-watchos/ExifFormat-t.build/ExifFormat.DependencyMetadataFileList (in target 'ExifFormat' from project 'SwiftExif')
cd /Users/admin/builder/spi-builder-workspace
write-file /Users/admin/builder/spi-builder-workspace/.derivedData/Build/Intermediates.noindex/SwiftExif.build/Debug-watchos/ExifFormat-t.build/ExifFormat.DependencyMetadataFileList
Copy /Users/admin/builder/spi-builder-workspace/.derivedData/Build/Intermediates.noindex/GeneratedModuleMaps-watchos/ExifFormat.modulemap /Users/admin/builder/spi-builder-workspace/.derivedData/Build/Intermediates.noindex/SwiftExif.build/Debug-watchos/ExifFormat-t.build/ExifFormat.modulemap (in target 'ExifFormat' from project 'SwiftExif')
cd /Users/admin/builder/spi-builder-workspace
builtin-copy -exclude .DS_Store -exclude CVS -exclude .svn -exclude .git -exclude .hg -resolve-src-symlinks /Users/admin/builder/spi-builder-workspace/.derivedData/Build/Intermediates.noindex/SwiftExif.build/Debug-watchos/ExifFormat-t.build/ExifFormat.modulemap /Users/admin/builder/spi-builder-workspace/.derivedData/Build/Intermediates.noindex/GeneratedModuleMaps-watchos
ScanDependencies /Users/admin/builder/spi-builder-workspace/.derivedData/Build/Intermediates.noindex/SwiftExif.build/Debug-watchos/ExifFormat-t.build/Objects-normal/arm64_32/exif_format.o /Users/admin/builder/spi-builder-workspace/Sources/ExifFormat/exif_format.c normal arm64_32 c com.apple.compilers.llvm.clang.1_0.compiler (in target 'ExifFormat' from project 'SwiftExif')
cd /Users/admin/builder/spi-builder-workspace/.swiftpm/xcode
Using response file: /Users/admin/builder/spi-builder-workspace/.derivedData/Build/Intermediates.noindex/SwiftExif.build/Debug-watchos/ExifFormat-t.build/Objects-normal/arm64_32/7187679823f38a2a940e0043cdf9d637-common-args.resp
builtin-ScanDependencies -o /Users/admin/builder/spi-builder-workspace/.derivedData/Build/Intermediates.noindex/SwiftExif.build/Debug-watchos/ExifFormat-t.build/Objects-normal/arm64_32/exif_format.o.scan -- /Applications/Xcode-27.0.0-Release.Candidate.app/Contents/Developer/Toolchains/XcodeDefault.xctoolchain/usr/bin/clang -x c -ivfsstatcache /Users/admin/builder/spi-builder-workspace/.derivedData/SDKStatCaches.noindex/watchos27.0-24R360-e829b21a6f8c9b70876ba0858053c04477534ef55a1706bf4c1112bbb242f0a2.sdkstatcache -target arm64_32-apple-watchos9.0 -fmessage-length\=0 -fdiagnostics-show-note-include-stack -fmacro-backtrace-limit\=0 -fno-color-diagnostics -fmodules-prune-interval\=86400 -fmodules-prune-after\=345600 -fbuild-session-file\=/Users/admin/builder/spi-builder-workspace/.derivedData/ModuleCache.noindex/Session.modulevalidation -fmodules-validate-once-per-build-session -Wnon-modular-include-in-framework-module -Werror\=non-modular-include-in-framework-module -Wno-trigraphs -Wno-missing-field-initializers -Wno-missing-prototypes -Wno-return-type -Wno-missing-braces -Wparentheses -Wswitch -Wno-unused-function -Wno-unused-label -Wno-unused-parameter -Wno-unused-variable -Wunused-value -Wno-empty-body -Wno-uninitialized -Wno-unknown-pragmas -Wno-shadow -Wno-four-char-constants -Wno-conversion -Wno-constant-conversion -Wno-int-conversion -Wno-bool-conversion -Wno-enum-conversion -Wno-float-conversion -Wno-non-literal-null-conversion -Wno-objc-literal-conversion -Wno-shorten-64-to-32 -Wpointer-sign -Wno-newline-eof -Wno-implicit-fallthrough -isysroot /Applications/Xcode-27.0.0-Release.Candidate.app/Contents/Developer/Platforms/WatchOS.platform/Developer/SDKs/WatchOS27.0.sdk -fstrict-aliasing -Wdeprecated-declarations -Wno-sign-conversion -Wno-infinite-recursion -Wno-comma -Wno-block-capture-autoreleasing -Wno-strict-prototypes -Wno-semicolon-before-method-body -index-store-path /Users/admin/builder/spi-builder-workspace/.derivedData/Index.noindex/DataStore @/Users/admin/builder/spi-builder-workspace/.derivedData/Build/Intermediates.noindex/SwiftExif.build/Debug-watchos/ExifFormat-t.build/Objects-normal/arm64_32/7187679823f38a2a940e0043cdf9d637-common-args.resp -MMD -MT dependencies -MF /Users/admin/builder/spi-builder-workspace/.derivedData/Build/Intermediates.noindex/SwiftExif.build/Debug-watchos/ExifFormat-t.build/Objects-normal/arm64_32/exif_format.d --serialize-diagnostics /Users/admin/builder/spi-builder-workspace/.derivedData/Build/Intermediates.noindex/SwiftExif.build/Debug-watchos/ExifFormat-t.build/Objects-normal/arm64_32/exif_format.dia -c /Users/admin/builder/spi-builder-workspace/Sources/ExifFormat/exif_format.c -o /Users/admin/builder/spi-builder-workspace/.derivedData/Build/Intermediates.noindex/SwiftExif.build/Debug-watchos/ExifFormat-t.build/Objects-normal/arm64_32/exif_format.o -index-unit-output-path /SwiftExif.build/Debug-watchos/ExifFormat-t.build/Objects-normal/arm64_32/exif_format.o
/Users/admin/builder/spi-builder-workspace/Sources/ExifFormat/exif_format.c:9:10: error: 'libexif/exif-entry.h' file not found (in target 'ExifFormat' from project 'SwiftExif')
ScanDependencies /Users/admin/builder/spi-builder-workspace/.derivedData/Build/Intermediates.noindex/SwiftExif.build/Debug-watchos/ExifFormat-t.build/Objects-normal/arm64/exif_format.o /Users/admin/builder/spi-builder-workspace/Sources/ExifFormat/exif_format.c normal arm64 c com.apple.compilers.llvm.clang.1_0.compiler (in target 'ExifFormat' from project 'SwiftExif')
cd /Users/admin/builder/spi-builder-workspace/.swiftpm/xcode
Using response file: /Users/admin/builder/spi-builder-workspace/.derivedData/Build/Intermediates.noindex/SwiftExif.build/Debug-watchos/ExifFormat-t.build/Objects-normal/arm64/7187679823f38a2a940e0043cdf9d637-common-args.resp
builtin-ScanDependencies -o /Users/admin/builder/spi-builder-workspace/.derivedData/Build/Intermediates.noindex/SwiftExif.build/Debug-watchos/ExifFormat-t.build/Objects-normal/arm64/exif_format.o.scan -- /Applications/Xcode-27.0.0-Release.Candidate.app/Contents/Developer/Toolchains/XcodeDefault.xctoolchain/usr/bin/clang -x c -ivfsstatcache /Users/admin/builder/spi-builder-workspace/.derivedData/SDKStatCaches.noindex/watchos27.0-24R360-e829b21a6f8c9b70876ba0858053c04477534ef55a1706bf4c1112bbb242f0a2.sdkstatcache -target arm64-apple-watchos9.0 -fmessage-length\=0 -fdiagnostics-show-note-include-stack -fmacro-backtrace-limit\=0 -fno-color-diagnostics -fmodules-prune-interval\=86400 -fmodules-prune-after\=345600 -fbuild-session-file\=/Users/admin/builder/spi-builder-workspace/.derivedData/ModuleCache.noindex/Session.modulevalidation -fmodules-validate-once-per-build-session -Wnon-modular-include-in-framework-module -Werror\=non-modular-include-in-framework-module -Wno-trigraphs -Wno-missing-field-initializers -Wno-missing-prototypes -Wno-return-type -Wno-missing-braces -Wparentheses -Wswitch -Wno-unused-function -Wno-unused-label -Wno-unused-parameter -Wno-unused-variable -Wunused-value -Wno-empty-body -Wno-uninitialized -Wno-unknown-pragmas -Wno-shadow -Wno-four-char-constants -Wno-conversion -Wno-constant-conversion -Wno-int-conversion -Wno-bool-conversion -Wno-enum-conversion -Wno-float-conversion -Wno-non-literal-null-conversion -Wno-objc-literal-conversion -Wshorten-64-to-32 -Wpointer-sign -Wno-newline-eof -Wno-implicit-fallthrough -isysroot /Applications/Xcode-27.0.0-Release.Candidate.app/Contents/Developer/Platforms/WatchOS.platform/Developer/SDKs/WatchOS27.0.sdk -fstrict-aliasing -Wdeprecated-declarations -Wno-sign-conversion -Wno-infinite-recursion -Wno-comma -Wno-block-capture-autoreleasing -Wno-strict-prototypes -Wno-semicolon-before-method-body -index-store-path /Users/admin/builder/spi-builder-workspace/.derivedData/Index.noindex/DataStore @/Users/admin/builder/spi-builder-workspace/.derivedData/Build/Intermediates.noindex/SwiftExif.build/Debug-watchos/ExifFormat-t.build/Objects-normal/arm64/7187679823f38a2a940e0043cdf9d637-common-args.resp -MMD -MT dependencies -MF /Users/admin/builder/spi-builder-workspace/.derivedData/Build/Intermediates.noindex/SwiftExif.build/Debug-watchos/ExifFormat-t.build/Objects-normal/arm64/exif_format.d --serialize-diagnostics /Users/admin/builder/spi-builder-workspace/.derivedData/Build/Intermediates.noindex/SwiftExif.build/Debug-watchos/ExifFormat-t.build/Objects-normal/arm64/exif_format.dia -c /Users/admin/builder/spi-builder-workspace/Sources/ExifFormat/exif_format.c -o /Users/admin/builder/spi-builder-workspace/.derivedData/Build/Intermediates.noindex/SwiftExif.build/Debug-watchos/ExifFormat-t.build/Objects-normal/arm64/exif_format.o -index-unit-output-path /SwiftExif.build/Debug-watchos/ExifFormat-t.build/Objects-normal/arm64/exif_format.o
/Users/admin/builder/spi-builder-workspace/Sources/ExifFormat/exif_format.c:9:10: error: 'libexif/exif-entry.h' file not found (in target 'ExifFormat' from project 'SwiftExif')
SwiftDriver SwiftExif normal arm64_32 com.apple.xcode.tools.swift.compiler (in target 'SwiftExif' from project 'SwiftExif')
cd /Users/admin/builder/spi-builder-workspace/.swiftpm/xcode
builtin-SwiftDriver -- /Applications/Xcode-27.0.0-Release.Candidate.app/Contents/Developer/Toolchains/XcodeDefault.xctoolchain/usr/bin/swiftc -parse-as-library -module-name SwiftExif -Onone @/Users/admin/builder/spi-builder-workspace/.derivedData/Build/Intermediates.noindex/SwiftExif.build/Debug-watchos/SwiftExif-t.build/Objects-normal/arm64_32/SwiftExif.SwiftFileList -DSWIFT_PACKAGE -DDEBUG -DSWIFT_MODULE_RESOURCE_BUNDLE_UNAVAILABLE -Xcc -fmodule-map-file\=/Users/admin/builder/spi-builder-workspace/.derivedData/Build/Intermediates.noindex/GeneratedModuleMaps-watchos/ExifFormat.modulemap -Xcc -fmodule-map-file\=/Users/admin/builder/spi-builder-workspace/Sources/iptc/module.modulemap -Xcc -fmodule-map-file\=/Users/admin/builder/spi-builder-workspace/Sources/exif/module.modulemap -DXcode -plugin-path /Applications/Xcode-27.0.0-Release.Candidate.app/Contents/Developer/Toolchains/XcodeDefault.xctoolchain/usr/lib/swift/host/plugins/testing -enable-experimental-feature DebugDescriptionMacro -sdk /Applications/Xcode-27.0.0-Release.Candidate.app/Contents/Developer/Platforms/WatchOS.platform/Developer/SDKs/WatchOS27.0.sdk -target arm64_32-apple-watchos9.0 -g -module-cache-path /Users/admin/builder/spi-builder-workspace/.derivedData/ModuleCache.noindex -Xfrontend -serialize-debugging-options -profile-coverage-mapping -profile-generate -enable-testing -index-store-path /Users/admin/builder/spi-builder-workspace/.derivedData/Index.noindex/DataStore -Xcc -D_LIBCPP_HARDENING_MODE\=_LIBCPP_HARDENING_MODE_DEBUG -swift-version 6 -I /Users/admin/builder/spi-builder-workspace/.derivedData/Build/Products/Debug-watchos -Isystem /Applications/Xcode-27.0.0-Release.Candidate.app/Contents/Developer/Platforms/WatchOS.platform/Developer/usr/lib -F /Users/admin/builder/spi-builder-workspace/.derivedData/Build/Products/Debug-watchos/PackageFrameworks -F /Users/admin/builder/spi-builder-workspace/.derivedData/Build/Products/Debug-watchos -F /Applications/Xcode-27.0.0-Release.Candidate.app/Contents/Developer/Platforms/WatchOS.platform/Developer/Library/Frameworks -F /Applications/Xcode-27.0.0-Release.Candidate.app/Contents/Developer/Platforms/WatchOS.platform/Developer/SDKs/WatchOS27.0.sdk/Developer/Library/Frameworks -c -j10 -enable-batch-mode -incremental -Xcc -ivfsstatcache -Xcc /Users/admin/builder/spi-builder-workspace/.derivedData/SDKStatCaches.noindex/watchos27.0-24R360-e829b21a6f8c9b70876ba0858053c04477534ef55a1706bf4c1112bbb242f0a2.sdkstatcache -output-file-map /Users/admin/builder/spi-builder-workspace/.derivedData/Build/Intermediates.noindex/SwiftExif.build/Debug-watchos/SwiftExif-t.build/Objects-normal/arm64_32/SwiftExif-OutputFileMap.json -save-temps -no-color-diagnostics -explicit-module-build -module-cache-path /Users/admin/builder/spi-builder-workspace/.derivedData/Build/Intermediates.noindex/SwiftExplicitPrecompiledModules -clang-scanner-module-cache-path /Users/admin/builder/spi-builder-workspace/.derivedData/ModuleCache.noindex -sdk-module-cache-path /Users/admin/builder/spi-builder-workspace/.derivedData/SDKExplicitPrecompiledModules -emit-dependencies -emit-module -emit-module-path /Users/admin/builder/spi-builder-workspace/.derivedData/Build/Intermediates.noindex/SwiftExif.build/Debug-watchos/SwiftExif-t.build/Objects-normal/arm64_32/SwiftExif.swiftmodule -serialize-diagnostics -dependency-scan-serialize-diagnostics-path /Users/admin/builder/spi-builder-workspace/.derivedData/Build/Intermediates.noindex/SwiftExif.build/Debug-watchos/SwiftExif-t.build/Objects-normal/arm64_32/SwiftExif-dependency-scan.dia -validate-clang-modules-once -clang-build-session-file /Users/admin/builder/spi-builder-workspace/.derivedData/ModuleCache.noindex/Session.modulevalidation -Xcc -fmodules-prune-interval\=86400 -Xcc -fmodules-prune-after\=345600 -package-name spi_builder_workspace -emit-const-values -const-gather-protocols-list /Users/admin/builder/spi-builder-workspace/.derivedData/Build/Intermediates.noindex/SwiftExif.build/Debug-watchos/SwiftExif-t.build/Objects-normal/arm64_32/SwiftExif_const_extract_protocols.json -Xcc -I/Users/admin/builder/spi-builder-workspace/Sources/ExifFormat/include -Xcc -I/Users/admin/builder/spi-builder-workspace/.derivedData/Build/Products/Debug-watchos/include -Xcc -I/Users/admin/builder/spi-builder-workspace/.derivedData/Build/Intermediates.noindex/SwiftExif.build/Debug-watchos/SwiftExif-t.build/DerivedSources-normal/arm64_32 -Xcc -I/Users/admin/builder/spi-builder-workspace/.derivedData/Build/Intermediates.noindex/SwiftExif.build/Debug-watchos/SwiftExif-t.build/DerivedSources/arm64_32 -Xcc -I/Users/admin/builder/spi-builder-workspace/.derivedData/Build/Intermediates.noindex/SwiftExif.build/Debug-watchos/SwiftExif-t.build/DerivedSources -Xcc -DSWIFT_PACKAGE -Xcc -DDEBUG\=1 -emit-objc-header -emit-objc-header-path /Users/admin/builder/spi-builder-workspace/.derivedData/Build/Intermediates.noindex/SwiftExif.build/Debug-watchos/SwiftExif-t.build/Objects-normal/arm64_32/SwiftExif-Swift.h -working-directory /Users/admin/builder/spi-builder-workspace/.swiftpm/xcode -experimental-emit-module-separately -disable-cmo
error: Clang dependency scanning failure: While building module 'exif' imported from module-include.input:1:
In file included from <module-includes>:1:
/Users/admin/builder/spi-builder-workspace/Sources/exif/swiftexif_exif.h:1:10: fatal error: 'libexif/exif-loader.h' file not found
module-include.input:1:2: fatal error: could not build module 'exif'
(in target 'SwiftExif' from project 'SwiftExif')
error: Clang dependency scanning failure: While building module 'iptc' imported from module-include.input:1:
In file included from <module-includes>:1:
/Users/admin/builder/spi-builder-workspace/Sources/iptc/swiftexif_iptc.h:1:10: fatal error: 'libiptcdata/iptc-data.h' file not found
module-include.input:1:3: fatal error: could not build module 'iptc'
(in target 'SwiftExif' from project 'SwiftExif')
error: Clang dependency scanning failure: While building module 'ExifFormat' imported from module-include.input:1:
In file included from <module-includes>:1:
/Users/admin/builder/spi-builder-workspace/Sources/ExifFormat/include/exif_format.h:11:10: fatal error: 'libexif/exif-entry.h' file not found
module-include.input:1:4: fatal error: could not build module 'ExifFormat'
(in target 'SwiftExif' from project 'SwiftExif')
/Users/admin/builder/spi-builder-workspace/Sources/SwiftExif/Exif.swift:8:8: error: Unable to resolve module dependency: 'ExifFormat' (in target 'SwiftExif' from project 'SwiftExif')
note: A dependency of main module 'SwiftExif'
/Users/admin/builder/spi-builder-workspace/Sources/SwiftExif/Exif.swift:10:8: error: Unable to resolve module dependency: 'exif' (in target 'SwiftExif' from project 'SwiftExif')
note: A dependency of main module 'SwiftExif'
/Users/admin/builder/spi-builder-workspace/Sources/SwiftExif/Image.swift:2:8: note: Also imported here
/Users/admin/builder/spi-builder-workspace/Sources/SwiftExif/Image.swift:3:8: error: Unable to resolve module dependency: 'iptc' (in target 'SwiftExif' from project 'SwiftExif')
note: A dependency of main module 'SwiftExif'
/Users/admin/builder/spi-builder-workspace/Sources/SwiftExif/Iptc.swift:2:8: note: Also imported here
error: Clang dependency scanning failure: While building module 'exif' imported from module-include.input:1:
In file included from <module-includes>:1:
/Users/admin/builder/spi-builder-workspace/Sources/exif/swiftexif_exif.h:1:10: fatal error: 'libexif/exif-loader.h' file not found
module-include.input:1:2: fatal error: could not build module 'exif'
(in target 'SwiftExif' from project 'SwiftExif')
error: Clang dependency scanning failure: While building module 'iptc' imported from module-include.input:1:
In file included from <module-includes>:1:
/Users/admin/builder/spi-builder-workspace/Sources/iptc/swiftexif_iptc.h:1:10: fatal error: 'libiptcdata/iptc-data.h' file not found
module-include.input:1:3: fatal error: could not build module 'iptc'
(in target 'SwiftExif' from project 'SwiftExif')
error: Clang dependency scanning failure: While building module 'ExifFormat' imported from module-include.input:1:
In file included from <module-includes>:1:
/Users/admin/builder/spi-builder-workspace/Sources/ExifFormat/include/exif_format.h:11:10: fatal error: 'libexif/exif-entry.h' file not found
module-include.input:1:4: fatal error: could not build module 'ExifFormat'
(in target 'SwiftExif' from project 'SwiftExif')
/Users/admin/builder/spi-builder-workspace/Sources/SwiftExif/Exif.swift:8:8: note: A dependency of main module 'SwiftExif'
import ExifFormat
^ (in target 'SwiftExif' from project 'SwiftExif')
/Users/admin/builder/spi-builder-workspace/Sources/SwiftExif/Exif.swift:10:8: note: A dependency of main module 'SwiftExif'
import exif
^ (in target 'SwiftExif' from project 'SwiftExif')
/Users/admin/builder/spi-builder-workspace/Sources/SwiftExif/Image.swift:2:8: note: Also imported here
import exif
^ (in target 'SwiftExif' from project 'SwiftExif')
/Users/admin/builder/spi-builder-workspace/Sources/SwiftExif/Image.swift:3:8: note: A dependency of main module 'SwiftExif'
import iptc
^ (in target 'SwiftExif' from project 'SwiftExif')
/Users/admin/builder/spi-builder-workspace/Sources/SwiftExif/Iptc.swift:2:8: note: Also imported here
import iptc
^ (in target 'SwiftExif' from project 'SwiftExif')
SwiftDriver SwiftExif normal arm64 com.apple.xcode.tools.swift.compiler (in target 'SwiftExif' from project 'SwiftExif')
cd /Users/admin/builder/spi-builder-workspace/.swiftpm/xcode
builtin-SwiftDriver -- /Applications/Xcode-27.0.0-Release.Candidate.app/Contents/Developer/Toolchains/XcodeDefault.xctoolchain/usr/bin/swiftc -parse-as-library -module-name SwiftExif -Onone @/Users/admin/builder/spi-builder-workspace/.derivedData/Build/Intermediates.noindex/SwiftExif.build/Debug-watchos/SwiftExif-t.build/Objects-normal/arm64/SwiftExif.SwiftFileList -DSWIFT_PACKAGE -DDEBUG -DSWIFT_MODULE_RESOURCE_BUNDLE_UNAVAILABLE -Xcc -fmodule-map-file\=/Users/admin/builder/spi-builder-workspace/.derivedData/Build/Intermediates.noindex/GeneratedModuleMaps-watchos/ExifFormat.modulemap -Xcc -fmodule-map-file\=/Users/admin/builder/spi-builder-workspace/Sources/iptc/module.modulemap -Xcc -fmodule-map-file\=/Users/admin/builder/spi-builder-workspace/Sources/exif/module.modulemap -DXcode -plugin-path /Applications/Xcode-27.0.0-Release.Candidate.app/Contents/Developer/Toolchains/XcodeDefault.xctoolchain/usr/lib/swift/host/plugins/testing -enable-experimental-feature DebugDescriptionMacro -sdk /Applications/Xcode-27.0.0-Release.Candidate.app/Contents/Developer/Platforms/WatchOS.platform/Developer/SDKs/WatchOS27.0.sdk -target arm64-apple-watchos9.0 -g -module-cache-path /Users/admin/builder/spi-builder-workspace/.derivedData/ModuleCache.noindex -Xfrontend -serialize-debugging-options -profile-coverage-mapping -profile-generate -enable-testing -index-store-path /Users/admin/builder/spi-builder-workspace/.derivedData/Index.noindex/DataStore -Xcc -D_LIBCPP_HARDENING_MODE\=_LIBCPP_HARDENING_MODE_DEBUG -swift-version 6 -I /Users/admin/builder/spi-builder-workspace/.derivedData/Build/Products/Debug-watchos -Isystem /Applications/Xcode-27.0.0-Release.Candidate.app/Contents/Developer/Platforms/WatchOS.platform/Developer/usr/lib -F /Users/admin/builder/spi-builder-workspace/.derivedData/Build/Products/Debug-watchos/PackageFrameworks -F /Users/admin/builder/spi-builder-workspace/.derivedData/Build/Products/Debug-watchos -F /Applications/Xcode-27.0.0-Release.Candidate.app/Contents/Developer/Platforms/WatchOS.platform/Developer/Library/Frameworks -F /Applications/Xcode-27.0.0-Release.Candidate.app/Contents/Developer/Platforms/WatchOS.platform/Developer/SDKs/WatchOS27.0.sdk/Developer/Library/Frameworks -c -j10 -enable-batch-mode -incremental -Xcc -ivfsstatcache -Xcc /Users/admin/builder/spi-builder-workspace/.derivedData/SDKStatCaches.noindex/watchos27.0-24R360-e829b21a6f8c9b70876ba0858053c04477534ef55a1706bf4c1112bbb242f0a2.sdkstatcache -output-file-map /Users/admin/builder/spi-builder-workspace/.derivedData/Build/Intermediates.noindex/SwiftExif.build/Debug-watchos/SwiftExif-t.build/Objects-normal/arm64/SwiftExif-OutputFileMap.json -save-temps -no-color-diagnostics -explicit-module-build -module-cache-path /Users/admin/builder/spi-builder-workspace/.derivedData/Build/Intermediates.noindex/SwiftExplicitPrecompiledModules -clang-scanner-module-cache-path /Users/admin/builder/spi-builder-workspace/.derivedData/ModuleCache.noindex -sdk-module-cache-path /Users/admin/builder/spi-builder-workspace/.derivedData/SDKExplicitPrecompiledModules -emit-dependencies -emit-module -emit-module-path /Users/admin/builder/spi-builder-workspace/.derivedData/Build/Intermediates.noindex/SwiftExif.build/Debug-watchos/SwiftExif-t.build/Objects-normal/arm64/SwiftExif.swiftmodule -serialize-diagnostics -dependency-scan-serialize-diagnostics-path /Users/admin/builder/spi-builder-workspace/.derivedData/Build/Intermediates.noindex/SwiftExif.build/Debug-watchos/SwiftExif-t.build/Objects-normal/arm64/SwiftExif-dependency-scan.dia -validate-clang-modules-once -clang-build-session-file /Users/admin/builder/spi-builder-workspace/.derivedData/ModuleCache.noindex/Session.modulevalidation -Xcc -fmodules-prune-interval\=86400 -Xcc -fmodules-prune-after\=345600 -package-name spi_builder_workspace -emit-const-values -const-gather-protocols-list /Users/admin/builder/spi-builder-workspace/.derivedData/Build/Intermediates.noindex/SwiftExif.build/Debug-watchos/SwiftExif-t.build/Objects-normal/arm64/SwiftExif_const_extract_protocols.json -Xcc -I/Users/admin/builder/spi-builder-workspace/Sources/ExifFormat/include -Xcc -I/Users/admin/builder/spi-builder-workspace/.derivedData/Build/Products/Debug-watchos/include -Xcc -I/Users/admin/builder/spi-builder-workspace/.derivedData/Build/Intermediates.noindex/SwiftExif.build/Debug-watchos/SwiftExif-t.build/DerivedSources-normal/arm64 -Xcc -I/Users/admin/builder/spi-builder-workspace/.derivedData/Build/Intermediates.noindex/SwiftExif.build/Debug-watchos/SwiftExif-t.build/DerivedSources/arm64 -Xcc -I/Users/admin/builder/spi-builder-workspace/.derivedData/Build/Intermediates.noindex/SwiftExif.build/Debug-watchos/SwiftExif-t.build/DerivedSources -Xcc -DSWIFT_PACKAGE -Xcc -DDEBUG\=1 -emit-objc-header -emit-objc-header-path /Users/admin/builder/spi-builder-workspace/.derivedData/Build/Intermediates.noindex/SwiftExif.build/Debug-watchos/SwiftExif-t.build/Objects-normal/arm64/SwiftExif-Swift.h -working-directory /Users/admin/builder/spi-builder-workspace/.swiftpm/xcode -experimental-emit-module-separately -disable-cmo
error: Clang dependency scanning failure: While building module 'exif' imported from module-include.input:1:
In file included from <module-includes>:1:
/Users/admin/builder/spi-builder-workspace/Sources/exif/swiftexif_exif.h:1:10: fatal error: 'libexif/exif-loader.h' file not found
module-include.input:1:2: fatal error: could not build module 'exif'
(in target 'SwiftExif' from project 'SwiftExif')
error: Clang dependency scanning failure: While building module 'iptc' imported from module-include.input:1:
In file included from <module-includes>:1:
/Users/admin/builder/spi-builder-workspace/Sources/iptc/swiftexif_iptc.h:1:10: fatal error: 'libiptcdata/iptc-data.h' file not found
module-include.input:1:3: fatal error: could not build module 'iptc'
(in target 'SwiftExif' from project 'SwiftExif')
error: Clang dependency scanning failure: While building module 'ExifFormat' imported from module-include.input:1:
In file included from <module-includes>:1:
/Users/admin/builder/spi-builder-workspace/Sources/ExifFormat/include/exif_format.h:11:10: fatal error: 'libexif/exif-entry.h' file not found
module-include.input:1:4: fatal error: could not build module 'ExifFormat'
(in target 'SwiftExif' from project 'SwiftExif')
/Users/admin/builder/spi-builder-workspace/Sources/SwiftExif/Exif.swift:8:8: error: Unable to resolve module dependency: 'ExifFormat' (in target 'SwiftExif' from project 'SwiftExif')
note: A dependency of main module 'SwiftExif'
/Users/admin/builder/spi-builder-workspace/Sources/SwiftExif/Exif.swift:10:8: error: Unable to resolve module dependency: 'exif' (in target 'SwiftExif' from project 'SwiftExif')
note: A dependency of main module 'SwiftExif'
/Users/admin/builder/spi-builder-workspace/Sources/SwiftExif/Image.swift:2:8: note: Also imported here
/Users/admin/builder/spi-builder-workspace/Sources/SwiftExif/Image.swift:3:8: error: Unable to resolve module dependency: 'iptc' (in target 'SwiftExif' from project 'SwiftExif')
note: A dependency of main module 'SwiftExif'
/Users/admin/builder/spi-builder-workspace/Sources/SwiftExif/Iptc.swift:2:8: note: Also imported here
error: Clang dependency scanning failure: While building module 'exif' imported from module-include.input:1:
In file included from <module-includes>:1:
/Users/admin/builder/spi-builder-workspace/Sources/exif/swiftexif_exif.h:1:10: fatal error: 'libexif/exif-loader.h' file not found
module-include.input:1:2: fatal error: could not build module 'exif'
(in target 'SwiftExif' from project 'SwiftExif')
error: Clang dependency scanning failure: While building module 'iptc' imported from module-include.input:1:
In file included from <module-includes>:1:
/Users/admin/builder/spi-builder-workspace/Sources/iptc/swiftexif_iptc.h:1:10: fatal error: 'libiptcdata/iptc-data.h' file not found
module-include.input:1:3: fatal error: could not build module 'iptc'
(in target 'SwiftExif' from project 'SwiftExif')
error: Clang dependency scanning failure: While building module 'ExifFormat' imported from module-include.input:1:
In file included from <module-includes>:1:
/Users/admin/builder/spi-builder-workspace/Sources/ExifFormat/include/exif_format.h:11:10: fatal error: 'libexif/exif-entry.h' file not found
module-include.input:1:4: fatal error: could not build module 'ExifFormat'
(in target 'SwiftExif' from project 'SwiftExif')
/Users/admin/builder/spi-builder-workspace/Sources/SwiftExif/Exif.swift:8:8: note: A dependency of main module 'SwiftExif'
import ExifFormat
^ (in target 'SwiftExif' from project 'SwiftExif')
/Users/admin/builder/spi-builder-workspace/Sources/SwiftExif/Exif.swift:10:8: note: A dependency of main module 'SwiftExif'
import exif
^ (in target 'SwiftExif' from project 'SwiftExif')
/Users/admin/builder/spi-builder-workspace/Sources/SwiftExif/Image.swift:2:8: note: Also imported here
import exif
^ (in target 'SwiftExif' from project 'SwiftExif')
/Users/admin/builder/spi-builder-workspace/Sources/SwiftExif/Image.swift:3:8: note: A dependency of main module 'SwiftExif'
import iptc
^ (in target 'SwiftExif' from project 'SwiftExif')
/Users/admin/builder/spi-builder-workspace/Sources/SwiftExif/Iptc.swift:2:8: note: Also imported here
import iptc
^ (in target 'SwiftExif' from project 'SwiftExif')
PruneExplicitPrecompiledModules /Users/admin/builder/spi-builder-workspace/.derivedData/Build/Intermediates.noindex/ExplicitPrecompiledModules
PruneExplicitPrecompiledModules /Users/admin/builder/spi-builder-workspace/.derivedData/Build/Intermediates.noindex/SwiftExplicitPrecompiledModules
PruneExplicitPrecompiledModules /Users/admin/builder/spi-builder-workspace/.derivedData/SDKExplicitPrecompiledModules
2026-09-29 19:48:16.049 xcodebuild[641:3905] [MT] IDERunDestination: Supported platforms for the buildables in the current scheme is empty.
** BUILD FAILED **
The following build commands failed:
ScanDependencies /Users/admin/builder/spi-builder-workspace/.derivedData/Build/Intermediates.noindex/SwiftExif.build/Debug-watchos/ExifFormat-t.build/Objects-normal/arm64_32/exif_format.o /Users/admin/builder/spi-builder-workspace/Sources/ExifFormat/exif_format.c normal arm64_32 c com.apple.compilers.llvm.clang.1_0.compiler (in target 'ExifFormat' from project 'SwiftExif')
ScanDependencies /Users/admin/builder/spi-builder-workspace/.derivedData/Build/Intermediates.noindex/SwiftExif.build/Debug-watchos/ExifFormat-t.build/Objects-normal/arm64/exif_format.o /Users/admin/builder/spi-builder-workspace/Sources/ExifFormat/exif_format.c normal arm64 c com.apple.compilers.llvm.clang.1_0.compiler (in target 'ExifFormat' from project 'SwiftExif')
SwiftDriver SwiftExif normal arm64_32 com.apple.xcode.tools.swift.compiler (in target 'SwiftExif' from project 'SwiftExif')
SwiftDriver SwiftExif normal arm64 com.apple.xcode.tools.swift.compiler (in target 'SwiftExif' from project 'SwiftExif')
Building workspace SwiftExif with scheme SwiftExif
(5 failures)
Command line invocation:
/Applications/Xcode-27.0.0-Release.Candidate.app/Contents/Developer/usr/bin/xcodebuild -IDEClonedSourcePackagesDirPathOverride=/Users/admin/builder/spi-builder-workspace/.dependencies -resolvePackageDependencies
Resolve Package Graph
failed to retrieve search paths with pkg-config; maybe pkg-config is not installedyou may be able to install libexif using your system-packager:
brew install libexif
you may be able to install libiptcdata using your system-packager:
brew install libiptcdata
Resolved source packages:
SwiftExif: /Users/admin/builder/spi-builder-workspace
resolved source packages: SwiftExif
2026-09-29 19:48:19.110 xcodebuild[693:4335] [MT] IDERunDestination: Supported platforms for the buildables in the current scheme is empty.
{
"c_language_standard" : "c11",
"dependencies" : [
],
"manifest_display_name" : "SwiftExif",
"name" : "SwiftExif",
"path" : "/Users/admin/builder/spi-builder-workspace",
"platforms" : [
],
"products" : [
{
"name" : "SwiftExif",
"targets" : [
"SwiftExif"
],
"type" : {
"library" : [
"static"
]
}
}
],
"targets" : [
{
"c99name" : "iptc",
"module_type" : "SystemLibraryTarget",
"name" : "iptc",
"path" : "Sources/iptc",
"product_memberships" : [
"SwiftExif"
],
"sources" : [
],
"type" : "system-target"
},
{
"c99name" : "exif",
"module_type" : "SystemLibraryTarget",
"name" : "exif",
"path" : "Sources/exif",
"product_memberships" : [
"SwiftExif"
],
"sources" : [
],
"type" : "system-target"
},
{
"c99name" : "SwiftExifTests",
"module_type" : "SwiftTarget",
"name" : "SwiftExifTests",
"path" : "Tests/SwiftExifTests",
"sources" : [
"SwiftExifTests.swift"
],
"target_dependencies" : [
"SwiftExif"
],
"type" : "test"
},
{
"c99name" : "SwiftExif",
"module_type" : "SwiftTarget",
"name" : "SwiftExif",
"path" : "Sources/SwiftExif",
"product_memberships" : [
"SwiftExif"
],
"sources" : [
"Exif.swift",
"Image.swift",
"Iptc.swift",
"Types.swift",
"Util.swift"
],
"target_dependencies" : [
"exif",
"ExifFormat",
"iptc"
],
"type" : "library"
},
{
"c99name" : "ExifFormat",
"module_type" : "ClangTarget",
"name" : "ExifFormat",
"path" : "Sources/ExifFormat",
"product_memberships" : [
"SwiftExif"
],
"sources" : [
"exif_format.c"
],
"target_dependencies" : [
"exif",
"iptc"
],
"type" : "library"
}
],
"tools_version" : "6.3"
}
{
"workspace" : {
"name" : "SwiftExif",
"schemes" : [
"SwiftExif"
]
}
}
2026-09-29 19:48:20.338 xcodebuild[708:4407] [MT] IDERunDestination: Supported platforms for the buildables in the current scheme is empty.
Running build ...
env DEVELOPER_DIR=/Applications/Xcode-27.0.0-Release.Candidate.app xcrun xcodebuild -IDEClonedSourcePackagesDirPathOverride=$PWD/.dependencies -skipMacroValidation -skipPackagePluginValidation -derivedDataPath $PWD/.derivedData build -scheme SwiftExif -destination generic/platform=watchOS
Command line invocation:
/Applications/Xcode-27.0.0-Release.Candidate.app/Contents/Developer/usr/bin/xcodebuild -IDEClonedSourcePackagesDirPathOverride=/Users/admin/builder/spi-builder-workspace/.dependencies -skipMacroValidation -skipPackagePluginValidation -derivedDataPath /Users/admin/builder/spi-builder-workspace/.derivedData build -scheme SwiftExif -destination generic/platform=watchOS
Resolve Package Graph
failed to retrieve search paths with pkg-config; maybe pkg-config is not installedyou may be able to install libexif using your system-packager:
brew install libexif
you may be able to install libiptcdata using your system-packager:
brew install libiptcdata
Resolved source packages:
SwiftExif: /Users/admin/builder/spi-builder-workspace
ComputePackagePrebuildTargetDependencyGraph
Prepare packages
CreateBuildRequest
SendProjectDescription
CreateBuildOperation
ComputeTargetDependencyGraph
note: Building targets in dependency order
note: Target dependency graph (5 targets)
Target 'SwiftExif-product' in project 'SwiftExif'
➜ Explicit dependency on target 'SwiftExif' in project 'SwiftExif'
➜ Explicit dependency on target 'ExifFormat' in project 'SwiftExif'
Target 'SwiftExif' in project 'SwiftExif'
➜ Explicit dependency on target 'exif' in project 'SwiftExif'
➜ Explicit dependency on target 'iptc' in project 'SwiftExif'
➜ Explicit dependency on target 'ExifFormat' in project 'SwiftExif'
Target 'ExifFormat' in project 'SwiftExif'
➜ Explicit dependency on target 'exif' in project 'SwiftExif'
➜ Explicit dependency on target 'iptc' in project 'SwiftExif'
Target 'iptc' in project 'SwiftExif' (no dependencies)
Target 'exif' in project 'SwiftExif' (no dependencies)
GatherProvisioningInputs
CreateBuildDescription
ClangStatCache /Applications/Xcode-27.0.0-Release.Candidate.app/Contents/Developer/Toolchains/XcodeDefault.xctoolchain/usr/bin/clang-stat-cache /Applications/Xcode-27.0.0-Release.Candidate.app/Contents/Developer/Platforms/WatchOS.platform/Developer/SDKs/WatchOS27.0.sdk /Users/admin/builder/spi-builder-workspace/.derivedData/SDKStatCaches.noindex/watchos27.0-24R360-e829b21a6f8c9b70876ba0858053c04477534ef55a1706bf4c1112bbb242f0a2.sdkstatcache
cd /Users/admin/builder/spi-builder-workspace/.swiftpm/xcode
/Applications/Xcode-27.0.0-Release.Candidate.app/Contents/Developer/Toolchains/XcodeDefault.xctoolchain/usr/bin/clang-stat-cache /Applications/Xcode-27.0.0-Release.Candidate.app/Contents/Developer/Platforms/WatchOS.platform/Developer/SDKs/WatchOS27.0.sdk -o /Users/admin/builder/spi-builder-workspace/.derivedData/SDKStatCaches.noindex/watchos27.0-24R360-e829b21a6f8c9b70876ba0858053c04477534ef55a1706bf4c1112bbb242f0a2.sdkstatcache
ScanDependencies /Users/admin/builder/spi-builder-workspace/.derivedData/Build/Intermediates.noindex/SwiftExif.build/Debug-watchos/ExifFormat-t.build/Objects-normal/arm64/exif_format.o /Users/admin/builder/spi-builder-workspace/Sources/ExifFormat/exif_format.c normal arm64 c com.apple.compilers.llvm.clang.1_0.compiler (in target 'ExifFormat' from project 'SwiftExif')
cd /Users/admin/builder/spi-builder-workspace/.swiftpm/xcode
Using response file: /Users/admin/builder/spi-builder-workspace/.derivedData/Build/Intermediates.noindex/SwiftExif.build/Debug-watchos/ExifFormat-t.build/Objects-normal/arm64/7187679823f38a2a940e0043cdf9d637-common-args.resp
builtin-ScanDependencies -o /Users/admin/builder/spi-builder-workspace/.derivedData/Build/Intermediates.noindex/SwiftExif.build/Debug-watchos/ExifFormat-t.build/Objects-normal/arm64/exif_format.o.scan -- /Applications/Xcode-27.0.0-Release.Candidate.app/Contents/Developer/Toolchains/XcodeDefault.xctoolchain/usr/bin/clang -x c -ivfsstatcache /Users/admin/builder/spi-builder-workspace/.derivedData/SDKStatCaches.noindex/watchos27.0-24R360-e829b21a6f8c9b70876ba0858053c04477534ef55a1706bf4c1112bbb242f0a2.sdkstatcache -target arm64-apple-watchos9.0 -fmessage-length\=0 -fdiagnostics-show-note-include-stack -fmacro-backtrace-limit\=0 -fno-color-diagnostics -fmodules-prune-interval\=86400 -fmodules-prune-after\=345600 -fbuild-session-file\=/Users/admin/builder/spi-builder-workspace/.derivedData/ModuleCache.noindex/Session.modulevalidation -fmodules-validate-once-per-build-session -Wnon-modular-include-in-framework-module -Werror\=non-modular-include-in-framework-module -Wno-trigraphs -Wno-missing-field-initializers -Wno-missing-prototypes -Wno-return-type -Wno-missing-braces -Wparentheses -Wswitch -Wno-unused-function -Wno-unused-label -Wno-unused-parameter -Wno-unused-variable -Wunused-value -Wno-empty-body -Wno-uninitialized -Wno-unknown-pragmas -Wno-shadow -Wno-four-char-constants -Wno-conversion -Wno-constant-conversion -Wno-int-conversion -Wno-bool-conversion -Wno-enum-conversion -Wno-float-conversion -Wno-non-literal-null-conversion -Wno-objc-literal-conversion -Wshorten-64-to-32 -Wpointer-sign -Wno-newline-eof -Wno-implicit-fallthrough -isysroot /Applications/Xcode-27.0.0-Release.Candidate.app/Contents/Developer/Platforms/WatchOS.platform/Developer/SDKs/WatchOS27.0.sdk -fstrict-aliasing -Wdeprecated-declarations -Wno-sign-conversion -Wno-infinite-recursion -Wno-comma -Wno-block-capture-autoreleasing -Wno-strict-prototypes -Wno-semicolon-before-method-body -index-store-path /Users/admin/builder/spi-builder-workspace/.derivedData/Index.noindex/DataStore @/Users/admin/builder/spi-builder-workspace/.derivedData/Build/Intermediates.noindex/SwiftExif.build/Debug-watchos/ExifFormat-t.build/Objects-normal/arm64/7187679823f38a2a940e0043cdf9d637-common-args.resp -MMD -MT dependencies -MF /Users/admin/builder/spi-builder-workspace/.derivedData/Build/Intermediates.noindex/SwiftExif.build/Debug-watchos/ExifFormat-t.build/Objects-normal/arm64/exif_format.d --serialize-diagnostics /Users/admin/builder/spi-builder-workspace/.derivedData/Build/Intermediates.noindex/SwiftExif.build/Debug-watchos/ExifFormat-t.build/Objects-normal/arm64/exif_format.dia -c /Users/admin/builder/spi-builder-workspace/Sources/ExifFormat/exif_format.c -o /Users/admin/builder/spi-builder-workspace/.derivedData/Build/Intermediates.noindex/SwiftExif.build/Debug-watchos/ExifFormat-t.build/Objects-normal/arm64/exif_format.o -index-unit-output-path /SwiftExif.build/Debug-watchos/ExifFormat-t.build/Objects-normal/arm64/exif_format.o
/Users/admin/builder/spi-builder-workspace/Sources/ExifFormat/exif_format.c:9:10: error: 'libexif/exif-entry.h' file not found (in target 'ExifFormat' from project 'SwiftExif')
ScanDependencies /Users/admin/builder/spi-builder-workspace/.derivedData/Build/Intermediates.noindex/SwiftExif.build/Debug-watchos/ExifFormat-t.build/Objects-normal/arm64_32/exif_format.o /Users/admin/builder/spi-builder-workspace/Sources/ExifFormat/exif_format.c normal arm64_32 c com.apple.compilers.llvm.clang.1_0.compiler (in target 'ExifFormat' from project 'SwiftExif')
cd /Users/admin/builder/spi-builder-workspace/.swiftpm/xcode
Using response file: /Users/admin/builder/spi-builder-workspace/.derivedData/Build/Intermediates.noindex/SwiftExif.build/Debug-watchos/ExifFormat-t.build/Objects-normal/arm64_32/7187679823f38a2a940e0043cdf9d637-common-args.resp
builtin-ScanDependencies -o /Users/admin/builder/spi-builder-workspace/.derivedData/Build/Intermediates.noindex/SwiftExif.build/Debug-watchos/ExifFormat-t.build/Objects-normal/arm64_32/exif_format.o.scan -- /Applications/Xcode-27.0.0-Release.Candidate.app/Contents/Developer/Toolchains/XcodeDefault.xctoolchain/usr/bin/clang -x c -ivfsstatcache /Users/admin/builder/spi-builder-workspace/.derivedData/SDKStatCaches.noindex/watchos27.0-24R360-e829b21a6f8c9b70876ba0858053c04477534ef55a1706bf4c1112bbb242f0a2.sdkstatcache -target arm64_32-apple-watchos9.0 -fmessage-length\=0 -fdiagnostics-show-note-include-stack -fmacro-backtrace-limit\=0 -fno-color-diagnostics -fmodules-prune-interval\=86400 -fmodules-prune-after\=345600 -fbuild-session-file\=/Users/admin/builder/spi-builder-workspace/.derivedData/ModuleCache.noindex/Session.modulevalidation -fmodules-validate-once-per-build-session -Wnon-modular-include-in-framework-module -Werror\=non-modular-include-in-framework-module -Wno-trigraphs -Wno-missing-field-initializers -Wno-missing-prototypes -Wno-return-type -Wno-missing-braces -Wparentheses -Wswitch -Wno-unused-function -Wno-unused-label -Wno-unused-parameter -Wno-unused-variable -Wunused-value -Wno-empty-body -Wno-uninitialized -Wno-unknown-pragmas -Wno-shadow -Wno-four-char-constants -Wno-conversion -Wno-constant-conversion -Wno-int-conversion -Wno-bool-conversion -Wno-enum-conversion -Wno-float-conversion -Wno-non-literal-null-conversion -Wno-objc-literal-conversion -Wno-shorten-64-to-32 -Wpointer-sign -Wno-newline-eof -Wno-implicit-fallthrough -isysroot /Applications/Xcode-27.0.0-Release.Candidate.app/Contents/Developer/Platforms/WatchOS.platform/Developer/SDKs/WatchOS27.0.sdk -fstrict-aliasing -Wdeprecated-declarations -Wno-sign-conversion -Wno-infinite-recursion -Wno-comma -Wno-block-capture-autoreleasing -Wno-strict-prototypes -Wno-semicolon-before-method-body -index-store-path /Users/admin/builder/spi-builder-workspace/.derivedData/Index.noindex/DataStore @/Users/admin/builder/spi-builder-workspace/.derivedData/Build/Intermediates.noindex/SwiftExif.build/Debug-watchos/ExifFormat-t.build/Objects-normal/arm64_32/7187679823f38a2a940e0043cdf9d637-common-args.resp -MMD -MT dependencies -MF /Users/admin/builder/spi-builder-workspace/.derivedData/Build/Intermediates.noindex/SwiftExif.build/Debug-watchos/ExifFormat-t.build/Objects-normal/arm64_32/exif_format.d --serialize-diagnostics /Users/admin/builder/spi-builder-workspace/.derivedData/Build/Intermediates.noindex/SwiftExif.build/Debug-watchos/ExifFormat-t.build/Objects-normal/arm64_32/exif_format.dia -c /Users/admin/builder/spi-builder-workspace/Sources/ExifFormat/exif_format.c -o /Users/admin/builder/spi-builder-workspace/.derivedData/Build/Intermediates.noindex/SwiftExif.build/Debug-watchos/ExifFormat-t.build/Objects-normal/arm64_32/exif_format.o -index-unit-output-path /SwiftExif.build/Debug-watchos/ExifFormat-t.build/Objects-normal/arm64_32/exif_format.o
/Users/admin/builder/spi-builder-workspace/Sources/ExifFormat/exif_format.c:9:10: error: 'libexif/exif-entry.h' file not found (in target 'ExifFormat' from project 'SwiftExif')
SwiftDriver SwiftExif normal arm64_32 com.apple.xcode.tools.swift.compiler (in target 'SwiftExif' from project 'SwiftExif')
cd /Users/admin/builder/spi-builder-workspace/.swiftpm/xcode
builtin-SwiftDriver -- /Applications/Xcode-27.0.0-Release.Candidate.app/Contents/Developer/Toolchains/XcodeDefault.xctoolchain/usr/bin/swiftc -parse-as-library -module-name SwiftExif -Onone @/Users/admin/builder/spi-builder-workspace/.derivedData/Build/Intermediates.noindex/SwiftExif.build/Debug-watchos/SwiftExif-t.build/Objects-normal/arm64_32/SwiftExif.SwiftFileList -DSWIFT_PACKAGE -DDEBUG -DSWIFT_MODULE_RESOURCE_BUNDLE_UNAVAILABLE -Xcc -fmodule-map-file\=/Users/admin/builder/spi-builder-workspace/.derivedData/Build/Intermediates.noindex/GeneratedModuleMaps-watchos/ExifFormat.modulemap -Xcc -fmodule-map-file\=/Users/admin/builder/spi-builder-workspace/Sources/iptc/module.modulemap -Xcc -fmodule-map-file\=/Users/admin/builder/spi-builder-workspace/Sources/exif/module.modulemap -DXcode -plugin-path /Applications/Xcode-27.0.0-Release.Candidate.app/Contents/Developer/Toolchains/XcodeDefault.xctoolchain/usr/lib/swift/host/plugins/testing -enable-experimental-feature DebugDescriptionMacro -sdk /Applications/Xcode-27.0.0-Release.Candidate.app/Contents/Developer/Platforms/WatchOS.platform/Developer/SDKs/WatchOS27.0.sdk -target arm64_32-apple-watchos9.0 -g -module-cache-path /Users/admin/builder/spi-builder-workspace/.derivedData/ModuleCache.noindex -Xfrontend -serialize-debugging-options -profile-coverage-mapping -profile-generate -enable-testing -index-store-path /Users/admin/builder/spi-builder-workspace/.derivedData/Index.noindex/DataStore -Xcc -D_LIBCPP_HARDENING_MODE\=_LIBCPP_HARDENING_MODE_DEBUG -swift-version 6 -I /Users/admin/builder/spi-builder-workspace/.derivedData/Build/Products/Debug-watchos -Isystem /Applications/Xcode-27.0.0-Release.Candidate.app/Contents/Developer/Platforms/WatchOS.platform/Developer/usr/lib -F /Users/admin/builder/spi-builder-workspace/.derivedData/Build/Products/Debug-watchos/PackageFrameworks -F /Users/admin/builder/spi-builder-workspace/.derivedData/Build/Products/Debug-watchos -F /Applications/Xcode-27.0.0-Release.Candidate.app/Contents/Developer/Platforms/WatchOS.platform/Developer/Library/Frameworks -F /Applications/Xcode-27.0.0-Release.Candidate.app/Contents/Developer/Platforms/WatchOS.platform/Developer/SDKs/WatchOS27.0.sdk/Developer/Library/Frameworks -c -j10 -enable-batch-mode -incremental -Xcc -ivfsstatcache -Xcc /Users/admin/builder/spi-builder-workspace/.derivedData/SDKStatCaches.noindex/watchos27.0-24R360-e829b21a6f8c9b70876ba0858053c04477534ef55a1706bf4c1112bbb242f0a2.sdkstatcache -output-file-map /Users/admin/builder/spi-builder-workspace/.derivedData/Build/Intermediates.noindex/SwiftExif.build/Debug-watchos/SwiftExif-t.build/Objects-normal/arm64_32/SwiftExif-OutputFileMap.json -save-temps -no-color-diagnostics -explicit-module-build -module-cache-path /Users/admin/builder/spi-builder-workspace/.derivedData/Build/Intermediates.noindex/SwiftExplicitPrecompiledModules -clang-scanner-module-cache-path /Users/admin/builder/spi-builder-workspace/.derivedData/ModuleCache.noindex -sdk-module-cache-path /Users/admin/builder/spi-builder-workspace/.derivedData/SDKExplicitPrecompiledModules -emit-dependencies -emit-module -emit-module-path /Users/admin/builder/spi-builder-workspace/.derivedData/Build/Intermediates.noindex/SwiftExif.build/Debug-watchos/SwiftExif-t.build/Objects-normal/arm64_32/SwiftExif.swiftmodule -serialize-diagnostics -dependency-scan-serialize-diagnostics-path /Users/admin/builder/spi-builder-workspace/.derivedData/Build/Intermediates.noindex/SwiftExif.build/Debug-watchos/SwiftExif-t.build/Objects-normal/arm64_32/SwiftExif-dependency-scan.dia -validate-clang-modules-once -clang-build-session-file /Users/admin/builder/spi-builder-workspace/.derivedData/ModuleCache.noindex/Session.modulevalidation -Xcc -fmodules-prune-interval\=86400 -Xcc -fmodules-prune-after\=345600 -package-name spi_builder_workspace -emit-const-values -const-gather-protocols-list /Users/admin/builder/spi-builder-workspace/.derivedData/Build/Intermediates.noindex/SwiftExif.build/Debug-watchos/SwiftExif-t.build/Objects-normal/arm64_32/SwiftExif_const_extract_protocols.json -Xcc -I/Users/admin/builder/spi-builder-workspace/Sources/ExifFormat/include -Xcc -I/Users/admin/builder/spi-builder-workspace/.derivedData/Build/Products/Debug-watchos/include -Xcc -I/Users/admin/builder/spi-builder-workspace/.derivedData/Build/Intermediates.noindex/SwiftExif.build/Debug-watchos/SwiftExif-t.build/DerivedSources-normal/arm64_32 -Xcc -I/Users/admin/builder/spi-builder-workspace/.derivedData/Build/Intermediates.noindex/SwiftExif.build/Debug-watchos/SwiftExif-t.build/DerivedSources/arm64_32 -Xcc -I/Users/admin/builder/spi-builder-workspace/.derivedData/Build/Intermediates.noindex/SwiftExif.build/Debug-watchos/SwiftExif-t.build/DerivedSources -Xcc -DSWIFT_PACKAGE -Xcc -DDEBUG\=1 -emit-objc-header -emit-objc-header-path /Users/admin/builder/spi-builder-workspace/.derivedData/Build/Intermediates.noindex/SwiftExif.build/Debug-watchos/SwiftExif-t.build/Objects-normal/arm64_32/SwiftExif-Swift.h -working-directory /Users/admin/builder/spi-builder-workspace/.swiftpm/xcode -experimental-emit-module-separately -disable-cmo
error: Clang dependency scanning failure: While building module 'iptc' imported from module-include.input:1:
In file included from <module-includes>:1:
/Users/admin/builder/spi-builder-workspace/Sources/iptc/swiftexif_iptc.h:1:10: fatal error: 'libiptcdata/iptc-data.h' file not found
module-include.input:1:2: fatal error: could not build module 'iptc'
(in target 'SwiftExif' from project 'SwiftExif')
error: Clang dependency scanning failure: While building module 'exif' imported from module-include.input:1:
In file included from <module-includes>:1:
/Users/admin/builder/spi-builder-workspace/Sources/exif/swiftexif_exif.h:1:10: fatal error: 'libexif/exif-loader.h' file not found
module-include.input:1:2: fatal error: could not build module 'exif'
(in target 'SwiftExif' from project 'SwiftExif')
error: Clang dependency scanning failure: While building module 'ExifFormat' imported from module-include.input:1:
In file included from <module-includes>:1:
/Users/admin/builder/spi-builder-workspace/Sources/ExifFormat/include/exif_format.h:11:10: fatal error: 'libexif/exif-entry.h' file not found
module-include.input:1:4: fatal error: could not build module 'ExifFormat'
(in target 'SwiftExif' from project 'SwiftExif')
/Users/admin/builder/spi-builder-workspace/Sources/SwiftExif/Exif.swift:8:8: error: Unable to resolve module dependency: 'ExifFormat' (in target 'SwiftExif' from project 'SwiftExif')
note: A dependency of main module 'SwiftExif'
/Users/admin/builder/spi-builder-workspace/Sources/SwiftExif/Exif.swift:10:8: error: Unable to resolve module dependency: 'exif' (in target 'SwiftExif' from project 'SwiftExif')
note: A dependency of main module 'SwiftExif'
/Users/admin/builder/spi-builder-workspace/Sources/SwiftExif/Image.swift:2:8: note: Also imported here
/Users/admin/builder/spi-builder-workspace/Sources/SwiftExif/Image.swift:3:8: error: Unable to resolve module dependency: 'iptc' (in target 'SwiftExif' from project 'SwiftExif')
note: A dependency of main module 'SwiftExif'
/Users/admin/builder/spi-builder-workspace/Sources/SwiftExif/Iptc.swift:2:8: note: Also imported here
error: Clang dependency scanning failure: While building module 'iptc' imported from module-include.input:1:
In file included from <module-includes>:1:
/Users/admin/builder/spi-builder-workspace/Sources/iptc/swiftexif_iptc.h:1:10: fatal error: 'libiptcdata/iptc-data.h' file not found
module-include.input:1:2: fatal error: could not build module 'iptc'
(in target 'SwiftExif' from project 'SwiftExif')
error: Clang dependency scanning failure: While building module 'exif' imported from module-include.input:1:
In file included from <module-includes>:1:
/Users/admin/builder/spi-builder-workspace/Sources/exif/swiftexif_exif.h:1:10: fatal error: 'libexif/exif-loader.h' file not found
module-include.input:1:2: fatal error: could not build module 'exif'
(in target 'SwiftExif' from project 'SwiftExif')
error: Clang dependency scanning failure: While building module 'ExifFormat' imported from module-include.input:1:
In file included from <module-includes>:1:
/Users/admin/builder/spi-builder-workspace/Sources/ExifFormat/include/exif_format.h:11:10: fatal error: 'libexif/exif-entry.h' file not found
module-include.input:1:4: fatal error: could not build module 'ExifFormat'
(in target 'SwiftExif' from project 'SwiftExif')
/Users/admin/builder/spi-builder-workspace/Sources/SwiftExif/Exif.swift:8:8: note: A dependency of main module 'SwiftExif'
import ExifFormat
^ (in target 'SwiftExif' from project 'SwiftExif')
/Users/admin/builder/spi-builder-workspace/Sources/SwiftExif/Exif.swift:10:8: note: A dependency of main module 'SwiftExif'
import exif
^ (in target 'SwiftExif' from project 'SwiftExif')
/Users/admin/builder/spi-builder-workspace/Sources/SwiftExif/Image.swift:2:8: note: Also imported here
import exif
^ (in target 'SwiftExif' from project 'SwiftExif')
/Users/admin/builder/spi-builder-workspace/Sources/SwiftExif/Image.swift:3:8: note: A dependency of main module 'SwiftExif'
import iptc
^ (in target 'SwiftExif' from project 'SwiftExif')
/Users/admin/builder/spi-builder-workspace/Sources/SwiftExif/Iptc.swift:2:8: note: Also imported here
import iptc
^ (in target 'SwiftExif' from project 'SwiftExif')
SwiftDriver SwiftExif normal arm64 com.apple.xcode.tools.swift.compiler (in target 'SwiftExif' from project 'SwiftExif')
cd /Users/admin/builder/spi-builder-workspace/.swiftpm/xcode
builtin-SwiftDriver -- /Applications/Xcode-27.0.0-Release.Candidate.app/Contents/Developer/Toolchains/XcodeDefault.xctoolchain/usr/bin/swiftc -parse-as-library -module-name SwiftExif -Onone @/Users/admin/builder/spi-builder-workspace/.derivedData/Build/Intermediates.noindex/SwiftExif.build/Debug-watchos/SwiftExif-t.build/Objects-normal/arm64/SwiftExif.SwiftFileList -DSWIFT_PACKAGE -DDEBUG -DSWIFT_MODULE_RESOURCE_BUNDLE_UNAVAILABLE -Xcc -fmodule-map-file\=/Users/admin/builder/spi-builder-workspace/.derivedData/Build/Intermediates.noindex/GeneratedModuleMaps-watchos/ExifFormat.modulemap -Xcc -fmodule-map-file\=/Users/admin/builder/spi-builder-workspace/Sources/iptc/module.modulemap -Xcc -fmodule-map-file\=/Users/admin/builder/spi-builder-workspace/Sources/exif/module.modulemap -DXcode -plugin-path /Applications/Xcode-27.0.0-Release.Candidate.app/Contents/Developer/Toolchains/XcodeDefault.xctoolchain/usr/lib/swift/host/plugins/testing -enable-experimental-feature DebugDescriptionMacro -sdk /Applications/Xcode-27.0.0-Release.Candidate.app/Contents/Developer/Platforms/WatchOS.platform/Developer/SDKs/WatchOS27.0.sdk -target arm64-apple-watchos9.0 -g -module-cache-path /Users/admin/builder/spi-builder-workspace/.derivedData/ModuleCache.noindex -Xfrontend -serialize-debugging-options -profile-coverage-mapping -profile-generate -enable-testing -index-store-path /Users/admin/builder/spi-builder-workspace/.derivedData/Index.noindex/DataStore -Xcc -D_LIBCPP_HARDENING_MODE\=_LIBCPP_HARDENING_MODE_DEBUG -swift-version 6 -I /Users/admin/builder/spi-builder-workspace/.derivedData/Build/Products/Debug-watchos -Isystem /Applications/Xcode-27.0.0-Release.Candidate.app/Contents/Developer/Platforms/WatchOS.platform/Developer/usr/lib -F /Users/admin/builder/spi-builder-workspace/.derivedData/Build/Products/Debug-watchos/PackageFrameworks -F /Users/admin/builder/spi-builder-workspace/.derivedData/Build/Products/Debug-watchos -F /Applications/Xcode-27.0.0-Release.Candidate.app/Contents/Developer/Platforms/WatchOS.platform/Developer/Library/Frameworks -F /Applications/Xcode-27.0.0-Release.Candidate.app/Contents/Developer/Platforms/WatchOS.platform/Developer/SDKs/WatchOS27.0.sdk/Developer/Library/Frameworks -c -j10 -enable-batch-mode -incremental -Xcc -ivfsstatcache -Xcc /Users/admin/builder/spi-builder-workspace/.derivedData/SDKStatCaches.noindex/watchos27.0-24R360-e829b21a6f8c9b70876ba0858053c04477534ef55a1706bf4c1112bbb242f0a2.sdkstatcache -output-file-map /Users/admin/builder/spi-builder-workspace/.derivedData/Build/Intermediates.noindex/SwiftExif.build/Debug-watchos/SwiftExif-t.build/Objects-normal/arm64/SwiftExif-OutputFileMap.json -save-temps -no-color-diagnostics -explicit-module-build -module-cache-path /Users/admin/builder/spi-builder-workspace/.derivedData/Build/Intermediates.noindex/SwiftExplicitPrecompiledModules -clang-scanner-module-cache-path /Users/admin/builder/spi-builder-workspace/.derivedData/ModuleCache.noindex -sdk-module-cache-path /Users/admin/builder/spi-builder-workspace/.derivedData/SDKExplicitPrecompiledModules -emit-dependencies -emit-module -emit-module-path /Users/admin/builder/spi-builder-workspace/.derivedData/Build/Intermediates.noindex/SwiftExif.build/Debug-watchos/SwiftExif-t.build/Objects-normal/arm64/SwiftExif.swiftmodule -serialize-diagnostics -dependency-scan-serialize-diagnostics-path /Users/admin/builder/spi-builder-workspace/.derivedData/Build/Intermediates.noindex/SwiftExif.build/Debug-watchos/SwiftExif-t.build/Objects-normal/arm64/SwiftExif-dependency-scan.dia -validate-clang-modules-once -clang-build-session-file /Users/admin/builder/spi-builder-workspace/.derivedData/ModuleCache.noindex/Session.modulevalidation -Xcc -fmodules-prune-interval\=86400 -Xcc -fmodules-prune-after\=345600 -package-name spi_builder_workspace -emit-const-values -const-gather-protocols-list /Users/admin/builder/spi-builder-workspace/.derivedData/Build/Intermediates.noindex/SwiftExif.build/Debug-watchos/SwiftExif-t.build/Objects-normal/arm64/SwiftExif_const_extract_protocols.json -Xcc -I/Users/admin/builder/spi-builder-workspace/Sources/ExifFormat/include -Xcc -I/Users/admin/builder/spi-builder-workspace/.derivedData/Build/Products/Debug-watchos/include -Xcc -I/Users/admin/builder/spi-builder-workspace/.derivedData/Build/Intermediates.noindex/SwiftExif.build/Debug-watchos/SwiftExif-t.build/DerivedSources-normal/arm64 -Xcc -I/Users/admin/builder/spi-builder-workspace/.derivedData/Build/Intermediates.noindex/SwiftExif.build/Debug-watchos/SwiftExif-t.build/DerivedSources/arm64 -Xcc -I/Users/admin/builder/spi-builder-workspace/.derivedData/Build/Intermediates.noindex/SwiftExif.build/Debug-watchos/SwiftExif-t.build/DerivedSources -Xcc -DSWIFT_PACKAGE -Xcc -DDEBUG\=1 -emit-objc-header -emit-objc-header-path /Users/admin/builder/spi-builder-workspace/.derivedData/Build/Intermediates.noindex/SwiftExif.build/Debug-watchos/SwiftExif-t.build/Objects-normal/arm64/SwiftExif-Swift.h -working-directory /Users/admin/builder/spi-builder-workspace/.swiftpm/xcode -experimental-emit-module-separately -disable-cmo
error: Clang dependency scanning failure: While building module 'iptc' imported from module-include.input:1:
In file included from <module-includes>:1:
/Users/admin/builder/spi-builder-workspace/Sources/iptc/swiftexif_iptc.h:1:10: fatal error: 'libiptcdata/iptc-data.h' file not found
module-include.input:1:2: fatal error: could not build module 'iptc'
(in target 'SwiftExif' from project 'SwiftExif')
error: Clang dependency scanning failure: While building module 'exif' imported from module-include.input:1:
In file included from <module-includes>:1:
/Users/admin/builder/spi-builder-workspace/Sources/exif/swiftexif_exif.h:1:10: fatal error: 'libexif/exif-loader.h' file not found
module-include.input:1:3: fatal error: could not build module 'exif'
(in target 'SwiftExif' from project 'SwiftExif')
error: Clang dependency scanning failure: While building module 'ExifFormat' imported from module-include.input:1:
In file included from <module-includes>:1:
/Users/admin/builder/spi-builder-workspace/Sources/ExifFormat/include/exif_format.h:11:10: fatal error: 'libexif/exif-entry.h' file not found
module-include.input:1:4: fatal error: could not build module 'ExifFormat'
(in target 'SwiftExif' from project 'SwiftExif')
/Users/admin/builder/spi-builder-workspace/Sources/SwiftExif/Exif.swift:8:8: error: Unable to resolve module dependency: 'ExifFormat' (in target 'SwiftExif' from project 'SwiftExif')
note: A dependency of main module 'SwiftExif'
/Users/admin/builder/spi-builder-workspace/Sources/SwiftExif/Exif.swift:10:8: error: Unable to resolve module dependency: 'exif' (in target 'SwiftExif' from project 'SwiftExif')
note: A dependency of main module 'SwiftExif'
/Users/admin/builder/spi-builder-workspace/Sources/SwiftExif/Image.swift:2:8: note: Also imported here
/Users/admin/builder/spi-builder-workspace/Sources/SwiftExif/Image.swift:3:8: error: Unable to resolve module dependency: 'iptc' (in target 'SwiftExif' from project 'SwiftExif')
note: A dependency of main module 'SwiftExif'
/Users/admin/builder/spi-builder-workspace/Sources/SwiftExif/Iptc.swift:2:8: note: Also imported here
error: Clang dependency scanning failure: While building module 'iptc' imported from module-include.input:1:
In file included from <module-includes>:1:
/Users/admin/builder/spi-builder-workspace/Sources/iptc/swiftexif_iptc.h:1:10: fatal error: 'libiptcdata/iptc-data.h' file not found
module-include.input:1:2: fatal error: could not build module 'iptc'
(in target 'SwiftExif' from project 'SwiftExif')
error: Clang dependency scanning failure: While building module 'exif' imported from module-include.input:1:
In file included from <module-includes>:1:
/Users/admin/builder/spi-builder-workspace/Sources/exif/swiftexif_exif.h:1:10: fatal error: 'libexif/exif-loader.h' file not found
module-include.input:1:3: fatal error: could not build module 'exif'
(in target 'SwiftExif' from project 'SwiftExif')
error: Clang dependency scanning failure: While building module 'ExifFormat' imported from module-include.input:1:
In file included from <module-includes>:1:
/Users/admin/builder/spi-builder-workspace/Sources/ExifFormat/include/exif_format.h:11:10: fatal error: 'libexif/exif-entry.h' file not found
module-include.input:1:4: fatal error: could not build module 'ExifFormat'
(in target 'SwiftExif' from project 'SwiftExif')
/Users/admin/builder/spi-builder-workspace/Sources/SwiftExif/Exif.swift:8:8: note: A dependency of main module 'SwiftExif'
import ExifFormat
^ (in target 'SwiftExif' from project 'SwiftExif')
/Users/admin/builder/spi-builder-workspace/Sources/SwiftExif/Exif.swift:10:8: note: A dependency of main module 'SwiftExif'
import exif
^ (in target 'SwiftExif' from project 'SwiftExif')
/Users/admin/builder/spi-builder-workspace/Sources/SwiftExif/Image.swift:2:8: note: Also imported here
import exif
^ (in target 'SwiftExif' from project 'SwiftExif')
/Users/admin/builder/spi-builder-workspace/Sources/SwiftExif/Image.swift:3:8: note: A dependency of main module 'SwiftExif'
import iptc
^ (in target 'SwiftExif' from project 'SwiftExif')
/Users/admin/builder/spi-builder-workspace/Sources/SwiftExif/Iptc.swift:2:8: note: Also imported here
import iptc
^ (in target 'SwiftExif' from project 'SwiftExif')
PruneExplicitPrecompiledModules /Users/admin/builder/spi-builder-workspace/.derivedData/Build/Intermediates.noindex/ExplicitPrecompiledModules
PruneExplicitPrecompiledModules /Users/admin/builder/spi-builder-workspace/.derivedData/Build/Intermediates.noindex/SwiftExplicitPrecompiledModules
PruneExplicitPrecompiledModules /Users/admin/builder/spi-builder-workspace/.derivedData/SDKExplicitPrecompiledModules
2026-09-29 19:48:21.320 xcodebuild[716:4443] [MT] IDERunDestination: Supported platforms for the buildables in the current scheme is empty.
** BUILD FAILED **
The following build commands failed:
ScanDependencies /Users/admin/builder/spi-builder-workspace/.derivedData/Build/Intermediates.noindex/SwiftExif.build/Debug-watchos/ExifFormat-t.build/Objects-normal/arm64/exif_format.o /Users/admin/builder/spi-builder-workspace/Sources/ExifFormat/exif_format.c normal arm64 c com.apple.compilers.llvm.clang.1_0.compiler (in target 'ExifFormat' from project 'SwiftExif')
ScanDependencies /Users/admin/builder/spi-builder-workspace/.derivedData/Build/Intermediates.noindex/SwiftExif.build/Debug-watchos/ExifFormat-t.build/Objects-normal/arm64_32/exif_format.o /Users/admin/builder/spi-builder-workspace/Sources/ExifFormat/exif_format.c normal arm64_32 c com.apple.compilers.llvm.clang.1_0.compiler (in target 'ExifFormat' from project 'SwiftExif')
SwiftDriver SwiftExif normal arm64_32 com.apple.xcode.tools.swift.compiler (in target 'SwiftExif' from project 'SwiftExif')
SwiftDriver SwiftExif normal arm64 com.apple.xcode.tools.swift.compiler (in target 'SwiftExif' from project 'SwiftExif')
Building workspace SwiftExif with scheme SwiftExif
(5 failures)
BUILD FAILURE 6.4 watchOS