The Swift Package Index logo.Swift Package Index

Build Information

Failed to build swift-core-audio, reference main (15d112), with Swift 6.1 for watchOS using Xcode 16.3 on 3 Oct 2026 21:44:35 UTC.

Build Command

env DEVELOPER_DIR=/Applications/Xcode-16.3.0.app xcrun xcodebuild -IDEClonedSourcePackagesDirPathOverride=$PWD/.dependencies -skipMacroValidation -skipPackagePluginValidation -derivedDataPath $PWD/.derivedData build -scheme swift-core-audio -destination generic/platform=watchOS

Build Log

    cd /Users/admin/builder/spi-builder-workspace/.swiftpm/xcode

SwiftCompile normal armv7k /Users/admin/builder/spi-builder-workspace/.dependencies/checkouts/swift-process/Sources/SwiftProcess/PID/PID+Metadata+CodeSigning.swift (in target 'SwiftProcess' from project 'swift-process')
    cd /Users/admin/builder/spi-builder-workspace/.swiftpm/xcode

SwiftCompile normal armv7k /Users/admin/builder/spi-builder-workspace/.dependencies/checkouts/swift-process/Sources/SwiftProcess/PID/PID+Metadata.swift (in target 'SwiftProcess' from project 'swift-process')
    cd /Users/admin/builder/spi-builder-workspace/.swiftpm/xcode

SwiftDriverJobDiscovery normal armv7k Compiling Sequence+PID.swift, PID AncestorsIterator.swift, PID AncestorsSequence.swift, PID InfoIterator.swift (in target 'SwiftProcess' from project 'swift-process')
SwiftCompile normal arm64_32 Compiling\ PID\ InfoSequence.swift,\ bsdinfo+Properties.swift,\ bsdshortinfo+Properties.swift,\ SendableLock.swift /Users/admin/builder/spi-builder-workspace/.dependencies/checkouts/swift-process/Sources/SwiftProcess/PID/Sequences/PID\ InfoSequence.swift /Users/admin/builder/spi-builder-workspace/.dependencies/checkouts/swift-process/Sources/SwiftProcess/PID/bsdinfo+Properties.swift /Users/admin/builder/spi-builder-workspace/.dependencies/checkouts/swift-process/Sources/SwiftProcess/PID/bsdshortinfo+Properties.swift /Users/admin/builder/spi-builder-workspace/.dependencies/checkouts/swift-process/Sources/SwiftProcess/Utilities/SendableLock.swift (in target 'SwiftProcess' from project 'swift-process')
SwiftCompile normal arm64_32 /Users/admin/builder/spi-builder-workspace/.dependencies/checkouts/swift-process/Sources/SwiftProcess/PID/Sequences/PID\ InfoSequence.swift (in target 'SwiftProcess' from project 'swift-process')
    cd /Users/admin/builder/spi-builder-workspace/.swiftpm/xcode

SwiftCompile normal arm64_32 /Users/admin/builder/spi-builder-workspace/.dependencies/checkouts/swift-process/Sources/SwiftProcess/PID/bsdinfo+Properties.swift (in target 'SwiftProcess' from project 'swift-process')
    cd /Users/admin/builder/spi-builder-workspace/.swiftpm/xcode

SwiftCompile normal arm64_32 /Users/admin/builder/spi-builder-workspace/.dependencies/checkouts/swift-process/Sources/SwiftProcess/PID/bsdshortinfo+Properties.swift (in target 'SwiftProcess' from project 'swift-process')
    cd /Users/admin/builder/spi-builder-workspace/.swiftpm/xcode

SwiftCompile normal arm64_32 /Users/admin/builder/spi-builder-workspace/.dependencies/checkouts/swift-process/Sources/SwiftProcess/Utilities/SendableLock.swift (in target 'SwiftProcess' from project 'swift-process')
    cd /Users/admin/builder/spi-builder-workspace/.swiftpm/xcode

SwiftDriverJobDiscovery normal arm64_32 Compiling PID+Methods.swift, PID+Static.swift, PID.swift, Sequence+PID+BundleID.swift (in target 'SwiftProcess' from project 'swift-process')
SwiftCompile normal arm64 Compiling\ BundleID\ StrictFormatValidationRule.swift,\ BundleID\ ValidationRule.swift,\ BackgroundCommandProcess.swift,\ CommandProcess.swift /Users/admin/builder/spi-builder-workspace/.dependencies/checkouts/swift-process/Sources/SwiftProcess/BundleID/ValidationRule/BundleID\ StrictFormatValidationRule.swift /Users/admin/builder/spi-builder-workspace/.dependencies/checkouts/swift-process/Sources/SwiftProcess/BundleID/ValidationRule/BundleID\ ValidationRule.swift /Users/admin/builder/spi-builder-workspace/.dependencies/checkouts/swift-process/Sources/SwiftProcess/CommandProcess/BackgroundCommandProcess.swift /Users/admin/builder/spi-builder-workspace/.dependencies/checkouts/swift-process/Sources/SwiftProcess/CommandProcess/CommandProcess.swift (in target 'SwiftProcess' from project 'swift-process')
SwiftCompile normal arm64 /Users/admin/builder/spi-builder-workspace/.dependencies/checkouts/swift-process/Sources/SwiftProcess/BundleID/ValidationRule/BundleID\ StrictFormatValidationRule.swift (in target 'SwiftProcess' from project 'swift-process')
    cd /Users/admin/builder/spi-builder-workspace/.swiftpm/xcode

SwiftCompile normal arm64 /Users/admin/builder/spi-builder-workspace/.dependencies/checkouts/swift-process/Sources/SwiftProcess/BundleID/ValidationRule/BundleID\ ValidationRule.swift (in target 'SwiftProcess' from project 'swift-process')
    cd /Users/admin/builder/spi-builder-workspace/.swiftpm/xcode

SwiftCompile normal arm64 /Users/admin/builder/spi-builder-workspace/.dependencies/checkouts/swift-process/Sources/SwiftProcess/CommandProcess/BackgroundCommandProcess.swift (in target 'SwiftProcess' from project 'swift-process')
    cd /Users/admin/builder/spi-builder-workspace/.swiftpm/xcode

SwiftCompile normal arm64 /Users/admin/builder/spi-builder-workspace/.dependencies/checkouts/swift-process/Sources/SwiftProcess/CommandProcess/CommandProcess.swift (in target 'SwiftProcess' from project 'swift-process')
    cd /Users/admin/builder/spi-builder-workspace/.swiftpm/xcode

SwiftDriverJobDiscovery normal arm64_32 Compiling FileDescriptorInfoType.swift, PipeFileDescriptorInfoType.swift, SocketFileDescriptorInfoType.swift, VNodeFileDescriptorInfoType.swift (in target 'SwiftProcess' from project 'swift-process')
SwiftCompile normal armv7k Compiling\ Sequence+FileDescriptorInfo.swift,\ PIDError.swift,\ PID+Ancestors+BundleID.swift,\ PID+Ancestors.swift /Users/admin/builder/spi-builder-workspace/.dependencies/checkouts/swift-process/Sources/SwiftProcess/FileDescriptorInfo/Sequence+FileDescriptorInfo.swift /Users/admin/builder/spi-builder-workspace/.dependencies/checkouts/swift-process/Sources/SwiftProcess/PID/Errors/PIDError.swift /Users/admin/builder/spi-builder-workspace/.dependencies/checkouts/swift-process/Sources/SwiftProcess/PID/PID+Ancestors+BundleID.swift /Users/admin/builder/spi-builder-workspace/.dependencies/checkouts/swift-process/Sources/SwiftProcess/PID/PID+Ancestors.swift (in target 'SwiftProcess' from project 'swift-process')
SwiftCompile normal armv7k /Users/admin/builder/spi-builder-workspace/.dependencies/checkouts/swift-process/Sources/SwiftProcess/FileDescriptorInfo/Sequence+FileDescriptorInfo.swift (in target 'SwiftProcess' from project 'swift-process')
    cd /Users/admin/builder/spi-builder-workspace/.swiftpm/xcode

SwiftCompile normal armv7k /Users/admin/builder/spi-builder-workspace/.dependencies/checkouts/swift-process/Sources/SwiftProcess/PID/Errors/PIDError.swift (in target 'SwiftProcess' from project 'swift-process')
    cd /Users/admin/builder/spi-builder-workspace/.swiftpm/xcode

SwiftCompile normal armv7k /Users/admin/builder/spi-builder-workspace/.dependencies/checkouts/swift-process/Sources/SwiftProcess/PID/PID+Ancestors+BundleID.swift (in target 'SwiftProcess' from project 'swift-process')
    cd /Users/admin/builder/spi-builder-workspace/.swiftpm/xcode

SwiftCompile normal armv7k /Users/admin/builder/spi-builder-workspace/.dependencies/checkouts/swift-process/Sources/SwiftProcess/PID/PID+Ancestors.swift (in target 'SwiftProcess' from project 'swift-process')
    cd /Users/admin/builder/spi-builder-workspace/.swiftpm/xcode

SwiftDriverJobDiscovery normal armv7k Compiling Process+Utilities.swift, FileDescriptorFlavor.swift, FileDescriptorInfo.swift, FSEventsFileDescriptorInfoType.swift (in target 'SwiftProcess' from project 'swift-process')
SwiftCompile normal arm64 Compiling\ PID\ InfoSequence.swift,\ bsdinfo+Properties.swift,\ bsdshortinfo+Properties.swift,\ SendableLock.swift /Users/admin/builder/spi-builder-workspace/.dependencies/checkouts/swift-process/Sources/SwiftProcess/PID/Sequences/PID\ InfoSequence.swift /Users/admin/builder/spi-builder-workspace/.dependencies/checkouts/swift-process/Sources/SwiftProcess/PID/bsdinfo+Properties.swift /Users/admin/builder/spi-builder-workspace/.dependencies/checkouts/swift-process/Sources/SwiftProcess/PID/bsdshortinfo+Properties.swift /Users/admin/builder/spi-builder-workspace/.dependencies/checkouts/swift-process/Sources/SwiftProcess/Utilities/SendableLock.swift (in target 'SwiftProcess' from project 'swift-process')
SwiftCompile normal arm64 /Users/admin/builder/spi-builder-workspace/.dependencies/checkouts/swift-process/Sources/SwiftProcess/PID/Sequences/PID\ InfoSequence.swift (in target 'SwiftProcess' from project 'swift-process')
    cd /Users/admin/builder/spi-builder-workspace/.swiftpm/xcode

SwiftCompile normal arm64 /Users/admin/builder/spi-builder-workspace/.dependencies/checkouts/swift-process/Sources/SwiftProcess/PID/bsdinfo+Properties.swift (in target 'SwiftProcess' from project 'swift-process')
    cd /Users/admin/builder/spi-builder-workspace/.swiftpm/xcode

SwiftCompile normal arm64 /Users/admin/builder/spi-builder-workspace/.dependencies/checkouts/swift-process/Sources/SwiftProcess/PID/bsdshortinfo+Properties.swift (in target 'SwiftProcess' from project 'swift-process')
    cd /Users/admin/builder/spi-builder-workspace/.swiftpm/xcode

SwiftCompile normal arm64 /Users/admin/builder/spi-builder-workspace/.dependencies/checkouts/swift-process/Sources/SwiftProcess/Utilities/SendableLock.swift (in target 'SwiftProcess' from project 'swift-process')
    cd /Users/admin/builder/spi-builder-workspace/.swiftpm/xcode

SwiftDriverJobDiscovery normal arm64_32 Compiling Sequence+FileDescriptorInfo.swift, PIDError.swift, PID+Ancestors+BundleID.swift, PID+Ancestors.swift (in target 'SwiftProcess' from project 'swift-process')
SwiftCompile normal arm64 Compiling\ PID+Metadata+BSD.swift,\ PID+Metadata+BundleID.swift,\ PID+Metadata+CodeSigning.swift,\ PID+Metadata.swift /Users/admin/builder/spi-builder-workspace/.dependencies/checkouts/swift-process/Sources/SwiftProcess/PID/PID+Metadata+BSD.swift /Users/admin/builder/spi-builder-workspace/.dependencies/checkouts/swift-process/Sources/SwiftProcess/PID/PID+Metadata+BundleID.swift /Users/admin/builder/spi-builder-workspace/.dependencies/checkouts/swift-process/Sources/SwiftProcess/PID/PID+Metadata+CodeSigning.swift /Users/admin/builder/spi-builder-workspace/.dependencies/checkouts/swift-process/Sources/SwiftProcess/PID/PID+Metadata.swift (in target 'SwiftProcess' from project 'swift-process')
SwiftCompile normal arm64 /Users/admin/builder/spi-builder-workspace/.dependencies/checkouts/swift-process/Sources/SwiftProcess/PID/PID+Metadata+BSD.swift (in target 'SwiftProcess' from project 'swift-process')
    cd /Users/admin/builder/spi-builder-workspace/.swiftpm/xcode

SwiftCompile normal arm64 /Users/admin/builder/spi-builder-workspace/.dependencies/checkouts/swift-process/Sources/SwiftProcess/PID/PID+Metadata+BundleID.swift (in target 'SwiftProcess' from project 'swift-process')
    cd /Users/admin/builder/spi-builder-workspace/.swiftpm/xcode

SwiftCompile normal arm64 /Users/admin/builder/spi-builder-workspace/.dependencies/checkouts/swift-process/Sources/SwiftProcess/PID/PID+Metadata+CodeSigning.swift (in target 'SwiftProcess' from project 'swift-process')
    cd /Users/admin/builder/spi-builder-workspace/.swiftpm/xcode

SwiftCompile normal arm64 /Users/admin/builder/spi-builder-workspace/.dependencies/checkouts/swift-process/Sources/SwiftProcess/PID/PID+Metadata.swift (in target 'SwiftProcess' from project 'swift-process')
    cd /Users/admin/builder/spi-builder-workspace/.swiftpm/xcode

SwiftDriverJobDiscovery normal arm64_32 Compiling BundleID StrictFormatValidationRule.swift, BundleID ValidationRule.swift, BackgroundCommandProcess.swift, CommandProcess.swift (in target 'SwiftProcess' from project 'swift-process')
SwiftCompile normal arm64_32 Compiling\ SwiftProcess-API-0.2.0.swift,\ BundleID+Metadata+Bundle.swift,\ BundleID+Metadata+PID.swift,\ BundleID+Static.swift,\ BundleID+Validation.swift /Users/admin/builder/spi-builder-workspace/.dependencies/checkouts/swift-process/Sources/SwiftProcess/API\ Evolution/SwiftProcess-API-0.2.0.swift /Users/admin/builder/spi-builder-workspace/.dependencies/checkouts/swift-process/Sources/SwiftProcess/BundleID/BundleID+Metadata+Bundle.swift /Users/admin/builder/spi-builder-workspace/.dependencies/checkouts/swift-process/Sources/SwiftProcess/BundleID/BundleID+Metadata+PID.swift /Users/admin/builder/spi-builder-workspace/.dependencies/checkouts/swift-process/Sources/SwiftProcess/BundleID/BundleID+Static.swift /Users/admin/builder/spi-builder-workspace/.dependencies/checkouts/swift-process/Sources/SwiftProcess/BundleID/BundleID+Validation.swift (in target 'SwiftProcess' from project 'swift-process')
SwiftCompile normal arm64_32 /Users/admin/builder/spi-builder-workspace/.dependencies/checkouts/swift-process/Sources/SwiftProcess/API\ Evolution/SwiftProcess-API-0.2.0.swift (in target 'SwiftProcess' from project 'swift-process')
    cd /Users/admin/builder/spi-builder-workspace/.swiftpm/xcode

SwiftCompile normal arm64_32 /Users/admin/builder/spi-builder-workspace/.dependencies/checkouts/swift-process/Sources/SwiftProcess/BundleID/BundleID+Metadata+Bundle.swift (in target 'SwiftProcess' from project 'swift-process')
    cd /Users/admin/builder/spi-builder-workspace/.swiftpm/xcode

SwiftCompile normal arm64_32 /Users/admin/builder/spi-builder-workspace/.dependencies/checkouts/swift-process/Sources/SwiftProcess/BundleID/BundleID+Metadata+PID.swift (in target 'SwiftProcess' from project 'swift-process')
    cd /Users/admin/builder/spi-builder-workspace/.swiftpm/xcode

SwiftCompile normal arm64_32 /Users/admin/builder/spi-builder-workspace/.dependencies/checkouts/swift-process/Sources/SwiftProcess/BundleID/BundleID+Static.swift (in target 'SwiftProcess' from project 'swift-process')
    cd /Users/admin/builder/spi-builder-workspace/.swiftpm/xcode

SwiftCompile normal arm64_32 /Users/admin/builder/spi-builder-workspace/.dependencies/checkouts/swift-process/Sources/SwiftProcess/BundleID/BundleID+Validation.swift (in target 'SwiftProcess' from project 'swift-process')
    cd /Users/admin/builder/spi-builder-workspace/.swiftpm/xcode

SwiftDriverJobDiscovery normal arm64_32 Compiling Process+Utilities.swift, FileDescriptorFlavor.swift, FileDescriptorInfo.swift, FSEventsFileDescriptorInfoType.swift (in target 'SwiftProcess' from project 'swift-process')
SwiftCompile normal armv7k Compiling\ BundleID.swift,\ Sequence+BundleID.swift,\ BundleID\ NonEmptyValidationRule.swift,\ BundleID\ RelaxedFormatValidationRule.swift /Users/admin/builder/spi-builder-workspace/.dependencies/checkouts/swift-process/Sources/SwiftProcess/BundleID/BundleID.swift /Users/admin/builder/spi-builder-workspace/.dependencies/checkouts/swift-process/Sources/SwiftProcess/BundleID/Sequence+BundleID.swift /Users/admin/builder/spi-builder-workspace/.dependencies/checkouts/swift-process/Sources/SwiftProcess/BundleID/ValidationRule/BundleID\ NonEmptyValidationRule.swift /Users/admin/builder/spi-builder-workspace/.dependencies/checkouts/swift-process/Sources/SwiftProcess/BundleID/ValidationRule/BundleID\ RelaxedFormatValidationRule.swift (in target 'SwiftProcess' from project 'swift-process')
SwiftCompile normal armv7k /Users/admin/builder/spi-builder-workspace/.dependencies/checkouts/swift-process/Sources/SwiftProcess/BundleID/BundleID.swift (in target 'SwiftProcess' from project 'swift-process')
    cd /Users/admin/builder/spi-builder-workspace/.swiftpm/xcode

SwiftCompile normal armv7k /Users/admin/builder/spi-builder-workspace/.dependencies/checkouts/swift-process/Sources/SwiftProcess/BundleID/Sequence+BundleID.swift (in target 'SwiftProcess' from project 'swift-process')
    cd /Users/admin/builder/spi-builder-workspace/.swiftpm/xcode

SwiftCompile normal armv7k /Users/admin/builder/spi-builder-workspace/.dependencies/checkouts/swift-process/Sources/SwiftProcess/BundleID/ValidationRule/BundleID\ NonEmptyValidationRule.swift (in target 'SwiftProcess' from project 'swift-process')
    cd /Users/admin/builder/spi-builder-workspace/.swiftpm/xcode

SwiftCompile normal armv7k /Users/admin/builder/spi-builder-workspace/.dependencies/checkouts/swift-process/Sources/SwiftProcess/BundleID/ValidationRule/BundleID\ RelaxedFormatValidationRule.swift (in target 'SwiftProcess' from project 'swift-process')
    cd /Users/admin/builder/spi-builder-workspace/.swiftpm/xcode

SwiftDriverJobDiscovery normal arm64 Compiling SwiftProcess-API-0.2.0.swift, BundleID+Metadata+Bundle.swift, BundleID+Metadata+PID.swift, BundleID+Static.swift, BundleID+Validation.swift (in target 'SwiftProcess' from project 'swift-process')
SwiftCompile normal armv7k Compiling\ BundleID\ StrictFormatValidationRule.swift,\ BundleID\ ValidationRule.swift,\ BackgroundCommandProcess.swift,\ CommandProcess.swift /Users/admin/builder/spi-builder-workspace/.dependencies/checkouts/swift-process/Sources/SwiftProcess/BundleID/ValidationRule/BundleID\ StrictFormatValidationRule.swift /Users/admin/builder/spi-builder-workspace/.dependencies/checkouts/swift-process/Sources/SwiftProcess/BundleID/ValidationRule/BundleID\ ValidationRule.swift /Users/admin/builder/spi-builder-workspace/.dependencies/checkouts/swift-process/Sources/SwiftProcess/CommandProcess/BackgroundCommandProcess.swift /Users/admin/builder/spi-builder-workspace/.dependencies/checkouts/swift-process/Sources/SwiftProcess/CommandProcess/CommandProcess.swift (in target 'SwiftProcess' from project 'swift-process')
SwiftCompile normal armv7k /Users/admin/builder/spi-builder-workspace/.dependencies/checkouts/swift-process/Sources/SwiftProcess/BundleID/ValidationRule/BundleID\ StrictFormatValidationRule.swift (in target 'SwiftProcess' from project 'swift-process')
    cd /Users/admin/builder/spi-builder-workspace/.swiftpm/xcode

SwiftCompile normal armv7k /Users/admin/builder/spi-builder-workspace/.dependencies/checkouts/swift-process/Sources/SwiftProcess/BundleID/ValidationRule/BundleID\ ValidationRule.swift (in target 'SwiftProcess' from project 'swift-process')
    cd /Users/admin/builder/spi-builder-workspace/.swiftpm/xcode

SwiftCompile normal armv7k /Users/admin/builder/spi-builder-workspace/.dependencies/checkouts/swift-process/Sources/SwiftProcess/CommandProcess/BackgroundCommandProcess.swift (in target 'SwiftProcess' from project 'swift-process')
    cd /Users/admin/builder/spi-builder-workspace/.swiftpm/xcode

SwiftCompile normal armv7k /Users/admin/builder/spi-builder-workspace/.dependencies/checkouts/swift-process/Sources/SwiftProcess/CommandProcess/CommandProcess.swift (in target 'SwiftProcess' from project 'swift-process')
    cd /Users/admin/builder/spi-builder-workspace/.swiftpm/xcode

SwiftDriverJobDiscovery normal armv7k Compiling PID+Methods.swift, PID+Static.swift, PID.swift, Sequence+PID+BundleID.swift (in target 'SwiftProcess' from project 'swift-process')
SwiftCompile normal armv7k Compiling\ SwiftProcess-API-0.2.0.swift,\ BundleID+Metadata+Bundle.swift,\ BundleID+Metadata+PID.swift,\ BundleID+Static.swift,\ BundleID+Validation.swift /Users/admin/builder/spi-builder-workspace/.dependencies/checkouts/swift-process/Sources/SwiftProcess/API\ Evolution/SwiftProcess-API-0.2.0.swift /Users/admin/builder/spi-builder-workspace/.dependencies/checkouts/swift-process/Sources/SwiftProcess/BundleID/BundleID+Metadata+Bundle.swift /Users/admin/builder/spi-builder-workspace/.dependencies/checkouts/swift-process/Sources/SwiftProcess/BundleID/BundleID+Metadata+PID.swift /Users/admin/builder/spi-builder-workspace/.dependencies/checkouts/swift-process/Sources/SwiftProcess/BundleID/BundleID+Static.swift /Users/admin/builder/spi-builder-workspace/.dependencies/checkouts/swift-process/Sources/SwiftProcess/BundleID/BundleID+Validation.swift (in target 'SwiftProcess' from project 'swift-process')
SwiftCompile normal armv7k /Users/admin/builder/spi-builder-workspace/.dependencies/checkouts/swift-process/Sources/SwiftProcess/API\ Evolution/SwiftProcess-API-0.2.0.swift (in target 'SwiftProcess' from project 'swift-process')
    cd /Users/admin/builder/spi-builder-workspace/.swiftpm/xcode

SwiftCompile normal armv7k /Users/admin/builder/spi-builder-workspace/.dependencies/checkouts/swift-process/Sources/SwiftProcess/BundleID/BundleID+Metadata+Bundle.swift (in target 'SwiftProcess' from project 'swift-process')
    cd /Users/admin/builder/spi-builder-workspace/.swiftpm/xcode

SwiftCompile normal armv7k /Users/admin/builder/spi-builder-workspace/.dependencies/checkouts/swift-process/Sources/SwiftProcess/BundleID/BundleID+Metadata+PID.swift (in target 'SwiftProcess' from project 'swift-process')
    cd /Users/admin/builder/spi-builder-workspace/.swiftpm/xcode

SwiftCompile normal armv7k /Users/admin/builder/spi-builder-workspace/.dependencies/checkouts/swift-process/Sources/SwiftProcess/BundleID/BundleID+Static.swift (in target 'SwiftProcess' from project 'swift-process')
    cd /Users/admin/builder/spi-builder-workspace/.swiftpm/xcode

SwiftCompile normal armv7k /Users/admin/builder/spi-builder-workspace/.dependencies/checkouts/swift-process/Sources/SwiftProcess/BundleID/BundleID+Validation.swift (in target 'SwiftProcess' from project 'swift-process')
    cd /Users/admin/builder/spi-builder-workspace/.swiftpm/xcode

SwiftDriverJobDiscovery normal arm64_32 Compiling PID InfoSequence.swift, bsdinfo+Properties.swift, bsdshortinfo+Properties.swift, SendableLock.swift (in target 'SwiftProcess' from project 'swift-process')
SwiftCompile normal arm64 Compiling\ FileDescriptorInfoType.swift,\ PipeFileDescriptorInfoType.swift,\ SocketFileDescriptorInfoType.swift,\ VNodeFileDescriptorInfoType.swift /Users/admin/builder/spi-builder-workspace/.dependencies/checkouts/swift-process/Sources/SwiftProcess/FileDescriptorInfo/FileDescriptorInfoType/FileDescriptorInfoType.swift /Users/admin/builder/spi-builder-workspace/.dependencies/checkouts/swift-process/Sources/SwiftProcess/FileDescriptorInfo/FileDescriptorInfoType/PipeFileDescriptorInfoType.swift /Users/admin/builder/spi-builder-workspace/.dependencies/checkouts/swift-process/Sources/SwiftProcess/FileDescriptorInfo/FileDescriptorInfoType/SocketFileDescriptorInfoType.swift /Users/admin/builder/spi-builder-workspace/.dependencies/checkouts/swift-process/Sources/SwiftProcess/FileDescriptorInfo/FileDescriptorInfoType/VNodeFileDescriptorInfoType.swift (in target 'SwiftProcess' from project 'swift-process')
SwiftCompile normal arm64 /Users/admin/builder/spi-builder-workspace/.dependencies/checkouts/swift-process/Sources/SwiftProcess/FileDescriptorInfo/FileDescriptorInfoType/FileDescriptorInfoType.swift (in target 'SwiftProcess' from project 'swift-process')
    cd /Users/admin/builder/spi-builder-workspace/.swiftpm/xcode

SwiftCompile normal arm64 /Users/admin/builder/spi-builder-workspace/.dependencies/checkouts/swift-process/Sources/SwiftProcess/FileDescriptorInfo/FileDescriptorInfoType/PipeFileDescriptorInfoType.swift (in target 'SwiftProcess' from project 'swift-process')
    cd /Users/admin/builder/spi-builder-workspace/.swiftpm/xcode

SwiftCompile normal arm64 /Users/admin/builder/spi-builder-workspace/.dependencies/checkouts/swift-process/Sources/SwiftProcess/FileDescriptorInfo/FileDescriptorInfoType/SocketFileDescriptorInfoType.swift (in target 'SwiftProcess' from project 'swift-process')
    cd /Users/admin/builder/spi-builder-workspace/.swiftpm/xcode

SwiftCompile normal arm64 /Users/admin/builder/spi-builder-workspace/.dependencies/checkouts/swift-process/Sources/SwiftProcess/FileDescriptorInfo/FileDescriptorInfoType/VNodeFileDescriptorInfoType.swift (in target 'SwiftProcess' from project 'swift-process')
    cd /Users/admin/builder/spi-builder-workspace/.swiftpm/xcode

SwiftDriverJobDiscovery normal armv7k Compiling PID+Metadata+BSD.swift, PID+Metadata+BundleID.swift, PID+Metadata+CodeSigning.swift, PID+Metadata.swift (in target 'SwiftProcess' from project 'swift-process')
SwiftCompile normal arm64 Compiling\ Sequence+FileDescriptorInfo.swift,\ PIDError.swift,\ PID+Ancestors+BundleID.swift,\ PID+Ancestors.swift /Users/admin/builder/spi-builder-workspace/.dependencies/checkouts/swift-process/Sources/SwiftProcess/FileDescriptorInfo/Sequence+FileDescriptorInfo.swift /Users/admin/builder/spi-builder-workspace/.dependencies/checkouts/swift-process/Sources/SwiftProcess/PID/Errors/PIDError.swift /Users/admin/builder/spi-builder-workspace/.dependencies/checkouts/swift-process/Sources/SwiftProcess/PID/PID+Ancestors+BundleID.swift /Users/admin/builder/spi-builder-workspace/.dependencies/checkouts/swift-process/Sources/SwiftProcess/PID/PID+Ancestors.swift (in target 'SwiftProcess' from project 'swift-process')
SwiftCompile normal arm64 /Users/admin/builder/spi-builder-workspace/.dependencies/checkouts/swift-process/Sources/SwiftProcess/FileDescriptorInfo/Sequence+FileDescriptorInfo.swift (in target 'SwiftProcess' from project 'swift-process')
    cd /Users/admin/builder/spi-builder-workspace/.swiftpm/xcode

SwiftCompile normal arm64 /Users/admin/builder/spi-builder-workspace/.dependencies/checkouts/swift-process/Sources/SwiftProcess/PID/Errors/PIDError.swift (in target 'SwiftProcess' from project 'swift-process')
    cd /Users/admin/builder/spi-builder-workspace/.swiftpm/xcode

SwiftCompile normal arm64 /Users/admin/builder/spi-builder-workspace/.dependencies/checkouts/swift-process/Sources/SwiftProcess/PID/PID+Ancestors+BundleID.swift (in target 'SwiftProcess' from project 'swift-process')
    cd /Users/admin/builder/spi-builder-workspace/.swiftpm/xcode

SwiftCompile normal arm64 /Users/admin/builder/spi-builder-workspace/.dependencies/checkouts/swift-process/Sources/SwiftProcess/PID/PID+Ancestors.swift (in target 'SwiftProcess' from project 'swift-process')
    cd /Users/admin/builder/spi-builder-workspace/.swiftpm/xcode

SwiftDriverJobDiscovery normal arm64 Compiling PID InfoSequence.swift, bsdinfo+Properties.swift, bsdshortinfo+Properties.swift, SendableLock.swift (in target 'SwiftProcess' from project 'swift-process')
SwiftCompile normal arm64_32 Compiling\ BundleID.swift,\ Sequence+BundleID.swift,\ BundleID\ NonEmptyValidationRule.swift,\ BundleID\ RelaxedFormatValidationRule.swift /Users/admin/builder/spi-builder-workspace/.dependencies/checkouts/swift-process/Sources/SwiftProcess/BundleID/BundleID.swift /Users/admin/builder/spi-builder-workspace/.dependencies/checkouts/swift-process/Sources/SwiftProcess/BundleID/Sequence+BundleID.swift /Users/admin/builder/spi-builder-workspace/.dependencies/checkouts/swift-process/Sources/SwiftProcess/BundleID/ValidationRule/BundleID\ NonEmptyValidationRule.swift /Users/admin/builder/spi-builder-workspace/.dependencies/checkouts/swift-process/Sources/SwiftProcess/BundleID/ValidationRule/BundleID\ RelaxedFormatValidationRule.swift (in target 'SwiftProcess' from project 'swift-process')
SwiftCompile normal arm64_32 /Users/admin/builder/spi-builder-workspace/.dependencies/checkouts/swift-process/Sources/SwiftProcess/BundleID/BundleID.swift (in target 'SwiftProcess' from project 'swift-process')
    cd /Users/admin/builder/spi-builder-workspace/.swiftpm/xcode

SwiftCompile normal arm64_32 /Users/admin/builder/spi-builder-workspace/.dependencies/checkouts/swift-process/Sources/SwiftProcess/BundleID/Sequence+BundleID.swift (in target 'SwiftProcess' from project 'swift-process')
    cd /Users/admin/builder/spi-builder-workspace/.swiftpm/xcode

SwiftCompile normal arm64_32 /Users/admin/builder/spi-builder-workspace/.dependencies/checkouts/swift-process/Sources/SwiftProcess/BundleID/ValidationRule/BundleID\ NonEmptyValidationRule.swift (in target 'SwiftProcess' from project 'swift-process')
    cd /Users/admin/builder/spi-builder-workspace/.swiftpm/xcode

SwiftCompile normal arm64_32 /Users/admin/builder/spi-builder-workspace/.dependencies/checkouts/swift-process/Sources/SwiftProcess/BundleID/ValidationRule/BundleID\ RelaxedFormatValidationRule.swift (in target 'SwiftProcess' from project 'swift-process')
    cd /Users/admin/builder/spi-builder-workspace/.swiftpm/xcode

SwiftDriverJobDiscovery normal arm64 Compiling BundleID StrictFormatValidationRule.swift, BundleID ValidationRule.swift, BackgroundCommandProcess.swift, CommandProcess.swift (in target 'SwiftProcess' from project 'swift-process')
SwiftCompile normal arm64 Compiling\ PID+Methods.swift,\ PID+Static.swift,\ PID.swift,\ Sequence+PID+BundleID.swift /Users/admin/builder/spi-builder-workspace/.dependencies/checkouts/swift-process/Sources/SwiftProcess/PID/PID+Methods.swift /Users/admin/builder/spi-builder-workspace/.dependencies/checkouts/swift-process/Sources/SwiftProcess/PID/PID+Static.swift /Users/admin/builder/spi-builder-workspace/.dependencies/checkouts/swift-process/Sources/SwiftProcess/PID/PID.swift /Users/admin/builder/spi-builder-workspace/.dependencies/checkouts/swift-process/Sources/SwiftProcess/PID/Sequence+PID+BundleID.swift (in target 'SwiftProcess' from project 'swift-process')
SwiftCompile normal arm64 /Users/admin/builder/spi-builder-workspace/.dependencies/checkouts/swift-process/Sources/SwiftProcess/PID/PID+Methods.swift (in target 'SwiftProcess' from project 'swift-process')
    cd /Users/admin/builder/spi-builder-workspace/.swiftpm/xcode

SwiftCompile normal arm64 /Users/admin/builder/spi-builder-workspace/.dependencies/checkouts/swift-process/Sources/SwiftProcess/PID/PID+Static.swift (in target 'SwiftProcess' from project 'swift-process')
    cd /Users/admin/builder/spi-builder-workspace/.swiftpm/xcode

SwiftCompile normal arm64 /Users/admin/builder/spi-builder-workspace/.dependencies/checkouts/swift-process/Sources/SwiftProcess/PID/PID.swift (in target 'SwiftProcess' from project 'swift-process')
    cd /Users/admin/builder/spi-builder-workspace/.swiftpm/xcode

SwiftCompile normal arm64 /Users/admin/builder/spi-builder-workspace/.dependencies/checkouts/swift-process/Sources/SwiftProcess/PID/Sequence+PID+BundleID.swift (in target 'SwiftProcess' from project 'swift-process')
    cd /Users/admin/builder/spi-builder-workspace/.swiftpm/xcode

SwiftDriverJobDiscovery normal armv7k Compiling Sequence+FileDescriptorInfo.swift, PIDError.swift, PID+Ancestors+BundleID.swift, PID+Ancestors.swift (in target 'SwiftProcess' from project 'swift-process')
SwiftCompile normal armv7k Compiling\ PID\ InfoSequence.swift,\ bsdinfo+Properties.swift,\ bsdshortinfo+Properties.swift,\ SendableLock.swift /Users/admin/builder/spi-builder-workspace/.dependencies/checkouts/swift-process/Sources/SwiftProcess/PID/Sequences/PID\ InfoSequence.swift /Users/admin/builder/spi-builder-workspace/.dependencies/checkouts/swift-process/Sources/SwiftProcess/PID/bsdinfo+Properties.swift /Users/admin/builder/spi-builder-workspace/.dependencies/checkouts/swift-process/Sources/SwiftProcess/PID/bsdshortinfo+Properties.swift /Users/admin/builder/spi-builder-workspace/.dependencies/checkouts/swift-process/Sources/SwiftProcess/Utilities/SendableLock.swift (in target 'SwiftProcess' from project 'swift-process')
SwiftCompile normal armv7k /Users/admin/builder/spi-builder-workspace/.dependencies/checkouts/swift-process/Sources/SwiftProcess/PID/Sequences/PID\ InfoSequence.swift (in target 'SwiftProcess' from project 'swift-process')
    cd /Users/admin/builder/spi-builder-workspace/.swiftpm/xcode

SwiftCompile normal armv7k /Users/admin/builder/spi-builder-workspace/.dependencies/checkouts/swift-process/Sources/SwiftProcess/PID/bsdinfo+Properties.swift (in target 'SwiftProcess' from project 'swift-process')
    cd /Users/admin/builder/spi-builder-workspace/.swiftpm/xcode

SwiftCompile normal armv7k /Users/admin/builder/spi-builder-workspace/.dependencies/checkouts/swift-process/Sources/SwiftProcess/PID/bsdshortinfo+Properties.swift (in target 'SwiftProcess' from project 'swift-process')
    cd /Users/admin/builder/spi-builder-workspace/.swiftpm/xcode

SwiftCompile normal armv7k /Users/admin/builder/spi-builder-workspace/.dependencies/checkouts/swift-process/Sources/SwiftProcess/Utilities/SendableLock.swift (in target 'SwiftProcess' from project 'swift-process')
    cd /Users/admin/builder/spi-builder-workspace/.swiftpm/xcode

SwiftDriverJobDiscovery normal arm64 Compiling PID+Metadata+BSD.swift, PID+Metadata+BundleID.swift, PID+Metadata+CodeSigning.swift, PID+Metadata.swift (in target 'SwiftProcess' from project 'swift-process')
SwiftCompile normal arm64_32 Compiling\ Sequence+PID.swift,\ PID\ AncestorsIterator.swift,\ PID\ AncestorsSequence.swift,\ PID\ InfoIterator.swift /Users/admin/builder/spi-builder-workspace/.dependencies/checkouts/swift-process/Sources/SwiftProcess/PID/Sequence+PID.swift /Users/admin/builder/spi-builder-workspace/.dependencies/checkouts/swift-process/Sources/SwiftProcess/PID/Sequences/PID\ AncestorsIterator.swift /Users/admin/builder/spi-builder-workspace/.dependencies/checkouts/swift-process/Sources/SwiftProcess/PID/Sequences/PID\ AncestorsSequence.swift /Users/admin/builder/spi-builder-workspace/.dependencies/checkouts/swift-process/Sources/SwiftProcess/PID/Sequences/PID\ InfoIterator.swift (in target 'SwiftProcess' from project 'swift-process')
SwiftCompile normal arm64_32 /Users/admin/builder/spi-builder-workspace/.dependencies/checkouts/swift-process/Sources/SwiftProcess/PID/Sequence+PID.swift (in target 'SwiftProcess' from project 'swift-process')
    cd /Users/admin/builder/spi-builder-workspace/.swiftpm/xcode

SwiftCompile normal arm64_32 /Users/admin/builder/spi-builder-workspace/.dependencies/checkouts/swift-process/Sources/SwiftProcess/PID/Sequences/PID\ AncestorsIterator.swift (in target 'SwiftProcess' from project 'swift-process')
    cd /Users/admin/builder/spi-builder-workspace/.swiftpm/xcode

SwiftCompile normal arm64_32 /Users/admin/builder/spi-builder-workspace/.dependencies/checkouts/swift-process/Sources/SwiftProcess/PID/Sequences/PID\ AncestorsSequence.swift (in target 'SwiftProcess' from project 'swift-process')
    cd /Users/admin/builder/spi-builder-workspace/.swiftpm/xcode

SwiftCompile normal arm64_32 /Users/admin/builder/spi-builder-workspace/.dependencies/checkouts/swift-process/Sources/SwiftProcess/PID/Sequences/PID\ InfoIterator.swift (in target 'SwiftProcess' from project 'swift-process')
    cd /Users/admin/builder/spi-builder-workspace/.swiftpm/xcode

SwiftDriverJobDiscovery normal arm64_32 Compiling SwiftProcess-API-0.2.0.swift, BundleID+Metadata+Bundle.swift, BundleID+Metadata+PID.swift, BundleID+Static.swift, BundleID+Validation.swift (in target 'SwiftProcess' from project 'swift-process')
SwiftDriverJobDiscovery normal armv7k Compiling SwiftProcess-API-0.2.0.swift, BundleID+Metadata+Bundle.swift, BundleID+Metadata+PID.swift, BundleID+Static.swift, BundleID+Validation.swift (in target 'SwiftProcess' from project 'swift-process')
Ld /Users/admin/builder/spi-builder-workspace/.derivedData/Build/Intermediates.noindex/swift-unit-interval.build/Debug-watchos/SwiftUnitInterval.build/Objects-normal/armv7k/Binary/SwiftUnitInterval.o normal armv7k (in target 'SwiftUnitInterval' from project 'swift-unit-interval')
    cd /Users/admin/builder/spi-builder-workspace/.dependencies/checkouts/swift-unit-interval
    /Applications/Xcode-16.3.0.app/Contents/Developer/Toolchains/XcodeDefault.xctoolchain/usr/bin/clang -Xlinker -reproducible -target armv7k-apple-watchos6.0 -r -isysroot /Applications/Xcode-16.3.0.app/Contents/Developer/Platforms/WatchOS.platform/Developer/SDKs/WatchOS11.4.sdk -O0 -w -L/Users/admin/builder/spi-builder-workspace/.derivedData/Build/Intermediates.noindex/EagerLinkingTBDs/Debug-watchos -L/Users/admin/builder/spi-builder-workspace/.derivedData/Build/Products/Debug-watchos -L/Applications/Xcode-16.3.0.app/Contents/Developer/Platforms/WatchOS.platform/Developer/usr/lib -F/Users/admin/builder/spi-builder-workspace/.derivedData/Build/Intermediates.noindex/EagerLinkingTBDs/Debug-watchos -F/Users/admin/builder/spi-builder-workspace/.derivedData/Build/Products/Debug-watchos -iframework /Applications/Xcode-16.3.0.app/Contents/Developer/Platforms/WatchOS.platform/Developer/Library/Frameworks -iframework /Applications/Xcode-16.3.0.app/Contents/Developer/Platforms/WatchOS.platform/Developer/SDKs/WatchOS11.4.sdk/Developer/Library/Frameworks -filelist /Users/admin/builder/spi-builder-workspace/.derivedData/Build/Intermediates.noindex/swift-unit-interval.build/Debug-watchos/SwiftUnitInterval.build/Objects-normal/armv7k/SwiftUnitInterval.LinkFileList -nostdlib -Xlinker -object_path_lto -Xlinker /Users/admin/builder/spi-builder-workspace/.derivedData/Build/Intermediates.noindex/swift-unit-interval.build/Debug-watchos/SwiftUnitInterval.build/Objects-normal/armv7k/SwiftUnitInterval_lto.o -rdynamic -Xlinker -no_deduplicate -Xlinker -debug_variant -Xlinker -dependency_info -Xlinker /Users/admin/builder/spi-builder-workspace/.derivedData/Build/Intermediates.noindex/swift-unit-interval.build/Debug-watchos/SwiftUnitInterval.build/Objects-normal/armv7k/SwiftUnitInterval_dependency_info.dat -fobjc-link-runtime -L/Applications/Xcode-16.3.0.app/Contents/Developer/Toolchains/XcodeDefault.xctoolchain/usr/lib/swift/watchos -L/usr/lib/swift -Xlinker -add_ast_path -Xlinker /Users/admin/builder/spi-builder-workspace/.derivedData/Build/Intermediates.noindex/swift-unit-interval.build/Debug-watchos/SwiftUnitInterval.build/Objects-normal/armv7k/SwiftUnitInterval.swiftmodule -o /Users/admin/builder/spi-builder-workspace/.derivedData/Build/Intermediates.noindex/swift-unit-interval.build/Debug-watchos/SwiftUnitInterval.build/Objects-normal/armv7k/Binary/SwiftUnitInterval.o
Ld /Users/admin/builder/spi-builder-workspace/.derivedData/Build/Intermediates.noindex/swift-unit-interval.build/Debug-watchos/SwiftUnitInterval.build/Objects-normal/arm64_32/Binary/SwiftUnitInterval.o normal arm64_32 (in target 'SwiftUnitInterval' from project 'swift-unit-interval')
    cd /Users/admin/builder/spi-builder-workspace/.dependencies/checkouts/swift-unit-interval
    /Applications/Xcode-16.3.0.app/Contents/Developer/Toolchains/XcodeDefault.xctoolchain/usr/bin/clang -Xlinker -reproducible -target arm64_32-apple-watchos6.0 -r -isysroot /Applications/Xcode-16.3.0.app/Contents/Developer/Platforms/WatchOS.platform/Developer/SDKs/WatchOS11.4.sdk -O0 -w -L/Users/admin/builder/spi-builder-workspace/.derivedData/Build/Intermediates.noindex/EagerLinkingTBDs/Debug-watchos -L/Users/admin/builder/spi-builder-workspace/.derivedData/Build/Products/Debug-watchos -L/Applications/Xcode-16.3.0.app/Contents/Developer/Platforms/WatchOS.platform/Developer/usr/lib -F/Users/admin/builder/spi-builder-workspace/.derivedData/Build/Intermediates.noindex/EagerLinkingTBDs/Debug-watchos -F/Users/admin/builder/spi-builder-workspace/.derivedData/Build/Products/Debug-watchos -iframework /Applications/Xcode-16.3.0.app/Contents/Developer/Platforms/WatchOS.platform/Developer/Library/Frameworks -iframework /Applications/Xcode-16.3.0.app/Contents/Developer/Platforms/WatchOS.platform/Developer/SDKs/WatchOS11.4.sdk/Developer/Library/Frameworks -filelist /Users/admin/builder/spi-builder-workspace/.derivedData/Build/Intermediates.noindex/swift-unit-interval.build/Debug-watchos/SwiftUnitInterval.build/Objects-normal/arm64_32/SwiftUnitInterval.LinkFileList -nostdlib -Xlinker -object_path_lto -Xlinker /Users/admin/builder/spi-builder-workspace/.derivedData/Build/Intermediates.noindex/swift-unit-interval.build/Debug-watchos/SwiftUnitInterval.build/Objects-normal/arm64_32/SwiftUnitInterval_lto.o -rdynamic -Xlinker -no_deduplicate -Xlinker -debug_variant -Xlinker -dependency_info -Xlinker /Users/admin/builder/spi-builder-workspace/.derivedData/Build/Intermediates.noindex/swift-unit-interval.build/Debug-watchos/SwiftUnitInterval.build/Objects-normal/arm64_32/SwiftUnitInterval_dependency_info.dat -fobjc-link-runtime -L/Applications/Xcode-16.3.0.app/Contents/Developer/Toolchains/XcodeDefault.xctoolchain/usr/lib/swift/watchos -L/usr/lib/swift -Xlinker -add_ast_path -Xlinker /Users/admin/builder/spi-builder-workspace/.derivedData/Build/Intermediates.noindex/swift-unit-interval.build/Debug-watchos/SwiftUnitInterval.build/Objects-normal/arm64_32/SwiftUnitInterval.swiftmodule -o /Users/admin/builder/spi-builder-workspace/.derivedData/Build/Intermediates.noindex/swift-unit-interval.build/Debug-watchos/SwiftUnitInterval.build/Objects-normal/arm64_32/Binary/SwiftUnitInterval.o
SwiftDriverJobDiscovery normal arm64 Compiling FileDescriptorInfoType.swift, PipeFileDescriptorInfoType.swift, SocketFileDescriptorInfoType.swift, VNodeFileDescriptorInfoType.swift (in target 'SwiftProcess' from project 'swift-process')
Ld /Users/admin/builder/spi-builder-workspace/.derivedData/Build/Intermediates.noindex/swift-unit-interval.build/Debug-watchos/SwiftUnitInterval.build/Objects-normal/arm64/Binary/SwiftUnitInterval.o normal arm64 (in target 'SwiftUnitInterval' from project 'swift-unit-interval')
    cd /Users/admin/builder/spi-builder-workspace/.dependencies/checkouts/swift-unit-interval
    /Applications/Xcode-16.3.0.app/Contents/Developer/Toolchains/XcodeDefault.xctoolchain/usr/bin/clang -Xlinker -reproducible -target arm64-apple-watchos6.0 -r -isysroot /Applications/Xcode-16.3.0.app/Contents/Developer/Platforms/WatchOS.platform/Developer/SDKs/WatchOS11.4.sdk -O0 -w -L/Users/admin/builder/spi-builder-workspace/.derivedData/Build/Intermediates.noindex/EagerLinkingTBDs/Debug-watchos -L/Users/admin/builder/spi-builder-workspace/.derivedData/Build/Products/Debug-watchos -L/Applications/Xcode-16.3.0.app/Contents/Developer/Platforms/WatchOS.platform/Developer/usr/lib -F/Users/admin/builder/spi-builder-workspace/.derivedData/Build/Intermediates.noindex/EagerLinkingTBDs/Debug-watchos -F/Users/admin/builder/spi-builder-workspace/.derivedData/Build/Products/Debug-watchos -iframework /Applications/Xcode-16.3.0.app/Contents/Developer/Platforms/WatchOS.platform/Developer/Library/Frameworks -iframework /Applications/Xcode-16.3.0.app/Contents/Developer/Platforms/WatchOS.platform/Developer/SDKs/WatchOS11.4.sdk/Developer/Library/Frameworks -filelist /Users/admin/builder/spi-builder-workspace/.derivedData/Build/Intermediates.noindex/swift-unit-interval.build/Debug-watchos/SwiftUnitInterval.build/Objects-normal/arm64/SwiftUnitInterval.LinkFileList -nostdlib -Xlinker -object_path_lto -Xlinker /Users/admin/builder/spi-builder-workspace/.derivedData/Build/Intermediates.noindex/swift-unit-interval.build/Debug-watchos/SwiftUnitInterval.build/Objects-normal/arm64/SwiftUnitInterval_lto.o -rdynamic -Xlinker -no_deduplicate -Xlinker -debug_variant -Xlinker -dependency_info -Xlinker /Users/admin/builder/spi-builder-workspace/.derivedData/Build/Intermediates.noindex/swift-unit-interval.build/Debug-watchos/SwiftUnitInterval.build/Objects-normal/arm64/SwiftUnitInterval_dependency_info.dat -fobjc-link-runtime -L/Applications/Xcode-16.3.0.app/Contents/Developer/Toolchains/XcodeDefault.xctoolchain/usr/lib/swift/watchos -L/usr/lib/swift -Xlinker -add_ast_path -Xlinker /Users/admin/builder/spi-builder-workspace/.derivedData/Build/Intermediates.noindex/swift-unit-interval.build/Debug-watchos/SwiftUnitInterval.build/Objects-normal/arm64/SwiftUnitInterval.swiftmodule -o /Users/admin/builder/spi-builder-workspace/.derivedData/Build/Intermediates.noindex/swift-unit-interval.build/Debug-watchos/SwiftUnitInterval.build/Objects-normal/arm64/Binary/SwiftUnitInterval.o
SwiftDriverJobDiscovery normal armv7k Compiling BundleID StrictFormatValidationRule.swift, BundleID ValidationRule.swift, BackgroundCommandProcess.swift, CommandProcess.swift (in target 'SwiftProcess' from project 'swift-process')
GenerateAssetSymbols /Users/admin/builder/spi-builder-workspace/Sources/SwiftCoreAudio/Assets/Assets.xcassets (in target 'SwiftCoreAudio' from project 'swift-core-audio')
    cd /Users/admin/builder/spi-builder-workspace
    /Applications/Xcode-16.3.0.app/Contents/Developer/usr/bin/actool /Users/admin/builder/spi-builder-workspace/Sources/SwiftCoreAudio/Assets/Assets.xcassets --compile /Users/admin/builder/spi-builder-workspace/.derivedData/Build/Products/Debug-watchos --output-format human-readable-text --notices --warnings --export-dependency-info /Users/admin/builder/spi-builder-workspace/.derivedData/Build/Intermediates.noindex/swift-core-audio.build/Debug-watchos/SwiftCoreAudio.build/assetcatalog_dependencies --output-partial-info-plist /Users/admin/builder/spi-builder-workspace/.derivedData/Build/Intermediates.noindex/swift-core-audio.build/Debug-watchos/SwiftCoreAudio.build/assetcatalog_generated_info.plist --compress-pngs --enable-on-demand-resources NO --development-region en --target-device watch --minimum-deployment-target 6.0 --platform watchos --bundle-identifier spi-builder-workspace.SwiftCoreAudio --generate-swift-asset-symbol-extensions NO --generate-swift-asset-symbols /Users/admin/builder/spi-builder-workspace/.derivedData/Build/Intermediates.noindex/swift-core-audio.build/Debug-watchos/SwiftCoreAudio.build/DerivedSources/GeneratedAssetSymbols.swift --generate-objc-asset-symbols /Users/admin/builder/spi-builder-workspace/.derivedData/Build/Intermediates.noindex/swift-core-audio.build/Debug-watchos/SwiftCoreAudio.build/DerivedSources/GeneratedAssetSymbols.h --generate-asset-symbol-index /Users/admin/builder/spi-builder-workspace/.derivedData/Build/Intermediates.noindex/swift-core-audio.build/Debug-watchos/SwiftCoreAudio.build/DerivedSources/GeneratedAssetSymbols-Index.plist
/* com.apple.actool.compilation-results */
/Users/admin/builder/spi-builder-workspace/.derivedData/Build/Intermediates.noindex/swift-core-audio.build/Debug-watchos/SwiftCoreAudio.build/DerivedSources/GeneratedAssetSymbols-Index.plist
/Users/admin/builder/spi-builder-workspace/.derivedData/Build/Intermediates.noindex/swift-core-audio.build/Debug-watchos/SwiftCoreAudio.build/DerivedSources/GeneratedAssetSymbols.h
/Users/admin/builder/spi-builder-workspace/.derivedData/Build/Intermediates.noindex/swift-core-audio.build/Debug-watchos/SwiftCoreAudio.build/DerivedSources/GeneratedAssetSymbols.swift
CreateUniversalBinary /Users/admin/builder/spi-builder-workspace/.derivedData/Build/Products/Debug-watchos/SwiftUnitInterval.o normal arm64\ armv7k\ arm64_32 (in target 'SwiftUnitInterval' from project 'swift-unit-interval')
    cd /Users/admin/builder/spi-builder-workspace/.dependencies/checkouts/swift-unit-interval
    /Applications/Xcode-16.3.0.app/Contents/Developer/Toolchains/XcodeDefault.xctoolchain/usr/bin/lipo -create /Users/admin/builder/spi-builder-workspace/.derivedData/Build/Intermediates.noindex/swift-unit-interval.build/Debug-watchos/SwiftUnitInterval.build/Objects-normal/arm64/Binary/SwiftUnitInterval.o /Users/admin/builder/spi-builder-workspace/.derivedData/Build/Intermediates.noindex/swift-unit-interval.build/Debug-watchos/SwiftUnitInterval.build/Objects-normal/armv7k/Binary/SwiftUnitInterval.o /Users/admin/builder/spi-builder-workspace/.derivedData/Build/Intermediates.noindex/swift-unit-interval.build/Debug-watchos/SwiftUnitInterval.build/Objects-normal/arm64_32/Binary/SwiftUnitInterval.o -output /Users/admin/builder/spi-builder-workspace/.derivedData/Build/Products/Debug-watchos/SwiftUnitInterval.o
ExtractAppIntentsMetadata (in target 'SwiftUnitInterval' from project 'swift-unit-interval')
    cd /Users/admin/builder/spi-builder-workspace/.dependencies/checkouts/swift-unit-interval
    /Applications/Xcode-16.3.0.app/Contents/Developer/Toolchains/XcodeDefault.xctoolchain/usr/bin/appintentsmetadataprocessor --toolchain-dir /Applications/Xcode-16.3.0.app/Contents/Developer/Toolchains/XcodeDefault.xctoolchain --module-name SwiftUnitInterval --sdk-root /Applications/Xcode-16.3.0.app/Contents/Developer/Platforms/WatchOS.platform/Developer/SDKs/WatchOS11.4.sdk --xcode-version 16E140 --platform-family watchOS --deployment-target 6.0 --bundle-identifier swift-unit-interval.SwiftUnitInterval --output /Users/admin/builder/spi-builder-workspace/.derivedData/Build/Products/Debug-watchos/SwiftUnitInterval.appintents --target-triple arm64-apple-watchos6.0 --target-triple armv7k-apple-watchos6.0 --target-triple arm64_32-apple-watchos6.0 --binary-file /Users/admin/builder/spi-builder-workspace/.derivedData/Build/Products/Debug-watchos/SwiftUnitInterval.o --dependency-file /Users/admin/builder/spi-builder-workspace/.derivedData/Build/Intermediates.noindex/swift-unit-interval.build/Debug-watchos/SwiftUnitInterval.build/Objects-normal/arm64/SwiftUnitInterval_dependency_info.dat --dependency-file /Users/admin/builder/spi-builder-workspace/.derivedData/Build/Intermediates.noindex/swift-unit-interval.build/Debug-watchos/SwiftUnitInterval.build/Objects-normal/armv7k/SwiftUnitInterval_dependency_info.dat --dependency-file /Users/admin/builder/spi-builder-workspace/.derivedData/Build/Intermediates.noindex/swift-unit-interval.build/Debug-watchos/SwiftUnitInterval.build/Objects-normal/arm64_32/SwiftUnitInterval_dependency_info.dat --stringsdata-file /Users/admin/builder/spi-builder-workspace/.derivedData/Build/Intermediates.noindex/swift-unit-interval.build/Debug-watchos/SwiftUnitInterval.build/Objects-normal/arm64/ExtractedAppShortcutsMetadata.stringsdata --stringsdata-file /Users/admin/builder/spi-builder-workspace/.derivedData/Build/Intermediates.noindex/swift-unit-interval.build/Debug-watchos/SwiftUnitInterval.build/Objects-normal/armv7k/ExtractedAppShortcutsMetadata.stringsdata --stringsdata-file /Users/admin/builder/spi-builder-workspace/.derivedData/Build/Intermediates.noindex/swift-unit-interval.build/Debug-watchos/SwiftUnitInterval.build/Objects-normal/arm64_32/ExtractedAppShortcutsMetadata.stringsdata --source-file-list /Users/admin/builder/spi-builder-workspace/.derivedData/Build/Intermediates.noindex/swift-unit-interval.build/Debug-watchos/SwiftUnitInterval.build/Objects-normal/arm64/SwiftUnitInterval.SwiftFileList --source-file-list /Users/admin/builder/spi-builder-workspace/.derivedData/Build/Intermediates.noindex/swift-unit-interval.build/Debug-watchos/SwiftUnitInterval.build/Objects-normal/armv7k/SwiftUnitInterval.SwiftFileList --source-file-list /Users/admin/builder/spi-builder-workspace/.derivedData/Build/Intermediates.noindex/swift-unit-interval.build/Debug-watchos/SwiftUnitInterval.build/Objects-normal/arm64_32/SwiftUnitInterval.SwiftFileList --metadata-file-list /Users/admin/builder/spi-builder-workspace/.derivedData/Build/Intermediates.noindex/swift-unit-interval.build/Debug-watchos/SwiftUnitInterval.build/SwiftUnitInterval.DependencyMetadataFileList --static-metadata-file-list /Users/admin/builder/spi-builder-workspace/.derivedData/Build/Intermediates.noindex/swift-unit-interval.build/Debug-watchos/SwiftUnitInterval.build/SwiftUnitInterval.DependencyStaticMetadataFileList --swift-const-vals-list /Users/admin/builder/spi-builder-workspace/.derivedData/Build/Intermediates.noindex/swift-unit-interval.build/Debug-watchos/SwiftUnitInterval.build/Objects-normal/arm64/SwiftUnitInterval.SwiftConstValuesFileList --swift-const-vals-list /Users/admin/builder/spi-builder-workspace/.derivedData/Build/Intermediates.noindex/swift-unit-interval.build/Debug-watchos/SwiftUnitInterval.build/Objects-normal/armv7k/SwiftUnitInterval.SwiftConstValuesFileList --swift-const-vals-list /Users/admin/builder/spi-builder-workspace/.derivedData/Build/Intermediates.noindex/swift-unit-interval.build/Debug-watchos/SwiftUnitInterval.build/Objects-normal/arm64_32/SwiftUnitInterval.SwiftConstValuesFileList --force --compile-time-extraction --deployment-aware-processing --validate-assistant-intents --no-app-shortcuts-localization
2026-10-03 14:44:29.470 appintentsmetadataprocessor[974:5538] Starting appintentsmetadataprocessor export
2026-10-03 14:44:29.516 appintentsmetadataprocessor[974:5538] Extracted no relevant App Intents symbols, skipping writing output
SwiftDriverJobDiscovery normal armv7k Compiling BundleID.swift, Sequence+BundleID.swift, BundleID NonEmptyValidationRule.swift, BundleID RelaxedFormatValidationRule.swift (in target 'SwiftProcess' from project 'swift-process')
SwiftDriverJobDiscovery normal armv7k Compiling PID InfoSequence.swift, bsdinfo+Properties.swift, bsdshortinfo+Properties.swift, SendableLock.swift (in target 'SwiftProcess' from project 'swift-process')
SwiftDriver\ Compilation SwiftProcess normal armv7k com.apple.xcode.tools.swift.compiler (in target 'SwiftProcess' from project 'swift-process')
    cd /Users/admin/builder/spi-builder-workspace/.swiftpm/xcode
    builtin-Swift-Compilation -- /Applications/Xcode-16.3.0.app/Contents/Developer/Toolchains/XcodeDefault.xctoolchain/usr/bin/swiftc -module-name SwiftProcess -Onone -enforce-exclusivity\=checked @/Users/admin/builder/spi-builder-workspace/.derivedData/Build/Intermediates.noindex/swift-process.build/Debug-watchos/SwiftProcess.build/Objects-normal/armv7k/SwiftProcess.SwiftFileList -DSWIFT_PACKAGE -DDEBUG -stats-output-dir .stats -plugin-path /Applications/Xcode-16.3.0.app/Contents/Developer/Toolchains/XcodeDefault.xctoolchain/usr/lib/swift/host/plugins/testing -enable-experimental-feature DebugDescriptionMacro -sdk /Applications/Xcode-16.3.0.app/Contents/Developer/Platforms/WatchOS.platform/Developer/SDKs/WatchOS11.4.sdk -target armv7k-apple-watchos6.0 -g -module-cache-path /Users/admin/builder/spi-builder-workspace/.derivedData/ModuleCache.noindex -Xfrontend -serialize-debugging-options -profile-coverage-mapping -profile-generate -enable-testing -suppress-warnings -index-store-path /Users/admin/builder/spi-builder-workspace/.derivedData/Index.noindex/DataStore -swift-version 6 -I /Users/admin/builder/spi-builder-workspace/.derivedData/Build/Products/Debug-watchos -I /Applications/Xcode-16.3.0.app/Contents/Developer/Platforms/WatchOS.platform/Developer/usr/lib -F /Users/admin/builder/spi-builder-workspace/.derivedData/Build/Products/Debug-watchos -F /Applications/Xcode-16.3.0.app/Contents/Developer/Platforms/WatchOS.platform/Developer/Library/Frameworks -F /Applications/Xcode-16.3.0.app/Contents/Developer/Platforms/WatchOS.platform/Developer/SDKs/WatchOS11.4.sdk/Developer/Library/Frameworks -c -j10 -enable-batch-mode -incremental -Xcc -ivfsstatcache -Xcc /Users/admin/builder/spi-builder-workspace/.derivedData/SDKStatCaches.noindex/watchos11.4-22T246-43efb940ff07ba2497b70ec94253f576.sdkstatcache -output-file-map /Users/admin/builder/spi-builder-workspace/.derivedData/Build/Intermediates.noindex/swift-process.build/Debug-watchos/SwiftProcess.build/Objects-normal/armv7k/SwiftProcess-OutputFileMap.json -use-frontend-parseable-output -save-temps -no-color-diagnostics -serialize-diagnostics -emit-dependencies -emit-module -emit-module-path /Users/admin/builder/spi-builder-workspace/.derivedData/Build/Intermediates.noindex/swift-process.build/Debug-watchos/SwiftProcess.build/Objects-normal/armv7k/SwiftProcess.swiftmodule -user-module-version 0.2.1 -validate-clang-modules-once -clang-build-session-file /Users/admin/builder/spi-builder-workspace/.derivedData/ModuleCache.noindex/Session.modulevalidation -package-name swift_process -Xcc -I/Users/admin/builder/spi-builder-workspace/.derivedData/Build/Intermediates.noindex/swift-process.build/Debug-watchos/SwiftProcess.build/swift-overrides.hmap -emit-const-values -Xfrontend -const-gather-protocols-file -Xfrontend /Users/admin/builder/spi-builder-workspace/.derivedData/Build/Intermediates.noindex/swift-process.build/Debug-watchos/SwiftProcess.build/Objects-normal/armv7k/SwiftProcess_const_extract_protocols.json -Xcc -I/Users/admin/builder/spi-builder-workspace/.derivedData/Build/Products/Debug-watchos/include -Xcc -I/Users/admin/builder/spi-builder-workspace/.derivedData/Build/Intermediates.noindex/swift-process.build/Debug-watchos/SwiftProcess.build/DerivedSources-normal/armv7k -Xcc -I/Users/admin/builder/spi-builder-workspace/.derivedData/Build/Intermediates.noindex/swift-process.build/Debug-watchos/SwiftProcess.build/DerivedSources/armv7k -Xcc -I/Users/admin/builder/spi-builder-workspace/.derivedData/Build/Intermediates.noindex/swift-process.build/Debug-watchos/SwiftProcess.build/DerivedSources -Xcc -DSWIFT_PACKAGE -Xcc -DDEBUG\=1 -emit-objc-header -emit-objc-header-path /Users/admin/builder/spi-builder-workspace/.derivedData/Build/Intermediates.noindex/swift-process.build/Debug-watchos/SwiftProcess.build/Objects-normal/armv7k/SwiftProcess-Swift.h -working-directory /Users/admin/builder/spi-builder-workspace/.swiftpm/xcode -experimental-emit-module-separately -disable-cmo
SwiftDriverJobDiscovery normal arm64 Compiling Sequence+FileDescriptorInfo.swift, PIDError.swift, PID+Ancestors+BundleID.swift, PID+Ancestors.swift (in target 'SwiftProcess' from project 'swift-process')
Ld /Users/admin/builder/spi-builder-workspace/.derivedData/Build/Intermediates.noindex/swift-process.build/Debug-watchos/SwiftProcess.build/Objects-normal/armv7k/Binary/SwiftProcess.o normal armv7k (in target 'SwiftProcess' from project 'swift-process')
    cd /Users/admin/builder/spi-builder-workspace/.dependencies/checkouts/swift-process
    /Applications/Xcode-16.3.0.app/Contents/Developer/Toolchains/XcodeDefault.xctoolchain/usr/bin/clang -Xlinker -reproducible -target armv7k-apple-watchos6.0 -r -isysroot /Applications/Xcode-16.3.0.app/Contents/Developer/Platforms/WatchOS.platform/Developer/SDKs/WatchOS11.4.sdk -O0 -w -L/Users/admin/builder/spi-builder-workspace/.derivedData/Build/Intermediates.noindex/EagerLinkingTBDs/Debug-watchos -L/Users/admin/builder/spi-builder-workspace/.derivedData/Build/Products/Debug-watchos -L/Applications/Xcode-16.3.0.app/Contents/Developer/Platforms/WatchOS.platform/Developer/usr/lib -F/Users/admin/builder/spi-builder-workspace/.derivedData/Build/Intermediates.noindex/EagerLinkingTBDs/Debug-watchos -F/Users/admin/builder/spi-builder-workspace/.derivedData/Build/Products/Debug-watchos -iframework /Applications/Xcode-16.3.0.app/Contents/Developer/Platforms/WatchOS.platform/Developer/Library/Frameworks -iframework /Applications/Xcode-16.3.0.app/Contents/Developer/Platforms/WatchOS.platform/Developer/SDKs/WatchOS11.4.sdk/Developer/Library/Frameworks -filelist /Users/admin/builder/spi-builder-workspace/.derivedData/Build/Intermediates.noindex/swift-process.build/Debug-watchos/SwiftProcess.build/Objects-normal/armv7k/SwiftProcess.LinkFileList -nostdlib -Xlinker -object_path_lto -Xlinker /Users/admin/builder/spi-builder-workspace/.derivedData/Build/Intermediates.noindex/swift-process.build/Debug-watchos/SwiftProcess.build/Objects-normal/armv7k/SwiftProcess_lto.o -rdynamic -Xlinker -no_deduplicate -Xlinker -debug_variant -Xlinker -dependency_info -Xlinker /Users/admin/builder/spi-builder-workspace/.derivedData/Build/Intermediates.noindex/swift-process.build/Debug-watchos/SwiftProcess.build/Objects-normal/armv7k/SwiftProcess_dependency_info.dat -fobjc-link-runtime -L/Applications/Xcode-16.3.0.app/Contents/Developer/Toolchains/XcodeDefault.xctoolchain/usr/lib/swift/watchos -L/usr/lib/swift -Xlinker -add_ast_path -Xlinker /Users/admin/builder/spi-builder-workspace/.derivedData/Build/Intermediates.noindex/swift-process.build/Debug-watchos/SwiftProcess.build/Objects-normal/armv7k/SwiftProcess.swiftmodule -o /Users/admin/builder/spi-builder-workspace/.derivedData/Build/Intermediates.noindex/swift-process.build/Debug-watchos/SwiftProcess.build/Objects-normal/armv7k/Binary/SwiftProcess.o
SwiftDriverJobDiscovery normal arm64 Compiling PID+Methods.swift, PID+Static.swift, PID.swift, Sequence+PID+BundleID.swift (in target 'SwiftProcess' from project 'swift-process')
SwiftDriver\ Compilation SwiftProcess normal arm64 com.apple.xcode.tools.swift.compiler (in target 'SwiftProcess' from project 'swift-process')
    cd /Users/admin/builder/spi-builder-workspace/.swiftpm/xcode
    builtin-Swift-Compilation -- /Applications/Xcode-16.3.0.app/Contents/Developer/Toolchains/XcodeDefault.xctoolchain/usr/bin/swiftc -module-name SwiftProcess -Onone -enforce-exclusivity\=checked @/Users/admin/builder/spi-builder-workspace/.derivedData/Build/Intermediates.noindex/swift-process.build/Debug-watchos/SwiftProcess.build/Objects-normal/arm64/SwiftProcess.SwiftFileList -DSWIFT_PACKAGE -DDEBUG -stats-output-dir .stats -plugin-path /Applications/Xcode-16.3.0.app/Contents/Developer/Toolchains/XcodeDefault.xctoolchain/usr/lib/swift/host/plugins/testing -enable-experimental-feature DebugDescriptionMacro -sdk /Applications/Xcode-16.3.0.app/Contents/Developer/Platforms/WatchOS.platform/Developer/SDKs/WatchOS11.4.sdk -target arm64-apple-watchos6.0 -g -module-cache-path /Users/admin/builder/spi-builder-workspace/.derivedData/ModuleCache.noindex -Xfrontend -serialize-debugging-options -profile-coverage-mapping -profile-generate -enable-testing -suppress-warnings -index-store-path /Users/admin/builder/spi-builder-workspace/.derivedData/Index.noindex/DataStore -swift-version 6 -I /Users/admin/builder/spi-builder-workspace/.derivedData/Build/Products/Debug-watchos -I /Applications/Xcode-16.3.0.app/Contents/Developer/Platforms/WatchOS.platform/Developer/usr/lib -F /Users/admin/builder/spi-builder-workspace/.derivedData/Build/Products/Debug-watchos -F /Applications/Xcode-16.3.0.app/Contents/Developer/Platforms/WatchOS.platform/Developer/Library/Frameworks -F /Applications/Xcode-16.3.0.app/Contents/Developer/Platforms/WatchOS.platform/Developer/SDKs/WatchOS11.4.sdk/Developer/Library/Frameworks -c -j10 -enable-batch-mode -incremental -Xcc -ivfsstatcache -Xcc /Users/admin/builder/spi-builder-workspace/.derivedData/SDKStatCaches.noindex/watchos11.4-22T246-43efb940ff07ba2497b70ec94253f576.sdkstatcache -output-file-map /Users/admin/builder/spi-builder-workspace/.derivedData/Build/Intermediates.noindex/swift-process.build/Debug-watchos/SwiftProcess.build/Objects-normal/arm64/SwiftProcess-OutputFileMap.json -use-frontend-parseable-output -save-temps -no-color-diagnostics -serialize-diagnostics -emit-dependencies -emit-module -emit-module-path /Users/admin/builder/spi-builder-workspace/.derivedData/Build/Intermediates.noindex/swift-process.build/Debug-watchos/SwiftProcess.build/Objects-normal/arm64/SwiftProcess.swiftmodule -user-module-version 0.2.1 -validate-clang-modules-once -clang-build-session-file /Users/admin/builder/spi-builder-workspace/.derivedData/ModuleCache.noindex/Session.modulevalidation -package-name swift_process -Xcc -I/Users/admin/builder/spi-builder-workspace/.derivedData/Build/Intermediates.noindex/swift-process.build/Debug-watchos/SwiftProcess.build/swift-overrides.hmap -emit-const-values -Xfrontend -const-gather-protocols-file -Xfrontend /Users/admin/builder/spi-builder-workspace/.derivedData/Build/Intermediates.noindex/swift-process.build/Debug-watchos/SwiftProcess.build/Objects-normal/arm64/SwiftProcess_const_extract_protocols.json -Xcc -I/Users/admin/builder/spi-builder-workspace/.derivedData/Build/Products/Debug-watchos/include -Xcc -I/Users/admin/builder/spi-builder-workspace/.derivedData/Build/Intermediates.noindex/swift-process.build/Debug-watchos/SwiftProcess.build/DerivedSources-normal/arm64 -Xcc -I/Users/admin/builder/spi-builder-workspace/.derivedData/Build/Intermediates.noindex/swift-process.build/Debug-watchos/SwiftProcess.build/DerivedSources/arm64 -Xcc -I/Users/admin/builder/spi-builder-workspace/.derivedData/Build/Intermediates.noindex/swift-process.build/Debug-watchos/SwiftProcess.build/DerivedSources -Xcc -DSWIFT_PACKAGE -Xcc -DDEBUG\=1 -emit-objc-header -emit-objc-header-path /Users/admin/builder/spi-builder-workspace/.derivedData/Build/Intermediates.noindex/swift-process.build/Debug-watchos/SwiftProcess.build/Objects-normal/arm64/SwiftProcess-Swift.h -working-directory /Users/admin/builder/spi-builder-workspace/.swiftpm/xcode -experimental-emit-module-separately -disable-cmo
Ld /Users/admin/builder/spi-builder-workspace/.derivedData/Build/Intermediates.noindex/swift-process.build/Debug-watchos/SwiftProcess.build/Objects-normal/arm64/Binary/SwiftProcess.o normal arm64 (in target 'SwiftProcess' from project 'swift-process')
    cd /Users/admin/builder/spi-builder-workspace/.dependencies/checkouts/swift-process
    /Applications/Xcode-16.3.0.app/Contents/Developer/Toolchains/XcodeDefault.xctoolchain/usr/bin/clang -Xlinker -reproducible -target arm64-apple-watchos6.0 -r -isysroot /Applications/Xcode-16.3.0.app/Contents/Developer/Platforms/WatchOS.platform/Developer/SDKs/WatchOS11.4.sdk -O0 -w -L/Users/admin/builder/spi-builder-workspace/.derivedData/Build/Intermediates.noindex/EagerLinkingTBDs/Debug-watchos -L/Users/admin/builder/spi-builder-workspace/.derivedData/Build/Products/Debug-watchos -L/Applications/Xcode-16.3.0.app/Contents/Developer/Platforms/WatchOS.platform/Developer/usr/lib -F/Users/admin/builder/spi-builder-workspace/.derivedData/Build/Intermediates.noindex/EagerLinkingTBDs/Debug-watchos -F/Users/admin/builder/spi-builder-workspace/.derivedData/Build/Products/Debug-watchos -iframework /Applications/Xcode-16.3.0.app/Contents/Developer/Platforms/WatchOS.platform/Developer/Library/Frameworks -iframework /Applications/Xcode-16.3.0.app/Contents/Developer/Platforms/WatchOS.platform/Developer/SDKs/WatchOS11.4.sdk/Developer/Library/Frameworks -filelist /Users/admin/builder/spi-builder-workspace/.derivedData/Build/Intermediates.noindex/swift-process.build/Debug-watchos/SwiftProcess.build/Objects-normal/arm64/SwiftProcess.LinkFileList -nostdlib -Xlinker -object_path_lto -Xlinker /Users/admin/builder/spi-builder-workspace/.derivedData/Build/Intermediates.noindex/swift-process.build/Debug-watchos/SwiftProcess.build/Objects-normal/arm64/SwiftProcess_lto.o -rdynamic -Xlinker -no_deduplicate -Xlinker -debug_variant -Xlinker -dependency_info -Xlinker /Users/admin/builder/spi-builder-workspace/.derivedData/Build/Intermediates.noindex/swift-process.build/Debug-watchos/SwiftProcess.build/Objects-normal/arm64/SwiftProcess_dependency_info.dat -fobjc-link-runtime -L/Applications/Xcode-16.3.0.app/Contents/Developer/Toolchains/XcodeDefault.xctoolchain/usr/lib/swift/watchos -L/usr/lib/swift -Xlinker -add_ast_path -Xlinker /Users/admin/builder/spi-builder-workspace/.derivedData/Build/Intermediates.noindex/swift-process.build/Debug-watchos/SwiftProcess.build/Objects-normal/arm64/SwiftProcess.swiftmodule -o /Users/admin/builder/spi-builder-workspace/.derivedData/Build/Intermediates.noindex/swift-process.build/Debug-watchos/SwiftProcess.build/Objects-normal/arm64/Binary/SwiftProcess.o
RegisterExecutionPolicyException /Users/admin/builder/spi-builder-workspace/.derivedData/Build/Products/Debug-watchos/SwiftUnitInterval.o (in target 'SwiftUnitInterval' from project 'swift-unit-interval')
    cd /Users/admin/builder/spi-builder-workspace/.dependencies/checkouts/swift-unit-interval
    builtin-RegisterExecutionPolicyException /Users/admin/builder/spi-builder-workspace/.derivedData/Build/Products/Debug-watchos/SwiftUnitInterval.o
SwiftDriverJobDiscovery normal arm64_32 Compiling Sequence+PID.swift, PID AncestorsIterator.swift, PID AncestorsSequence.swift, PID InfoIterator.swift (in target 'SwiftProcess' from project 'swift-process')
SwiftDriverJobDiscovery normal arm64_32 Compiling BundleID.swift, Sequence+BundleID.swift, BundleID NonEmptyValidationRule.swift, BundleID RelaxedFormatValidationRule.swift (in target 'SwiftProcess' from project 'swift-process')
SwiftDriver\ Compilation SwiftProcess normal arm64_32 com.apple.xcode.tools.swift.compiler (in target 'SwiftProcess' from project 'swift-process')
    cd /Users/admin/builder/spi-builder-workspace/.swiftpm/xcode
    builtin-Swift-Compilation -- /Applications/Xcode-16.3.0.app/Contents/Developer/Toolchains/XcodeDefault.xctoolchain/usr/bin/swiftc -module-name SwiftProcess -Onone -enforce-exclusivity\=checked @/Users/admin/builder/spi-builder-workspace/.derivedData/Build/Intermediates.noindex/swift-process.build/Debug-watchos/SwiftProcess.build/Objects-normal/arm64_32/SwiftProcess.SwiftFileList -DSWIFT_PACKAGE -DDEBUG -stats-output-dir .stats -plugin-path /Applications/Xcode-16.3.0.app/Contents/Developer/Toolchains/XcodeDefault.xctoolchain/usr/lib/swift/host/plugins/testing -enable-experimental-feature DebugDescriptionMacro -sdk /Applications/Xcode-16.3.0.app/Contents/Developer/Platforms/WatchOS.platform/Developer/SDKs/WatchOS11.4.sdk -target arm64_32-apple-watchos6.0 -g -module-cache-path /Users/admin/builder/spi-builder-workspace/.derivedData/ModuleCache.noindex -Xfrontend -serialize-debugging-options -profile-coverage-mapping -profile-generate -enable-testing -suppress-warnings -index-store-path /Users/admin/builder/spi-builder-workspace/.derivedData/Index.noindex/DataStore -swift-version 6 -I /Users/admin/builder/spi-builder-workspace/.derivedData/Build/Products/Debug-watchos -I /Applications/Xcode-16.3.0.app/Contents/Developer/Platforms/WatchOS.platform/Developer/usr/lib -F /Users/admin/builder/spi-builder-workspace/.derivedData/Build/Products/Debug-watchos -F /Applications/Xcode-16.3.0.app/Contents/Developer/Platforms/WatchOS.platform/Developer/Library/Frameworks -F /Applications/Xcode-16.3.0.app/Contents/Developer/Platforms/WatchOS.platform/Developer/SDKs/WatchOS11.4.sdk/Developer/Library/Frameworks -c -j10 -enable-batch-mode -incremental -Xcc -ivfsstatcache -Xcc /Users/admin/builder/spi-builder-workspace/.derivedData/SDKStatCaches.noindex/watchos11.4-22T246-43efb940ff07ba2497b70ec94253f576.sdkstatcache -output-file-map /Users/admin/builder/spi-builder-workspace/.derivedData/Build/Intermediates.noindex/swift-process.build/Debug-watchos/SwiftProcess.build/Objects-normal/arm64_32/SwiftProcess-OutputFileMap.json -use-frontend-parseable-output -save-temps -no-color-diagnostics -serialize-diagnostics -emit-dependencies -emit-module -emit-module-path /Users/admin/builder/spi-builder-workspace/.derivedData/Build/Intermediates.noindex/swift-process.build/Debug-watchos/SwiftProcess.build/Objects-normal/arm64_32/SwiftProcess.swiftmodule -user-module-version 0.2.1 -validate-clang-modules-once -clang-build-session-file /Users/admin/builder/spi-builder-workspace/.derivedData/ModuleCache.noindex/Session.modulevalidation -package-name swift_process -Xcc -I/Users/admin/builder/spi-builder-workspace/.derivedData/Build/Intermediates.noindex/swift-process.build/Debug-watchos/SwiftProcess.build/swift-overrides.hmap -emit-const-values -Xfrontend -const-gather-protocols-file -Xfrontend /Users/admin/builder/spi-builder-workspace/.derivedData/Build/Intermediates.noindex/swift-process.build/Debug-watchos/SwiftProcess.build/Objects-normal/arm64_32/SwiftProcess_const_extract_protocols.json -Xcc -I/Users/admin/builder/spi-builder-workspace/.derivedData/Build/Products/Debug-watchos/include -Xcc -I/Users/admin/builder/spi-builder-workspace/.derivedData/Build/Intermediates.noindex/swift-process.build/Debug-watchos/SwiftProcess.build/DerivedSources-normal/arm64_32 -Xcc -I/Users/admin/builder/spi-builder-workspace/.derivedData/Build/Intermediates.noindex/swift-process.build/Debug-watchos/SwiftProcess.build/DerivedSources/arm64_32 -Xcc -I/Users/admin/builder/spi-builder-workspace/.derivedData/Build/Intermediates.noindex/swift-process.build/Debug-watchos/SwiftProcess.build/DerivedSources -Xcc -DSWIFT_PACKAGE -Xcc -DDEBUG\=1 -emit-objc-header -emit-objc-header-path /Users/admin/builder/spi-builder-workspace/.derivedData/Build/Intermediates.noindex/swift-process.build/Debug-watchos/SwiftProcess.build/Objects-normal/arm64_32/SwiftProcess-Swift.h -working-directory /Users/admin/builder/spi-builder-workspace/.swiftpm/xcode -experimental-emit-module-separately -disable-cmo
Ld /Users/admin/builder/spi-builder-workspace/.derivedData/Build/Intermediates.noindex/swift-process.build/Debug-watchos/SwiftProcess.build/Objects-normal/arm64_32/Binary/SwiftProcess.o normal arm64_32 (in target 'SwiftProcess' from project 'swift-process')
    cd /Users/admin/builder/spi-builder-workspace/.dependencies/checkouts/swift-process
    /Applications/Xcode-16.3.0.app/Contents/Developer/Toolchains/XcodeDefault.xctoolchain/usr/bin/clang -Xlinker -reproducible -target arm64_32-apple-watchos6.0 -r -isysroot /Applications/Xcode-16.3.0.app/Contents/Developer/Platforms/WatchOS.platform/Developer/SDKs/WatchOS11.4.sdk -O0 -w -L/Users/admin/builder/spi-builder-workspace/.derivedData/Build/Intermediates.noindex/EagerLinkingTBDs/Debug-watchos -L/Users/admin/builder/spi-builder-workspace/.derivedData/Build/Products/Debug-watchos -L/Applications/Xcode-16.3.0.app/Contents/Developer/Platforms/WatchOS.platform/Developer/usr/lib -F/Users/admin/builder/spi-builder-workspace/.derivedData/Build/Intermediates.noindex/EagerLinkingTBDs/Debug-watchos -F/Users/admin/builder/spi-builder-workspace/.derivedData/Build/Products/Debug-watchos -iframework /Applications/Xcode-16.3.0.app/Contents/Developer/Platforms/WatchOS.platform/Developer/Library/Frameworks -iframework /Applications/Xcode-16.3.0.app/Contents/Developer/Platforms/WatchOS.platform/Developer/SDKs/WatchOS11.4.sdk/Developer/Library/Frameworks -filelist /Users/admin/builder/spi-builder-workspace/.derivedData/Build/Intermediates.noindex/swift-process.build/Debug-watchos/SwiftProcess.build/Objects-normal/arm64_32/SwiftProcess.LinkFileList -nostdlib -Xlinker -object_path_lto -Xlinker /Users/admin/builder/spi-builder-workspace/.derivedData/Build/Intermediates.noindex/swift-process.build/Debug-watchos/SwiftProcess.build/Objects-normal/arm64_32/SwiftProcess_lto.o -rdynamic -Xlinker -no_deduplicate -Xlinker -debug_variant -Xlinker -dependency_info -Xlinker /Users/admin/builder/spi-builder-workspace/.derivedData/Build/Intermediates.noindex/swift-process.build/Debug-watchos/SwiftProcess.build/Objects-normal/arm64_32/SwiftProcess_dependency_info.dat -fobjc-link-runtime -L/Applications/Xcode-16.3.0.app/Contents/Developer/Toolchains/XcodeDefault.xctoolchain/usr/lib/swift/watchos -L/usr/lib/swift -Xlinker -add_ast_path -Xlinker /Users/admin/builder/spi-builder-workspace/.derivedData/Build/Intermediates.noindex/swift-process.build/Debug-watchos/SwiftProcess.build/Objects-normal/arm64_32/SwiftProcess.swiftmodule -o /Users/admin/builder/spi-builder-workspace/.derivedData/Build/Intermediates.noindex/swift-process.build/Debug-watchos/SwiftProcess.build/Objects-normal/arm64_32/Binary/SwiftProcess.o
CreateUniversalBinary /Users/admin/builder/spi-builder-workspace/.derivedData/Build/Products/Debug-watchos/SwiftProcess.o normal arm64\ armv7k\ arm64_32 (in target 'SwiftProcess' from project 'swift-process')
    cd /Users/admin/builder/spi-builder-workspace/.dependencies/checkouts/swift-process
    /Applications/Xcode-16.3.0.app/Contents/Developer/Toolchains/XcodeDefault.xctoolchain/usr/bin/lipo -create /Users/admin/builder/spi-builder-workspace/.derivedData/Build/Intermediates.noindex/swift-process.build/Debug-watchos/SwiftProcess.build/Objects-normal/arm64/Binary/SwiftProcess.o /Users/admin/builder/spi-builder-workspace/.derivedData/Build/Intermediates.noindex/swift-process.build/Debug-watchos/SwiftProcess.build/Objects-normal/armv7k/Binary/SwiftProcess.o /Users/admin/builder/spi-builder-workspace/.derivedData/Build/Intermediates.noindex/swift-process.build/Debug-watchos/SwiftProcess.build/Objects-normal/arm64_32/Binary/SwiftProcess.o -output /Users/admin/builder/spi-builder-workspace/.derivedData/Build/Products/Debug-watchos/SwiftProcess.o
ExtractAppIntentsMetadata (in target 'SwiftProcess' from project 'swift-process')
    cd /Users/admin/builder/spi-builder-workspace/.dependencies/checkouts/swift-process
    /Applications/Xcode-16.3.0.app/Contents/Developer/Toolchains/XcodeDefault.xctoolchain/usr/bin/appintentsmetadataprocessor --toolchain-dir /Applications/Xcode-16.3.0.app/Contents/Developer/Toolchains/XcodeDefault.xctoolchain --module-name SwiftProcess --sdk-root /Applications/Xcode-16.3.0.app/Contents/Developer/Platforms/WatchOS.platform/Developer/SDKs/WatchOS11.4.sdk --xcode-version 16E140 --platform-family watchOS --deployment-target 6.0 --bundle-identifier swift-process.SwiftProcess --output /Users/admin/builder/spi-builder-workspace/.derivedData/Build/Products/Debug-watchos/SwiftProcess.appintents --target-triple arm64-apple-watchos6.0 --target-triple armv7k-apple-watchos6.0 --target-triple arm64_32-apple-watchos6.0 --binary-file /Users/admin/builder/spi-builder-workspace/.derivedData/Build/Products/Debug-watchos/SwiftProcess.o --dependency-file /Users/admin/builder/spi-builder-workspace/.derivedData/Build/Intermediates.noindex/swift-process.build/Debug-watchos/SwiftProcess.build/Objects-normal/arm64/SwiftProcess_dependency_info.dat --dependency-file /Users/admin/builder/spi-builder-workspace/.derivedData/Build/Intermediates.noindex/swift-process.build/Debug-watchos/SwiftProcess.build/Objects-normal/armv7k/SwiftProcess_dependency_info.dat --dependency-file /Users/admin/builder/spi-builder-workspace/.derivedData/Build/Intermediates.noindex/swift-process.build/Debug-watchos/SwiftProcess.build/Objects-normal/arm64_32/SwiftProcess_dependency_info.dat --stringsdata-file /Users/admin/builder/spi-builder-workspace/.derivedData/Build/Intermediates.noindex/swift-process.build/Debug-watchos/SwiftProcess.build/Objects-normal/arm64/ExtractedAppShortcutsMetadata.stringsdata --stringsdata-file /Users/admin/builder/spi-builder-workspace/.derivedData/Build/Intermediates.noindex/swift-process.build/Debug-watchos/SwiftProcess.build/Objects-normal/armv7k/ExtractedAppShortcutsMetadata.stringsdata --stringsdata-file /Users/admin/builder/spi-builder-workspace/.derivedData/Build/Intermediates.noindex/swift-process.build/Debug-watchos/SwiftProcess.build/Objects-normal/arm64_32/ExtractedAppShortcutsMetadata.stringsdata --source-file-list /Users/admin/builder/spi-builder-workspace/.derivedData/Build/Intermediates.noindex/swift-process.build/Debug-watchos/SwiftProcess.build/Objects-normal/arm64/SwiftProcess.SwiftFileList --source-file-list /Users/admin/builder/spi-builder-workspace/.derivedData/Build/Intermediates.noindex/swift-process.build/Debug-watchos/SwiftProcess.build/Objects-normal/armv7k/SwiftProcess.SwiftFileList --source-file-list /Users/admin/builder/spi-builder-workspace/.derivedData/Build/Intermediates.noindex/swift-process.build/Debug-watchos/SwiftProcess.build/Objects-normal/arm64_32/SwiftProcess.SwiftFileList --metadata-file-list /Users/admin/builder/spi-builder-workspace/.derivedData/Build/Intermediates.noindex/swift-process.build/Debug-watchos/SwiftProcess.build/SwiftProcess.DependencyMetadataFileList --static-metadata-file-list /Users/admin/builder/spi-builder-workspace/.derivedData/Build/Intermediates.noindex/swift-process.build/Debug-watchos/SwiftProcess.build/SwiftProcess.DependencyStaticMetadataFileList --swift-const-vals-list /Users/admin/builder/spi-builder-workspace/.derivedData/Build/Intermediates.noindex/swift-process.build/Debug-watchos/SwiftProcess.build/Objects-normal/arm64/SwiftProcess.SwiftConstValuesFileList --swift-const-vals-list /Users/admin/builder/spi-builder-workspace/.derivedData/Build/Intermediates.noindex/swift-process.build/Debug-watchos/SwiftProcess.build/Objects-normal/armv7k/SwiftProcess.SwiftConstValuesFileList --swift-const-vals-list /Users/admin/builder/spi-builder-workspace/.derivedData/Build/Intermediates.noindex/swift-process.build/Debug-watchos/SwiftProcess.build/Objects-normal/arm64_32/SwiftProcess.SwiftConstValuesFileList --force --compile-time-extraction --deployment-aware-processing --validate-assistant-intents --no-app-shortcuts-localization
2026-10-03 14:44:29.592 appintentsmetadataprocessor[982:5607] Starting appintentsmetadataprocessor export
2026-10-03 14:44:29.627 appintentsmetadataprocessor[982:5607] Extracted no relevant App Intents symbols, skipping writing output
RegisterExecutionPolicyException /Users/admin/builder/spi-builder-workspace/.derivedData/Build/Products/Debug-watchos/SwiftProcess.o (in target 'SwiftProcess' from project 'swift-process')
    cd /Users/admin/builder/spi-builder-workspace/.dependencies/checkouts/swift-process
    builtin-RegisterExecutionPolicyException /Users/admin/builder/spi-builder-workspace/.derivedData/Build/Products/Debug-watchos/SwiftProcess.o
SwiftDriver SwiftCoreAudio normal arm64_32 com.apple.xcode.tools.swift.compiler (in target 'SwiftCoreAudio' from project 'swift-core-audio')
    cd /Users/admin/builder/spi-builder-workspace/.swiftpm/xcode
    builtin-SwiftDriver -- /Applications/Xcode-16.3.0.app/Contents/Developer/Toolchains/XcodeDefault.xctoolchain/usr/bin/swiftc -module-name SwiftCoreAudio -Onone -enforce-exclusivity\=checked @/Users/admin/builder/spi-builder-workspace/.derivedData/Build/Intermediates.noindex/swift-core-audio.build/Debug-watchos/SwiftCoreAudio.build/Objects-normal/arm64_32/SwiftCoreAudio.SwiftFileList -DSWIFT_PACKAGE -DDEBUG -DDEBUG -stats-output-dir .stats -plugin-path /Applications/Xcode-16.3.0.app/Contents/Developer/Toolchains/XcodeDefault.xctoolchain/usr/lib/swift/host/plugins/testing -enable-experimental-feature DebugDescriptionMacro -sdk /Applications/Xcode-16.3.0.app/Contents/Developer/Platforms/WatchOS.platform/Developer/SDKs/WatchOS11.4.sdk -target arm64_32-apple-watchos6.0 -g -module-cache-path /Users/admin/builder/spi-builder-workspace/.derivedData/ModuleCache.noindex -Xfrontend -serialize-debugging-options -profile-coverage-mapping -profile-generate -enable-testing -index-store-path /Users/admin/builder/spi-builder-workspace/.derivedData/Index.noindex/DataStore -swift-version 6 -I /Users/admin/builder/spi-builder-workspace/.derivedData/Build/Products/Debug-watchos -I /Applications/Xcode-16.3.0.app/Contents/Developer/Platforms/WatchOS.platform/Developer/usr/lib -F /Users/admin/builder/spi-builder-workspace/.derivedData/Build/Products/Debug-watchos/PackageFrameworks -F /Users/admin/builder/spi-builder-workspace/.derivedData/Build/Products/Debug-watchos/PackageFrameworks -F /Users/admin/builder/spi-builder-workspace/.derivedData/Build/Products/Debug-watchos -F /Applications/Xcode-16.3.0.app/Contents/Developer/Platforms/WatchOS.platform/Developer/Library/Frameworks -F /Applications/Xcode-16.3.0.app/Contents/Developer/Platforms/WatchOS.platform/Developer/SDKs/WatchOS11.4.sdk/Developer/Library/Frameworks -c -j10 -enable-batch-mode -incremental -Xcc -ivfsstatcache -Xcc /Users/admin/builder/spi-builder-workspace/.derivedData/SDKStatCaches.noindex/watchos11.4-22T246-43efb940ff07ba2497b70ec94253f576.sdkstatcache -output-file-map /Users/admin/builder/spi-builder-workspace/.derivedData/Build/Intermediates.noindex/swift-core-audio.build/Debug-watchos/SwiftCoreAudio.build/Objects-normal/arm64_32/SwiftCoreAudio-OutputFileMap.json -use-frontend-parseable-output -save-temps -no-color-diagnostics -serialize-diagnostics -emit-dependencies -emit-module -emit-module-path /Users/admin/builder/spi-builder-workspace/.derivedData/Build/Intermediates.noindex/swift-core-audio.build/Debug-watchos/SwiftCoreAudio.build/Objects-normal/arm64_32/SwiftCoreAudio.swiftmodule -validate-clang-modules-once -clang-build-session-file /Users/admin/builder/spi-builder-workspace/.derivedData/ModuleCache.noindex/Session.modulevalidation -package-name spi_builder_workspace -Xcc -I/Users/admin/builder/spi-builder-workspace/.derivedData/Build/Intermediates.noindex/swift-core-audio.build/Debug-watchos/SwiftCoreAudio.build/swift-overrides.hmap -emit-const-values -Xfrontend -const-gather-protocols-file -Xfrontend /Users/admin/builder/spi-builder-workspace/.derivedData/Build/Intermediates.noindex/swift-core-audio.build/Debug-watchos/SwiftCoreAudio.build/Objects-normal/arm64_32/SwiftCoreAudio_const_extract_protocols.json -Xcc -I/Users/admin/builder/spi-builder-workspace/.derivedData/Build/Products/Debug-watchos/include -Xcc -I/Users/admin/builder/spi-builder-workspace/.derivedData/Build/Intermediates.noindex/swift-core-audio.build/Debug-watchos/SwiftCoreAudio.build/DerivedSources-normal/arm64_32 -Xcc -I/Users/admin/builder/spi-builder-workspace/.derivedData/Build/Intermediates.noindex/swift-core-audio.build/Debug-watchos/SwiftCoreAudio.build/DerivedSources/arm64_32 -Xcc -I/Users/admin/builder/spi-builder-workspace/.derivedData/Build/Intermediates.noindex/swift-core-audio.build/Debug-watchos/SwiftCoreAudio.build/DerivedSources -Xcc -DSWIFT_PACKAGE -Xcc -DDEBUG\=1 -emit-objc-header -emit-objc-header-path /Users/admin/builder/spi-builder-workspace/.derivedData/Build/Intermediates.noindex/swift-core-audio.build/Debug-watchos/SwiftCoreAudio.build/Objects-normal/arm64_32/SwiftCoreAudio-Swift.h -working-directory /Users/admin/builder/spi-builder-workspace/.swiftpm/xcode -experimental-emit-module-separately -disable-cmo
SwiftDriver SwiftCoreAudio normal armv7k com.apple.xcode.tools.swift.compiler (in target 'SwiftCoreAudio' from project 'swift-core-audio')
    cd /Users/admin/builder/spi-builder-workspace/.swiftpm/xcode
    builtin-SwiftDriver -- /Applications/Xcode-16.3.0.app/Contents/Developer/Toolchains/XcodeDefault.xctoolchain/usr/bin/swiftc -module-name SwiftCoreAudio -Onone -enforce-exclusivity\=checked @/Users/admin/builder/spi-builder-workspace/.derivedData/Build/Intermediates.noindex/swift-core-audio.build/Debug-watchos/SwiftCoreAudio.build/Objects-normal/armv7k/SwiftCoreAudio.SwiftFileList -DSWIFT_PACKAGE -DDEBUG -DDEBUG -stats-output-dir .stats -plugin-path /Applications/Xcode-16.3.0.app/Contents/Developer/Toolchains/XcodeDefault.xctoolchain/usr/lib/swift/host/plugins/testing -enable-experimental-feature DebugDescriptionMacro -sdk /Applications/Xcode-16.3.0.app/Contents/Developer/Platforms/WatchOS.platform/Developer/SDKs/WatchOS11.4.sdk -target armv7k-apple-watchos6.0 -g -module-cache-path /Users/admin/builder/spi-builder-workspace/.derivedData/ModuleCache.noindex -Xfrontend -serialize-debugging-options -profile-coverage-mapping -profile-generate -enable-testing -index-store-path /Users/admin/builder/spi-builder-workspace/.derivedData/Index.noindex/DataStore -swift-version 6 -I /Users/admin/builder/spi-builder-workspace/.derivedData/Build/Products/Debug-watchos -I /Applications/Xcode-16.3.0.app/Contents/Developer/Platforms/WatchOS.platform/Developer/usr/lib -F /Users/admin/builder/spi-builder-workspace/.derivedData/Build/Products/Debug-watchos/PackageFrameworks -F /Users/admin/builder/spi-builder-workspace/.derivedData/Build/Products/Debug-watchos/PackageFrameworks -F /Users/admin/builder/spi-builder-workspace/.derivedData/Build/Products/Debug-watchos -F /Applications/Xcode-16.3.0.app/Contents/Developer/Platforms/WatchOS.platform/Developer/Library/Frameworks -F /Applications/Xcode-16.3.0.app/Contents/Developer/Platforms/WatchOS.platform/Developer/SDKs/WatchOS11.4.sdk/Developer/Library/Frameworks -c -j10 -enable-batch-mode -incremental -Xcc -ivfsstatcache -Xcc /Users/admin/builder/spi-builder-workspace/.derivedData/SDKStatCaches.noindex/watchos11.4-22T246-43efb940ff07ba2497b70ec94253f576.sdkstatcache -output-file-map /Users/admin/builder/spi-builder-workspace/.derivedData/Build/Intermediates.noindex/swift-core-audio.build/Debug-watchos/SwiftCoreAudio.build/Objects-normal/armv7k/SwiftCoreAudio-OutputFileMap.json -use-frontend-parseable-output -save-temps -no-color-diagnostics -serialize-diagnostics -emit-dependencies -emit-module -emit-module-path /Users/admin/builder/spi-builder-workspace/.derivedData/Build/Intermediates.noindex/swift-core-audio.build/Debug-watchos/SwiftCoreAudio.build/Objects-normal/armv7k/SwiftCoreAudio.swiftmodule -validate-clang-modules-once -clang-build-session-file /Users/admin/builder/spi-builder-workspace/.derivedData/ModuleCache.noindex/Session.modulevalidation -package-name spi_builder_workspace -Xcc -I/Users/admin/builder/spi-builder-workspace/.derivedData/Build/Intermediates.noindex/swift-core-audio.build/Debug-watchos/SwiftCoreAudio.build/swift-overrides.hmap -emit-const-values -Xfrontend -const-gather-protocols-file -Xfrontend /Users/admin/builder/spi-builder-workspace/.derivedData/Build/Intermediates.noindex/swift-core-audio.build/Debug-watchos/SwiftCoreAudio.build/Objects-normal/armv7k/SwiftCoreAudio_const_extract_protocols.json -Xcc -I/Users/admin/builder/spi-builder-workspace/.derivedData/Build/Products/Debug-watchos/include -Xcc -I/Users/admin/builder/spi-builder-workspace/.derivedData/Build/Intermediates.noindex/swift-core-audio.build/Debug-watchos/SwiftCoreAudio.build/DerivedSources-normal/armv7k -Xcc -I/Users/admin/builder/spi-builder-workspace/.derivedData/Build/Intermediates.noindex/swift-core-audio.build/Debug-watchos/SwiftCoreAudio.build/DerivedSources/armv7k -Xcc -I/Users/admin/builder/spi-builder-workspace/.derivedData/Build/Intermediates.noindex/swift-core-audio.build/Debug-watchos/SwiftCoreAudio.build/DerivedSources -Xcc -DSWIFT_PACKAGE -Xcc -DDEBUG\=1 -emit-objc-header -emit-objc-header-path /Users/admin/builder/spi-builder-workspace/.derivedData/Build/Intermediates.noindex/swift-core-audio.build/Debug-watchos/SwiftCoreAudio.build/Objects-normal/armv7k/SwiftCoreAudio-Swift.h -working-directory /Users/admin/builder/spi-builder-workspace/.swiftpm/xcode -experimental-emit-module-separately -disable-cmo
SwiftDriver SwiftCoreAudio normal arm64 com.apple.xcode.tools.swift.compiler (in target 'SwiftCoreAudio' from project 'swift-core-audio')
    cd /Users/admin/builder/spi-builder-workspace/.swiftpm/xcode
    builtin-SwiftDriver -- /Applications/Xcode-16.3.0.app/Contents/Developer/Toolchains/XcodeDefault.xctoolchain/usr/bin/swiftc -module-name SwiftCoreAudio -Onone -enforce-exclusivity\=checked @/Users/admin/builder/spi-builder-workspace/.derivedData/Build/Intermediates.noindex/swift-core-audio.build/Debug-watchos/SwiftCoreAudio.build/Objects-normal/arm64/SwiftCoreAudio.SwiftFileList -DSWIFT_PACKAGE -DDEBUG -DDEBUG -stats-output-dir .stats -plugin-path /Applications/Xcode-16.3.0.app/Contents/Developer/Toolchains/XcodeDefault.xctoolchain/usr/lib/swift/host/plugins/testing -enable-experimental-feature DebugDescriptionMacro -sdk /Applications/Xcode-16.3.0.app/Contents/Developer/Platforms/WatchOS.platform/Developer/SDKs/WatchOS11.4.sdk -target arm64-apple-watchos6.0 -g -module-cache-path /Users/admin/builder/spi-builder-workspace/.derivedData/ModuleCache.noindex -Xfrontend -serialize-debugging-options -profile-coverage-mapping -profile-generate -enable-testing -index-store-path /Users/admin/builder/spi-builder-workspace/.derivedData/Index.noindex/DataStore -swift-version 6 -I /Users/admin/builder/spi-builder-workspace/.derivedData/Build/Products/Debug-watchos -I /Applications/Xcode-16.3.0.app/Contents/Developer/Platforms/WatchOS.platform/Developer/usr/lib -F /Users/admin/builder/spi-builder-workspace/.derivedData/Build/Products/Debug-watchos/PackageFrameworks -F /Users/admin/builder/spi-builder-workspace/.derivedData/Build/Products/Debug-watchos/PackageFrameworks -F /Users/admin/builder/spi-builder-workspace/.derivedData/Build/Products/Debug-watchos -F /Applications/Xcode-16.3.0.app/Contents/Developer/Platforms/WatchOS.platform/Developer/Library/Frameworks -F /Applications/Xcode-16.3.0.app/Contents/Developer/Platforms/WatchOS.platform/Developer/SDKs/WatchOS11.4.sdk/Developer/Library/Frameworks -c -j10 -enable-batch-mode -incremental -Xcc -ivfsstatcache -Xcc /Users/admin/builder/spi-builder-workspace/.derivedData/SDKStatCaches.noindex/watchos11.4-22T246-43efb940ff07ba2497b70ec94253f576.sdkstatcache -output-file-map /Users/admin/builder/spi-builder-workspace/.derivedData/Build/Intermediates.noindex/swift-core-audio.build/Debug-watchos/SwiftCoreAudio.build/Objects-normal/arm64/SwiftCoreAudio-OutputFileMap.json -use-frontend-parseable-output -save-temps -no-color-diagnostics -serialize-diagnostics -emit-dependencies -emit-module -emit-module-path /Users/admin/builder/spi-builder-workspace/.derivedData/Build/Intermediates.noindex/swift-core-audio.build/Debug-watchos/SwiftCoreAudio.build/Objects-normal/arm64/SwiftCoreAudio.swiftmodule -validate-clang-modules-once -clang-build-session-file /Users/admin/builder/spi-builder-workspace/.derivedData/ModuleCache.noindex/Session.modulevalidation -package-name spi_builder_workspace -Xcc -I/Users/admin/builder/spi-builder-workspace/.derivedData/Build/Intermediates.noindex/swift-core-audio.build/Debug-watchos/SwiftCoreAudio.build/swift-overrides.hmap -emit-const-values -Xfrontend -const-gather-protocols-file -Xfrontend /Users/admin/builder/spi-builder-workspace/.derivedData/Build/Intermediates.noindex/swift-core-audio.build/Debug-watchos/SwiftCoreAudio.build/Objects-normal/arm64/SwiftCoreAudio_const_extract_protocols.json -Xcc -I/Users/admin/builder/spi-builder-workspace/.derivedData/Build/Products/Debug-watchos/include -Xcc -I/Users/admin/builder/spi-builder-workspace/.derivedData/Build/Intermediates.noindex/swift-core-audio.build/Debug-watchos/SwiftCoreAudio.build/DerivedSources-normal/arm64 -Xcc -I/Users/admin/builder/spi-builder-workspace/.derivedData/Build/Intermediates.noindex/swift-core-audio.build/Debug-watchos/SwiftCoreAudio.build/DerivedSources/arm64 -Xcc -I/Users/admin/builder/spi-builder-workspace/.derivedData/Build/Intermediates.noindex/swift-core-audio.build/Debug-watchos/SwiftCoreAudio.build/DerivedSources -Xcc -DSWIFT_PACKAGE -Xcc -DDEBUG\=1 -emit-objc-header -emit-objc-header-path /Users/admin/builder/spi-builder-workspace/.derivedData/Build/Intermediates.noindex/swift-core-audio.build/Debug-watchos/SwiftCoreAudio.build/Objects-normal/arm64/SwiftCoreAudio-Swift.h -working-directory /Users/admin/builder/spi-builder-workspace/.swiftpm/xcode -experimental-emit-module-separately -disable-cmo
SwiftEmitModule normal armv7k Emitting\ module\ for\ SwiftCoreAudio (in target 'SwiftCoreAudio' from project 'swift-core-audio')
SwiftCompile normal armv7k Compiling\ AnyAudioObject+AudioObjectProperties.swift,\ AnyAudioObject+IDConstructibleAudioObject.swift,\ AnyAudioObject.swift,\ AudioAggregateDevice+AudioAggregateDeviceProperties.swift,\ AudioAggregateDevice+AudioClockProperties.swift,\ AudioAggregateDevice+AudioDeviceProperties.swift,\ AudioAggregateDevice+AudioObjectProperties.swift,\ AudioAggregateDevice+Collection.swift,\ AudioAggregateDevice+IDConstructibleAudioObject.swift,\ AudioAggregateDevice+UID.swift,\ AudioAggregateDevice+UIDConstructibleAudioObject.swift,\ AudioAggregateDevice+UIDIdentifiableAudioObject.swift,\ AudioAggregateDevice.swift,\ AudioAggregateDevice\ Composition\ Key.swift,\ AudioAggregateDevice\ Composition.swift,\ AudioAggregateDevice\ DriftCompensationQuality.swift,\ AudioAggregateDevice\ Composition\ SubDevice\ Key.swift,\ AudioAggregateDevice\ Composition\ SubDevice.swift,\ AudioAggregateDevice\ Composition\ SubTap\ Key.swift,\ AudioAggregateDevice\ Composition\ SubTap.swift,\ AudioBooleanControl+AudioObjectProperties.swift,\ AudioBooleanControl+IDConstructibleAudioObject.swift,\ AudioBooleanControl.swift,\ AudioBox+AudioBoxProperties.swift /Users/admin/builder/spi-builder-workspace/Sources/SwiftCoreAudio/Objects/AnyAudioObject/AnyAudioObject+AudioObjectProperties.swift /Users/admin/builder/spi-builder-workspace/Sources/SwiftCoreAudio/Objects/AnyAudioObject/AnyAudioObject+IDConstructibleAudioObject.swift /Users/admin/builder/spi-builder-workspace/Sources/SwiftCoreAudio/Objects/AnyAudioObject/AnyAudioObject.swift /Users/admin/builder/spi-builder-workspace/Sources/SwiftCoreAudio/Objects/AudioAggregateDevice/AudioAggregateDevice+AudioAggregateDeviceProperties.swift /Users/admin/builder/spi-builder-workspace/Sources/SwiftCoreAudio/Objects/AudioAggregateDevice/AudioAggregateDevice+AudioClockProperties.swift /Users/admin/builder/spi-builder-workspace/Sources/SwiftCoreAudio/Objects/AudioAggregateDevice/AudioAggregateDevice+AudioDeviceProperties.swift /Users/admin/builder/spi-builder-workspace/Sources/SwiftCoreAudio/Objects/AudioAggregateDevice/AudioAggregateDevice+AudioObjectProperties.swift /Users/admin/builder/spi-builder-workspace/Sources/SwiftCoreAudio/Objects/AudioAggregateDevice/AudioAggregateDevice+Collection.swift /Users/admin/builder/spi-builder-workspace/Sources/SwiftCoreAudio/Objects/AudioAggregateDevice/AudioAggregateDevice+IDConstructibleAudioObject.swift /Users/admin/builder/spi-builder-workspace/Sources/SwiftCoreAudio/Objects/AudioAggregateDevice/AudioAggregateDevice+UID.swift /Users/admin/builder/spi-builder-workspace/Sources/SwiftCoreAudio/Objects/AudioAggregateDevice/AudioAggregateDevice+UIDConstructibleAudioObject.swift /Users/admin/builder/spi-builder-workspace/Sources/SwiftCoreAudio/Objects/AudioAggregateDevice/AudioAggregateDevice+UIDIdentifiableAudioObject.swift /Users/admin/builder/spi-builder-workspace/Sources/SwiftCoreAudio/Objects/AudioAggregateDevice/AudioAggregateDevice.swift /Users/admin/builder/spi-builder-workspace/Sources/SwiftCoreAudio/Objects/AudioAggregateDevice/Composition/AudioAggregateDevice\ Composition\ Key.swift /Users/admin/builder/spi-builder-workspace/Sources/SwiftCoreAudio/Objects/AudioAggregateDevice/Composition/AudioAggregateDevice\ Composition.swift /Users/admin/builder/spi-builder-workspace/Sources/SwiftCoreAudio/Objects/AudioAggregateDevice/Composition/DriftCompensationQuality/AudioAggregateDevice\ DriftCompensationQuality.swift /Users/admin/builder/spi-builder-workspace/Sources/SwiftCoreAudio/Objects/AudioAggregateDevice/Composition/SubDevice/AudioAggregateDevice\ Composition\ SubDevice\ Key.swift /Users/admin/builder/spi-builder-workspace/Sources/SwiftCoreAudio/Objects/AudioAggregateDevice/Composition/SubDevice/AudioAggregateDevice\ Composition\ SubDevice.swift /Users/admin/builder/spi-builder-workspace/Sources/SwiftCoreAudio/Objects/AudioAggregateDevice/Composition/SubTap/AudioAggregateDevice\ Composition\ SubTap\ Key.swift /Users/admin/builder/spi-builder-workspace/Sources/SwiftCoreAudio/Objects/AudioAggregateDevice/Composition/SubTap/AudioAggregateDevice\ Composition\ SubTap.swift /Users/admin/builder/spi-builder-workspace/Sources/SwiftCoreAudio/Objects/AudioBooleanControl/AudioBooleanControl+AudioObjectProperties.swift /Users/admin/builder/spi-builder-workspace/Sources/SwiftCoreAudio/Objects/AudioBooleanControl/AudioBooleanControl+IDConstructibleAudioObject.swift /Users/admin/builder/spi-builder-workspace/Sources/SwiftCoreAudio/Objects/AudioBooleanControl/AudioBooleanControl.swift /Users/admin/builder/spi-builder-workspace/Sources/SwiftCoreAudio/Objects/AudioBox/AudioBox+AudioBoxProperties.swift (in target 'SwiftCoreAudio' from project 'swift-core-audio')
SwiftCompile normal armv7k Compiling\ AudioBoxProperties+Convenience.swift,\ AudioBoxProperties+Implementation.swift,\ AudioBoxProperties+Listeners.swift,\ AudioBoxProperties+Property.swift,\ AudioBoxProperties.swift,\ AudioClockProperties+Convenience.swift,\ AudioClockProperties+Implementation.swift,\ AudioClockProperties+Listeners.swift,\ AudioClockProperties+Property.swift,\ AudioClockProperties.swift,\ AudioDeviceProperties+Convenience.swift,\ AudioDeviceProperties+Icon.swift,\ AudioDeviceProperties+Implementation.swift,\ AudioDeviceProperties+Listeners.swift,\ AudioDeviceProperties+Property.swift,\ AudioDeviceProperties.swift,\ AudioObject+Collection.swift,\ AudioObject+CoreAudio.swift,\ AudioObject+Listeners.swift,\ AudioObject+PropertyValue.swift,\ AudioObject.swift,\ IDConstructibleAudioObject.swift,\ UIDConstructibleAudioObject.swift,\ UIDIdentifiableAudioObject.swift /Users/admin/builder/spi-builder-workspace/Sources/SwiftCoreAudio/Protocols/AudioBoxProperties/AudioBoxProperties+Convenience.swift /Users/admin/builder/spi-builder-workspace/Sources/SwiftCoreAudio/Protocols/AudioBoxProperties/AudioBoxProperties+Implementation.swift /Users/admin/builder/spi-builder-workspace/Sources/SwiftCoreAudio/Protocols/AudioBoxProperties/AudioBoxProperties+Listeners.swift /Users/admin/builder/spi-builder-workspace/Sources/SwiftCoreAudio/Protocols/AudioBoxProperties/AudioBoxProperties+Property.swift /Users/admin/builder/spi-builder-workspace/Sources/SwiftCoreAudio/Protocols/AudioBoxProperties/AudioBoxProperties.swift /Users/admin/builder/spi-builder-workspace/Sources/SwiftCoreAudio/Protocols/AudioClockProperties/AudioClockProperties+Convenience.swift /Users/admin/builder/spi-builder-workspace/Sources/SwiftCoreAudio/Protocols/AudioClockProperties/AudioClockProperties+Implementation.swift /Users/admin/builder/spi-builder-workspace/Sources/SwiftCoreAudio/Protocols/AudioClockProperties/AudioClockProperties+Listeners.swift /Users/admin/builder/spi-builder-workspace/Sources/SwiftCoreAudio/Protocols/AudioClockProperties/AudioClockProperties+Property.swift /Users/admin/builder/spi-builder-workspace/Sources/SwiftCoreAudio/Protocols/AudioClockProperties/AudioClockProperties.swift /Users/admin/builder/spi-builder-workspace/Sources/SwiftCoreAudio/Protocols/AudioDeviceProperties/AudioDeviceProperties+Convenience.swift /Users/admin/builder/spi-builder-workspace/Sources/SwiftCoreAudio/Protocols/AudioDeviceProperties/AudioDeviceProperties+Icon.swift /Users/admin/builder/spi-builder-workspace/Sources/SwiftCoreAudio/Protocols/AudioDeviceProperties/AudioDeviceProperties+Implementation.swift /Users/admin/builder/spi-builder-workspace/Sources/SwiftCoreAudio/Protocols/AudioDeviceProperties/AudioDeviceProperties+Listeners.swift /Users/admin/builder/spi-builder-workspace/Sources/SwiftCoreAudio/Protocols/AudioDeviceProperties/AudioDeviceProperties+Property.swift /Users/admin/builder/spi-builder-workspace/Sources/SwiftCoreAudio/Protocols/AudioDeviceProperties/AudioDeviceProperties.swift /Users/admin/builder/spi-builder-workspace/Sources/SwiftCoreAudio/Protocols/AudioObject/AudioObject+Collection.swift /Users/admin/builder/spi-builder-workspace/Sources/SwiftCoreAudio/Protocols/AudioObject/AudioObject+CoreAudio.swift /Users/admin/builder/spi-builder-workspace/Sources/SwiftCoreAudio/Protocols/AudioObject/AudioObject+Listeners.swift /Users/admin/builder/spi-builder-workspace/Sources/SwiftCoreAudio/Protocols/AudioObject/AudioObject+PropertyValue.swift /Users/admin/builder/spi-builder-workspace/Sources/SwiftCoreAudio/Protocols/AudioObject/AudioObject.swift /Users/admin/builder/spi-builder-workspace/Sources/SwiftCoreAudio/Protocols/AudioObject/IDConstructibleAudioObject.swift /Users/admin/builder/spi-builder-workspace/Sources/SwiftCoreAudio/Protocols/AudioObject/UIDConstructibleAudioObject.swift /Users/admin/builder/spi-builder-workspace/Sources/SwiftCoreAudio/Protocols/AudioObject/UIDIdentifiableAudioObject.swift (in target 'SwiftCoreAudio' from project 'swift-core-audio')
SwiftCompile normal armv7k Compiling\ AudioSubTap+AudioSubTapProperties.swift,\ AudioSubTap+IDConstructibleAudioObject.swift,\ AudioSubTap.swift,\ AudioSystem+AudioObject.swift,\ AudioSystem+AudioObjectProperties.swift,\ AudioSystem+AudioSystemProperties.swift,\ AudioSystem.swift,\ AudioTap+AudioObjectProperties.swift,\ AudioTap+AudioTapProperties.swift,\ AudioTap+IDConstructibleAudioObject.swift,\ AudioTap+UIDConstructibleAudioObject.swift,\ AudioTap+UIDIdentifiableAudioObject.swift,\ AudioTap.swift,\ AudioTransportManager+AudioObjectProperties.swift,\ AudioTransportManager+AudioPlugInProperties.swift,\ AudioTransportManager+AudioTransportManagerProperties.swift,\ AudioTransportManager+IDConstructibleAudioObject.swift,\ AudioTransportManager.swift,\ AudioProperty+AggregateDevice.swift,\ AudioProperty+Box.swift,\ AudioProperty+Clock.swift,\ AudioProperty+Device.swift,\ AudioProperty+Object.swift,\ AudioProperty+PlugIn.swift /Users/admin/builder/spi-builder-workspace/Sources/SwiftCoreAudio/Objects/AudioSubTap/AudioSubTap+AudioSubTapProperties.swift /Users/admin/builder/spi-builder-workspace/Sources/SwiftCoreAudio/Objects/AudioSubTap/AudioSubTap+IDConstructibleAudioObject.swift /Users/admin/builder/spi-builder-workspace/Sources/SwiftCoreAudio/Objects/AudioSubTap/AudioSubTap.swift /Users/admin/builder/spi-builder-workspace/Sources/SwiftCoreAudio/Objects/AudioSystem/AudioSystem+AudioObject.swift /Users/admin/builder/spi-builder-workspace/Sources/SwiftCoreAudio/Objects/AudioSystem/AudioSystem+AudioObjectProperties.swift /Users/admin/builder/spi-builder-workspace/Sources/SwiftCoreAudio/Objects/AudioSystem/AudioSystem+AudioSystemProperties.swift /Users/admin/builder/spi-builder-workspace/Sources/SwiftCoreAudio/Objects/AudioSystem/AudioSystem.swift /Users/admin/builder/spi-builder-workspace/Sources/SwiftCoreAudio/Objects/AudioTap/AudioTap+AudioObjectProperties.swift /Users/admin/builder/spi-builder-workspace/Sources/SwiftCoreAudio/Objects/AudioTap/AudioTap+AudioTapProperties.swift /Users/admin/builder/spi-builder-workspace/Sources/SwiftCoreAudio/Objects/AudioTap/AudioTap+IDConstructibleAudioObject.swift /Users/admin/builder/spi-builder-workspace/Sources/SwiftCoreAudio/Objects/AudioTap/AudioTap+UIDConstructibleAudioObject.swift /Users/admin/builder/spi-builder-workspace/Sources/SwiftCoreAudio/Objects/AudioTap/AudioTap+UIDIdentifiableAudioObject.swift /Users/admin/builder/spi-builder-workspace/Sources/SwiftCoreAudio/Objects/AudioTap/AudioTap.swift /Users/admin/builder/spi-builder-workspace/Sources/SwiftCoreAudio/Objects/AudioTransportManager/AudioTransportManager+AudioObjectProperties.swift /Users/admin/builder/spi-builder-workspace/Sources/SwiftCoreAudio/Objects/AudioTransportManager/AudioTransportManager+AudioPlugInProperties.swift /Users/admin/builder/spi-builder-workspace/Sources/SwiftCoreAudio/Objects/AudioTransportManager/AudioTransportManager+AudioTransportManagerProperties.swift /Users/admin/builder/spi-builder-workspace/Sources/SwiftCoreAudio/Objects/AudioTransportManager/AudioTransportManager+IDConstructibleAudioObject.swift /Users/admin/builder/spi-builder-workspace/Sources/SwiftCoreAudio/Objects/AudioTransportManager/AudioTransportManager.swift /Users/admin/builder/spi-builder-workspace/Sources/SwiftCoreAudio/Properties/AudioProperty/AudioProperty+AggregateDevice.swift /Users/admin/builder/spi-builder-workspace/Sources/SwiftCoreAudio/Properties/AudioProperty/AudioProperty+Box.swift /Users/admin/builder/spi-builder-workspace/Sources/SwiftCoreAudio/Properties/AudioProperty/AudioProperty+Clock.swift /Users/admin/builder/spi-builder-workspace/Sources/SwiftCoreAudio/Properties/AudioProperty/AudioProperty+Device.swift /Users/admin/builder/spi-builder-workspace/Sources/SwiftCoreAudio/Properties/AudioProperty/AudioProperty+Object.swift /Users/admin/builder/spi-builder-workspace/Sources/SwiftCoreAudio/Properties/AudioProperty/AudioProperty+PlugIn.swift (in target 'SwiftCoreAudio' from project 'swift-core-audio')
SwiftCompile normal armv7k Compiling\ AudioDevice\ TransportType.swift,\ AudioEndPointDevice+AudioDeviceProperties.swift,\ AudioEndPointDevice+AudioObjectProperties.swift,\ AudioEndPointDevice+IDConstructibleAudioObject.swift,\ AudioEndPointDevice+UIDConstructibleAudioObject.swift,\ AudioEndPointDevice+UIDIdentifiableAudioObject.swift,\ AudioEndPointDevice.swift,\ AudioLevelControl+AudioObjectProperties.swift,\ AudioLevelControl+IDConstructibleAudioObject.swift,\ AudioLevelControl.swift,\ AudioPlugIn+AudioObjectProperties.swift,\ AudioPlugIn+AudioPlugInProperties.swift,\ AudioPlugIn+IDConstructibleAudioObject.swift,\ AudioPlugIn.swift,\ AudioProcess+AudioObjectProperties.swift,\ AudioProcess+AudioProcessProperties.swift,\ AudioProcess+IDConstructibleAudioObject.swift,\ AudioProcess.swift,\ AudioSelectorControl+AudioObjectProperties.swift,\ AudioSelectorControl+IDConstructibleAudioObject.swift,\ AudioSelectorControl.swift,\ AudioStereoPanControl+AudioObjectProperties.swift,\ AudioStereoPanControl+IDConstructibleAudioObject.swift,\ AudioStereoPanControl.swift /Users/admin/builder/spi-builder-workspace/Sources/SwiftCoreAudio/Objects/AudioDevice/TransportType/AudioDevice\ TransportType.swift /Users/admin/builder/spi-builder-workspace/Sources/SwiftCoreAudio/Objects/AudioEndPointDevice/AudioEndPointDevice+AudioDeviceProperties.swift /Users/admin/builder/spi-builder-workspace/Sources/SwiftCoreAudio/Objects/AudioEndPointDevice/AudioEndPointDevice+AudioObjectProperties.swift /Users/admin/builder/spi-builder-workspace/Sources/SwiftCoreAudio/Objects/AudioEndPointDevice/AudioEndPointDevice+IDConstructibleAudioObject.swift /Users/admin/builder/spi-builder-workspace/Sources/SwiftCoreAudio/Objects/AudioEndPointDevice/AudioEndPointDevice+UIDConstructibleAudioObject.swift /Users/admin/builder/spi-builder-workspace/Sources/SwiftCoreAudio/Objects/AudioEndPointDevice/AudioEndPointDevice+UIDIdentifiableAudioObject.swift /Users/admin/builder/spi-builder-workspace/Sources/SwiftCoreAudio/Objects/AudioEndPointDevice/AudioEndPointDevice.swift /Users/admin/builder/spi-builder-workspace/Sources/SwiftCoreAudio/Objects/AudioLevelControl/AudioLevelControl+AudioObjectProperties.swift /Users/admin/builder/spi-builder-workspace/Sources/SwiftCoreAudio/Objects/AudioLevelControl/AudioLevelControl+IDConstructibleAudioObject.swift /Users/admin/builder/spi-builder-workspace/Sources/SwiftCoreAudio/Objects/AudioLevelControl/AudioLevelControl.swift /Users/admin/builder/spi-builder-workspace/Sources/SwiftCoreAudio/Objects/AudioPlugIn/AudioPlugIn+AudioObjectProperties.swift /Users/admin/builder/spi-builder-workspace/Sources/SwiftCoreAudio/Objects/AudioPlugIn/AudioPlugIn+AudioPlugInProperties.swift /Users/admin/builder/spi-builder-workspace/Sources/SwiftCoreAudio/Objects/AudioPlugIn/AudioPlugIn+IDConstructibleAudioObject.swift /Users/admin/builder/spi-builder-workspace/Sources/SwiftCoreAudio/Objects/AudioPlugIn/AudioPlugIn.swift /Users/admin/builder/spi-builder-workspace/Sources/SwiftCoreAudio/Objects/AudioProcess/AudioProcess+AudioObjectProperties.swift /Users/admin/builder/spi-builder-workspace/Sources/SwiftCoreAudio/Objects/AudioProcess/AudioProcess+AudioProcessProperties.swift /Users/admin/builder/spi-builder-workspace/Sources/SwiftCoreAudio/Objects/AudioProcess/AudioProcess+IDConstructibleAudioObject.swift /Users/admin/builder/spi-builder-workspace/Sources/SwiftCoreAudio/Objects/AudioProcess/AudioProcess.swift /Users/admin/builder/spi-builder-workspace/Sources/SwiftCoreAudio/Objects/AudioSelectorControl/AudioSelectorControl+AudioObjectProperties.swift /Users/admin/builder/spi-builder-workspace/Sources/SwiftCoreAudio/Objects/AudioSelectorControl/AudioSelectorControl+IDConstructibleAudioObject.swift /Users/admin/builder/spi-builder-workspace/Sources/SwiftCoreAudio/Objects/AudioSelectorControl/AudioSelectorControl.swift /Users/admin/builder/spi-builder-workspace/Sources/SwiftCoreAudio/Objects/AudioStereoPanControl/AudioStereoPanControl+AudioObjectProperties.swift /Users/admin/builder/spi-builder-workspace/Sources/SwiftCoreAudio/Objects/AudioStereoPanControl/AudioStereoPanControl+IDConstructibleAudioObject.swift /Users/admin/builder/spi-builder-workspace/Sources/SwiftCoreAudio/Objects/AudioStereoPanControl/AudioStereoPanControl.swift (in target 'SwiftCoreAudio' from project 'swift-core-audio')
SwiftCompile normal armv7k Compiling\ resource_bundle_accessor.swift,\ API-0.2.2.swift,\ Asset\ Previews.swift,\ AudioOSStatus+CustomStringConvertible.swift,\ AudioOSStatus.swift,\ OSStatus+AudioOSStatus.swift,\ OSStatus+Multiplatform.swift,\ AudioOSStatus+AudioOSStatusError.swift,\ AudioOSStatusError+SwiftCoreAudioError.swift,\ AudioOSStatusError.swift,\ OSStatus+AudioOSStatusError.swift,\ OSStatus+SwiftCoreAudioError.swift,\ SwiftCoreAudioError+Recovery.swift,\ SwiftCoreAudioError.swift,\ Exports.swift,\ CoreAudioLogging.swift,\ OSLogType+Properties.swift,\ AnyAudioDevice+AudioDeviceProperties.swift,\ AnyAudioDevice+AudioObjectProperties.swift,\ AnyAudioDevice+Collection.swift,\ AnyAudioDevice+IDConstructibleAudioObject.swift,\ AnyAudioDevice+UIDConstructibleAudioObject.swift,\ AnyAudioDevice+UIDIdentifiableAudioObject.swift,\ AnyAudioDevice.swift /Users/admin/builder/spi-builder-workspace/.derivedData/Build/Intermediates.noindex/swift-core-audio.build/Debug-watchos/SwiftCoreAudio.build/DerivedSources/resource_bundle_accessor.swift /Users/admin/builder/spi-builder-workspace/Sources/SwiftCoreAudio/API\ Evolution/API-0.2.2.swift /Users/admin/builder/spi-builder-workspace/Sources/SwiftCoreAudio/Assets/Asset\ Previews.swift /Users/admin/builder/spi-builder-workspace/Sources/SwiftCoreAudio/Errors/AudioOSStatus/AudioOSStatus+CustomStringConvertible.swift /Users/admin/builder/spi-builder-workspace/Sources/SwiftCoreAudio/Errors/AudioOSStatus/AudioOSStatus.swift /Users/admin/builder/spi-builder-workspace/Sources/SwiftCoreAudio/Errors/AudioOSStatus/OSStatus+AudioOSStatus.swift /Users/admin/builder/spi-builder-workspace/Sources/SwiftCoreAudio/Errors/AudioOSStatus/OSStatus+Multiplatform.swift /Users/admin/builder/spi-builder-workspace/Sources/SwiftCoreAudio/Errors/AudioOSStatusError/AudioOSStatus+AudioOSStatusError.swift /Users/admin/builder/spi-builder-workspace/Sources/SwiftCoreAudio/Errors/AudioOSStatusError/AudioOSStatusError+SwiftCoreAudioError.swift /Users/admin/builder/spi-builder-workspace/Sources/SwiftCoreAudio/Errors/AudioOSStatusError/AudioOSStatusError.swift /Users/admin/builder/spi-builder-workspace/Sources/SwiftCoreAudio/Errors/AudioOSStatusError/OSStatus+AudioOSStatusError.swift /Users/admin/builder/spi-builder-workspace/Sources/SwiftCoreAudio/Errors/SwiftCoreAudioError/OSStatus+SwiftCoreAudioError.swift /Users/admin/builder/spi-builder-workspace/Sources/SwiftCoreAudio/Errors/SwiftCoreAudioError/SwiftCoreAudioError+Recovery.swift /Users/admin/builder/spi-builder-workspace/Sources/SwiftCoreAudio/Errors/SwiftCoreAudioError/SwiftCoreAudioError.swift /Users/admin/builder/spi-builder-workspace/Sources/SwiftCoreAudio/Exports.swift /Users/admin/builder/spi-builder-workspace/Sources/SwiftCoreAudio/Logging/CoreAudioLogging.swift /Users/admin/builder/spi-builder-workspace/Sources/SwiftCoreAudio/Logging/OSLogType+Properties.swift /Users/admin/builder/spi-builder-workspace/Sources/SwiftCoreAudio/Objects/AnyAudioDevice/AnyAudioDevice+AudioDeviceProperties.swift /Users/admin/builder/spi-builder-workspace/Sources/SwiftCoreAudio/Objects/AnyAudioDevice/AnyAudioDevice+AudioObjectProperties.swift /Users/admin/builder/spi-builder-workspace/Sources/SwiftCoreAudio/Objects/AnyAudioDevice/AnyAudioDevice+Collection.swift /Users/admin/builder/spi-builder-workspace/Sources/SwiftCoreAudio/Objects/AnyAudioDevice/AnyAudioDevice+IDConstructibleAudioObject.swift /Users/admin/builder/spi-builder-workspace/Sources/SwiftCoreAudio/Objects/AnyAudioDevice/AnyAudioDevice+UIDConstructibleAudioObject.swift /Users/admin/builder/spi-builder-workspace/Sources/SwiftCoreAudio/Objects/AnyAudioDevice/AnyAudioDevice+UIDIdentifiableAudioObject.swift /Users/admin/builder/spi-builder-workspace/Sources/SwiftCoreAudio/Objects/AnyAudioDevice/AnyAudioDevice.swift (in target 'SwiftCoreAudio' from project 'swift-core-audio')
SwiftCompile normal armv7k Compiling\ AudioProperty+Process.swift,\ AudioProperty+Stream.swift,\ AudioProperty+SubDevice.swift,\ AudioProperty+SubTap.swift,\ AudioProperty+System.swift,\ AudioProperty+Tap.swift,\ AudioProperty+TransportManager.swift,\ AudioProperty.swift,\ AudioPropertyProtocol.swift,\ AudioObjectPropertyAddress+AudioPropertyConstant.swift,\ AudioPropertyConstant.swift,\ AudioPropertyElementConstant.swift,\ AudioObjectPropertyElementConstant.swift,\ AudioStreamPropertyElementConstant.swift,\ AudioWildcardPropertyElementConstant.swift,\ AudioPropertyScopeConstant.swift,\ AudioObjectPropertyScopeConstant.swift,\ AudioWildcardPropertyScopeConstant.swift,\ AudioPropertySelectorConstant.swift,\ AudioAggregateDevicePropertySelectorConstant.swift,\ AudioBooleanControlPropertySelectorConstant.swift,\ AudioBoxPropertySelectorConstant.swift,\ AudioClockPropertySelectorConstant.swift,\ AudioControlPropertySelectorConstant.swift /Users/admin/builder/spi-builder-workspace/Sources/SwiftCoreAudio/Properties/AudioProperty/AudioProperty+Process.swift /Users/admin/builder/spi-builder-workspace/Sources/SwiftCoreAudio/Properties/AudioProperty/AudioProperty+Stream.swift /Users/admin/builder/spi-builder-workspace/Sources/SwiftCoreAudio/Properties/AudioProperty/AudioProperty+SubDevice.swift /Users/admin/builder/spi-builder-workspace/Sources/SwiftCoreAudio/Properties/AudioProperty/AudioProperty+SubTap.swift /Users/admin/builder/spi-builder-workspace/Sources/SwiftCoreAudio/Properties/AudioProperty/AudioProperty+System.swift /Users/admin/builder/spi-builder-workspace/Sources/SwiftCoreAudio/Properties/AudioProperty/AudioProperty+Tap.swift /Users/admin/builder/spi-builder-workspace/Sources/SwiftCoreAudio/Properties/AudioProperty/AudioProperty+TransportManager.swift /Users/admin/builder/spi-builder-workspace/Sources/SwiftCoreAudio/Properties/AudioProperty/AudioProperty.swift /Users/admin/builder/spi-builder-workspace/Sources/SwiftCoreAudio/Properties/AudioProperty/AudioPropertyProtocol.swift /Users/admin/builder/spi-builder-workspace/Sources/SwiftCoreAudio/Properties/AudioPropertyConstant/AudioObjectPropertyAddress+AudioPropertyConstant.swift /Users/admin/builder/spi-builder-workspace/Sources/SwiftCoreAudio/Properties/AudioPropertyConstant/AudioPropertyConstant.swift /Users/admin/builder/spi-builder-workspace/Sources/SwiftCoreAudio/Properties/AudioPropertyConstant/AudioPropertyElementConstant.swift /Users/admin/builder/spi-builder-workspace/Sources/SwiftCoreAudio/Properties/AudioPropertyConstant/AudioPropertyElementConstants/AudioObjectPropertyElementConstant.swift /Users/admin/builder/spi-builder-workspace/Sources/SwiftCoreAudio/Properties/AudioPropertyConstant/AudioPropertyElementConstants/AudioStreamPropertyElementConstant.swift /Users/admin/builder/spi-builder-workspace/Sources/SwiftCoreAudio/Properties/AudioPropertyConstant/AudioPropertyElementConstants/AudioWildcardPropertyElementConstant.swift /Users/admin/builder/spi-builder-workspace/Sources/SwiftCoreAudio/Properties/AudioPropertyConstant/AudioPropertyScopeConstant.swift /Users/admin/builder/spi-builder-workspace/Sources/SwiftCoreAudio/Properties/AudioPropertyConstant/AudioPropertyScopeConstants/AudioObjectPropertyScopeConstant.swift /Users/admin/builder/spi-builder-workspace/Sources/SwiftCoreAudio/Properties/AudioPropertyConstant/AudioPropertyScopeConstants/AudioWildcardPropertyScopeConstant.swift /Users/admin/builder/spi-builder-workspace/Sources/SwiftCoreAudio/Properties/AudioPropertyConstant/AudioPropertySelectorConstant.swift /Users/admin/builder/spi-builder-workspace/Sources/SwiftCoreAudio/Properties/AudioPropertyConstant/AudioPropertySelectorConstants/AudioAggregateDevicePropertySelectorConstant.swift /Users/admin/builder/spi-builder-workspace/Sources/SwiftCoreAudio/Properties/AudioPropertyConstant/AudioPropertySelectorConstants/AudioBooleanControlPropertySelectorConstant.swift /Users/admin/builder/spi-builder-workspace/Sources/SwiftCoreAudio/Properties/AudioPropertyConstant/AudioPropertySelectorConstants/AudioBoxPropertySelectorConstant.swift /Users/admin/builder/spi-builder-workspace/Sources/SwiftCoreAudio/Properties/AudioPropertyConstant/AudioPropertySelectorConstants/AudioClockPropertySelectorConstant.swift /Users/admin/builder/spi-builder-workspace/Sources/SwiftCoreAudio/Properties/AudioPropertyConstant/AudioPropertySelectorConstants/AudioControlPropertySelectorConstant.swift (in target 'SwiftCoreAudio' from project 'swift-core-audio')
SwiftCompile normal armv7k Compiling\ AudioObjectSnapshot\ Utilities.swift,\ AudioObjectSnapshot+Description.swift,\ AudioObjectSnapshot+Properties.swift,\ AudioObjectSnapshot+Serialization.swift,\ AudioObjectSnapshot+Snapshots.swift,\ AudioObjectSnapshot+Static.swift,\ AudioObjectSnapshot+Transferable.swift,\ AudioObjectSnapshot+UTType.swift,\ AudioObjectSnapshot.swift,\ AudioObjectSnapshot\ AggregatePropertyKey.swift,\ AudioObjectSnapshot\ AnyPropertyKey.swift,\ AudioObjectSnapshot\ BoxPropertyKey.swift,\ AudioObjectSnapshot\ ClockPropertyKey.swift,\ AudioObjectSnapshot\ DevicePropertyKey.swift,\ AudioObjectSnapshot\ ObjectPropertyKey.swift,\ AudioObjectSnapshot\ PlugInPropertyKey.swift,\ AudioObjectSnapshot\ ProcessPropertyKey.swift,\ AudioObjectSnapshot\ PropertyKey.swift,\ AudioObjectSnapshot\ SubDevicePropertyKey.swift,\ AudioObjectSnapshot\ SubTapPropertyKey.swift,\ AudioObjectSnapshot\ SystemPropertyKey.swift,\ AudioObjectSnapshot\ TapPropertyKey.swift,\ AudioObjectSnapshot\ TransportManagerPropertyKey.swift /Users/admin/builder/spi-builder-workspace/Sources/SwiftCoreAudio/Snapshots/AudioObjectSnapshot/AudioObjectSnapshot\ Utilities.swift /Users/admin/builder/spi-builder-workspace/Sources/SwiftCoreAudio/Snapshots/AudioObjectSnapshot/AudioObjectSnapshot+Description.swift /Users/admin/builder/spi-builder-workspace/Sources/SwiftCoreAudio/Snapshots/AudioObjectSnapshot/AudioObjectSnapshot+Properties.swift /Users/admin/builder/spi-builder-workspace/Sources/SwiftCoreAudio/Snapshots/AudioObjectSnapshot/AudioObjectSnapshot+Serialization.swift /Users/admin/builder/spi-builder-workspace/Sources/SwiftCoreAudio/Snapshots/AudioObjectSnapshot/AudioObjectSnapshot+Snapshots.swift /Users/admin/builder/spi-builder-workspace/Sources/SwiftCoreAudio/Snapshots/AudioObjectSnapshot/AudioObjectSnapshot+Static.swift /Users/admin/builder/spi-builder-workspace/Sources/SwiftCoreAudio/Snapshots/AudioObjectSnapshot/AudioObjectSnapshot+Transferable.swift /Users/admin/builder/spi-builder-workspace/Sources/SwiftCoreAudio/Snapshots/AudioObjectSnapshot/AudioObjectSnapshot+UTType.swift /Users/admin/builder/spi-builder-workspace/Sources/SwiftCoreAudio/Snapshots/AudioObjectSnapshot/AudioObjectSnapshot.swift /Users/admin/builder/spi-builder-workspace/Sources/SwiftCoreAudio/Snapshots/AudioObjectSnapshot/PropertyKey/AudioObjectSnapshot\ AggregatePropertyKey.swift /Users/admin/builder/spi-builder-workspace/Sources/SwiftCoreAudio/Snapshots/AudioObjectSnapshot/PropertyKey/AudioObjectSnapshot\ AnyPropertyKey.swift /Users/admin/builder/spi-builder-workspace/Sources/SwiftCoreAudio/Snapshots/AudioObjectSnapshot/PropertyKey/AudioObjectSnapshot\ BoxPropertyKey.swift /Users/admin/builder/spi-builder-workspace/Sources/SwiftCoreAudio/Snapshots/AudioObjectSnapshot/PropertyKey/AudioObjectSnapshot\ ClockPropertyKey.swift /Users/admin/builder/spi-builder-workspace/Sources/SwiftCoreAudio/Snapshots/AudioObjectSnapshot/PropertyKey/AudioObjectSnapshot\ DevicePropertyKey.swift /Users/admin/builder/spi-builder-workspace/Sources/SwiftCoreAudio/Snapshots/AudioObjectSnapshot/PropertyKey/AudioObjectSnapshot\ ObjectPropertyKey.swift /Users/admin/builder/spi-builder-workspace/Sources/SwiftCoreAudio/Snapshots/AudioObjectSnapshot/PropertyKey/AudioObjectSnapshot\ PlugInPropertyKey.swift /Users/admin/builder/spi-builder-workspace/Sources/SwiftCoreAudio/Snapshots/AudioObjectSnapshot/PropertyKey/AudioObjectSnapshot\ ProcessPropertyKey.swift /Users/admin/builder/spi-builder-workspace/Sources/SwiftCoreAudio/Snapshots/AudioObjectSnapshot/PropertyKey/AudioObjectSnapshot\ PropertyKey.swift /Users/admin/builder/spi-builder-workspace/Sources/SwiftCoreAudio/Snapshots/AudioObjectSnapshot/PropertyKey/AudioObjectSnapshot\ SubDevicePropertyKey.swift /Users/admin/builder/spi-builder-workspace/Sources/SwiftCoreAudio/Snapshots/AudioObjectSnapshot/PropertyKey/AudioObjectSnapshot\ SubTapPropertyKey.swift /Users/admin/builder/spi-builder-workspace/Sources/SwiftCoreAudio/Snapshots/AudioObjectSnapshot/PropertyKey/AudioObjectSnapshot\ SystemPropertyKey.swift /Users/admin/builder/spi-builder-workspace/Sources/SwiftCoreAudio/Snapshots/AudioObjectSnapshot/PropertyKey/AudioObjectSnapshot\ TapPropertyKey.swift /Users/admin/builder/spi-builder-workspace/Sources/SwiftCoreAudio/Snapshots/AudioObjectSnapshot/PropertyKey/AudioObjectSnapshot\ TransportManagerPropertyKey.swift (in target 'SwiftCoreAudio' from project 'swift-core-audio')
SwiftCompile normal armv7k Compiling\ AudioObjectProperties+Implementation.swift,\ AudioObjectProperties+Listeners.swift,\ AudioObjectProperties+Property.swift,\ AudioObjectProperties.swift,\ AudioObjectPropertyListenerRef.swift,\ AudioPlugInProperties+Convenience.swift,\ AudioPlugInProperties+Implementation.swift,\ AudioPlugInProperties+Listeners.swift,\ AudioPlugInProperties+Property.swift,\ AudioPlugInProperties.swift,\ AudioProcessProperties+Implementation.swift,\ AudioProcessProperties+Listeners.swift,\ AudioProcessProperties+Property.swift,\ AudioProcessProperties.swift,\ AudioStreamProperties+Convenience.swift,\ AudioStreamProperties+Implementation.swift,\ AudioStreamProperties+Listeners.swift,\ AudioStreamProperties+Property.swift,\ AudioStreamProperties.swift,\ AudioSubDeviceProperties+Implementation.swift,\ AudioSubDeviceProperties+Listeners.swift,\ AudioSubDeviceProperties+Property.swift,\ AudioSubDeviceProperties.swift,\ AudioSubTapProperties+Implementation.swift /Users/admin/builder/spi-builder-workspace/Sources/SwiftCoreAudio/Protocols/AudioObjectProperties/AudioObjectProperties+Implementation.swift /Users/admin/builder/spi-builder-workspace/Sources/SwiftCoreAudio/Protocols/AudioObjectProperties/AudioObjectProperties+Listeners.swift /Users/admin/builder/spi-builder-workspace/Sources/SwiftCoreAudio/Protocols/AudioObjectProperties/AudioObjectProperties+Property.swift /Users/admin/builder/spi-builder-workspace/Sources/SwiftCoreAudio/Protocols/AudioObjectProperties/AudioObjectProperties.swift /Users/admin/builder/spi-builder-workspace/Sources/SwiftCoreAudio/Protocols/AudioObjectProperties/AudioObjectPropertyListenerRef.swift /Users/admin/builder/spi-builder-workspace/Sources/SwiftCoreAudio/Protocols/AudioPlugInProperties/AudioPlugInProperties+Convenience.swift /Users/admin/builder/spi-builder-workspace/Sources/SwiftCoreAudio/Protocols/AudioPlugInProperties/AudioPlugInProperties+Implementation.swift /Users/admin/builder/spi-builder-workspace/Sources/SwiftCoreAudio/Protocols/AudioPlugInProperties/AudioPlugInProperties+Listeners.swift /Users/admin/builder/spi-builder-workspace/Sources/SwiftCoreAudio/Protocols/AudioPlugInProperties/AudioPlugInProperties+Property.swift /Users/admin/builder/spi-builder-workspace/Sources/SwiftCoreAudio/Protocols/AudioPlugInProperties/AudioPlugInProperties.swift /Users/admin/builder/spi-builder-workspace/Sources/SwiftCoreAudio/Protocols/AudioProcessProperties/AudioProcessProperties+Implementation.swift /Users/admin/builder/spi-builder-workspace/Sources/SwiftCoreAudio/Protocols/AudioProcessProperties/AudioProcessProperties+Listeners.swift /Users/admin/builder/spi-builder-workspace/Sources/SwiftCoreAudio/Protocols/AudioProcessProperties/AudioProcessProperties+Property.swift /Users/admin/builder/spi-builder-workspace/Sources/SwiftCoreAudio/Protocols/AudioProcessProperties/AudioProcessProperties.swift /Users/admin/builder/spi-builder-workspace/Sources/SwiftCoreAudio/Protocols/AudioStreamProperties/AudioStreamProperties+Convenience.swift /Users/admin/builder/spi-builder-workspace/Sources/SwiftCoreAudio/Protocols/AudioStreamProperties/AudioStreamProperties+Implementation.swift /Users/admin/builder/spi-builder-workspace/Sources/SwiftCoreAudio/Protocols/AudioStreamProperties/AudioStreamProperties+Listeners.swift /Users/admin/builder/spi-builder-workspace/Sources/SwiftCoreAudio/Protocols/AudioStreamProperties/AudioStreamProperties+Property.swift /Users/admin/builder/spi-builder-workspace/Sources/SwiftCoreAudio/Protocols/AudioStreamProperties/AudioStreamProperties.swift /Users/admin/builder/spi-builder-workspace/Sources/SwiftCoreAudio/Protocols/AudioSubDeviceProperties/AudioSubDeviceProperties+Implementation.swift /Users/admin/builder/spi-builder-workspace/Sources/SwiftCoreAudio/Protocols/AudioSubDeviceProperties/AudioSubDeviceProperties+Listeners.swift /Users/admin/builder/spi-builder-workspace/Sources/SwiftCoreAudio/Protocols/AudioSubDeviceProperties/AudioSubDeviceProperties+Property.swift /Users/admin/builder/spi-builder-workspace/Sources/SwiftCoreAudio/Protocols/AudioSubDeviceProperties/AudioSubDeviceProperties.swift /Users/admin/builder/spi-builder-workspace/Sources/SwiftCoreAudio/Protocols/AudioSubTapProperties/AudioSubTapProperties+Implementation.swift (in target 'SwiftCoreAudio' from project 'swift-core-audio')
SwiftEmitModule normal arm64 Emitting\ module\ for\ SwiftCoreAudio (in target 'SwiftCoreAudio' from project 'swift-core-audio')
Command SwiftEmitModule failed with a nonzero exit code
** BUILD FAILED **
The following build commands failed:
	CompileAssetCatalogVariant thinned /Users/admin/builder/spi-builder-workspace/.derivedData/Build/Products/Debug-watchos/swift-core-audio_SwiftCoreAudio.bundle /Users/admin/builder/spi-builder-workspace/Sources/SwiftCoreAudio/Assets/Assets.xcassets (in target 'swift-core-audio_SwiftCoreAudio' from project 'swift-core-audio')
	SwiftEmitModule normal arm64 Emitting\ module\ for\ SwiftCoreAudio (in target 'SwiftCoreAudio' from project 'swift-core-audio')
	Building workspace spi-builder-workspace with scheme swift-core-audio
(3 failures)
Command line invocation:
    /Applications/Xcode-16.3.0.app/Contents/Developer/usr/bin/xcodebuild -IDEClonedSourcePackagesDirPathOverride=/Users/admin/builder/spi-builder-workspace/.dependencies -resolvePackageDependencies
Resolve Package Graph
Resolved source packages:
  swift-core-audio: /Users/admin/builder/spi-builder-workspace
  swift-syntax: https://github.com/swiftlang/swift-syntax.git @ 604.0.0
  swift-unit-interval: https://github.com/orchetect/swift-unit-interval @ 1.0.2
  swift-testing-extensions: https://github.com/orchetect/swift-testing-extensions @ 0.3.1
  swift-process: https://github.com/orchetect/swift-process @ 0.2.1
resolved source packages: swift-core-audio, swift-syntax, swift-unit-interval, swift-testing-extensions, swift-process
Running build ...
env DEVELOPER_DIR=/Applications/Xcode-16.3.0.app xcrun xcodebuild -IDEClonedSourcePackagesDirPathOverride=$PWD/.dependencies -skipMacroValidation -skipPackagePluginValidation -derivedDataPath $PWD/.derivedData build -scheme swift-core-audio -destination generic/platform=watchOS
Command line invocation:
    /Applications/Xcode-16.3.0.app/Contents/Developer/usr/bin/xcodebuild -IDEClonedSourcePackagesDirPathOverride=/Users/admin/builder/spi-builder-workspace/.dependencies -skipMacroValidation -skipPackagePluginValidation -derivedDataPath /Users/admin/builder/spi-builder-workspace/.derivedData build -scheme swift-core-audio -destination generic/platform=watchOS
Resolve Package Graph
Resolved source packages:
  swift-unit-interval: https://github.com/orchetect/swift-unit-interval @ 1.0.2
  swift-process: https://github.com/orchetect/swift-process @ 0.2.1
  swift-syntax: https://github.com/swiftlang/swift-syntax.git @ 604.0.0
  swift-core-audio: /Users/admin/builder/spi-builder-workspace
  swift-testing-extensions: https://github.com/orchetect/swift-testing-extensions @ 0.3.1
ComputePackagePrebuildTargetDependencyGraph
Prepare packages
CreateBuildRequest
SendProjectDescription
CreateBuildOperation
ComputeTargetDependencyGraph
note: Building targets in dependency order
note: Target dependency graph (7 targets)
    Target 'SwiftCoreAudio' in project 'swift-core-audio'
        ➜ Explicit dependency on target 'SwiftCoreAudio' in project 'swift-core-audio'
        ➜ Explicit dependency on target 'swift-core-audio_SwiftCoreAudio' in project 'swift-core-audio'
        ➜ Explicit dependency on target 'SwiftProcess' in project 'swift-process'
        ➜ Explicit dependency on target 'SwiftUnitInterval' in project 'swift-unit-interval'
    Target 'SwiftCoreAudio' in project 'swift-core-audio'
        ➜ Explicit dependency on target 'swift-core-audio_SwiftCoreAudio' in project 'swift-core-audio'
        ➜ Explicit dependency on target 'SwiftProcess' in project 'swift-process'
        ➜ Explicit dependency on target 'SwiftUnitInterval' in project 'swift-unit-interval'
    Target 'SwiftUnitInterval' in project 'swift-unit-interval'
        ➜ Explicit dependency on target 'SwiftUnitInterval' in project 'swift-unit-interval'
    Target 'SwiftUnitInterval' in project 'swift-unit-interval' (no dependencies)
    Target 'SwiftProcess' in project 'swift-process'
        ➜ Explicit dependency on target 'SwiftProcess' in project 'swift-process'
    Target 'SwiftProcess' in project 'swift-process' (no dependencies)
    Target 'swift-core-audio_SwiftCoreAudio' in project 'swift-core-audio' (no dependencies)
GatherProvisioningInputs
CreateBuildDescription
ExecuteExternalTool /Applications/Xcode-16.3.0.app/Contents/Developer/usr/bin/actool --version --output-format xml1
ExecuteExternalTool /Applications/Xcode-16.3.0.app/Contents/Developer/Toolchains/XcodeDefault.xctoolchain/usr/bin/swiftc --version
ExecuteExternalTool /Applications/Xcode-16.3.0.app/Contents/Developer/Toolchains/XcodeDefault.xctoolchain/usr/bin/clang -v -E -dM -isysroot /Applications/Xcode-16.3.0.app/Contents/Developer/Platforms/WatchOS.platform/Developer/SDKs/WatchOS11.4.sdk -x c -c /dev/null
ExecuteExternalTool /Applications/Xcode-16.3.0.app/Contents/Developer/Toolchains/XcodeDefault.xctoolchain/usr/bin/ld -version_details
ReadFileContents /Applications/Xcode-16.3.0.app/Contents/Developer/Toolchains/XcodeDefault.xctoolchain/usr/share/docc/features.json
Build description signature: 1f44f11448851b04d921f70eebff9d18
Build description path: /Users/admin/builder/spi-builder-workspace/.derivedData/Build/Intermediates.noindex/XCBuildData/1f44f11448851b04d921f70eebff9d18.xcbuilddata
ClangStatCache /Applications/Xcode-16.3.0.app/Contents/Developer/Toolchains/XcodeDefault.xctoolchain/usr/bin/clang-stat-cache /Applications/Xcode-16.3.0.app/Contents/Developer/Platforms/WatchOS.platform/Developer/SDKs/WatchOS11.4.sdk /Users/admin/builder/spi-builder-workspace/.derivedData/SDKStatCaches.noindex/watchos11.4-22T246-43efb940ff07ba2497b70ec94253f576.sdkstatcache
    cd /Users/admin/builder/spi-builder-workspace/.swiftpm/xcode
    /Applications/Xcode-16.3.0.app/Contents/Developer/Toolchains/XcodeDefault.xctoolchain/usr/bin/clang-stat-cache /Applications/Xcode-16.3.0.app/Contents/Developer/Platforms/WatchOS.platform/Developer/SDKs/WatchOS11.4.sdk -o /Users/admin/builder/spi-builder-workspace/.derivedData/SDKStatCaches.noindex/watchos11.4-22T246-43efb940ff07ba2497b70ec94253f576.sdkstatcache
CompileAssetCatalogVariant thinned /Users/admin/builder/spi-builder-workspace/.derivedData/Build/Products/Debug-watchos/swift-core-audio_SwiftCoreAudio.bundle /Users/admin/builder/spi-builder-workspace/Sources/SwiftCoreAudio/Assets/Assets.xcassets (in target 'swift-core-audio_SwiftCoreAudio' from project 'swift-core-audio')
    cd /Users/admin/builder/spi-builder-workspace
    /Applications/Xcode-16.3.0.app/Contents/Developer/usr/bin/actool /Users/admin/builder/spi-builder-workspace/Sources/SwiftCoreAudio/Assets/Assets.xcassets --compile /Users/admin/builder/spi-builder-workspace/.derivedData/Build/Intermediates.noindex/swift-core-audio.build/Debug-watchos/swift-core-audio_SwiftCoreAudio.build/assetcatalog_output/thinned --output-format human-readable-text --notices --warnings --export-dependency-info /Users/admin/builder/spi-builder-workspace/.derivedData/Build/Intermediates.noindex/swift-core-audio.build/Debug-watchos/swift-core-audio_SwiftCoreAudio.build/assetcatalog_dependencies_thinned --output-partial-info-plist /Users/admin/builder/spi-builder-workspace/.derivedData/Build/Intermediates.noindex/swift-core-audio.build/Debug-watchos/swift-core-audio_SwiftCoreAudio.build/assetcatalog_generated_info.plist_thinned --compress-pngs --enable-on-demand-resources NO --development-region en --target-device watch --minimum-deployment-target 6.0 --platform watchos
2026-10-03 14:44:35.237 AssetCatalogSimulatorAgent[1026:5877] Template format 7.0 is newer than the version that this software supports (6.0)
2026-10-03 14:44:35.273 AssetCatalogSimulatorAgent[1026:5877] Template format 7.0 is newer than the version that this software supports (6.0)
2026-10-03 14:44:35.316 AssetCatalogSimulatorAgent[1026:5877] Template format 7.0 is newer than the version that this software supports (6.0)
/* com.apple.actool.errors */
/Users/admin/builder/spi-builder-workspace/Sources/SwiftCoreAudio/Assets/Assets.xcassets: error: Template format 7.0 is newer than the version that this software supports (6.0)
/* com.apple.actool.document.errors */
/Users/admin/builder/spi-builder-workspace/Sources/SwiftCoreAudio/Assets/Assets.xcassets:./BlackHoleSymbol.symbolset/[universal][][][]: error: The SVG file provided for the symbol image set ’BlackHoleSymbol‘ is not suitable: Template format 7.0 is newer than the version that this software supports (6.0)
/Users/admin/builder/spi-builder-workspace/Sources/SwiftCoreAudio/Assets/Assets.xcassets:./BlackHoleNarrowSymbol.symbolset/[universal][][][]: error: The SVG file provided for the symbol image set ’BlackHoleNarrowSymbol‘ is not suitable: Template format 7.0 is newer than the version that this software supports (6.0)
/* com.apple.actool.compilation-results */
/Users/admin/builder/spi-builder-workspace/.derivedData/Build/Intermediates.noindex/swift-core-audio.build/Debug-watchos/swift-core-audio_SwiftCoreAudio.build/assetcatalog_generated_info.plist_thinned
SwiftDriver SwiftUnitInterval normal arm64 com.apple.xcode.tools.swift.compiler (in target 'SwiftUnitInterval' from project 'swift-unit-interval')
    cd /Users/admin/builder/spi-builder-workspace/.swiftpm/xcode
    builtin-SwiftDriver -- /Applications/Xcode-16.3.0.app/Contents/Developer/Toolchains/XcodeDefault.xctoolchain/usr/bin/swiftc -module-name SwiftUnitInterval -Onone -enforce-exclusivity\=checked @/Users/admin/builder/spi-builder-workspace/.derivedData/Build/Intermediates.noindex/swift-unit-interval.build/Debug-watchos/SwiftUnitInterval.build/Objects-normal/arm64/SwiftUnitInterval.SwiftFileList -DSWIFT_PACKAGE -DDEBUG -DDEBUG -DXcode -plugin-path /Applications/Xcode-16.3.0.app/Contents/Developer/Toolchains/XcodeDefault.xctoolchain/usr/lib/swift/host/plugins/testing -enable-experimental-feature DebugDescriptionMacro -sdk /Applications/Xcode-16.3.0.app/Contents/Developer/Platforms/WatchOS.platform/Developer/SDKs/WatchOS11.4.sdk -target arm64-apple-watchos6.0 -g -module-cache-path /Users/admin/builder/spi-builder-workspace/.derivedData/ModuleCache.noindex -Xfrontend -serialize-debugging-options -profile-coverage-mapping -profile-generate -enable-testing -suppress-warnings -index-store-path /Users/admin/builder/spi-builder-workspace/.derivedData/Index.noindex/DataStore -swift-version 6 -I /Users/admin/builder/spi-builder-workspace/.derivedData/Build/Products/Debug-watchos -I /Applications/Xcode-16.3.0.app/Contents/Developer/Platforms/WatchOS.platform/Developer/usr/lib -F /Users/admin/builder/spi-builder-workspace/.derivedData/Build/Products/Debug-watchos -F /Applications/Xcode-16.3.0.app/Contents/Developer/Platforms/WatchOS.platform/Developer/Library/Frameworks -F /Applications/Xcode-16.3.0.app/Contents/Developer/Platforms/WatchOS.platform/Developer/SDKs/WatchOS11.4.sdk/Developer/Library/Frameworks -c -j10 -enable-batch-mode -incremental -Xcc -ivfsstatcache -Xcc /Users/admin/builder/spi-builder-workspace/.derivedData/SDKStatCaches.noindex/watchos11.4-22T246-43efb940ff07ba2497b70ec94253f576.sdkstatcache -output-file-map /Users/admin/builder/spi-builder-workspace/.derivedData/Build/Intermediates.noindex/swift-unit-interval.build/Debug-watchos/SwiftUnitInterval.build/Objects-normal/arm64/SwiftUnitInterval-OutputFileMap.json -use-frontend-parseable-output -save-temps -no-color-diagnostics -serialize-diagnostics -emit-dependencies -emit-module -emit-module-path /Users/admin/builder/spi-builder-workspace/.derivedData/Build/Intermediates.noindex/swift-unit-interval.build/Debug-watchos/SwiftUnitInterval.build/Objects-normal/arm64/SwiftUnitInterval.swiftmodule -user-module-version 1.0.2 -validate-clang-modules-once -clang-build-session-file /Users/admin/builder/spi-builder-workspace/.derivedData/ModuleCache.noindex/Session.modulevalidation -package-name swift_unit_interval -Xcc -I/Users/admin/builder/spi-builder-workspace/.derivedData/Build/Intermediates.noindex/swift-unit-interval.build/Debug-watchos/SwiftUnitInterval.build/swift-overrides.hmap -emit-const-values -Xfrontend -const-gather-protocols-file -Xfrontend /Users/admin/builder/spi-builder-workspace/.derivedData/Build/Intermediates.noindex/swift-unit-interval.build/Debug-watchos/SwiftUnitInterval.build/Objects-normal/arm64/SwiftUnitInterval_const_extract_protocols.json -Xcc -I/Users/admin/builder/spi-builder-workspace/.derivedData/Build/Products/Debug-watchos/include -Xcc -I/Users/admin/builder/spi-builder-workspace/.derivedData/Build/Intermediates.noindex/swift-unit-interval.build/Debug-watchos/SwiftUnitInterval.build/DerivedSources-normal/arm64 -Xcc -I/Users/admin/builder/spi-builder-workspace/.derivedData/Build/Intermediates.noindex/swift-unit-interval.build/Debug-watchos/SwiftUnitInterval.build/DerivedSources/arm64 -Xcc -I/Users/admin/builder/spi-builder-workspace/.derivedData/Build/Intermediates.noindex/swift-unit-interval.build/Debug-watchos/SwiftUnitInterval.build/DerivedSources -Xcc -DSWIFT_PACKAGE -Xcc -DDEBUG\=1 -emit-objc-header -emit-objc-header-path /Users/admin/builder/spi-builder-workspace/.derivedData/Build/Intermediates.noindex/swift-unit-interval.build/Debug-watchos/SwiftUnitInterval.build/Objects-normal/arm64/SwiftUnitInterval-Swift.h -working-directory /Users/admin/builder/spi-builder-workspace/.swiftpm/xcode -experimental-emit-module-separately -disable-cmo
SwiftDriver SwiftProcess normal arm64 com.apple.xcode.tools.swift.compiler (in target 'SwiftProcess' from project 'swift-process')
    cd /Users/admin/builder/spi-builder-workspace/.swiftpm/xcode
    builtin-SwiftDriver -- /Applications/Xcode-16.3.0.app/Contents/Developer/Toolchains/XcodeDefault.xctoolchain/usr/bin/swiftc -module-name SwiftProcess -Onone -enforce-exclusivity\=checked @/Users/admin/builder/spi-builder-workspace/.derivedData/Build/Intermediates.noindex/swift-process.build/Debug-watchos/SwiftProcess.build/Objects-normal/arm64/SwiftProcess.SwiftFileList -DSWIFT_PACKAGE -DDEBUG -DXcode -plugin-path /Applications/Xcode-16.3.0.app/Contents/Developer/Toolchains/XcodeDefault.xctoolchain/usr/lib/swift/host/plugins/testing -enable-experimental-feature DebugDescriptionMacro -sdk /Applications/Xcode-16.3.0.app/Contents/Developer/Platforms/WatchOS.platform/Developer/SDKs/WatchOS11.4.sdk -target arm64-apple-watchos6.0 -g -module-cache-path /Users/admin/builder/spi-builder-workspace/.derivedData/ModuleCache.noindex -Xfrontend -serialize-debugging-options -profile-coverage-mapping -profile-generate -enable-testing -suppress-warnings -index-store-path /Users/admin/builder/spi-builder-workspace/.derivedData/Index.noindex/DataStore -swift-version 6 -I /Users/admin/builder/spi-builder-workspace/.derivedData/Build/Products/Debug-watchos -I /Applications/Xcode-16.3.0.app/Contents/Developer/Platforms/WatchOS.platform/Developer/usr/lib -F /Users/admin/builder/spi-builder-workspace/.derivedData/Build/Products/Debug-watchos -F /Applications/Xcode-16.3.0.app/Contents/Developer/Platforms/WatchOS.platform/Developer/Library/Frameworks -F /Applications/Xcode-16.3.0.app/Contents/Developer/Platforms/WatchOS.platform/Developer/SDKs/WatchOS11.4.sdk/Developer/Library/Frameworks -c -j10 -enable-batch-mode -incremental -Xcc -ivfsstatcache -Xcc /Users/admin/builder/spi-builder-workspace/.derivedData/SDKStatCaches.noindex/watchos11.4-22T246-43efb940ff07ba2497b70ec94253f576.sdkstatcache -output-file-map /Users/admin/builder/spi-builder-workspace/.derivedData/Build/Intermediates.noindex/swift-process.build/Debug-watchos/SwiftProcess.build/Objects-normal/arm64/SwiftProcess-OutputFileMap.json -use-frontend-parseable-output -save-temps -no-color-diagnostics -serialize-diagnostics -emit-dependencies -emit-module -emit-module-path /Users/admin/builder/spi-builder-workspace/.derivedData/Build/Intermediates.noindex/swift-process.build/Debug-watchos/SwiftProcess.build/Objects-normal/arm64/SwiftProcess.swiftmodule -user-module-version 0.2.1 -validate-clang-modules-once -clang-build-session-file /Users/admin/builder/spi-builder-workspace/.derivedData/ModuleCache.noindex/Session.modulevalidation -package-name swift_process -Xcc -I/Users/admin/builder/spi-builder-workspace/.derivedData/Build/Intermediates.noindex/swift-process.build/Debug-watchos/SwiftProcess.build/swift-overrides.hmap -emit-const-values -Xfrontend -const-gather-protocols-file -Xfrontend /Users/admin/builder/spi-builder-workspace/.derivedData/Build/Intermediates.noindex/swift-process.build/Debug-watchos/SwiftProcess.build/Objects-normal/arm64/SwiftProcess_const_extract_protocols.json -Xcc -I/Users/admin/builder/spi-builder-workspace/.derivedData/Build/Products/Debug-watchos/include -Xcc -I/Users/admin/builder/spi-builder-workspace/.derivedData/Build/Intermediates.noindex/swift-process.build/Debug-watchos/SwiftProcess.build/DerivedSources-normal/arm64 -Xcc -I/Users/admin/builder/spi-builder-workspace/.derivedData/Build/Intermediates.noindex/swift-process.build/Debug-watchos/SwiftProcess.build/DerivedSources/arm64 -Xcc -I/Users/admin/builder/spi-builder-workspace/.derivedData/Build/Intermediates.noindex/swift-process.build/Debug-watchos/SwiftProcess.build/DerivedSources -Xcc -DSWIFT_PACKAGE -Xcc -DDEBUG\=1 -emit-objc-header -emit-objc-header-path /Users/admin/builder/spi-builder-workspace/.derivedData/Build/Intermediates.noindex/swift-process.build/Debug-watchos/SwiftProcess.build/Objects-normal/arm64/SwiftProcess-Swift.h -working-directory /Users/admin/builder/spi-builder-workspace/.swiftpm/xcode -experimental-emit-module-separately -disable-cmo
SwiftCompile normal arm64 Compiling\ BinaryInteger+SignedUnitInterval.swift /Users/admin/builder/spi-builder-workspace/.dependencies/checkouts/swift-unit-interval/Sources/SwiftUnitInterval/SignedUnitInterval/BinaryInteger+SignedUnitInterval.swift (in target 'SwiftUnitInterval' from project 'swift-unit-interval')
SwiftCompile normal arm64 /Users/admin/builder/spi-builder-workspace/.dependencies/checkouts/swift-unit-interval/Sources/SwiftUnitInterval/SignedUnitInterval/BinaryInteger+SignedUnitInterval.swift (in target 'SwiftUnitInterval' from project 'swift-unit-interval')
    cd /Users/admin/builder/spi-builder-workspace/.swiftpm/xcode

SwiftCompile normal arm64 Compiling\ SignedUnitInterval.swift /Users/admin/builder/spi-builder-workspace/.dependencies/checkouts/swift-unit-interval/Sources/SwiftUnitInterval/SignedUnitInterval/SignedUnitInterval.swift (in target 'SwiftUnitInterval' from project 'swift-unit-interval')
SwiftCompile normal arm64 /Users/admin/builder/spi-builder-workspace/.dependencies/checkouts/swift-unit-interval/Sources/SwiftUnitInterval/SignedUnitInterval/SignedUnitInterval.swift (in target 'SwiftUnitInterval' from project 'swift-unit-interval')
    cd /Users/admin/builder/spi-builder-workspace/.swiftpm/xcode

SwiftCompile normal arm64 Compiling\ SignedUnitInterval+Operators.swift /Users/admin/builder/spi-builder-workspace/.dependencies/checkouts/swift-unit-interval/Sources/SwiftUnitInterval/SignedUnitInterval/SignedUnitInterval+Operators.swift (in target 'SwiftUnitInterval' from project 'swift-unit-interval')
SwiftCompile normal arm64 /Users/admin/builder/spi-builder-workspace/.dependencies/checkouts/swift-unit-interval/Sources/SwiftUnitInterval/SignedUnitInterval/SignedUnitInterval+Operators.swift (in target 'SwiftUnitInterval' from project 'swift-unit-interval')
    cd /Users/admin/builder/spi-builder-workspace/.swiftpm/xcode

SwiftCompile normal arm64 Compiling\ UnitInterval+ScaleType.swift /Users/admin/builder/spi-builder-workspace/.dependencies/checkouts/swift-unit-interval/Sources/SwiftUnitInterval/UnitInterval/UnitInterval+ScaleType.swift (in target 'SwiftUnitInterval' from project 'swift-unit-interval')
SwiftCompile normal arm64 /Users/admin/builder/spi-builder-workspace/.dependencies/checkouts/swift-unit-interval/Sources/SwiftUnitInterval/UnitInterval/UnitInterval+ScaleType.swift (in target 'SwiftUnitInterval' from project 'swift-unit-interval')
    cd /Users/admin/builder/spi-builder-workspace/.swiftpm/xcode

SwiftCompile normal arm64 Compiling\ UnitInterval.swift /Users/admin/builder/spi-builder-workspace/.dependencies/checkouts/swift-unit-interval/Sources/SwiftUnitInterval/UnitInterval/UnitInterval.swift (in target 'SwiftUnitInterval' from project 'swift-unit-interval')
SwiftCompile normal arm64 /Users/admin/builder/spi-builder-workspace/.dependencies/checkouts/swift-unit-interval/Sources/SwiftUnitInterval/UnitInterval/UnitInterval.swift (in target 'SwiftUnitInterval' from project 'swift-unit-interval')
    cd /Users/admin/builder/spi-builder-workspace/.swiftpm/xcode

SwiftCompile normal arm64 Compiling\ UnitInterval+Operators.swift /Users/admin/builder/spi-builder-workspace/.dependencies/checkouts/swift-unit-interval/Sources/SwiftUnitInterval/UnitInterval/UnitInterval+Operators.swift (in target 'SwiftUnitInterval' from project 'swift-unit-interval')
SwiftCompile normal arm64 /Users/admin/builder/spi-builder-workspace/.dependencies/checkouts/swift-unit-interval/Sources/SwiftUnitInterval/UnitInterval/UnitInterval+Operators.swift (in target 'SwiftUnitInterval' from project 'swift-unit-interval')
    cd /Users/admin/builder/spi-builder-workspace/.swiftpm/xcode

SwiftEmitModule normal arm64 Emitting\ module\ for\ SwiftUnitInterval (in target 'SwiftUnitInterval' from project 'swift-unit-interval')
EmitSwiftModule normal arm64 (in target 'SwiftUnitInterval' from project 'swift-unit-interval')
    cd /Users/admin/builder/spi-builder-workspace/.swiftpm/xcode

SwiftCompile normal arm64 Compiling\ BinaryInteger+UnitInterval.swift /Users/admin/builder/spi-builder-workspace/.dependencies/checkouts/swift-unit-interval/Sources/SwiftUnitInterval/UnitInterval/BinaryInteger+UnitInterval.swift (in target 'SwiftUnitInterval' from project 'swift-unit-interval')
SwiftCompile normal arm64 /Users/admin/builder/spi-builder-workspace/.dependencies/checkouts/swift-unit-interval/Sources/SwiftUnitInterval/UnitInterval/BinaryInteger+UnitInterval.swift (in target 'SwiftUnitInterval' from project 'swift-unit-interval')
    cd /Users/admin/builder/spi-builder-workspace/.swiftpm/xcode

SwiftCompile normal arm64 Compiling\ Utilities.swift /Users/admin/builder/spi-builder-workspace/.dependencies/checkouts/swift-unit-interval/Sources/SwiftUnitInterval/Utilities/Utilities.swift (in target 'SwiftUnitInterval' from project 'swift-unit-interval')
SwiftCompile normal arm64 /Users/admin/builder/spi-builder-workspace/.dependencies/checkouts/swift-unit-interval/Sources/SwiftUnitInterval/Utilities/Utilities.swift (in target 'SwiftUnitInterval' from project 'swift-unit-interval')
    cd /Users/admin/builder/spi-builder-workspace/.swiftpm/xcode

SwiftEmitModule normal arm64 Emitting\ module\ for\ SwiftProcess (in target 'SwiftProcess' from project 'swift-process')
EmitSwiftModule normal arm64 (in target 'SwiftProcess' from project 'swift-process')
    cd /Users/admin/builder/spi-builder-workspace/.swiftpm/xcode

SwiftDriverJobDiscovery normal arm64 Compiling BinaryInteger+SignedUnitInterval.swift (in target 'SwiftUnitInterval' from project 'swift-unit-interval')
SwiftCompile normal arm64 Compiling\ Process+Utilities.swift,\ FileDescriptorFlavor.swift,\ FileDescriptorInfo.swift,\ FSEventsFileDescriptorInfoType.swift /Users/admin/builder/spi-builder-workspace/.dependencies/checkouts/swift-process/Sources/SwiftProcess/CommandProcess/Process+Utilities.swift /Users/admin/builder/spi-builder-workspace/.dependencies/checkouts/swift-process/Sources/SwiftProcess/FileDescriptorInfo/FileDescriptorFlavor.swift /Users/admin/builder/spi-builder-workspace/.dependencies/checkouts/swift-process/Sources/SwiftProcess/FileDescriptorInfo/FileDescriptorInfo.swift /Users/admin/builder/spi-builder-workspace/.dependencies/checkouts/swift-process/Sources/SwiftProcess/FileDescriptorInfo/FileDescriptorInfoType/FSEventsFileDescriptorInfoType.swift (in target 'SwiftProcess' from project 'swift-process')
SwiftCompile normal arm64 /Users/admin/builder/spi-builder-workspace/.dependencies/checkouts/swift-process/Sources/SwiftProcess/CommandProcess/Process+Utilities.swift (in target 'SwiftProcess' from project 'swift-process')
    cd /Users/admin/builder/spi-builder-workspace/.swiftpm/xcode

SwiftCompile normal arm64 /Users/admin/builder/spi-builder-workspace/.dependencies/checkouts/swift-process/Sources/SwiftProcess/FileDescriptorInfo/FileDescriptorFlavor.swift (in target 'SwiftProcess' from project 'swift-process')
    cd /Users/admin/builder/spi-builder-workspace/.swiftpm/xcode

SwiftCompile normal arm64 /Users/admin/builder/spi-builder-workspace/.dependencies/checkouts/swift-process/Sources/SwiftProcess/FileDescriptorInfo/FileDescriptorInfo.swift (in target 'SwiftProcess' from project 'swift-process')
    cd /Users/admin/builder/spi-builder-workspace/.swiftpm/xcode

SwiftCompile normal arm64 /Users/admin/builder/spi-builder-workspace/.dependencies/checkouts/swift-process/Sources/SwiftProcess/FileDescriptorInfo/FileDescriptorInfoType/FSEventsFileDescriptorInfoType.swift (in target 'SwiftProcess' from project 'swift-process')
    cd /Users/admin/builder/spi-builder-workspace/.swiftpm/xcode

SwiftDriverJobDiscovery normal arm64 Compiling Utilities.swift (in target 'SwiftUnitInterval' from project 'swift-unit-interval')
SwiftCompile normal arm64 Compiling\ Sequence+FileDescriptorInfo.swift,\ PIDError.swift,\ PID+Ancestors+BundleID.swift,\ PID+Ancestors.swift /Users/admin/builder/spi-builder-workspace/.dependencies/checkouts/swift-process/Sources/SwiftProcess/FileDescriptorInfo/Sequence+FileDescriptorInfo.swift /Users/admin/builder/spi-builder-workspace/.dependencies/checkouts/swift-process/Sources/SwiftProcess/PID/Errors/PIDError.swift /Users/admin/builder/spi-builder-workspace/.dependencies/checkouts/swift-process/Sources/SwiftProcess/PID/PID+Ancestors+BundleID.swift /Users/admin/builder/spi-builder-workspace/.dependencies/checkouts/swift-process/Sources/SwiftProcess/PID/PID+Ancestors.swift (in target 'SwiftProcess' from project 'swift-process')
SwiftCompile normal arm64 /Users/admin/builder/spi-builder-workspace/.dependencies/checkouts/swift-process/Sources/SwiftProcess/FileDescriptorInfo/Sequence+FileDescriptorInfo.swift (in target 'SwiftProcess' from project 'swift-process')
    cd /Users/admin/builder/spi-builder-workspace/.swiftpm/xcode

SwiftCompile normal arm64 /Users/admin/builder/spi-builder-workspace/.dependencies/checkouts/swift-process/Sources/SwiftProcess/PID/Errors/PIDError.swift (in target 'SwiftProcess' from project 'swift-process')
    cd /Users/admin/builder/spi-builder-workspace/.swiftpm/xcode

SwiftCompile normal arm64 /Users/admin/builder/spi-builder-workspace/.dependencies/checkouts/swift-process/Sources/SwiftProcess/PID/PID+Ancestors+BundleID.swift (in target 'SwiftProcess' from project 'swift-process')
    cd /Users/admin/builder/spi-builder-workspace/.swiftpm/xcode

SwiftCompile normal arm64 /Users/admin/builder/spi-builder-workspace/.dependencies/checkouts/swift-process/Sources/SwiftProcess/PID/PID+Ancestors.swift (in target 'SwiftProcess' from project 'swift-process')
    cd /Users/admin/builder/spi-builder-workspace/.swiftpm/xcode

SwiftDriverJobDiscovery normal arm64 Compiling BinaryInteger+UnitInterval.swift (in target 'SwiftUnitInterval' from project 'swift-unit-interval')
SwiftCompile normal arm64 Compiling\ Sequence+PID.swift,\ PID\ AncestorsIterator.swift,\ PID\ AncestorsSequence.swift,\ PID\ InfoIterator.swift /Users/admin/builder/spi-builder-workspace/.dependencies/checkouts/swift-process/Sources/SwiftProcess/PID/Sequence+PID.swift /Users/admin/builder/spi-builder-workspace/.dependencies/checkouts/swift-process/Sources/SwiftProcess/PID/Sequences/PID\ AncestorsIterator.swift /Users/admin/builder/spi-builder-workspace/.dependencies/checkouts/swift-process/Sources/SwiftProcess/PID/Sequences/PID\ AncestorsSequence.swift /Users/admin/builder/spi-builder-workspace/.dependencies/checkouts/swift-process/Sources/SwiftProcess/PID/Sequences/PID\ InfoIterator.swift (in target 'SwiftProcess' from project 'swift-process')
SwiftCompile normal arm64 /Users/admin/builder/spi-builder-workspace/.dependencies/checkouts/swift-process/Sources/SwiftProcess/PID/Sequence+PID.swift (in target 'SwiftProcess' from project 'swift-process')
    cd /Users/admin/builder/spi-builder-workspace/.swiftpm/xcode

SwiftCompile normal arm64 /Users/admin/builder/spi-builder-workspace/.dependencies/checkouts/swift-process/Sources/SwiftProcess/PID/Sequences/PID\ AncestorsIterator.swift (in target 'SwiftProcess' from project 'swift-process')
    cd /Users/admin/builder/spi-builder-workspace/.swiftpm/xcode

SwiftCompile normal arm64 /Users/admin/builder/spi-builder-workspace/.dependencies/checkouts/swift-process/Sources/SwiftProcess/PID/Sequences/PID\ AncestorsSequence.swift (in target 'SwiftProcess' from project 'swift-process')
    cd /Users/admin/builder/spi-builder-workspace/.swiftpm/xcode

SwiftCompile normal arm64 /Users/admin/builder/spi-builder-workspace/.dependencies/checkouts/swift-process/Sources/SwiftProcess/PID/Sequences/PID\ InfoIterator.swift (in target 'SwiftProcess' from project 'swift-process')
    cd /Users/admin/builder/spi-builder-workspace/.swiftpm/xcode

SwiftDriverJobDiscovery normal arm64 Compiling UnitInterval+ScaleType.swift (in target 'SwiftUnitInterval' from project 'swift-unit-interval')
SwiftCompile normal arm64 Compiling\ PID\ InfoSequence.swift,\ bsdinfo+Properties.swift,\ bsdshortinfo+Properties.swift,\ SendableLock.swift /Users/admin/builder/spi-builder-workspace/.dependencies/checkouts/swift-process/Sources/SwiftProcess/PID/Sequences/PID\ InfoSequence.swift /Users/admin/builder/spi-builder-workspace/.dependencies/checkouts/swift-process/Sources/SwiftProcess/PID/bsdinfo+Properties.swift /Users/admin/builder/spi-builder-workspace/.dependencies/checkouts/swift-process/Sources/SwiftProcess/PID/bsdshortinfo+Properties.swift /Users/admin/builder/spi-builder-workspace/.dependencies/checkouts/swift-process/Sources/SwiftProcess/Utilities/SendableLock.swift (in target 'SwiftProcess' from project 'swift-process')
SwiftCompile normal arm64 /Users/admin/builder/spi-builder-workspace/.dependencies/checkouts/swift-process/Sources/SwiftProcess/PID/Sequences/PID\ InfoSequence.swift (in target 'SwiftProcess' from project 'swift-process')
    cd /Users/admin/builder/spi-builder-workspace/.swiftpm/xcode

SwiftCompile normal arm64 /Users/admin/builder/spi-builder-workspace/.dependencies/checkouts/swift-process/Sources/SwiftProcess/PID/bsdinfo+Properties.swift (in target 'SwiftProcess' from project 'swift-process')
    cd /Users/admin/builder/spi-builder-workspace/.swiftpm/xcode

SwiftCompile normal arm64 /Users/admin/builder/spi-builder-workspace/.dependencies/checkouts/swift-process/Sources/SwiftProcess/PID/bsdshortinfo+Properties.swift (in target 'SwiftProcess' from project 'swift-process')
    cd /Users/admin/builder/spi-builder-workspace/.swiftpm/xcode

SwiftCompile normal arm64 /Users/admin/builder/spi-builder-workspace/.dependencies/checkouts/swift-process/Sources/SwiftProcess/Utilities/SendableLock.swift (in target 'SwiftProcess' from project 'swift-process')
    cd /Users/admin/builder/spi-builder-workspace/.swiftpm/xcode

SwiftDriverJobDiscovery normal arm64 Compiling SignedUnitInterval+Operators.swift (in target 'SwiftUnitInterval' from project 'swift-unit-interval')
SwiftCompile normal arm64 Compiling\ PID+Methods.swift,\ PID+Static.swift,\ PID.swift,\ Sequence+PID+BundleID.swift /Users/admin/builder/spi-builder-workspace/.dependencies/checkouts/swift-process/Sources/SwiftProcess/PID/PID+Methods.swift /Users/admin/builder/spi-builder-workspace/.dependencies/checkouts/swift-process/Sources/SwiftProcess/PID/PID+Static.swift /Users/admin/builder/spi-builder-workspace/.dependencies/checkouts/swift-process/Sources/SwiftProcess/PID/PID.swift /Users/admin/builder/spi-builder-workspace/.dependencies/checkouts/swift-process/Sources/SwiftProcess/PID/Sequence+PID+BundleID.swift (in target 'SwiftProcess' from project 'swift-process')
SwiftCompile normal arm64 /Users/admin/builder/spi-builder-workspace/.dependencies/checkouts/swift-process/Sources/SwiftProcess/PID/PID+Methods.swift (in target 'SwiftProcess' from project 'swift-process')
    cd /Users/admin/builder/spi-builder-workspace/.swiftpm/xcode

SwiftCompile normal arm64 /Users/admin/builder/spi-builder-workspace/.dependencies/checkouts/swift-process/Sources/SwiftProcess/PID/PID+Static.swift (in target 'SwiftProcess' from project 'swift-process')
    cd /Users/admin/builder/spi-builder-workspace/.swiftpm/xcode

SwiftCompile normal arm64 /Users/admin/builder/spi-builder-workspace/.dependencies/checkouts/swift-process/Sources/SwiftProcess/PID/PID.swift (in target 'SwiftProcess' from project 'swift-process')
    cd /Users/admin/builder/spi-builder-workspace/.swiftpm/xcode

SwiftCompile normal arm64 /Users/admin/builder/spi-builder-workspace/.dependencies/checkouts/swift-process/Sources/SwiftProcess/PID/Sequence+PID+BundleID.swift (in target 'SwiftProcess' from project 'swift-process')
    cd /Users/admin/builder/spi-builder-workspace/.swiftpm/xcode

SwiftDriverJobDiscovery normal arm64 Compiling UnitInterval+Operators.swift (in target 'SwiftUnitInterval' from project 'swift-unit-interval')
SwiftCompile normal arm64 Compiling\ BundleID\ StrictFormatValidationRule.swift,\ BundleID\ ValidationRule.swift,\ BackgroundCommandProcess.swift,\ CommandProcess.swift /Users/admin/builder/spi-builder-workspace/.dependencies/checkouts/swift-process/Sources/SwiftProcess/BundleID/ValidationRule/BundleID\ StrictFormatValidationRule.swift /Users/admin/builder/spi-builder-workspace/.dependencies/checkouts/swift-process/Sources/SwiftProcess/BundleID/ValidationRule/BundleID\ ValidationRule.swift /Users/admin/builder/spi-builder-workspace/.dependencies/checkouts/swift-process/Sources/SwiftProcess/CommandProcess/BackgroundCommandProcess.swift /Users/admin/builder/spi-builder-workspace/.dependencies/checkouts/swift-process/Sources/SwiftProcess/CommandProcess/CommandProcess.swift (in target 'SwiftProcess' from project 'swift-process')
SwiftCompile normal arm64 /Users/admin/builder/spi-builder-workspace/.dependencies/checkouts/swift-process/Sources/SwiftProcess/BundleID/ValidationRule/BundleID\ StrictFormatValidationRule.swift (in target 'SwiftProcess' from project 'swift-process')
    cd /Users/admin/builder/spi-builder-workspace/.swiftpm/xcode

SwiftCompile normal arm64 /Users/admin/builder/spi-builder-workspace/.dependencies/checkouts/swift-process/Sources/SwiftProcess/BundleID/ValidationRule/BundleID\ ValidationRule.swift (in target 'SwiftProcess' from project 'swift-process')
    cd /Users/admin/builder/spi-builder-workspace/.swiftpm/xcode

SwiftCompile normal arm64 /Users/admin/builder/spi-builder-workspace/.dependencies/checkouts/swift-process/Sources/SwiftProcess/CommandProcess/BackgroundCommandProcess.swift (in target 'SwiftProcess' from project 'swift-process')
    cd /Users/admin/builder/spi-builder-workspace/.swiftpm/xcode

SwiftCompile normal arm64 /Users/admin/builder/spi-builder-workspace/.dependencies/checkouts/swift-process/Sources/SwiftProcess/CommandProcess/CommandProcess.swift (in target 'SwiftProcess' from project 'swift-process')
    cd /Users/admin/builder/spi-builder-workspace/.swiftpm/xcode

SwiftDriverJobDiscovery normal arm64 Compiling SignedUnitInterval.swift (in target 'SwiftUnitInterval' from project 'swift-unit-interval')
SwiftCompile normal arm64 Compiling\ PID+Metadata+BSD.swift,\ PID+Metadata+BundleID.swift,\ PID+Metadata+CodeSigning.swift,\ PID+Metadata.swift /Users/admin/builder/spi-builder-workspace/.dependencies/checkouts/swift-process/Sources/SwiftProcess/PID/PID+Metadata+BSD.swift /Users/admin/builder/spi-builder-workspace/.dependencies/checkouts/swift-process/Sources/SwiftProcess/PID/PID+Metadata+BundleID.swift /Users/admin/builder/spi-builder-workspace/.dependencies/checkouts/swift-process/Sources/SwiftProcess/PID/PID+Metadata+CodeSigning.swift /Users/admin/builder/spi-builder-workspace/.dependencies/checkouts/swift-process/Sources/SwiftProcess/PID/PID+Metadata.swift (in target 'SwiftProcess' from project 'swift-process')
SwiftCompile normal arm64 /Users/admin/builder/spi-builder-workspace/.dependencies/checkouts/swift-process/Sources/SwiftProcess/PID/PID+Metadata+BSD.swift (in target 'SwiftProcess' from project 'swift-process')
    cd /Users/admin/builder/spi-builder-workspace/.swiftpm/xcode

SwiftCompile normal arm64 /Users/admin/builder/spi-builder-workspace/.dependencies/checkouts/swift-process/Sources/SwiftProcess/PID/PID+Metadata+BundleID.swift (in target 'SwiftProcess' from project 'swift-process')
    cd /Users/admin/builder/spi-builder-workspace/.swiftpm/xcode

SwiftCompile normal arm64 /Users/admin/builder/spi-builder-workspace/.dependencies/checkouts/swift-process/Sources/SwiftProcess/PID/PID+Metadata+CodeSigning.swift (in target 'SwiftProcess' from project 'swift-process')
    cd /Users/admin/builder/spi-builder-workspace/.swiftpm/xcode

SwiftCompile normal arm64 /Users/admin/builder/spi-builder-workspace/.dependencies/checkouts/swift-process/Sources/SwiftProcess/PID/PID+Metadata.swift (in target 'SwiftProcess' from project 'swift-process')
    cd /Users/admin/builder/spi-builder-workspace/.swiftpm/xcode

SwiftDriverJobDiscovery normal arm64 Compiling UnitInterval.swift (in target 'SwiftUnitInterval' from project 'swift-unit-interval')
SwiftCompile normal arm64 Compiling\ FileDescriptorInfoType.swift,\ PipeFileDescriptorInfoType.swift,\ SocketFileDescriptorInfoType.swift,\ VNodeFileDescriptorInfoType.swift /Users/admin/builder/spi-builder-workspace/.dependencies/checkouts/swift-process/Sources/SwiftProcess/FileDescriptorInfo/FileDescriptorInfoType/FileDescriptorInfoType.swift /Users/admin/builder/spi-builder-workspace/.dependencies/checkouts/swift-process/Sources/SwiftProcess/FileDescriptorInfo/FileDescriptorInfoType/PipeFileDescriptorInfoType.swift /Users/admin/builder/spi-builder-workspace/.dependencies/checkouts/swift-process/Sources/SwiftProcess/FileDescriptorInfo/FileDescriptorInfoType/SocketFileDescriptorInfoType.swift /Users/admin/builder/spi-builder-workspace/.dependencies/checkouts/swift-process/Sources/SwiftProcess/FileDescriptorInfo/FileDescriptorInfoType/VNodeFileDescriptorInfoType.swift (in target 'SwiftProcess' from project 'swift-process')
SwiftCompile normal arm64 /Users/admin/builder/spi-builder-workspace/.dependencies/checkouts/swift-process/Sources/SwiftProcess/FileDescriptorInfo/FileDescriptorInfoType/FileDescriptorInfoType.swift (in target 'SwiftProcess' from project 'swift-process')
    cd /Users/admin/builder/spi-builder-workspace/.swiftpm/xcode

SwiftCompile normal arm64 /Users/admin/builder/spi-builder-workspace/.dependencies/checkouts/swift-process/Sources/SwiftProcess/FileDescriptorInfo/FileDescriptorInfoType/PipeFileDescriptorInfoType.swift (in target 'SwiftProcess' from project 'swift-process')
    cd /Users/admin/builder/spi-builder-workspace/.swiftpm/xcode

SwiftCompile normal arm64 /Users/admin/builder/spi-builder-workspace/.dependencies/checkouts/swift-process/Sources/SwiftProcess/FileDescriptorInfo/FileDescriptorInfoType/SocketFileDescriptorInfoType.swift (in target 'SwiftProcess' from project 'swift-process')
    cd /Users/admin/builder/spi-builder-workspace/.swiftpm/xcode

SwiftCompile normal arm64 /Users/admin/builder/spi-builder-workspace/.dependencies/checkouts/swift-process/Sources/SwiftProcess/FileDescriptorInfo/FileDescriptorInfoType/VNodeFileDescriptorInfoType.swift (in target 'SwiftProcess' from project 'swift-process')
    cd /Users/admin/builder/spi-builder-workspace/.swiftpm/xcode

SwiftDriverJobDiscovery normal arm64 Emitting module for SwiftUnitInterval (in target 'SwiftUnitInterval' from project 'swift-unit-interval')
SwiftDriver\ Compilation\ Requirements SwiftUnitInterval normal arm64 com.apple.xcode.tools.swift.compiler (in target 'SwiftUnitInterval' from project 'swift-unit-interval')
    cd /Users/admin/builder/spi-builder-workspace/.swiftpm/xcode
    builtin-Swift-Compilation-Requirements -- /Applications/Xcode-16.3.0.app/Contents/Developer/Toolchains/XcodeDefault.xctoolchain/usr/bin/swiftc -module-name SwiftUnitInterval -Onone -enforce-exclusivity\=checked @/Users/admin/builder/spi-builder-workspace/.derivedData/Build/Intermediates.noindex/swift-unit-interval.build/Debug-watchos/SwiftUnitInterval.build/Objects-normal/arm64/SwiftUnitInterval.SwiftFileList -DSWIFT_PACKAGE -DDEBUG -DDEBUG -DXcode -plugin-path /Applications/Xcode-16.3.0.app/Contents/Developer/Toolchains/XcodeDefault.xctoolchain/usr/lib/swift/host/plugins/testing -enable-experimental-feature DebugDescriptionMacro -sdk /Applications/Xcode-16.3.0.app/Contents/Developer/Platforms/WatchOS.platform/Developer/SDKs/WatchOS11.4.sdk -target arm64-apple-watchos6.0 -g -module-cache-path /Users/admin/builder/spi-builder-workspace/.derivedData/ModuleCache.noindex -Xfrontend -serialize-debugging-options -profile-coverage-mapping -profile-generate -enable-testing -suppress-warnings -index-store-path /Users/admin/builder/spi-builder-workspace/.derivedData/Index.noindex/DataStore -swift-version 6 -I /Users/admin/builder/spi-builder-workspace/.derivedData/Build/Products/Debug-watchos -I /Applications/Xcode-16.3.0.app/Contents/Developer/Platforms/WatchOS.platform/Developer/usr/lib -F /Users/admin/builder/spi-builder-workspace/.derivedData/Build/Products/Debug-watchos -F /Applications/Xcode-16.3.0.app/Contents/Developer/Platforms/WatchOS.platform/Developer/Library/Frameworks -F /Applications/Xcode-16.3.0.app/Contents/Developer/Platforms/WatchOS.platform/Developer/SDKs/WatchOS11.4.sdk/Developer/Library/Frameworks -c -j10 -enable-batch-mode -incremental -Xcc -ivfsstatcache -Xcc /Users/admin/builder/spi-builder-workspace/.derivedData/SDKStatCaches.noindex/watchos11.4-22T246-43efb940ff07ba2497b70ec94253f576.sdkstatcache -output-file-map /Users/admin/builder/spi-builder-workspace/.derivedData/Build/Intermediates.noindex/swift-unit-interval.build/Debug-watchos/SwiftUnitInterval.build/Objects-normal/arm64/SwiftUnitInterval-OutputFileMap.json -use-frontend-parseable-output -save-temps -no-color-diagnostics -serialize-diagnostics -emit-dependencies -emit-module -emit-module-path /Users/admin/builder/spi-builder-workspace/.derivedData/Build/Intermediates.noindex/swift-unit-interval.build/Debug-watchos/SwiftUnitInterval.build/Objects-normal/arm64/SwiftUnitInterval.swiftmodule -user-module-version 1.0.2 -validate-clang-modules-once -clang-build-session-file /Users/admin/builder/spi-builder-workspace/.derivedData/ModuleCache.noindex/Session.modulevalidation -package-name swift_unit_interval -Xcc -I/Users/admin/builder/spi-builder-workspace/.derivedData/Build/Intermediates.noindex/swift-unit-interval.build/Debug-watchos/SwiftUnitInterval.build/swift-overrides.hmap -emit-const-values -Xfrontend -const-gather-protocols-file -Xfrontend /Users/admin/builder/spi-builder-workspace/.derivedData/Build/Intermediates.noindex/swift-unit-interval.build/Debug-watchos/SwiftUnitInterval.build/Objects-normal/arm64/SwiftUnitInterval_const_extract_protocols.json -Xcc -I/Users/admin/builder/spi-builder-workspace/.derivedData/Build/Products/Debug-watchos/include -Xcc -I/Users/admin/builder/spi-builder-workspace/.derivedData/Build/Intermediates.noindex/swift-unit-interval.build/Debug-watchos/SwiftUnitInterval.build/DerivedSources-normal/arm64 -Xcc -I/Users/admin/builder/spi-builder-workspace/.derivedData/Build/Intermediates.noindex/swift-unit-interval.build/Debug-watchos/SwiftUnitInterval.build/DerivedSources/arm64 -Xcc -I/Users/admin/builder/spi-builder-workspace/.derivedData/Build/Intermediates.noindex/swift-unit-interval.build/Debug-watchos/SwiftUnitInterval.build/DerivedSources -Xcc -DSWIFT_PACKAGE -Xcc -DDEBUG\=1 -emit-objc-header -emit-objc-header-path /Users/admin/builder/spi-builder-workspace/.derivedData/Build/Intermediates.noindex/swift-unit-interval.build/Debug-watchos/SwiftUnitInterval.build/Objects-normal/arm64/SwiftUnitInterval-Swift.h -working-directory /Users/admin/builder/spi-builder-workspace/.swiftpm/xcode -experimental-emit-module-separately -disable-cmo
SwiftDriverJobDiscovery normal arm64 Compiling PID InfoSequence.swift, bsdinfo+Properties.swift, bsdshortinfo+Properties.swift, SendableLock.swift (in target 'SwiftProcess' from project 'swift-process')
SwiftDriver\ Compilation SwiftUnitInterval normal arm64 com.apple.xcode.tools.swift.compiler (in target 'SwiftUnitInterval' from project 'swift-unit-interval')
    cd /Users/admin/builder/spi-builder-workspace/.swiftpm/xcode
    builtin-Swift-Compilation -- /Applications/Xcode-16.3.0.app/Contents/Developer/Toolchains/XcodeDefault.xctoolchain/usr/bin/swiftc -module-name SwiftUnitInterval -Onone -enforce-exclusivity\=checked @/Users/admin/builder/spi-builder-workspace/.derivedData/Build/Intermediates.noindex/swift-unit-interval.build/Debug-watchos/SwiftUnitInterval.build/Objects-normal/arm64/SwiftUnitInterval.SwiftFileList -DSWIFT_PACKAGE -DDEBUG -DDEBUG -DXcode -plugin-path /Applications/Xcode-16.3.0.app/Contents/Developer/Toolchains/XcodeDefault.xctoolchain/usr/lib/swift/host/plugins/testing -enable-experimental-feature DebugDescriptionMacro -sdk /Applications/Xcode-16.3.0.app/Contents/Developer/Platforms/WatchOS.platform/Developer/SDKs/WatchOS11.4.sdk -target arm64-apple-watchos6.0 -g -module-cache-path /Users/admin/builder/spi-builder-workspace/.derivedData/ModuleCache.noindex -Xfrontend -serialize-debugging-options -profile-coverage-mapping -profile-generate -enable-testing -suppress-warnings -index-store-path /Users/admin/builder/spi-builder-workspace/.derivedData/Index.noindex/DataStore -swift-version 6 -I /Users/admin/builder/spi-builder-workspace/.derivedData/Build/Products/Debug-watchos -I /Applications/Xcode-16.3.0.app/Contents/Developer/Platforms/WatchOS.platform/Developer/usr/lib -F /Users/admin/builder/spi-builder-workspace/.derivedData/Build/Products/Debug-watchos -F /Applications/Xcode-16.3.0.app/Contents/Developer/Platforms/WatchOS.platform/Developer/Library/Frameworks -F /Applications/Xcode-16.3.0.app/Contents/Developer/Platforms/WatchOS.platform/Developer/SDKs/WatchOS11.4.sdk/Developer/Library/Frameworks -c -j10 -enable-batch-mode -incremental -Xcc -ivfsstatcache -Xcc /Users/admin/builder/spi-builder-workspace/.derivedData/SDKStatCaches.noindex/watchos11.4-22T246-43efb940ff07ba2497b70ec94253f576.sdkstatcache -output-file-map /Users/admin/builder/spi-builder-workspace/.derivedData/Build/Intermediates.noindex/swift-unit-interval.build/Debug-watchos/SwiftUnitInterval.build/Objects-normal/arm64/SwiftUnitInterval-OutputFileMap.json -use-frontend-parseable-output -save-temps -no-color-diagnostics -serialize-diagnostics -emit-dependencies -emit-module -emit-module-path /Users/admin/builder/spi-builder-workspace/.derivedData/Build/Intermediates.noindex/swift-unit-interval.build/Debug-watchos/SwiftUnitInterval.build/Objects-normal/arm64/SwiftUnitInterval.swiftmodule -user-module-version 1.0.2 -validate-clang-modules-once -clang-build-session-file /Users/admin/builder/spi-builder-workspace/.derivedData/ModuleCache.noindex/Session.modulevalidation -package-name swift_unit_interval -Xcc -I/Users/admin/builder/spi-builder-workspace/.derivedData/Build/Intermediates.noindex/swift-unit-interval.build/Debug-watchos/SwiftUnitInterval.build/swift-overrides.hmap -emit-const-values -Xfrontend -const-gather-protocols-file -Xfrontend /Users/admin/builder/spi-builder-workspace/.derivedData/Build/Intermediates.noindex/swift-unit-interval.build/Debug-watchos/SwiftUnitInterval.build/Objects-normal/arm64/SwiftUnitInterval_const_extract_protocols.json -Xcc -I/Users/admin/builder/spi-builder-workspace/.derivedData/Build/Products/Debug-watchos/include -Xcc -I/Users/admin/builder/spi-builder-workspace/.derivedData/Build/Intermediates.noindex/swift-unit-interval.build/Debug-watchos/SwiftUnitInterval.build/DerivedSources-normal/arm64 -Xcc -I/Users/admin/builder/spi-builder-workspace/.derivedData/Build/Intermediates.noindex/swift-unit-interval.build/Debug-watchos/SwiftUnitInterval.build/DerivedSources/arm64 -Xcc -I/Users/admin/builder/spi-builder-workspace/.derivedData/Build/Intermediates.noindex/swift-unit-interval.build/Debug-watchos/SwiftUnitInterval.build/DerivedSources -Xcc -DSWIFT_PACKAGE -Xcc -DDEBUG\=1 -emit-objc-header -emit-objc-header-path /Users/admin/builder/spi-builder-workspace/.derivedData/Build/Intermediates.noindex/swift-unit-interval.build/Debug-watchos/SwiftUnitInterval.build/Objects-normal/arm64/SwiftUnitInterval-Swift.h -working-directory /Users/admin/builder/spi-builder-workspace/.swiftpm/xcode -experimental-emit-module-separately -disable-cmo
SwiftCompile normal arm64 Compiling\ BundleID.swift,\ Sequence+BundleID.swift,\ BundleID\ NonEmptyValidationRule.swift,\ BundleID\ RelaxedFormatValidationRule.swift /Users/admin/builder/spi-builder-workspace/.dependencies/checkouts/swift-process/Sources/SwiftProcess/BundleID/BundleID.swift /Users/admin/builder/spi-builder-workspace/.dependencies/checkouts/swift-process/Sources/SwiftProcess/BundleID/Sequence+BundleID.swift /Users/admin/builder/spi-builder-workspace/.dependencies/checkouts/swift-process/Sources/SwiftProcess/BundleID/ValidationRule/BundleID\ NonEmptyValidationRule.swift /Users/admin/builder/spi-builder-workspace/.dependencies/checkouts/swift-process/Sources/SwiftProcess/BundleID/ValidationRule/BundleID\ RelaxedFormatValidationRule.swift (in target 'SwiftProcess' from project 'swift-process')
SwiftCompile normal arm64 /Users/admin/builder/spi-builder-workspace/.dependencies/checkouts/swift-process/Sources/SwiftProcess/BundleID/BundleID.swift (in target 'SwiftProcess' from project 'swift-process')
    cd /Users/admin/builder/spi-builder-workspace/.swiftpm/xcode

SwiftCompile normal arm64 /Users/admin/builder/spi-builder-workspace/.dependencies/checkouts/swift-process/Sources/SwiftProcess/BundleID/Sequence+BundleID.swift (in target 'SwiftProcess' from project 'swift-process')
    cd /Users/admin/builder/spi-builder-workspace/.swiftpm/xcode

SwiftCompile normal arm64 /Users/admin/builder/spi-builder-workspace/.dependencies/checkouts/swift-process/Sources/SwiftProcess/BundleID/ValidationRule/BundleID\ NonEmptyValidationRule.swift (in target 'SwiftProcess' from project 'swift-process')
    cd /Users/admin/builder/spi-builder-workspace/.swiftpm/xcode

SwiftCompile normal arm64 /Users/admin/builder/spi-builder-workspace/.dependencies/checkouts/swift-process/Sources/SwiftProcess/BundleID/ValidationRule/BundleID\ RelaxedFormatValidationRule.swift (in target 'SwiftProcess' from project 'swift-process')
    cd /Users/admin/builder/spi-builder-workspace/.swiftpm/xcode

SwiftDriver SwiftUnitInterval normal arm64_32 com.apple.xcode.tools.swift.compiler (in target 'SwiftUnitInterval' from project 'swift-unit-interval')
    cd /Users/admin/builder/spi-builder-workspace/.swiftpm/xcode
    builtin-SwiftDriver -- /Applications/Xcode-16.3.0.app/Contents/Developer/Toolchains/XcodeDefault.xctoolchain/usr/bin/swiftc -module-name SwiftUnitInterval -Onone -enforce-exclusivity\=checked @/Users/admin/builder/spi-builder-workspace/.derivedData/Build/Intermediates.noindex/swift-unit-interval.build/Debug-watchos/SwiftUnitInterval.build/Objects-normal/arm64_32/SwiftUnitInterval.SwiftFileList -DSWIFT_PACKAGE -DDEBUG -DDEBUG -DXcode -plugin-path /Applications/Xcode-16.3.0.app/Contents/Developer/Toolchains/XcodeDefault.xctoolchain/usr/lib/swift/host/plugins/testing -enable-experimental-feature DebugDescriptionMacro -sdk /Applications/Xcode-16.3.0.app/Contents/Developer/Platforms/WatchOS.platform/Developer/SDKs/WatchOS11.4.sdk -target arm64_32-apple-watchos6.0 -g -module-cache-path /Users/admin/builder/spi-builder-workspace/.derivedData/ModuleCache.noindex -Xfrontend -serialize-debugging-options -profile-coverage-mapping -profile-generate -enable-testing -suppress-warnings -index-store-path /Users/admin/builder/spi-builder-workspace/.derivedData/Index.noindex/DataStore -swift-version 6 -I /Users/admin/builder/spi-builder-workspace/.derivedData/Build/Products/Debug-watchos -I /Applications/Xcode-16.3.0.app/Contents/Developer/Platforms/WatchOS.platform/Developer/usr/lib -F /Users/admin/builder/spi-builder-workspace/.derivedData/Build/Products/Debug-watchos -F /Applications/Xcode-16.3.0.app/Contents/Developer/Platforms/WatchOS.platform/Developer/Library/Frameworks -F /Applications/Xcode-16.3.0.app/Contents/Developer/Platforms/WatchOS.platform/Developer/SDKs/WatchOS11.4.sdk/Developer/Library/Frameworks -c -j10 -enable-batch-mode -incremental -Xcc -ivfsstatcache -Xcc /Users/admin/builder/spi-builder-workspace/.derivedData/SDKStatCaches.noindex/watchos11.4-22T246-43efb940ff07ba2497b70ec94253f576.sdkstatcache -output-file-map /Users/admin/builder/spi-builder-workspace/.derivedData/Build/Intermediates.noindex/swift-unit-interval.build/Debug-watchos/SwiftUnitInterval.build/Objects-normal/arm64_32/SwiftUnitInterval-OutputFileMap.json -use-frontend-parseable-output -save-temps -no-color-diagnostics -serialize-diagnostics -emit-dependencies -emit-module -emit-module-path /Users/admin/builder/spi-builder-workspace/.derivedData/Build/Intermediates.noindex/swift-unit-interval.build/Debug-watchos/SwiftUnitInterval.build/Objects-normal/arm64_32/SwiftUnitInterval.swiftmodule -user-module-version 1.0.2 -validate-clang-modules-once -clang-build-session-file /Users/admin/builder/spi-builder-workspace/.derivedData/ModuleCache.noindex/Session.modulevalidation -package-name swift_unit_interval -Xcc -I/Users/admin/builder/spi-builder-workspace/.derivedData/Build/Intermediates.noindex/swift-unit-interval.build/Debug-watchos/SwiftUnitInterval.build/swift-overrides.hmap -emit-const-values -Xfrontend -const-gather-protocols-file -Xfrontend /Users/admin/builder/spi-builder-workspace/.derivedData/Build/Intermediates.noindex/swift-unit-interval.build/Debug-watchos/SwiftUnitInterval.build/Objects-normal/arm64_32/SwiftUnitInterval_const_extract_protocols.json -Xcc -I/Users/admin/builder/spi-builder-workspace/.derivedData/Build/Products/Debug-watchos/include -Xcc -I/Users/admin/builder/spi-builder-workspace/.derivedData/Build/Intermediates.noindex/swift-unit-interval.build/Debug-watchos/SwiftUnitInterval.build/DerivedSources-normal/arm64_32 -Xcc -I/Users/admin/builder/spi-builder-workspace/.derivedData/Build/Intermediates.noindex/swift-unit-interval.build/Debug-watchos/SwiftUnitInterval.build/DerivedSources/arm64_32 -Xcc -I/Users/admin/builder/spi-builder-workspace/.derivedData/Build/Intermediates.noindex/swift-unit-interval.build/Debug-watchos/SwiftUnitInterval.build/DerivedSources -Xcc -DSWIFT_PACKAGE -Xcc -DDEBUG\=1 -emit-objc-header -emit-objc-header-path /Users/admin/builder/spi-builder-workspace/.derivedData/Build/Intermediates.noindex/swift-unit-interval.build/Debug-watchos/SwiftUnitInterval.build/Objects-normal/arm64_32/SwiftUnitInterval-Swift.h -working-directory /Users/admin/builder/spi-builder-workspace/.swiftpm/xcode -experimental-emit-module-separately -disable-cmo
SwiftDriverJobDiscovery normal arm64 Compiling Process+Utilities.swift, FileDescriptorFlavor.swift, FileDescriptorInfo.swift, FSEventsFileDescriptorInfoType.swift (in target 'SwiftProcess' from project 'swift-process')
SwiftDriver SwiftUnitInterval normal armv7k com.apple.xcode.tools.swift.compiler (in target 'SwiftUnitInterval' from project 'swift-unit-interval')
    cd /Users/admin/builder/spi-builder-workspace/.swiftpm/xcode
    builtin-SwiftDriver -- /Applications/Xcode-16.3.0.app/Contents/Developer/Toolchains/XcodeDefault.xctoolchain/usr/bin/swiftc -module-name SwiftUnitInterval -Onone -enforce-exclusivity\=checked @/Users/admin/builder/spi-builder-workspace/.derivedData/Build/Intermediates.noindex/swift-unit-interval.build/Debug-watchos/SwiftUnitInterval.build/Objects-normal/armv7k/SwiftUnitInterval.SwiftFileList -DSWIFT_PACKAGE -DDEBUG -DDEBUG -DXcode -plugin-path /Applications/Xcode-16.3.0.app/Contents/Developer/Toolchains/XcodeDefault.xctoolchain/usr/lib/swift/host/plugins/testing -enable-experimental-feature DebugDescriptionMacro -sdk /Applications/Xcode-16.3.0.app/Contents/Developer/Platforms/WatchOS.platform/Developer/SDKs/WatchOS11.4.sdk -target armv7k-apple-watchos6.0 -g -module-cache-path /Users/admin/builder/spi-builder-workspace/.derivedData/ModuleCache.noindex -Xfrontend -serialize-debugging-options -profile-coverage-mapping -profile-generate -enable-testing -suppress-warnings -index-store-path /Users/admin/builder/spi-builder-workspace/.derivedData/Index.noindex/DataStore -swift-version 6 -I /Users/admin/builder/spi-builder-workspace/.derivedData/Build/Products/Debug-watchos -I /Applications/Xcode-16.3.0.app/Contents/Developer/Platforms/WatchOS.platform/Developer/usr/lib -F /Users/admin/builder/spi-builder-workspace/.derivedData/Build/Products/Debug-watchos -F /Applications/Xcode-16.3.0.app/Contents/Developer/Platforms/WatchOS.platform/Developer/Library/Frameworks -F /Applications/Xcode-16.3.0.app/Contents/Developer/Platforms/WatchOS.platform/Developer/SDKs/WatchOS11.4.sdk/Developer/Library/Frameworks -c -j10 -enable-batch-mode -incremental -Xcc -ivfsstatcache -Xcc /Users/admin/builder/spi-builder-workspace/.derivedData/SDKStatCaches.noindex/watchos11.4-22T246-43efb940ff07ba2497b70ec94253f576.sdkstatcache -output-file-map /Users/admin/builder/spi-builder-workspace/.derivedData/Build/Intermediates.noindex/swift-unit-interval.build/Debug-watchos/SwiftUnitInterval.build/Objects-normal/armv7k/SwiftUnitInterval-OutputFileMap.json -use-frontend-parseable-output -save-temps -no-color-diagnostics -serialize-diagnostics -emit-dependencies -emit-module -emit-module-path /Users/admin/builder/spi-builder-workspace/.derivedData/Build/Intermediates.noindex/swift-unit-interval.build/Debug-watchos/SwiftUnitInterval.build/Objects-normal/armv7k/SwiftUnitInterval.swiftmodule -user-module-version 1.0.2 -validate-clang-modules-once -clang-build-session-file /Users/admin/builder/spi-builder-workspace/.derivedData/ModuleCache.noindex/Session.modulevalidation -package-name swift_unit_interval -Xcc -I/Users/admin/builder/spi-builder-workspace/.derivedData/Build/Intermediates.noindex/swift-unit-interval.build/Debug-watchos/SwiftUnitInterval.build/swift-overrides.hmap -emit-const-values -Xfrontend -const-gather-protocols-file -Xfrontend /Users/admin/builder/spi-builder-workspace/.derivedData/Build/Intermediates.noindex/swift-unit-interval.build/Debug-watchos/SwiftUnitInterval.build/Objects-normal/armv7k/SwiftUnitInterval_const_extract_protocols.json -Xcc -I/Users/admin/builder/spi-builder-workspace/.derivedData/Build/Products/Debug-watchos/include -Xcc -I/Users/admin/builder/spi-builder-workspace/.derivedData/Build/Intermediates.noindex/swift-unit-interval.build/Debug-watchos/SwiftUnitInterval.build/DerivedSources-normal/armv7k -Xcc -I/Users/admin/builder/spi-builder-workspace/.derivedData/Build/Intermediates.noindex/swift-unit-interval.build/Debug-watchos/SwiftUnitInterval.build/DerivedSources/armv7k -Xcc -I/Users/admin/builder/spi-builder-workspace/.derivedData/Build/Intermediates.noindex/swift-unit-interval.build/Debug-watchos/SwiftUnitInterval.build/DerivedSources -Xcc -DSWIFT_PACKAGE -Xcc -DDEBUG\=1 -emit-objc-header -emit-objc-header-path /Users/admin/builder/spi-builder-workspace/.derivedData/Build/Intermediates.noindex/swift-unit-interval.build/Debug-watchos/SwiftUnitInterval.build/Objects-normal/armv7k/SwiftUnitInterval-Swift.h -working-directory /Users/admin/builder/spi-builder-workspace/.swiftpm/xcode -experimental-emit-module-separately -disable-cmo
SwiftDriverJobDiscovery normal arm64 Emitting module for SwiftProcess (in target 'SwiftProcess' from project 'swift-process')
SwiftDriver\ Compilation\ Requirements SwiftProcess normal arm64 com.apple.xcode.tools.swift.compiler (in target 'SwiftProcess' from project 'swift-process')
    cd /Users/admin/builder/spi-builder-workspace/.swiftpm/xcode
    builtin-Swift-Compilation-Requirements -- /Applications/Xcode-16.3.0.app/Contents/Developer/Toolchains/XcodeDefault.xctoolchain/usr/bin/swiftc -module-name SwiftProcess -Onone -enforce-exclusivity\=checked @/Users/admin/builder/spi-builder-workspace/.derivedData/Build/Intermediates.noindex/swift-process.build/Debug-watchos/SwiftProcess.build/Objects-normal/arm64/SwiftProcess.SwiftFileList -DSWIFT_PACKAGE -DDEBUG -DXcode -plugin-path /Applications/Xcode-16.3.0.app/Contents/Developer/Toolchains/XcodeDefault.xctoolchain/usr/lib/swift/host/plugins/testing -enable-experimental-feature DebugDescriptionMacro -sdk /Applications/Xcode-16.3.0.app/Contents/Developer/Platforms/WatchOS.platform/Developer/SDKs/WatchOS11.4.sdk -target arm64-apple-watchos6.0 -g -module-cache-path /Users/admin/builder/spi-builder-workspace/.derivedData/ModuleCache.noindex -Xfrontend -serialize-debugging-options -profile-coverage-mapping -profile-generate -enable-testing -suppress-warnings -index-store-path /Users/admin/builder/spi-builder-workspace/.derivedData/Index.noindex/DataStore -swift-version 6 -I /Users/admin/builder/spi-builder-workspace/.derivedData/Build/Products/Debug-watchos -I /Applications/Xcode-16.3.0.app/Contents/Developer/Platforms/WatchOS.platform/Developer/usr/lib -F /Users/admin/builder/spi-builder-workspace/.derivedData/Build/Products/Debug-watchos -F /Applications/Xcode-16.3.0.app/Contents/Developer/Platforms/WatchOS.platform/Developer/Library/Frameworks -F /Applications/Xcode-16.3.0.app/Contents/Developer/Platforms/WatchOS.platform/Developer/SDKs/WatchOS11.4.sdk/Developer/Library/Frameworks -c -j10 -enable-batch-mode -incremental -Xcc -ivfsstatcache -Xcc /Users/admin/builder/spi-builder-workspace/.derivedData/SDKStatCaches.noindex/watchos11.4-22T246-43efb940ff07ba2497b70ec94253f576.sdkstatcache -output-file-map /Users/admin/builder/spi-builder-workspace/.derivedData/Build/Intermediates.noindex/swift-process.build/Debug-watchos/SwiftProcess.build/Objects-normal/arm64/SwiftProcess-OutputFileMap.json -use-frontend-parseable-output -save-temps -no-color-diagnostics -serialize-diagnostics -emit-dependencies -emit-module -emit-module-path /Users/admin/builder/spi-builder-workspace/.derivedData/Build/Intermediates.noindex/swift-process.build/Debug-watchos/SwiftProcess.build/Objects-normal/arm64/SwiftProcess.swiftmodule -user-module-version 0.2.1 -validate-clang-modules-once -clang-build-session-file /Users/admin/builder/spi-builder-workspace/.derivedData/ModuleCache.noindex/Session.modulevalidation -package-name swift_process -Xcc -I/Users/admin/builder/spi-builder-workspace/.derivedData/Build/Intermediates.noindex/swift-process.build/Debug-watchos/SwiftProcess.build/swift-overrides.hmap -emit-const-values -Xfrontend -const-gather-protocols-file -Xfrontend /Users/admin/builder/spi-builder-workspace/.derivedData/Build/Intermediates.noindex/swift-process.build/Debug-watchos/SwiftProcess.build/Objects-normal/arm64/SwiftProcess_const_extract_protocols.json -Xcc -I/Users/admin/builder/spi-builder-workspace/.derivedData/Build/Products/Debug-watchos/include -Xcc -I/Users/admin/builder/spi-builder-workspace/.derivedData/Build/Intermediates.noindex/swift-process.build/Debug-watchos/SwiftProcess.build/DerivedSources-normal/arm64 -Xcc -I/Users/admin/builder/spi-builder-workspace/.derivedData/Build/Intermediates.noindex/swift-process.build/Debug-watchos/SwiftProcess.build/DerivedSources/arm64 -Xcc -I/Users/admin/builder/spi-builder-workspace/.derivedData/Build/Intermediates.noindex/swift-process.build/Debug-watchos/SwiftProcess.build/DerivedSources -Xcc -DSWIFT_PACKAGE -Xcc -DDEBUG\=1 -emit-objc-header -emit-objc-header-path /Users/admin/builder/spi-builder-workspace/.derivedData/Build/Intermediates.noindex/swift-process.build/Debug-watchos/SwiftProcess.build/Objects-normal/arm64/SwiftProcess-Swift.h -working-directory /Users/admin/builder/spi-builder-workspace/.swiftpm/xcode -experimental-emit-module-separately -disable-cmo
SwiftEmitModule normal arm64_32 Emitting\ module\ for\ SwiftUnitInterval (in target 'SwiftUnitInterval' from project 'swift-unit-interval')
EmitSwiftModule normal arm64_32 (in target 'SwiftUnitInterval' from project 'swift-unit-interval')
    cd /Users/admin/builder/spi-builder-workspace/.swiftpm/xcode

SwiftDriver SwiftProcess normal arm64_32 com.apple.xcode.tools.swift.compiler (in target 'SwiftProcess' from project 'swift-process')
    cd /Users/admin/builder/spi-builder-workspace/.swiftpm/xcode
    builtin-SwiftDriver -- /Applications/Xcode-16.3.0.app/Contents/Developer/Toolchains/XcodeDefault.xctoolchain/usr/bin/swiftc -module-name SwiftProcess -Onone -enforce-exclusivity\=checked @/Users/admin/builder/spi-builder-workspace/.derivedData/Build/Intermediates.noindex/swift-process.build/Debug-watchos/SwiftProcess.build/Objects-normal/arm64_32/SwiftProcess.SwiftFileList -DSWIFT_PACKAGE -DDEBUG -DXcode -plugin-path /Applications/Xcode-16.3.0.app/Contents/Developer/Toolchains/XcodeDefault.xctoolchain/usr/lib/swift/host/plugins/testing -enable-experimental-feature DebugDescriptionMacro -sdk /Applications/Xcode-16.3.0.app/Contents/Developer/Platforms/WatchOS.platform/Developer/SDKs/WatchOS11.4.sdk -target arm64_32-apple-watchos6.0 -g -module-cache-path /Users/admin/builder/spi-builder-workspace/.derivedData/ModuleCache.noindex -Xfrontend -serialize-debugging-options -profile-coverage-mapping -profile-generate -enable-testing -suppress-warnings -index-store-path /Users/admin/builder/spi-builder-workspace/.derivedData/Index.noindex/DataStore -swift-version 6 -I /Users/admin/builder/spi-builder-workspace/.derivedData/Build/Products/Debug-watchos -I /Applications/Xcode-16.3.0.app/Contents/Developer/Platforms/WatchOS.platform/Developer/usr/lib -F /Users/admin/builder/spi-builder-workspace/.derivedData/Build/Products/Debug-watchos -F /Applications/Xcode-16.3.0.app/Contents/Developer/Platforms/WatchOS.platform/Developer/Library/Frameworks -F /Applications/Xcode-16.3.0.app/Contents/Developer/Platforms/WatchOS.platform/Developer/SDKs/WatchOS11.4.sdk/Developer/Library/Frameworks -c -j10 -enable-batch-mode -incremental -Xcc -ivfsstatcache -Xcc /Users/admin/builder/spi-builder-workspace/.derivedData/SDKStatCaches.noindex/watchos11.4-22T246-43efb940ff07ba2497b70ec94253f576.sdkstatcache -output-file-map /Users/admin/builder/spi-builder-workspace/.derivedData/Build/Intermediates.noindex/swift-process.build/Debug-watchos/SwiftProcess.build/Objects-normal/arm64_32/SwiftProcess-OutputFileMap.json -use-frontend-parseable-output -save-temps -no-color-diagnostics -serialize-diagnostics -emit-dependencies -emit-module -emit-module-path /Users/admin/builder/spi-builder-workspace/.derivedData/Build/Intermediates.noindex/swift-process.build/Debug-watchos/SwiftProcess.build/Objects-normal/arm64_32/SwiftProcess.swiftmodule -user-module-version 0.2.1 -validate-clang-modules-once -clang-build-session-file /Users/admin/builder/spi-builder-workspace/.derivedData/ModuleCache.noindex/Session.modulevalidation -package-name swift_process -Xcc -I/Users/admin/builder/spi-builder-workspace/.derivedData/Build/Intermediates.noindex/swift-process.build/Debug-watchos/SwiftProcess.build/swift-overrides.hmap -emit-const-values -Xfrontend -const-gather-protocols-file -Xfrontend /Users/admin/builder/spi-builder-workspace/.derivedData/Build/Intermediates.noindex/swift-process.build/Debug-watchos/SwiftProcess.build/Objects-normal/arm64_32/SwiftProcess_const_extract_protocols.json -Xcc -I/Users/admin/builder/spi-builder-workspace/.derivedData/Build/Products/Debug-watchos/include -Xcc -I/Users/admin/builder/spi-builder-workspace/.derivedData/Build/Intermediates.noindex/swift-process.build/Debug-watchos/SwiftProcess.build/DerivedSources-normal/arm64_32 -Xcc -I/Users/admin/builder/spi-builder-workspace/.derivedData/Build/Intermediates.noindex/swift-process.build/Debug-watchos/SwiftProcess.build/DerivedSources/arm64_32 -Xcc -I/Users/admin/builder/spi-builder-workspace/.derivedData/Build/Intermediates.noindex/swift-process.build/Debug-watchos/SwiftProcess.build/DerivedSources -Xcc -DSWIFT_PACKAGE -Xcc -DDEBUG\=1 -emit-objc-header -emit-objc-header-path /Users/admin/builder/spi-builder-workspace/.derivedData/Build/Intermediates.noindex/swift-process.build/Debug-watchos/SwiftProcess.build/Objects-normal/arm64_32/SwiftProcess-Swift.h -working-directory /Users/admin/builder/spi-builder-workspace/.swiftpm/xcode -experimental-emit-module-separately -disable-cmo
SwiftEmitModule normal armv7k Emitting\ module\ for\ SwiftUnitInterval (in target 'SwiftUnitInterval' from project 'swift-unit-interval')
EmitSwiftModule normal armv7k (in target 'SwiftUnitInterval' from project 'swift-unit-interval')
    cd /Users/admin/builder/spi-builder-workspace/.swiftpm/xcode

SwiftDriverJobDiscovery normal arm64 Compiling FileDescriptorInfoType.swift, PipeFileDescriptorInfoType.swift, SocketFileDescriptorInfoType.swift, VNodeFileDescriptorInfoType.swift (in target 'SwiftProcess' from project 'swift-process')
SwiftCompile normal arm64 Compiling\ SwiftProcess-API-0.2.0.swift,\ BundleID+Metadata+Bundle.swift,\ BundleID+Metadata+PID.swift,\ BundleID+Static.swift,\ BundleID+Validation.swift /Users/admin/builder/spi-builder-workspace/.dependencies/checkouts/swift-process/Sources/SwiftProcess/API\ Evolution/SwiftProcess-API-0.2.0.swift /Users/admin/builder/spi-builder-workspace/.dependencies/checkouts/swift-process/Sources/SwiftProcess/BundleID/BundleID+Metadata+Bundle.swift /Users/admin/builder/spi-builder-workspace/.dependencies/checkouts/swift-process/Sources/SwiftProcess/BundleID/BundleID+Metadata+PID.swift /Users/admin/builder/spi-builder-workspace/.dependencies/checkouts/swift-process/Sources/SwiftProcess/BundleID/BundleID+Static.swift /Users/admin/builder/spi-builder-workspace/.dependencies/checkouts/swift-process/Sources/SwiftProcess/BundleID/BundleID+Validation.swift (in target 'SwiftProcess' from project 'swift-process')
SwiftCompile normal arm64 /Users/admin/builder/spi-builder-workspace/.dependencies/checkouts/swift-process/Sources/SwiftProcess/API\ Evolution/SwiftProcess-API-0.2.0.swift (in target 'SwiftProcess' from project 'swift-process')
    cd /Users/admin/builder/spi-builder-workspace/.swiftpm/xcode

SwiftCompile normal arm64 /Users/admin/builder/spi-builder-workspace/.dependencies/checkouts/swift-process/Sources/SwiftProcess/BundleID/BundleID+Metadata+Bundle.swift (in target 'SwiftProcess' from project 'swift-process')
    cd /Users/admin/builder/spi-builder-workspace/.swiftpm/xcode

SwiftCompile normal arm64 /Users/admin/builder/spi-builder-workspace/.dependencies/checkouts/swift-process/Sources/SwiftProcess/BundleID/BundleID+Metadata+PID.swift (in target 'SwiftProcess' from project 'swift-process')
    cd /Users/admin/builder/spi-builder-workspace/.swiftpm/xcode

SwiftCompile normal arm64 /Users/admin/builder/spi-builder-workspace/.dependencies/checkouts/swift-process/Sources/SwiftProcess/BundleID/BundleID+Static.swift (in target 'SwiftProcess' from project 'swift-process')
    cd /Users/admin/builder/spi-builder-workspace/.swiftpm/xcode

SwiftCompile normal arm64 /Users/admin/builder/spi-builder-workspace/.dependencies/checkouts/swift-process/Sources/SwiftProcess/BundleID/BundleID+Validation.swift (in target 'SwiftProcess' from project 'swift-process')
    cd /Users/admin/builder/spi-builder-workspace/.swiftpm/xcode

SwiftDriverJobDiscovery normal arm64 Compiling Sequence+FileDescriptorInfo.swift, PIDError.swift, PID+Ancestors+BundleID.swift, PID+Ancestors.swift (in target 'SwiftProcess' from project 'swift-process')
SwiftEmitModule normal arm64_32 Emitting\ module\ for\ SwiftProcess (in target 'SwiftProcess' from project 'swift-process')
EmitSwiftModule normal arm64_32 (in target 'SwiftProcess' from project 'swift-process')
    cd /Users/admin/builder/spi-builder-workspace/.swiftpm/xcode

SwiftDriverJobDiscovery normal arm64 Compiling Sequence+PID.swift, PID AncestorsIterator.swift, PID AncestorsSequence.swift, PID InfoIterator.swift (in target 'SwiftProcess' from project 'swift-process')
SwiftDriverJobDiscovery normal arm64 Compiling BundleID StrictFormatValidationRule.swift, BundleID ValidationRule.swift, BackgroundCommandProcess.swift, CommandProcess.swift (in target 'SwiftProcess' from project 'swift-process')
SwiftDriverJobDiscovery normal arm64 Compiling PID+Metadata+BSD.swift, PID+Metadata+BundleID.swift, PID+Metadata+CodeSigning.swift, PID+Metadata.swift (in target 'SwiftProcess' from project 'swift-process')
SwiftDriverJobDiscovery normal arm64 Compiling PID+Methods.swift, PID+Static.swift, PID.swift, Sequence+PID+BundleID.swift (in target 'SwiftProcess' from project 'swift-process')
** BUILD FAILED **
The following build commands failed:
	CompileAssetCatalogVariant thinned /Users/admin/builder/spi-builder-workspace/.derivedData/Build/Products/Debug-watchos/swift-core-audio_SwiftCoreAudio.bundle /Users/admin/builder/spi-builder-workspace/Sources/SwiftCoreAudio/Assets/Assets.xcassets (in target 'swift-core-audio_SwiftCoreAudio' from project 'swift-core-audio')
	Building workspace spi-builder-workspace with scheme swift-core-audio
(2 failures)
BUILD FAILURE 6.1 watchOS