Build Information
Failed to build WWHUDUI, reference 1.1.1 (524694), with Swift 6.1 for tvOS using Xcode 16.3 on 15 Jul 2026 05:28:14 UTC.
Build Command
env DEVELOPER_DIR=/Applications/Xcode-16.3.0.app xcrun xcodebuild -IDEClonedSourcePackagesDirPathOverride=$PWD/.dependencies -skipMacroValidation -skipPackagePluginValidation -derivedDataPath $PWD/.derivedData build -scheme WWHUDUI -destination generic/platform=tvOSBuild Log
========================================
RunAll
========================================
Builder version: undefined version: run 'make version' to update
Interrupt handler set up.
========================================
Checkout
========================================
Clone URL: https://github.com/William-Weng/WWHUDUI.git
Reference: 1.1.1
Initialized empty Git repository in /Users/admin/builder/spi-builder-workspace/.git/
From https://github.com/William-Weng/WWHUDUI
* tag 1.1.1 -> FETCH_HEAD
HEAD is now at 5246949 - 修正Loading背景全透明時,背景仍然會被按到的問題
Cloned https://github.com/William-Weng/WWHUDUI.git
Revision (git rev-parse @):
5246949d172976f99c005f986d6c5a68e5cf035a
SUCCESS checkout https://github.com/William-Weng/WWHUDUI.git at 1.1.1
========================================
Build
========================================
Selected platform: tvOS
Swift version: 6.1
Building package at path: $PWD
https://github.com/William-Weng/WWHUDUI.git
https://github.com/William-Weng/WWHUDUI.git
{
"dependencies" : [
],
"manifest_display_name" : "WWHUDUI",
"name" : "WWHUDUI",
"path" : "/Users/admin/builder/spi-builder-workspace",
"platforms" : [
{
"name" : "ios",
"version" : "17.0"
}
],
"products" : [
{
"name" : "WWHUDUI",
"targets" : [
"WWHUDUI"
],
"type" : {
"library" : [
"automatic"
]
}
}
],
"swift_languages_versions" : [
"5"
],
"targets" : [
{
"c99name" : "WWHUDUI",
"module_type" : "SwiftTarget",
"name" : "WWHUDUI",
"path" : "Sources/WWHUDUI",
"product_memberships" : [
"WWHUDUI"
],
"resources" : [
{
"path" : "/Users/admin/builder/spi-builder-workspace/Sources/WWHUDUI/Privacy",
"rule" : {
"copy" : {
}
}
}
],
"sources" : [
"Modifier/LoadingModifier.swift",
"Modifier/ToastModifier.swift",
"Utility/Extension.swift",
"WWHUDUI.swift"
],
"type" : "library"
}
],
"tools_version" : "5.10"
}
Command line invocation:
/Applications/Xcode-16.3.0.app/Contents/Developer/usr/bin/xcodebuild -IDEClonedSourcePackagesDirPathOverride=/Users/admin/builder/spi-builder-workspace/.dependencies -resolvePackageDependencies
Resolve Package Graph
Resolve Package Graph
Resolved source packages:
WWHUDUI: /Users/admin/builder/spi-builder-workspace
resolved source packages: WWHUDUI
{
"dependencies" : [
],
"manifest_display_name" : "WWHUDUI",
"name" : "WWHUDUI",
"path" : "/Users/admin/builder/spi-builder-workspace",
"platforms" : [
{
"name" : "ios",
"version" : "17.0"
}
],
"products" : [
{
"name" : "WWHUDUI",
"targets" : [
"WWHUDUI"
],
"type" : {
"library" : [
"automatic"
]
}
}
],
"swift_languages_versions" : [
"5"
],
"targets" : [
{
"c99name" : "WWHUDUI",
"module_type" : "SwiftTarget",
"name" : "WWHUDUI",
"path" : "Sources/WWHUDUI",
"product_memberships" : [
"WWHUDUI"
],
"resources" : [
{
"path" : "/Users/admin/builder/spi-builder-workspace/Sources/WWHUDUI/Privacy",
"rule" : {
"copy" : {
}
}
}
],
"sources" : [
"Modifier/LoadingModifier.swift",
"Modifier/ToastModifier.swift",
"Utility/Extension.swift",
"WWHUDUI.swift"
],
"type" : "library"
}
],
"tools_version" : "5.10"
}
{
"workspace" : {
"name" : "spi-builder-workspace",
"schemes" : [
"WWHUDUI"
]
}
}
Running build ...
env DEVELOPER_DIR=/Applications/Xcode-16.3.0.app xcrun xcodebuild -IDEClonedSourcePackagesDirPathOverride=$PWD/.dependencies -skipMacroValidation -skipPackagePluginValidation -derivedDataPath $PWD/.derivedData build -scheme WWHUDUI -destination generic/platform=tvOS OTHER_SWIFT_FLAGS=-stats-output-dir .stats -strict-concurrency=complete -enable-upcoming-feature StrictConcurrency -enable-upcoming-feature DisableOutwardActorInference -enable-upcoming-feature GlobalActorIsolatedTypesUsability -enable-upcoming-feature InferSendableFromCaptures
Command line invocation:
/Applications/Xcode-16.3.0.app/Contents/Developer/usr/bin/xcodebuild -IDEClonedSourcePackagesDirPathOverride=/Users/admin/builder/spi-builder-workspace/.dependencies -skipMacroValidation -skipPackagePluginValidation -derivedDataPath /Users/admin/builder/spi-builder-workspace/.derivedData build -scheme WWHUDUI -destination generic/platform=tvOS "OTHER_SWIFT_FLAGS=-stats-output-dir .stats -strict-concurrency=complete -enable-upcoming-feature StrictConcurrency -enable-upcoming-feature DisableOutwardActorInference -enable-upcoming-feature GlobalActorIsolatedTypesUsability -enable-upcoming-feature InferSendableFromCaptures"
Build settings from command line:
OTHER_SWIFT_FLAGS = -stats-output-dir .stats -strict-concurrency=complete -enable-upcoming-feature StrictConcurrency -enable-upcoming-feature DisableOutwardActorInference -enable-upcoming-feature GlobalActorIsolatedTypesUsability -enable-upcoming-feature InferSendableFromCaptures
Resolve Package Graph
Resolved source packages:
WWHUDUI: /Users/admin/builder/spi-builder-workspace
ComputePackagePrebuildTargetDependencyGraph
Prepare packages
CreateBuildRequest
SendProjectDescription
CreateBuildOperation
ComputeTargetDependencyGraph
note: Building targets in dependency order
note: Target dependency graph (3 targets)
Target 'WWHUDUI' in project 'WWHUDUI'
➜ Explicit dependency on target 'WWHUDUI' in project 'WWHUDUI'
➜ Explicit dependency on target 'WWHUDUI_WWHUDUI' in project 'WWHUDUI'
Target 'WWHUDUI' in project 'WWHUDUI'
➜ Explicit dependency on target 'WWHUDUI_WWHUDUI' in project 'WWHUDUI'
Target 'WWHUDUI_WWHUDUI' in project 'WWHUDUI' (no dependencies)
GatherProvisioningInputs
CreateBuildDescription
ExecuteExternalTool /Applications/Xcode-16.3.0.app/Contents/Developer/Toolchains/XcodeDefault.xctoolchain/usr/bin/clang -v -E -dM -isysroot /Applications/Xcode-16.3.0.app/Contents/Developer/Platforms/AppleTVOS.platform/Developer/SDKs/AppleTVOS18.4.sdk -x c -c /dev/null
ExecuteExternalTool /Applications/Xcode-16.3.0.app/Contents/Developer/Toolchains/XcodeDefault.xctoolchain/usr/bin/swiftc --version
ExecuteExternalTool /Applications/Xcode-16.3.0.app/Contents/Developer/Toolchains/XcodeDefault.xctoolchain/usr/bin/ld -version_details
Build description signature: bf3fa7262a642795a50eea6743a10047
Build description path: /Users/admin/builder/spi-builder-workspace/.derivedData/Build/Intermediates.noindex/XCBuildData/bf3fa7262a642795a50eea6743a10047.xcbuilddata
CreateBuildDirectory /Users/admin/builder/spi-builder-workspace/.derivedData/Build/Products
cd /Users/admin/builder/spi-builder-workspace/.swiftpm/xcode
builtin-create-build-directory /Users/admin/builder/spi-builder-workspace/.derivedData/Build/Products
ClangStatCache /Applications/Xcode-16.3.0.app/Contents/Developer/Toolchains/XcodeDefault.xctoolchain/usr/bin/clang-stat-cache /Applications/Xcode-16.3.0.app/Contents/Developer/Platforms/AppleTVOS.platform/Developer/SDKs/AppleTVOS18.4.sdk /Users/admin/builder/spi-builder-workspace/.derivedData/SDKStatCaches.noindex/appletvos18.4-22L251-271d326055c85f9856fa135c41255102.sdkstatcache
cd /Users/admin/builder/spi-builder-workspace/.swiftpm/xcode
/Applications/Xcode-16.3.0.app/Contents/Developer/Toolchains/XcodeDefault.xctoolchain/usr/bin/clang-stat-cache /Applications/Xcode-16.3.0.app/Contents/Developer/Platforms/AppleTVOS.platform/Developer/SDKs/AppleTVOS18.4.sdk -o /Users/admin/builder/spi-builder-workspace/.derivedData/SDKStatCaches.noindex/appletvos18.4-22L251-271d326055c85f9856fa135c41255102.sdkstatcache
CreateBuildDirectory /Users/admin/builder/spi-builder-workspace/.derivedData/Build/Intermediates.noindex
cd /Users/admin/builder/spi-builder-workspace/.swiftpm/xcode
builtin-create-build-directory /Users/admin/builder/spi-builder-workspace/.derivedData/Build/Intermediates.noindex
CreateBuildDirectory /Users/admin/builder/spi-builder-workspace/.derivedData/Build/Products/Debug-appletvos
cd /Users/admin/builder/spi-builder-workspace/.swiftpm/xcode
builtin-create-build-directory /Users/admin/builder/spi-builder-workspace/.derivedData/Build/Products/Debug-appletvos
CreateBuildDirectory /Users/admin/builder/spi-builder-workspace/.derivedData/Build/Intermediates.noindex/EagerLinkingTBDs/Debug-appletvos
cd /Users/admin/builder/spi-builder-workspace/.swiftpm/xcode
builtin-create-build-directory /Users/admin/builder/spi-builder-workspace/.derivedData/Build/Intermediates.noindex/EagerLinkingTBDs/Debug-appletvos
CreateBuildDirectory /Users/admin/builder/spi-builder-workspace/.derivedData/Build/Products/Debug-appletvos/PackageFrameworks
cd /Users/admin/builder/spi-builder-workspace/.swiftpm/xcode
builtin-create-build-directory /Users/admin/builder/spi-builder-workspace/.derivedData/Build/Products/Debug-appletvos/PackageFrameworks
WriteAuxiliaryFile /Users/admin/builder/spi-builder-workspace/.derivedData/Build/Intermediates.noindex/WWHUDUI.build/Debug-appletvos/WWHUDUI_WWHUDUI.build/empty-WWHUDUI_WWHUDUI.plist (in target 'WWHUDUI_WWHUDUI' from project 'WWHUDUI')
cd /Users/admin/builder/spi-builder-workspace
write-file /Users/admin/builder/spi-builder-workspace/.derivedData/Build/Intermediates.noindex/WWHUDUI.build/Debug-appletvos/WWHUDUI_WWHUDUI.build/empty-WWHUDUI_WWHUDUI.plist
WriteAuxiliaryFile /Users/admin/builder/spi-builder-workspace/.derivedData/Build/Intermediates.noindex/WWHUDUI.build/Debug-appletvos/WWHUDUI_WWHUDUI.build/WWHUDUI_WWHUDUI.DependencyStaticMetadataFileList (in target 'WWHUDUI_WWHUDUI' from project 'WWHUDUI')
cd /Users/admin/builder/spi-builder-workspace
write-file /Users/admin/builder/spi-builder-workspace/.derivedData/Build/Intermediates.noindex/WWHUDUI.build/Debug-appletvos/WWHUDUI_WWHUDUI.build/WWHUDUI_WWHUDUI.DependencyStaticMetadataFileList
MkDir /Users/admin/builder/spi-builder-workspace/.derivedData/Build/Products/Debug-appletvos/WWHUDUI_WWHUDUI.bundle (in target 'WWHUDUI_WWHUDUI' from project 'WWHUDUI')
cd /Users/admin/builder/spi-builder-workspace
/bin/mkdir -p /Users/admin/builder/spi-builder-workspace/.derivedData/Build/Products/Debug-appletvos/WWHUDUI_WWHUDUI.bundle
WriteAuxiliaryFile /Users/admin/builder/spi-builder-workspace/.derivedData/Build/Intermediates.noindex/WWHUDUI.build/Debug-appletvos/WWHUDUI_WWHUDUI.build/WWHUDUI_WWHUDUI.DependencyMetadataFileList (in target 'WWHUDUI_WWHUDUI' from project 'WWHUDUI')
cd /Users/admin/builder/spi-builder-workspace
write-file /Users/admin/builder/spi-builder-workspace/.derivedData/Build/Intermediates.noindex/WWHUDUI.build/Debug-appletvos/WWHUDUI_WWHUDUI.build/WWHUDUI_WWHUDUI.DependencyMetadataFileList
WriteAuxiliaryFile /Users/admin/builder/spi-builder-workspace/.derivedData/Build/Intermediates.noindex/WWHUDUI.build/Debug-appletvos/WWHUDUI.build/WWHUDUI.modulemap (in target 'WWHUDUI' from project 'WWHUDUI')
cd /Users/admin/builder/spi-builder-workspace
write-file /Users/admin/builder/spi-builder-workspace/.derivedData/Build/Intermediates.noindex/WWHUDUI.build/Debug-appletvos/WWHUDUI.build/WWHUDUI.modulemap
WriteAuxiliaryFile /Users/admin/builder/spi-builder-workspace/.derivedData/Build/Intermediates.noindex/WWHUDUI.build/Debug-appletvos/WWHUDUI.build/WWHUDUI.DependencyStaticMetadataFileList (in target 'WWHUDUI' from project 'WWHUDUI')
cd /Users/admin/builder/spi-builder-workspace
write-file /Users/admin/builder/spi-builder-workspace/.derivedData/Build/Intermediates.noindex/WWHUDUI.build/Debug-appletvos/WWHUDUI.build/WWHUDUI.DependencyStaticMetadataFileList
WriteAuxiliaryFile /Users/admin/builder/spi-builder-workspace/.derivedData/Build/Intermediates.noindex/WWHUDUI.build/Debug-appletvos/WWHUDUI.build/Objects-normal/arm64/WWHUDUI.SwiftConstValuesFileList (in target 'WWHUDUI' from project 'WWHUDUI')
cd /Users/admin/builder/spi-builder-workspace
write-file /Users/admin/builder/spi-builder-workspace/.derivedData/Build/Intermediates.noindex/WWHUDUI.build/Debug-appletvos/WWHUDUI.build/Objects-normal/arm64/WWHUDUI.SwiftConstValuesFileList
WriteAuxiliaryFile /Users/admin/builder/spi-builder-workspace/.derivedData/Build/Intermediates.noindex/WWHUDUI.build/Debug-appletvos/WWHUDUI.build/Objects-normal/arm64/WWHUDUI_const_extract_protocols.json (in target 'WWHUDUI' from project 'WWHUDUI')
cd /Users/admin/builder/spi-builder-workspace
write-file /Users/admin/builder/spi-builder-workspace/.derivedData/Build/Intermediates.noindex/WWHUDUI.build/Debug-appletvos/WWHUDUI.build/Objects-normal/arm64/WWHUDUI_const_extract_protocols.json
WriteAuxiliaryFile /Users/admin/builder/spi-builder-workspace/.derivedData/Build/Intermediates.noindex/WWHUDUI.build/Debug-appletvos/WWHUDUI.build/Objects-normal/arm64/WWHUDUI.LinkFileList (in target 'WWHUDUI' from project 'WWHUDUI')
cd /Users/admin/builder/spi-builder-workspace
write-file /Users/admin/builder/spi-builder-workspace/.derivedData/Build/Intermediates.noindex/WWHUDUI.build/Debug-appletvos/WWHUDUI.build/Objects-normal/arm64/WWHUDUI.LinkFileList
WriteAuxiliaryFile /Users/admin/builder/spi-builder-workspace/.derivedData/Build/Intermediates.noindex/WWHUDUI.build/Debug-appletvos/WWHUDUI.build/Objects-normal/arm64/WWHUDUI-OutputFileMap.json (in target 'WWHUDUI' from project 'WWHUDUI')
cd /Users/admin/builder/spi-builder-workspace
write-file /Users/admin/builder/spi-builder-workspace/.derivedData/Build/Intermediates.noindex/WWHUDUI.build/Debug-appletvos/WWHUDUI.build/Objects-normal/arm64/WWHUDUI-OutputFileMap.json
WriteAuxiliaryFile /Users/admin/builder/spi-builder-workspace/.derivedData/Build/Intermediates.noindex/WWHUDUI.build/Debug-appletvos/WWHUDUI.build/WWHUDUI.DependencyMetadataFileList (in target 'WWHUDUI' from project 'WWHUDUI')
cd /Users/admin/builder/spi-builder-workspace
write-file /Users/admin/builder/spi-builder-workspace/.derivedData/Build/Intermediates.noindex/WWHUDUI.build/Debug-appletvos/WWHUDUI.build/WWHUDUI.DependencyMetadataFileList
WriteAuxiliaryFile /Users/admin/builder/spi-builder-workspace/.derivedData/Build/Intermediates.noindex/WWHUDUI.build/Debug-appletvos/WWHUDUI.build/Objects-normal/arm64/WWHUDUI.SwiftFileList (in target 'WWHUDUI' from project 'WWHUDUI')
cd /Users/admin/builder/spi-builder-workspace
write-file /Users/admin/builder/spi-builder-workspace/.derivedData/Build/Intermediates.noindex/WWHUDUI.build/Debug-appletvos/WWHUDUI.build/Objects-normal/arm64/WWHUDUI.SwiftFileList
WriteAuxiliaryFile /Users/admin/builder/spi-builder-workspace/.derivedData/Build/Intermediates.noindex/WWHUDUI.build/Debug-appletvos/WWHUDUI.build/DerivedSources/resource_bundle_accessor.swift (in target 'WWHUDUI' from project 'WWHUDUI')
cd /Users/admin/builder/spi-builder-workspace
write-file /Users/admin/builder/spi-builder-workspace/.derivedData/Build/Intermediates.noindex/WWHUDUI.build/Debug-appletvos/WWHUDUI.build/DerivedSources/resource_bundle_accessor.swift
Copy /Users/admin/builder/spi-builder-workspace/.derivedData/Build/Intermediates.noindex/GeneratedModuleMaps-appletvos/WWHUDUI.modulemap /Users/admin/builder/spi-builder-workspace/.derivedData/Build/Intermediates.noindex/WWHUDUI.build/Debug-appletvos/WWHUDUI.build/WWHUDUI.modulemap (in target 'WWHUDUI' from project 'WWHUDUI')
cd /Users/admin/builder/spi-builder-workspace
builtin-copy -exclude .DS_Store -exclude CVS -exclude .svn -exclude .git -exclude .hg -resolve-src-symlinks /Users/admin/builder/spi-builder-workspace/.derivedData/Build/Intermediates.noindex/WWHUDUI.build/Debug-appletvos/WWHUDUI.build/WWHUDUI.modulemap /Users/admin/builder/spi-builder-workspace/.derivedData/Build/Intermediates.noindex/GeneratedModuleMaps-appletvos
ProcessInfoPlistFile /Users/admin/builder/spi-builder-workspace/.derivedData/Build/Products/Debug-appletvos/WWHUDUI_WWHUDUI.bundle/Info.plist /Users/admin/builder/spi-builder-workspace/.derivedData/Build/Intermediates.noindex/WWHUDUI.build/Debug-appletvos/WWHUDUI_WWHUDUI.build/empty-WWHUDUI_WWHUDUI.plist (in target 'WWHUDUI_WWHUDUI' from project 'WWHUDUI')
cd /Users/admin/builder/spi-builder-workspace
builtin-infoPlistUtility /Users/admin/builder/spi-builder-workspace/.derivedData/Build/Intermediates.noindex/WWHUDUI.build/Debug-appletvos/WWHUDUI_WWHUDUI.build/empty-WWHUDUI_WWHUDUI.plist -producttype com.apple.product-type.bundle -expandbuildsettings -format binary -platform appletvos -o /Users/admin/builder/spi-builder-workspace/.derivedData/Build/Products/Debug-appletvos/WWHUDUI_WWHUDUI.bundle/Info.plist
CpResource /Users/admin/builder/spi-builder-workspace/.derivedData/Build/Products/Debug-appletvos/WWHUDUI_WWHUDUI.bundle/Privacy /Users/admin/builder/spi-builder-workspace/Sources/WWHUDUI/Privacy (in target 'WWHUDUI_WWHUDUI' from project 'WWHUDUI')
cd /Users/admin/builder/spi-builder-workspace
builtin-copy -exclude .DS_Store -exclude CVS -exclude .svn -exclude .git -exclude .hg -resolve-src-symlinks /Users/admin/builder/spi-builder-workspace/Sources/WWHUDUI/Privacy /Users/admin/builder/spi-builder-workspace/.derivedData/Build/Products/Debug-appletvos/WWHUDUI_WWHUDUI.bundle
RegisterExecutionPolicyException /Users/admin/builder/spi-builder-workspace/.derivedData/Build/Products/Debug-appletvos/WWHUDUI_WWHUDUI.bundle (in target 'WWHUDUI_WWHUDUI' from project 'WWHUDUI')
cd /Users/admin/builder/spi-builder-workspace
builtin-RegisterExecutionPolicyException /Users/admin/builder/spi-builder-workspace/.derivedData/Build/Products/Debug-appletvos/WWHUDUI_WWHUDUI.bundle
Touch /Users/admin/builder/spi-builder-workspace/.derivedData/Build/Products/Debug-appletvos/WWHUDUI_WWHUDUI.bundle (in target 'WWHUDUI_WWHUDUI' from project 'WWHUDUI')
cd /Users/admin/builder/spi-builder-workspace
/usr/bin/touch -c /Users/admin/builder/spi-builder-workspace/.derivedData/Build/Products/Debug-appletvos/WWHUDUI_WWHUDUI.bundle
SwiftDriver WWHUDUI normal arm64 com.apple.xcode.tools.swift.compiler (in target 'WWHUDUI' from project 'WWHUDUI')
cd /Users/admin/builder/spi-builder-workspace/.swiftpm/xcode
builtin-SwiftDriver -- /Applications/Xcode-16.3.0.app/Contents/Developer/Toolchains/XcodeDefault.xctoolchain/usr/bin/swiftc -module-name WWHUDUI -Onone -enforce-exclusivity\=checked @/Users/admin/builder/spi-builder-workspace/.derivedData/Build/Intermediates.noindex/WWHUDUI.build/Debug-appletvos/WWHUDUI.build/Objects-normal/arm64/WWHUDUI.SwiftFileList -DSWIFT_PACKAGE -DDEBUG -stats-output-dir .stats -strict-concurrency\=complete -enable-upcoming-feature StrictConcurrency -enable-upcoming-feature DisableOutwardActorInference -enable-upcoming-feature GlobalActorIsolatedTypesUsability -enable-upcoming-feature InferSendableFromCaptures -plugin-path /Applications/Xcode-16.3.0.app/Contents/Developer/Toolchains/XcodeDefault.xctoolchain/usr/lib/swift/host/plugins/testing -enable-experimental-feature DebugDescriptionMacro -sdk /Applications/Xcode-16.3.0.app/Contents/Developer/Platforms/AppleTVOS.platform/Developer/SDKs/AppleTVOS18.4.sdk -target arm64-apple-tvos17.0 -g -module-cache-path /Users/admin/builder/spi-builder-workspace/.derivedData/ModuleCache.noindex -Xfrontend -serialize-debugging-options -enable-testing -index-store-path /Users/admin/builder/spi-builder-workspace/.derivedData/Index.noindex/DataStore -swift-version 5 -I /Users/admin/builder/spi-builder-workspace/.derivedData/Build/Products/Debug-appletvos -I /Applications/Xcode-16.3.0.app/Contents/Developer/Platforms/AppleTVOS.platform/Developer/usr/lib -F /Users/admin/builder/spi-builder-workspace/.derivedData/Build/Products/Debug-appletvos -F /Applications/Xcode-16.3.0.app/Contents/Developer/Platforms/AppleTVOS.platform/Developer/Library/Frameworks -F /Applications/Xcode-16.3.0.app/Contents/Developer/Platforms/AppleTVOS.platform/Developer/SDKs/AppleTVOS18.4.sdk/Developer/Library/Frameworks -c -j10 -enable-batch-mode -incremental -Xcc -ivfsstatcache -Xcc /Users/admin/builder/spi-builder-workspace/.derivedData/SDKStatCaches.noindex/appletvos18.4-22L251-271d326055c85f9856fa135c41255102.sdkstatcache -output-file-map /Users/admin/builder/spi-builder-workspace/.derivedData/Build/Intermediates.noindex/WWHUDUI.build/Debug-appletvos/WWHUDUI.build/Objects-normal/arm64/WWHUDUI-OutputFileMap.json -use-frontend-parseable-output -save-temps -no-color-diagnostics -serialize-diagnostics -emit-dependencies -emit-module -emit-module-path /Users/admin/builder/spi-builder-workspace/.derivedData/Build/Intermediates.noindex/WWHUDUI.build/Debug-appletvos/WWHUDUI.build/Objects-normal/arm64/WWHUDUI.swiftmodule -validate-clang-modules-once -clang-build-session-file /Users/admin/builder/spi-builder-workspace/.derivedData/ModuleCache.noindex/Session.modulevalidation -package-name spi_builder_workspace -Xcc -I/Users/admin/builder/spi-builder-workspace/.derivedData/Build/Intermediates.noindex/WWHUDUI.build/Debug-appletvos/WWHUDUI.build/swift-overrides.hmap -emit-const-values -Xfrontend -const-gather-protocols-file -Xfrontend /Users/admin/builder/spi-builder-workspace/.derivedData/Build/Intermediates.noindex/WWHUDUI.build/Debug-appletvos/WWHUDUI.build/Objects-normal/arm64/WWHUDUI_const_extract_protocols.json -Xcc -I/Users/admin/builder/spi-builder-workspace/.derivedData/Build/Products/Debug-appletvos/include -Xcc -I/Users/admin/builder/spi-builder-workspace/.derivedData/Build/Intermediates.noindex/WWHUDUI.build/Debug-appletvos/WWHUDUI.build/DerivedSources-normal/arm64 -Xcc -I/Users/admin/builder/spi-builder-workspace/.derivedData/Build/Intermediates.noindex/WWHUDUI.build/Debug-appletvos/WWHUDUI.build/DerivedSources/arm64 -Xcc -I/Users/admin/builder/spi-builder-workspace/.derivedData/Build/Intermediates.noindex/WWHUDUI.build/Debug-appletvos/WWHUDUI.build/DerivedSources -Xcc -DSWIFT_PACKAGE -Xcc -DDEBUG\=1 -emit-objc-header -emit-objc-header-path /Users/admin/builder/spi-builder-workspace/.derivedData/Build/Intermediates.noindex/WWHUDUI.build/Debug-appletvos/WWHUDUI.build/Objects-normal/arm64/WWHUDUI-Swift.h -working-directory /Users/admin/builder/spi-builder-workspace/.swiftpm/xcode -experimental-emit-module-separately -disable-cmo
SwiftCompile normal arm64 Compiling\ WWHUDUI.swift /Users/admin/builder/spi-builder-workspace/Sources/WWHUDUI/WWHUDUI.swift (in target 'WWHUDUI' from project 'WWHUDUI')
SwiftCompile normal arm64 /Users/admin/builder/spi-builder-workspace/Sources/WWHUDUI/WWHUDUI.swift (in target 'WWHUDUI' from project 'WWHUDUI')
cd /Users/admin/builder/spi-builder-workspace/.swiftpm/xcode
/Users/admin/builder/spi-builder-workspace/Sources/WWHUDUI/WWHUDUI.swift:70:17: warning: reference to property 'isPresented' in closure requires explicit use of 'self' to make capture semantics explicit; this is an error in the Swift 6 language mode
isPresented = false
^
/Users/admin/builder/spi-builder-workspace/Sources/WWHUDUI/WWHUDUI.swift:61:23: warning: value 'self' was defined but never used; consider replacing with boolean test
guard let self else { return }
~~~~^
!= nil
SwiftEmitModule normal arm64 Emitting\ module\ for\ WWHUDUI (in target 'WWHUDUI' from project 'WWHUDUI')
EmitSwiftModule normal arm64 (in target 'WWHUDUI' from project 'WWHUDUI')
cd /Users/admin/builder/spi-builder-workspace/.swiftpm/xcode
SwiftCompile normal arm64 Compiling\ Extension.swift /Users/admin/builder/spi-builder-workspace/Sources/WWHUDUI/Utility/Extension.swift (in target 'WWHUDUI' from project 'WWHUDUI')
SwiftCompile normal arm64 /Users/admin/builder/spi-builder-workspace/Sources/WWHUDUI/Utility/Extension.swift (in target 'WWHUDUI' from project 'WWHUDUI')
cd /Users/admin/builder/spi-builder-workspace/.swiftpm/xcode
SwiftCompile normal arm64 Compiling\ LoadingModifier.swift /Users/admin/builder/spi-builder-workspace/Sources/WWHUDUI/Modifier/LoadingModifier.swift (in target 'WWHUDUI' from project 'WWHUDUI')
SwiftCompile normal arm64 /Users/admin/builder/spi-builder-workspace/Sources/WWHUDUI/Modifier/LoadingModifier.swift (in target 'WWHUDUI' from project 'WWHUDUI')
cd /Users/admin/builder/spi-builder-workspace/.swiftpm/xcode
/Users/admin/builder/spi-builder-workspace/Sources/WWHUDUI/Modifier/LoadingModifier.swift:49:22: error: 'controlSize' is unavailable in tvOS
.controlSize(.regular)
^~~~~~~~~~~
SwiftUICore.View.controlSize:2:36: note: 'controlSize' has been explicitly marked unavailable here
@inlinable nonisolated public func controlSize(_ controlSize: ControlSize) -> some View
^
Failed frontend command:
/Applications/Xcode-16.3.0.app/Contents/Developer/Toolchains/XcodeDefault.xctoolchain/usr/bin/swift-frontend -frontend -c /Users/admin/builder/spi-builder-workspace/.derivedData/Build/Intermediates.noindex/WWHUDUI.build/Debug-appletvos/WWHUDUI.build/DerivedSources/resource_bundle_accessor.swift -primary-file /Users/admin/builder/spi-builder-workspace/Sources/WWHUDUI/Modifier/LoadingModifier.swift /Users/admin/builder/spi-builder-workspace/Sources/WWHUDUI/Modifier/ToastModifier.swift /Users/admin/builder/spi-builder-workspace/Sources/WWHUDUI/Utility/Extension.swift /Users/admin/builder/spi-builder-workspace/Sources/WWHUDUI/WWHUDUI.swift -emit-dependencies-path /Users/admin/builder/spi-builder-workspace/.derivedData/Build/Intermediates.noindex/WWHUDUI.build/Debug-appletvos/WWHUDUI.build/Objects-normal/arm64/LoadingModifier.d -emit-const-values-path /Users/admin/builder/spi-builder-workspace/.derivedData/Build/Intermediates.noindex/WWHUDUI.build/Debug-appletvos/WWHUDUI.build/Objects-normal/arm64/LoadingModifier.swiftconstvalues -emit-reference-dependencies-path /Users/admin/builder/spi-builder-workspace/.derivedData/Build/Intermediates.noindex/WWHUDUI.build/Debug-appletvos/WWHUDUI.build/Objects-normal/arm64/LoadingModifier.swiftdeps -serialize-diagnostics-path /Users/admin/builder/spi-builder-workspace/.derivedData/Build/Intermediates.noindex/WWHUDUI.build/Debug-appletvos/WWHUDUI.build/Objects-normal/arm64/LoadingModifier.dia -target arm64-apple-tvos17.0 -Xllvm -aarch64-use-tbi -enable-objc-interop -stack-check -sdk /Applications/Xcode-16.3.0.app/Contents/Developer/Platforms/AppleTVOS.platform/Developer/SDKs/AppleTVOS18.4.sdk -I /Users/admin/builder/spi-builder-workspace/.derivedData/Build/Products/Debug-appletvos -I /Applications/Xcode-16.3.0.app/Contents/Developer/Platforms/AppleTVOS.platform/Developer/usr/lib -F /Users/admin/builder/spi-builder-workspace/.derivedData/Build/Products/Debug-appletvos -F /Applications/Xcode-16.3.0.app/Contents/Developer/Platforms/AppleTVOS.platform/Developer/Library/Frameworks -F /Applications/Xcode-16.3.0.app/Contents/Developer/Platforms/AppleTVOS.platform/Developer/SDKs/AppleTVOS18.4.sdk/Developer/Library/Frameworks -no-color-diagnostics -enable-testing -g -debug-info-format\=dwarf -dwarf-version\=4 -module-cache-path /Users/admin/builder/spi-builder-workspace/.derivedData/ModuleCache.noindex -swift-version 5 -enforce-exclusivity\=checked -stats-output-dir /Users/admin/builder/spi-builder-workspace/.swiftpm/xcode/.stats -Onone -D SWIFT_PACKAGE -D DEBUG -serialize-debugging-options -const-gather-protocols-file /Users/admin/builder/spi-builder-workspace/.derivedData/Build/Intermediates.noindex/WWHUDUI.build/Debug-appletvos/WWHUDUI.build/Objects-normal/arm64/WWHUDUI_const_extract_protocols.json -enable-upcoming-feature StrictConcurrency -enable-upcoming-feature DisableOutwardActorInference -enable-upcoming-feature GlobalActorIsolatedTypesUsability -enable-upcoming-feature InferSendableFromCaptures -enable-experimental-feature DebugDescriptionMacro -strict-concurrency\=complete -empty-abi-descriptor -plugin-path /Applications/Xcode-16.3.0.app/Contents/Developer/Toolchains/XcodeDefault.xctoolchain/usr/lib/swift/host/plugins/testing -validate-clang-modules-once -clang-build-session-file /Users/admin/builder/spi-builder-workspace/.derivedData/ModuleCache.noindex/Session.modulevalidation -Xcc -working-directory -Xcc /Users/admin/builder/spi-builder-workspace/.swiftpm/xcode -resource-dir /Applications/Xcode-16.3.0.app/Contents/Developer/Toolchains/XcodeDefault.xctoolchain/usr/lib/swift -enable-anonymous-context-mangled-names -file-compilation-dir /Users/admin/builder/spi-builder-workspace/.swiftpm/xcode -Xcc -ivfsstatcache -Xcc /Users/admin/builder/spi-builder-workspace/.derivedData/SDKStatCaches.noindex/appletvos18.4-22L251-271d326055c85f9856fa135c41255102.sdkstatcache -Xcc -I/Users/admin/builder/spi-builder-workspace/.derivedData/Build/Intermediates.noindex/WWHUDUI.build/Debug-appletvos/WWHUDUI.build/swift-overrides.hmap -Xcc -I/Users/admin/builder/spi-builder-workspace/.derivedData/Build/Products/Debug-appletvos/include -Xcc -I/Users/admin/builder/spi-builder-workspace/.derivedData/Build/Intermediates.noindex/WWHUDUI.build/Debug-appletvos/WWHUDUI.build/DerivedSources-normal/arm64 -Xcc -I/Users/admin/builder/spi-builder-workspace/.derivedData/Build/Intermediates.noindex/WWHUDUI.build/Debug-appletvos/WWHUDUI.build/DerivedSources/arm64 -Xcc -I/Users/admin/builder/spi-builder-workspace/.derivedData/Build/Intermediates.noindex/WWHUDUI.build/Debug-appletvos/WWHUDUI.build/DerivedSources -Xcc -DSWIFT_PACKAGE -Xcc -DDEBUG\=1 -module-name WWHUDUI -package-name spi_builder_workspace -frontend-parseable-output -disable-clang-spi -target-sdk-version 18.4 -target-sdk-name appletvos18.4 -external-plugin-path /Applications/Xcode-16.3.0.app/Contents/Developer/Platforms/AppleTVOS.platform/Developer/usr/lib/swift/host/plugins\#/Applications/Xcode-16.3.0.app/Contents/Developer/Platforms/AppleTVOS.platform/Developer/usr/bin/swift-plugin-server -external-plugin-path /Applications/Xcode-16.3.0.app/Contents/Developer/Platforms/AppleTVOS.platform/Developer/usr/local/lib/swift/host/plugins\#/Applications/Xcode-16.3.0.app/Contents/Developer/Platforms/AppleTVOS.platform/Developer/usr/bin/swift-plugin-server -in-process-plugin-server-path /Applications/Xcode-16.3.0.app/Contents/Developer/Toolchains/XcodeDefault.xctoolchain/usr/lib/swift/host/libSwiftInProcPluginServer.dylib -plugin-path /Applications/Xcode-16.3.0.app/Contents/Developer/Toolchains/XcodeDefault.xctoolchain/usr/lib/swift/host/plugins -plugin-path /Applications/Xcode-16.3.0.app/Contents/Developer/Toolchains/XcodeDefault.xctoolchain/usr/local/lib/swift/host/plugins -o /Users/admin/builder/spi-builder-workspace/.derivedData/Build/Intermediates.noindex/WWHUDUI.build/Debug-appletvos/WWHUDUI.build/Objects-normal/arm64/LoadingModifier.o -index-unit-output-path /WWHUDUI.build/Debug-appletvos/WWHUDUI.build/Objects-normal/arm64/LoadingModifier.o -index-store-path /Users/admin/builder/spi-builder-workspace/.derivedData/Index.noindex/DataStore -index-system-modules
SwiftCompile normal arm64 Compiling\ ToastModifier.swift /Users/admin/builder/spi-builder-workspace/Sources/WWHUDUI/Modifier/ToastModifier.swift (in target 'WWHUDUI' from project 'WWHUDUI')
SwiftCompile normal arm64 /Users/admin/builder/spi-builder-workspace/Sources/WWHUDUI/Modifier/ToastModifier.swift (in target 'WWHUDUI' from project 'WWHUDUI')
cd /Users/admin/builder/spi-builder-workspace/.swiftpm/xcode
SwiftCompile normal arm64 Compiling\ resource_bundle_accessor.swift /Users/admin/builder/spi-builder-workspace/.derivedData/Build/Intermediates.noindex/WWHUDUI.build/Debug-appletvos/WWHUDUI.build/DerivedSources/resource_bundle_accessor.swift (in target 'WWHUDUI' from project 'WWHUDUI')
SwiftCompile normal arm64 /Users/admin/builder/spi-builder-workspace/.derivedData/Build/Intermediates.noindex/WWHUDUI.build/Debug-appletvos/WWHUDUI.build/DerivedSources/resource_bundle_accessor.swift (in target 'WWHUDUI' from project 'WWHUDUI')
cd /Users/admin/builder/spi-builder-workspace/.swiftpm/xcode
SwiftDriverJobDiscovery normal arm64 Emitting module for WWHUDUI (in target 'WWHUDUI' from project 'WWHUDUI')
SwiftDriver\ Compilation\ Requirements WWHUDUI normal arm64 com.apple.xcode.tools.swift.compiler (in target 'WWHUDUI' from project 'WWHUDUI')
cd /Users/admin/builder/spi-builder-workspace/.swiftpm/xcode
builtin-Swift-Compilation-Requirements -- /Applications/Xcode-16.3.0.app/Contents/Developer/Toolchains/XcodeDefault.xctoolchain/usr/bin/swiftc -module-name WWHUDUI -Onone -enforce-exclusivity\=checked @/Users/admin/builder/spi-builder-workspace/.derivedData/Build/Intermediates.noindex/WWHUDUI.build/Debug-appletvos/WWHUDUI.build/Objects-normal/arm64/WWHUDUI.SwiftFileList -DSWIFT_PACKAGE -DDEBUG -stats-output-dir .stats -strict-concurrency\=complete -enable-upcoming-feature StrictConcurrency -enable-upcoming-feature DisableOutwardActorInference -enable-upcoming-feature GlobalActorIsolatedTypesUsability -enable-upcoming-feature InferSendableFromCaptures -plugin-path /Applications/Xcode-16.3.0.app/Contents/Developer/Toolchains/XcodeDefault.xctoolchain/usr/lib/swift/host/plugins/testing -enable-experimental-feature DebugDescriptionMacro -sdk /Applications/Xcode-16.3.0.app/Contents/Developer/Platforms/AppleTVOS.platform/Developer/SDKs/AppleTVOS18.4.sdk -target arm64-apple-tvos17.0 -g -module-cache-path /Users/admin/builder/spi-builder-workspace/.derivedData/ModuleCache.noindex -Xfrontend -serialize-debugging-options -enable-testing -index-store-path /Users/admin/builder/spi-builder-workspace/.derivedData/Index.noindex/DataStore -swift-version 5 -I /Users/admin/builder/spi-builder-workspace/.derivedData/Build/Products/Debug-appletvos -I /Applications/Xcode-16.3.0.app/Contents/Developer/Platforms/AppleTVOS.platform/Developer/usr/lib -F /Users/admin/builder/spi-builder-workspace/.derivedData/Build/Products/Debug-appletvos -F /Applications/Xcode-16.3.0.app/Contents/Developer/Platforms/AppleTVOS.platform/Developer/Library/Frameworks -F /Applications/Xcode-16.3.0.app/Contents/Developer/Platforms/AppleTVOS.platform/Developer/SDKs/AppleTVOS18.4.sdk/Developer/Library/Frameworks -c -j10 -enable-batch-mode -incremental -Xcc -ivfsstatcache -Xcc /Users/admin/builder/spi-builder-workspace/.derivedData/SDKStatCaches.noindex/appletvos18.4-22L251-271d326055c85f9856fa135c41255102.sdkstatcache -output-file-map /Users/admin/builder/spi-builder-workspace/.derivedData/Build/Intermediates.noindex/WWHUDUI.build/Debug-appletvos/WWHUDUI.build/Objects-normal/arm64/WWHUDUI-OutputFileMap.json -use-frontend-parseable-output -save-temps -no-color-diagnostics -serialize-diagnostics -emit-dependencies -emit-module -emit-module-path /Users/admin/builder/spi-builder-workspace/.derivedData/Build/Intermediates.noindex/WWHUDUI.build/Debug-appletvos/WWHUDUI.build/Objects-normal/arm64/WWHUDUI.swiftmodule -validate-clang-modules-once -clang-build-session-file /Users/admin/builder/spi-builder-workspace/.derivedData/ModuleCache.noindex/Session.modulevalidation -package-name spi_builder_workspace -Xcc -I/Users/admin/builder/spi-builder-workspace/.derivedData/Build/Intermediates.noindex/WWHUDUI.build/Debug-appletvos/WWHUDUI.build/swift-overrides.hmap -emit-const-values -Xfrontend -const-gather-protocols-file -Xfrontend /Users/admin/builder/spi-builder-workspace/.derivedData/Build/Intermediates.noindex/WWHUDUI.build/Debug-appletvos/WWHUDUI.build/Objects-normal/arm64/WWHUDUI_const_extract_protocols.json -Xcc -I/Users/admin/builder/spi-builder-workspace/.derivedData/Build/Products/Debug-appletvos/include -Xcc -I/Users/admin/builder/spi-builder-workspace/.derivedData/Build/Intermediates.noindex/WWHUDUI.build/Debug-appletvos/WWHUDUI.build/DerivedSources-normal/arm64 -Xcc -I/Users/admin/builder/spi-builder-workspace/.derivedData/Build/Intermediates.noindex/WWHUDUI.build/Debug-appletvos/WWHUDUI.build/DerivedSources/arm64 -Xcc -I/Users/admin/builder/spi-builder-workspace/.derivedData/Build/Intermediates.noindex/WWHUDUI.build/Debug-appletvos/WWHUDUI.build/DerivedSources -Xcc -DSWIFT_PACKAGE -Xcc -DDEBUG\=1 -emit-objc-header -emit-objc-header-path /Users/admin/builder/spi-builder-workspace/.derivedData/Build/Intermediates.noindex/WWHUDUI.build/Debug-appletvos/WWHUDUI.build/Objects-normal/arm64/WWHUDUI-Swift.h -working-directory /Users/admin/builder/spi-builder-workspace/.swiftpm/xcode -experimental-emit-module-separately -disable-cmo
SwiftMergeGeneratedHeaders /Users/admin/builder/spi-builder-workspace/.derivedData/Build/Intermediates.noindex/GeneratedModuleMaps-appletvos/WWHUDUI-Swift.h /Users/admin/builder/spi-builder-workspace/.derivedData/Build/Intermediates.noindex/WWHUDUI.build/Debug-appletvos/WWHUDUI.build/Objects-normal/arm64/WWHUDUI-Swift.h (in target 'WWHUDUI' from project 'WWHUDUI')
cd /Users/admin/builder/spi-builder-workspace
builtin-swiftHeaderTool -arch arm64 /Users/admin/builder/spi-builder-workspace/.derivedData/Build/Intermediates.noindex/WWHUDUI.build/Debug-appletvos/WWHUDUI.build/Objects-normal/arm64/WWHUDUI-Swift.h -o /Users/admin/builder/spi-builder-workspace/.derivedData/Build/Intermediates.noindex/GeneratedModuleMaps-appletvos/WWHUDUI-Swift.h
Copy /Users/admin/builder/spi-builder-workspace/.derivedData/Build/Products/Debug-appletvos/WWHUDUI.swiftmodule/arm64-apple-tvos.abi.json /Users/admin/builder/spi-builder-workspace/.derivedData/Build/Intermediates.noindex/WWHUDUI.build/Debug-appletvos/WWHUDUI.build/Objects-normal/arm64/WWHUDUI.abi.json (in target 'WWHUDUI' from project 'WWHUDUI')
cd /Users/admin/builder/spi-builder-workspace
builtin-copy -exclude .DS_Store -exclude CVS -exclude .svn -exclude .git -exclude .hg -resolve-src-symlinks -rename /Users/admin/builder/spi-builder-workspace/.derivedData/Build/Intermediates.noindex/WWHUDUI.build/Debug-appletvos/WWHUDUI.build/Objects-normal/arm64/WWHUDUI.abi.json /Users/admin/builder/spi-builder-workspace/.derivedData/Build/Products/Debug-appletvos/WWHUDUI.swiftmodule/arm64-apple-tvos.abi.json
Copy /Users/admin/builder/spi-builder-workspace/.derivedData/Build/Products/Debug-appletvos/WWHUDUI.swiftmodule/arm64-apple-tvos.swiftmodule /Users/admin/builder/spi-builder-workspace/.derivedData/Build/Intermediates.noindex/WWHUDUI.build/Debug-appletvos/WWHUDUI.build/Objects-normal/arm64/WWHUDUI.swiftmodule (in target 'WWHUDUI' from project 'WWHUDUI')
cd /Users/admin/builder/spi-builder-workspace
builtin-copy -exclude .DS_Store -exclude CVS -exclude .svn -exclude .git -exclude .hg -resolve-src-symlinks -rename /Users/admin/builder/spi-builder-workspace/.derivedData/Build/Intermediates.noindex/WWHUDUI.build/Debug-appletvos/WWHUDUI.build/Objects-normal/arm64/WWHUDUI.swiftmodule /Users/admin/builder/spi-builder-workspace/.derivedData/Build/Products/Debug-appletvos/WWHUDUI.swiftmodule/arm64-apple-tvos.swiftmodule
Copy /Users/admin/builder/spi-builder-workspace/.derivedData/Build/Products/Debug-appletvos/WWHUDUI.swiftmodule/arm64-apple-tvos.swiftdoc /Users/admin/builder/spi-builder-workspace/.derivedData/Build/Intermediates.noindex/WWHUDUI.build/Debug-appletvos/WWHUDUI.build/Objects-normal/arm64/WWHUDUI.swiftdoc (in target 'WWHUDUI' from project 'WWHUDUI')
cd /Users/admin/builder/spi-builder-workspace
builtin-copy -exclude .DS_Store -exclude CVS -exclude .svn -exclude .git -exclude .hg -resolve-src-symlinks -rename /Users/admin/builder/spi-builder-workspace/.derivedData/Build/Intermediates.noindex/WWHUDUI.build/Debug-appletvos/WWHUDUI.build/Objects-normal/arm64/WWHUDUI.swiftdoc /Users/admin/builder/spi-builder-workspace/.derivedData/Build/Products/Debug-appletvos/WWHUDUI.swiftmodule/arm64-apple-tvos.swiftdoc
Copy /Users/admin/builder/spi-builder-workspace/.derivedData/Build/Products/Debug-appletvos/WWHUDUI.swiftmodule/Project/arm64-apple-tvos.swiftsourceinfo /Users/admin/builder/spi-builder-workspace/.derivedData/Build/Intermediates.noindex/WWHUDUI.build/Debug-appletvos/WWHUDUI.build/Objects-normal/arm64/WWHUDUI.swiftsourceinfo (in target 'WWHUDUI' from project 'WWHUDUI')
cd /Users/admin/builder/spi-builder-workspace
builtin-copy -exclude .DS_Store -exclude CVS -exclude .svn -exclude .git -exclude .hg -resolve-src-symlinks -rename /Users/admin/builder/spi-builder-workspace/.derivedData/Build/Intermediates.noindex/WWHUDUI.build/Debug-appletvos/WWHUDUI.build/Objects-normal/arm64/WWHUDUI.swiftsourceinfo /Users/admin/builder/spi-builder-workspace/.derivedData/Build/Products/Debug-appletvos/WWHUDUI.swiftmodule/Project/arm64-apple-tvos.swiftsourceinfo
SwiftDriverJobDiscovery normal arm64 Compiling resource_bundle_accessor.swift (in target 'WWHUDUI' from project 'WWHUDUI')
SwiftDriverJobDiscovery normal arm64 Compiling WWHUDUI.swift (in target 'WWHUDUI' from project 'WWHUDUI')
SwiftDriverJobDiscovery normal arm64 Compiling Extension.swift (in target 'WWHUDUI' from project 'WWHUDUI')
** BUILD FAILED **
The following build commands failed:
SwiftCompile normal arm64 /Users/admin/builder/spi-builder-workspace/Sources/WWHUDUI/Modifier/LoadingModifier.swift (in target 'WWHUDUI' from project 'WWHUDUI')
SwiftCompile normal arm64 Compiling\ LoadingModifier.swift /Users/admin/builder/spi-builder-workspace/Sources/WWHUDUI/Modifier/LoadingModifier.swift (in target 'WWHUDUI' from project 'WWHUDUI')
Building workspace spi-builder-workspace with scheme WWHUDUI
(3 failures)
Command line invocation:
/Applications/Xcode-16.3.0.app/Contents/Developer/usr/bin/xcodebuild -IDEClonedSourcePackagesDirPathOverride=/Users/admin/builder/spi-builder-workspace/.dependencies -resolvePackageDependencies
Resolve Package Graph
Resolved source packages:
WWHUDUI: /Users/admin/builder/spi-builder-workspace
resolved source packages: WWHUDUI
{
"dependencies" : [
],
"manifest_display_name" : "WWHUDUI",
"name" : "WWHUDUI",
"path" : "/Users/admin/builder/spi-builder-workspace",
"platforms" : [
{
"name" : "ios",
"version" : "17.0"
}
],
"products" : [
{
"name" : "WWHUDUI",
"targets" : [
"WWHUDUI"
],
"type" : {
"library" : [
"automatic"
]
}
}
],
"swift_languages_versions" : [
"5"
],
"targets" : [
{
"c99name" : "WWHUDUI",
"module_type" : "SwiftTarget",
"name" : "WWHUDUI",
"path" : "Sources/WWHUDUI",
"product_memberships" : [
"WWHUDUI"
],
"resources" : [
{
"path" : "/Users/admin/builder/spi-builder-workspace/Sources/WWHUDUI/Privacy",
"rule" : {
"copy" : {
}
}
}
],
"sources" : [
"Modifier/LoadingModifier.swift",
"Modifier/ToastModifier.swift",
"Utility/Extension.swift",
"WWHUDUI.swift"
],
"type" : "library"
}
],
"tools_version" : "5.10"
}
{
"workspace" : {
"name" : "spi-builder-workspace",
"schemes" : [
"WWHUDUI"
]
}
}
Running build ...
env DEVELOPER_DIR=/Applications/Xcode-16.3.0.app xcrun xcodebuild -IDEClonedSourcePackagesDirPathOverride=$PWD/.dependencies -skipMacroValidation -skipPackagePluginValidation -derivedDataPath $PWD/.derivedData build -scheme WWHUDUI -destination generic/platform=tvOS
Command line invocation:
/Applications/Xcode-16.3.0.app/Contents/Developer/usr/bin/xcodebuild -IDEClonedSourcePackagesDirPathOverride=/Users/admin/builder/spi-builder-workspace/.dependencies -skipMacroValidation -skipPackagePluginValidation -derivedDataPath /Users/admin/builder/spi-builder-workspace/.derivedData build -scheme WWHUDUI -destination generic/platform=tvOS
Resolve Package Graph
Resolved source packages:
WWHUDUI: /Users/admin/builder/spi-builder-workspace
ComputePackagePrebuildTargetDependencyGraph
Prepare packages
CreateBuildRequest
SendProjectDescription
CreateBuildOperation
ComputeTargetDependencyGraph
note: Building targets in dependency order
note: Target dependency graph (3 targets)
Target 'WWHUDUI' in project 'WWHUDUI'
➜ Explicit dependency on target 'WWHUDUI' in project 'WWHUDUI'
➜ Explicit dependency on target 'WWHUDUI_WWHUDUI' in project 'WWHUDUI'
Target 'WWHUDUI' in project 'WWHUDUI'
➜ Explicit dependency on target 'WWHUDUI_WWHUDUI' in project 'WWHUDUI'
Target 'WWHUDUI_WWHUDUI' in project 'WWHUDUI' (no dependencies)
GatherProvisioningInputs
CreateBuildDescription
ExecuteExternalTool /Applications/Xcode-16.3.0.app/Contents/Developer/Toolchains/XcodeDefault.xctoolchain/usr/bin/clang -v -E -dM -isysroot /Applications/Xcode-16.3.0.app/Contents/Developer/Platforms/AppleTVOS.platform/Developer/SDKs/AppleTVOS18.4.sdk -x c -c /dev/null
ExecuteExternalTool /Applications/Xcode-16.3.0.app/Contents/Developer/Toolchains/XcodeDefault.xctoolchain/usr/bin/swiftc --version
ExecuteExternalTool /Applications/Xcode-16.3.0.app/Contents/Developer/Toolchains/XcodeDefault.xctoolchain/usr/bin/ld -version_details
Build description signature: 1ca57bade82169542c0edb8b5ccfdaa8
Build description path: /Users/admin/builder/spi-builder-workspace/.derivedData/Build/Intermediates.noindex/XCBuildData/1ca57bade82169542c0edb8b5ccfdaa8.xcbuilddata
ClangStatCache /Applications/Xcode-16.3.0.app/Contents/Developer/Toolchains/XcodeDefault.xctoolchain/usr/bin/clang-stat-cache /Applications/Xcode-16.3.0.app/Contents/Developer/Platforms/AppleTVOS.platform/Developer/SDKs/AppleTVOS18.4.sdk /Users/admin/builder/spi-builder-workspace/.derivedData/SDKStatCaches.noindex/appletvos18.4-22L251-271d326055c85f9856fa135c41255102.sdkstatcache
cd /Users/admin/builder/spi-builder-workspace/.swiftpm/xcode
/Applications/Xcode-16.3.0.app/Contents/Developer/Toolchains/XcodeDefault.xctoolchain/usr/bin/clang-stat-cache /Applications/Xcode-16.3.0.app/Contents/Developer/Platforms/AppleTVOS.platform/Developer/SDKs/AppleTVOS18.4.sdk -o /Users/admin/builder/spi-builder-workspace/.derivedData/SDKStatCaches.noindex/appletvos18.4-22L251-271d326055c85f9856fa135c41255102.sdkstatcache
ProcessInfoPlistFile /Users/admin/builder/spi-builder-workspace/.derivedData/Build/Products/Debug-appletvos/WWHUDUI_WWHUDUI.bundle/Info.plist /Users/admin/builder/spi-builder-workspace/.derivedData/Build/Intermediates.noindex/WWHUDUI.build/Debug-appletvos/WWHUDUI_WWHUDUI.build/empty-WWHUDUI_WWHUDUI.plist (in target 'WWHUDUI_WWHUDUI' from project 'WWHUDUI')
cd /Users/admin/builder/spi-builder-workspace
builtin-infoPlistUtility /Users/admin/builder/spi-builder-workspace/.derivedData/Build/Intermediates.noindex/WWHUDUI.build/Debug-appletvos/WWHUDUI_WWHUDUI.build/empty-WWHUDUI_WWHUDUI.plist -producttype com.apple.product-type.bundle -expandbuildsettings -format binary -platform appletvos -o /Users/admin/builder/spi-builder-workspace/.derivedData/Build/Products/Debug-appletvos/WWHUDUI_WWHUDUI.bundle/Info.plist
SwiftDriver WWHUDUI normal arm64 com.apple.xcode.tools.swift.compiler (in target 'WWHUDUI' from project 'WWHUDUI')
cd /Users/admin/builder/spi-builder-workspace/.swiftpm/xcode
builtin-SwiftDriver -- /Applications/Xcode-16.3.0.app/Contents/Developer/Toolchains/XcodeDefault.xctoolchain/usr/bin/swiftc -module-name WWHUDUI -Onone -enforce-exclusivity\=checked @/Users/admin/builder/spi-builder-workspace/.derivedData/Build/Intermediates.noindex/WWHUDUI.build/Debug-appletvos/WWHUDUI.build/Objects-normal/arm64/WWHUDUI.SwiftFileList -DSWIFT_PACKAGE -DDEBUG -DXcode -plugin-path /Applications/Xcode-16.3.0.app/Contents/Developer/Toolchains/XcodeDefault.xctoolchain/usr/lib/swift/host/plugins/testing -enable-experimental-feature DebugDescriptionMacro -sdk /Applications/Xcode-16.3.0.app/Contents/Developer/Platforms/AppleTVOS.platform/Developer/SDKs/AppleTVOS18.4.sdk -target arm64-apple-tvos17.0 -g -module-cache-path /Users/admin/builder/spi-builder-workspace/.derivedData/ModuleCache.noindex -Xfrontend -serialize-debugging-options -enable-testing -index-store-path /Users/admin/builder/spi-builder-workspace/.derivedData/Index.noindex/DataStore -swift-version 5 -I /Users/admin/builder/spi-builder-workspace/.derivedData/Build/Products/Debug-appletvos -I /Applications/Xcode-16.3.0.app/Contents/Developer/Platforms/AppleTVOS.platform/Developer/usr/lib -F /Users/admin/builder/spi-builder-workspace/.derivedData/Build/Products/Debug-appletvos -F /Applications/Xcode-16.3.0.app/Contents/Developer/Platforms/AppleTVOS.platform/Developer/Library/Frameworks -F /Applications/Xcode-16.3.0.app/Contents/Developer/Platforms/AppleTVOS.platform/Developer/SDKs/AppleTVOS18.4.sdk/Developer/Library/Frameworks -c -j10 -enable-batch-mode -incremental -Xcc -ivfsstatcache -Xcc /Users/admin/builder/spi-builder-workspace/.derivedData/SDKStatCaches.noindex/appletvos18.4-22L251-271d326055c85f9856fa135c41255102.sdkstatcache -output-file-map /Users/admin/builder/spi-builder-workspace/.derivedData/Build/Intermediates.noindex/WWHUDUI.build/Debug-appletvos/WWHUDUI.build/Objects-normal/arm64/WWHUDUI-OutputFileMap.json -use-frontend-parseable-output -save-temps -no-color-diagnostics -serialize-diagnostics -emit-dependencies -emit-module -emit-module-path /Users/admin/builder/spi-builder-workspace/.derivedData/Build/Intermediates.noindex/WWHUDUI.build/Debug-appletvos/WWHUDUI.build/Objects-normal/arm64/WWHUDUI.swiftmodule -validate-clang-modules-once -clang-build-session-file /Users/admin/builder/spi-builder-workspace/.derivedData/ModuleCache.noindex/Session.modulevalidation -package-name spi_builder_workspace -Xcc -I/Users/admin/builder/spi-builder-workspace/.derivedData/Build/Intermediates.noindex/WWHUDUI.build/Debug-appletvos/WWHUDUI.build/swift-overrides.hmap -emit-const-values -Xfrontend -const-gather-protocols-file -Xfrontend /Users/admin/builder/spi-builder-workspace/.derivedData/Build/Intermediates.noindex/WWHUDUI.build/Debug-appletvos/WWHUDUI.build/Objects-normal/arm64/WWHUDUI_const_extract_protocols.json -Xcc -I/Users/admin/builder/spi-builder-workspace/.derivedData/Build/Products/Debug-appletvos/include -Xcc -I/Users/admin/builder/spi-builder-workspace/.derivedData/Build/Intermediates.noindex/WWHUDUI.build/Debug-appletvos/WWHUDUI.build/DerivedSources-normal/arm64 -Xcc -I/Users/admin/builder/spi-builder-workspace/.derivedData/Build/Intermediates.noindex/WWHUDUI.build/Debug-appletvos/WWHUDUI.build/DerivedSources/arm64 -Xcc -I/Users/admin/builder/spi-builder-workspace/.derivedData/Build/Intermediates.noindex/WWHUDUI.build/Debug-appletvos/WWHUDUI.build/DerivedSources -Xcc -DSWIFT_PACKAGE -Xcc -DDEBUG\=1 -emit-objc-header -emit-objc-header-path /Users/admin/builder/spi-builder-workspace/.derivedData/Build/Intermediates.noindex/WWHUDUI.build/Debug-appletvos/WWHUDUI.build/Objects-normal/arm64/WWHUDUI-Swift.h -working-directory /Users/admin/builder/spi-builder-workspace/.swiftpm/xcode -experimental-emit-module-separately -disable-cmo
SwiftCompile normal arm64 Compiling\ resource_bundle_accessor.swift /Users/admin/builder/spi-builder-workspace/.derivedData/Build/Intermediates.noindex/WWHUDUI.build/Debug-appletvos/WWHUDUI.build/DerivedSources/resource_bundle_accessor.swift (in target 'WWHUDUI' from project 'WWHUDUI')
SwiftCompile normal arm64 /Users/admin/builder/spi-builder-workspace/.derivedData/Build/Intermediates.noindex/WWHUDUI.build/Debug-appletvos/WWHUDUI.build/DerivedSources/resource_bundle_accessor.swift (in target 'WWHUDUI' from project 'WWHUDUI')
cd /Users/admin/builder/spi-builder-workspace/.swiftpm/xcode
SwiftEmitModule normal arm64 Emitting\ module\ for\ WWHUDUI (in target 'WWHUDUI' from project 'WWHUDUI')
EmitSwiftModule normal arm64 (in target 'WWHUDUI' from project 'WWHUDUI')
cd /Users/admin/builder/spi-builder-workspace/.swiftpm/xcode
SwiftCompile normal arm64 Compiling\ ToastModifier.swift /Users/admin/builder/spi-builder-workspace/Sources/WWHUDUI/Modifier/ToastModifier.swift (in target 'WWHUDUI' from project 'WWHUDUI')
SwiftCompile normal arm64 /Users/admin/builder/spi-builder-workspace/Sources/WWHUDUI/Modifier/ToastModifier.swift (in target 'WWHUDUI' from project 'WWHUDUI')
cd /Users/admin/builder/spi-builder-workspace/.swiftpm/xcode
SwiftCompile normal arm64 Compiling\ LoadingModifier.swift /Users/admin/builder/spi-builder-workspace/Sources/WWHUDUI/Modifier/LoadingModifier.swift (in target 'WWHUDUI' from project 'WWHUDUI')
Failed frontend command:
/Applications/Xcode-16.3.0.app/Contents/Developer/Toolchains/XcodeDefault.xctoolchain/usr/bin/swift-frontend -frontend -c /Users/admin/builder/spi-builder-workspace/.derivedData/Build/Intermediates.noindex/WWHUDUI.build/Debug-appletvos/WWHUDUI.build/DerivedSources/resource_bundle_accessor.swift -primary-file /Users/admin/builder/spi-builder-workspace/Sources/WWHUDUI/Modifier/LoadingModifier.swift /Users/admin/builder/spi-builder-workspace/Sources/WWHUDUI/Modifier/ToastModifier.swift /Users/admin/builder/spi-builder-workspace/Sources/WWHUDUI/Utility/Extension.swift /Users/admin/builder/spi-builder-workspace/Sources/WWHUDUI/WWHUDUI.swift -emit-dependencies-path /Users/admin/builder/spi-builder-workspace/.derivedData/Build/Intermediates.noindex/WWHUDUI.build/Debug-appletvos/WWHUDUI.build/Objects-normal/arm64/LoadingModifier.d -emit-const-values-path /Users/admin/builder/spi-builder-workspace/.derivedData/Build/Intermediates.noindex/WWHUDUI.build/Debug-appletvos/WWHUDUI.build/Objects-normal/arm64/LoadingModifier.swiftconstvalues -emit-reference-dependencies-path /Users/admin/builder/spi-builder-workspace/.derivedData/Build/Intermediates.noindex/WWHUDUI.build/Debug-appletvos/WWHUDUI.build/Objects-normal/arm64/LoadingModifier.swiftdeps -serialize-diagnostics-path /Users/admin/builder/spi-builder-workspace/.derivedData/Build/Intermediates.noindex/WWHUDUI.build/Debug-appletvos/WWHUDUI.build/Objects-normal/arm64/LoadingModifier.dia -target arm64-apple-tvos17.0 -Xllvm -aarch64-use-tbi -enable-objc-interop -stack-check -sdk /Applications/Xcode-16.3.0.app/Contents/Developer/Platforms/AppleTVOS.platform/Developer/SDKs/AppleTVOS18.4.sdk -I /Users/admin/builder/spi-builder-workspace/.derivedData/Build/Products/Debug-appletvos -I /Applications/Xcode-16.3.0.app/Contents/Developer/Platforms/AppleTVOS.platform/Developer/usr/lib -F /Users/admin/builder/spi-builder-workspace/.derivedData/Build/Products/Debug-appletvos -F /Applications/Xcode-16.3.0.app/Contents/Developer/Platforms/AppleTVOS.platform/Developer/Library/Frameworks -F /Applications/Xcode-16.3.0.app/Contents/Developer/Platforms/AppleTVOS.platform/Developer/SDKs/AppleTVOS18.4.sdk/Developer/Library/Frameworks -no-color-diagnostics -enable-testing -g -debug-info-format\=dwarf -dwarf-version\=4 -module-cache-path /Users/admin/builder/spi-builder-workspace/.derivedData/ModuleCache.noindex -swift-version 5 -enforce-exclusivity\=checked -Onone -D SWIFT_PACKAGE -D DEBUG -D Xcode -serialize-debugging-options -const-gather-protocols-file /Users/admin/builder/spi-builder-workspace/.derivedData/Build/Intermediates.noindex/WWHUDUI.build/Debug-appletvos/WWHUDUI.build/Objects-normal/arm64/WWHUDUI_const_extract_protocols.json -enable-experimental-feature DebugDescriptionMacro -empty-abi-descriptor -plugin-path /Applications/Xcode-16.3.0.app/Contents/Developer/Toolchains/XcodeDefault.xctoolchain/usr/lib/swift/host/plugins/testing -validate-clang-modules-once -clang-build-session-file /Users/admin/builder/spi-builder-workspace/.derivedData/ModuleCache.noindex/Session.modulevalidation -Xcc -working-directory -Xcc /Users/admin/builder/spi-builder-workspace/.swiftpm/xcode -resource-dir /Applications/Xcode-16.3.0.app/Contents/Developer/Toolchains/XcodeDefault.xctoolchain/usr/lib/swift -enable-anonymous-context-mangled-names -file-compilation-dir /Users/admin/builder/spi-builder-workspace/.swiftpm/xcode -Xcc -ivfsstatcache -Xcc /Users/admin/builder/spi-builder-workspace/.derivedData/SDKStatCaches.noindex/appletvos18.4-22L251-271d326055c85f9856fa135c41255102.sdkstatcache -Xcc -I/Users/admin/builder/spi-builder-workspace/.derivedData/Build/Intermediates.noindex/WWHUDUI.build/Debug-appletvos/WWHUDUI.build/swift-overrides.hmap -Xcc -I/Users/admin/builder/spi-builder-workspace/.derivedData/Build/Products/Debug-appletvos/include -Xcc -I/Users/admin/builder/spi-builder-workspace/.derivedData/Build/Intermediates.noindex/WWHUDUI.build/Debug-appletvos/WWHUDUI.build/DerivedSources-normal/arm64 -Xcc -I/Users/admin/builder/spi-builder-workspace/.derivedData/Build/Intermediates.noindex/WWHUDUI.build/Debug-appletvos/WWHUDUI.build/DerivedSources/arm64 -Xcc -I/Users/admin/builder/spi-builder-workspace/.derivedData/Build/Intermediates.noindex/WWHUDUI.build/Debug-appletvos/WWHUDUI.build/DerivedSources -Xcc -DSWIFT_PACKAGE -Xcc -DDEBUG\=1 -module-name WWHUDUI -package-name spi_builder_workspace -frontend-parseable-output -disable-clang-spi -target-sdk-version 18.4 -target-sdk-name appletvos18.4 -external-plugin-path /Applications/Xcode-16.3.0.app/Contents/Developer/Platforms/AppleTVOS.platform/Developer/usr/lib/swift/host/plugins\#/Applications/Xcode-16.3.0.app/Contents/Developer/Platforms/AppleTVOS.platform/Developer/usr/bin/swift-plugin-server -external-plugin-path /Applications/Xcode-16.3.0.app/Contents/Developer/Platforms/AppleTVOS.platform/Developer/usr/local/lib/swift/host/plugins\#/Applications/Xcode-16.3.0.app/Contents/Developer/Platforms/AppleTVOS.platform/Developer/usr/bin/swift-plugin-server -in-process-plugin-server-path /Applications/Xcode-16.3.0.app/Contents/Developer/Toolchains/XcodeDefault.xctoolchain/usr/lib/swift/host/libSwiftInProcPluginServer.dylib -plugin-path /Applications/Xcode-16.3.0.app/Contents/Developer/Toolchains/XcodeDefault.xctoolchain/usr/lib/swift/host/plugins -plugin-path /Applications/Xcode-16.3.0.app/Contents/Developer/Toolchains/XcodeDefault.xctoolchain/usr/local/lib/swift/host/plugins -o /Users/admin/builder/spi-builder-workspace/.derivedData/Build/Intermediates.noindex/WWHUDUI.build/Debug-appletvos/WWHUDUI.build/Objects-normal/arm64/LoadingModifier.o -index-unit-output-path /WWHUDUI.build/Debug-appletvos/WWHUDUI.build/Objects-normal/arm64/LoadingModifier.o -index-store-path /Users/admin/builder/spi-builder-workspace/.derivedData/Index.noindex/DataStore -index-system-modules
SwiftCompile normal arm64 /Users/admin/builder/spi-builder-workspace/Sources/WWHUDUI/Modifier/LoadingModifier.swift (in target 'WWHUDUI' from project 'WWHUDUI')
cd /Users/admin/builder/spi-builder-workspace/.swiftpm/xcode
/Users/admin/builder/spi-builder-workspace/Sources/WWHUDUI/Modifier/LoadingModifier.swift:49:22: error: 'controlSize' is unavailable in tvOS
.controlSize(.regular)
^~~~~~~~~~~
SwiftUICore.View.controlSize:2:36: note: 'controlSize' has been explicitly marked unavailable here
@inlinable nonisolated public func controlSize(_ controlSize: ControlSize) -> some View
^
SwiftCompile normal arm64 Compiling\ WWHUDUI.swift /Users/admin/builder/spi-builder-workspace/Sources/WWHUDUI/WWHUDUI.swift (in target 'WWHUDUI' from project 'WWHUDUI')
SwiftCompile normal arm64 /Users/admin/builder/spi-builder-workspace/Sources/WWHUDUI/WWHUDUI.swift (in target 'WWHUDUI' from project 'WWHUDUI')
cd /Users/admin/builder/spi-builder-workspace/.swiftpm/xcode
SwiftCompile normal arm64 Compiling\ Extension.swift /Users/admin/builder/spi-builder-workspace/Sources/WWHUDUI/Utility/Extension.swift (in target 'WWHUDUI' from project 'WWHUDUI')
SwiftCompile normal arm64 /Users/admin/builder/spi-builder-workspace/Sources/WWHUDUI/Utility/Extension.swift (in target 'WWHUDUI' from project 'WWHUDUI')
cd /Users/admin/builder/spi-builder-workspace/.swiftpm/xcode
SwiftDriverJobDiscovery normal arm64 Compiling Extension.swift (in target 'WWHUDUI' from project 'WWHUDUI')
SwiftDriverJobDiscovery normal arm64 Compiling resource_bundle_accessor.swift (in target 'WWHUDUI' from project 'WWHUDUI')
** BUILD FAILED **
The following build commands failed:
SwiftCompile normal arm64 Compiling\ LoadingModifier.swift /Users/admin/builder/spi-builder-workspace/Sources/WWHUDUI/Modifier/LoadingModifier.swift (in target 'WWHUDUI' from project 'WWHUDUI')
SwiftCompile normal arm64 /Users/admin/builder/spi-builder-workspace/Sources/WWHUDUI/Modifier/LoadingModifier.swift (in target 'WWHUDUI' from project 'WWHUDUI')
Building workspace spi-builder-workspace with scheme WWHUDUI
(3 failures)
BUILD FAILURE 6.1 tvOS