Build Information
Failed to build AppStorage, reference main (c01b5a), with Swift 6.4 for watchOS using Xcode 27.0 on 18 Sep 2026 10:31:27 UTC.
Build Command
env DEVELOPER_DIR=/Applications/Xcode-27.0.0-Release.Candidate.app xcrun xcodebuild -IDEClonedSourcePackagesDirPathOverride=$PWD/.dependencies -skipMacroValidation -skipPackagePluginValidation -derivedDataPath $PWD/.derivedData build -scheme AppStorage -destination generic/platform=watchOSBuild Log
========================================
RunAll
========================================
Builder version: 5.1.0
Interrupt handler set up.
========================================
Checkout
========================================
Clone URL: https://github.com/xavierLowmiller/AppStorage.git
Reference: main
Initialized empty Git repository in /Users/admin/builder/spi-builder-workspace/.git/
From https://github.com/xavierLowmiller/AppStorage
* branch main -> FETCH_HEAD
* [new branch] main -> origin/main
HEAD is now at c01b5ab Remove empty configs
Cloned https://github.com/xavierLowmiller/AppStorage.git
Revision (git rev-parse @):
c01b5abd6b2dbb3e8874ca990cf0803ad8f4c30a
SPI manifest file found: $PWD/.spi.yml
SUCCESS checkout https://github.com/xavierLowmiller/AppStorage.git at main
========================================
Build
========================================
Selected platform: watchOS
Swift version: 6.4
Building package at path: $PWD
https://github.com/xavierLowmiller/AppStorage.git
Command line invocation:
/Applications/Xcode-27.0.0-Release.Candidate.app/Contents/Developer/usr/bin/xcodebuild -IDEClonedSourcePackagesDirPathOverride=/Users/admin/builder/spi-builder-workspace/.dependencies -resolvePackageDependencies
resolved source packages:
{
"dependencies" : [
],
"manifest_display_name" : "AppStorage",
"name" : "AppStorage",
"path" : "/Users/admin/builder/spi-builder-workspace",
"platforms" : [
{
"name" : "ios",
"version" : "13.0"
},
{
"name" : "macos",
"version" : "10.15"
},
{
"name" : "tvos",
"version" : "13.0"
},
{
"name" : "watchos",
"version" : "6.0"
}
],
"products" : [
{
"name" : "AppStorage",
"targets" : [
"AppStorage"
],
"type" : {
"library" : [
"automatic"
]
}
}
],
"targets" : [
{
"c99name" : "AppStorageTests",
"module_type" : "SwiftTarget",
"name" : "AppStorageTests",
"path" : "Tests/AppStorageTests",
"sources" : [
"AppStorageKVOTests.swift",
"AppStorageTests.swift"
],
"target_dependencies" : [
"AppStorage"
],
"type" : "test"
},
{
"c99name" : "AppStorageCompatibilityTests",
"module_type" : "SwiftTarget",
"name" : "AppStorageCompatibilityTests",
"path" : "Tests/AppStorageCompatibilityTests",
"sources" : [
"AppStorageCompatibilityTests.swift"
],
"target_dependencies" : [
"AppStorage"
],
"type" : "test"
},
{
"c99name" : "AppStorage",
"module_type" : "SwiftTarget",
"name" : "AppStorage",
"path" : "Sources/AppStorage",
"product_memberships" : [
"AppStorage"
],
"sources" : [
"AppStorage.swift"
],
"type" : "library"
}
],
"tools_version" : "5.3"
}
{
"project" : {
"configurations" : [
"Debug",
"Release"
],
"name" : "AppStorage",
"schemes" : [
"AppStorage"
],
"targets" : [
"AppStorage",
"AppStorageTests"
]
}
}
Running build ...
env DEVELOPER_DIR=/Applications/Xcode-27.0.0-Release.Candidate.app xcrun xcodebuild -IDEClonedSourcePackagesDirPathOverride=$PWD/.dependencies -skipMacroValidation -skipPackagePluginValidation -derivedDataPath $PWD/.derivedData build -scheme AppStorage -destination generic/platform=watchOS
Command line invocation:
/Applications/Xcode-27.0.0-Release.Candidate.app/Contents/Developer/usr/bin/xcodebuild -IDEClonedSourcePackagesDirPathOverride=/Users/admin/builder/spi-builder-workspace/.dependencies -skipMacroValidation -skipPackagePluginValidation -derivedDataPath /Users/admin/builder/spi-builder-workspace/.derivedData build -scheme AppStorage -destination generic/platform=watchOS
ComputePackagePrebuildTargetDependencyGraph
Prepare packages
CreateBuildRequest
SendProjectDescription
CreateBuildOperation
ComputeTargetDependencyGraph
note: Building targets in dependency order
note: Target dependency graph (1 target)
Target 'AppStorage' in project 'AppStorage' (no dependencies)
GatherProvisioningInputs
CreateBuildDescription
ExecuteExternalTool /Applications/Xcode-27.0.0-Release.Candidate.app/Contents/Developer/Toolchains/XcodeDefault.xctoolchain/usr/bin/clang -v -E -dM -isysroot /Applications/Xcode-27.0.0-Release.Candidate.app/Contents/Developer/Platforms/WatchOS.platform/Developer/SDKs/WatchOS27.0.sdk -x c -c /dev/null
ExecuteExternalTool /Applications/Xcode-27.0.0-Release.Candidate.app/Contents/Developer/Toolchains/XcodeDefault.xctoolchain/usr/bin/swiftc --version
ExecuteExternalTool /Applications/Xcode-27.0.0-Release.Candidate.app/Contents/Developer/Toolchains/XcodeDefault.xctoolchain/usr/bin/ld -version_details
Build description signature: 12dcb3a90bfdb75273b919acb8eb0a6a
Build description path: /Users/admin/builder/spi-builder-workspace/.derivedData/Build/Intermediates.noindex/XCBuildData/12dcb3a90bfdb75273b919acb8eb0a6a.xcbuilddata
/Users/admin/builder/spi-builder-workspace/AppStorage.xcodeproj: error: The watchOS deployment target 'WATCHOS_DEPLOYMENT_TARGET' is set to 6.0, but the range of supported deployment target versions is 9.0 to 27.0.x. (in target 'AppStorage' from project 'AppStorage')
error: The armv7k architecture is deprecated. You should update your ARCHS build setting to remove the armv7k architecture. (in target 'AppStorage' from project 'AppStorage')
** BUILD FAILED **
The following build commands failed:
Building project AppStorage with scheme AppStorage
(1 failure)
Command line invocation:
/Applications/Xcode-27.0.0-Release.Candidate.app/Contents/Developer/usr/bin/xcodebuild -IDEClonedSourcePackagesDirPathOverride=/Users/admin/builder/spi-builder-workspace/.dependencies -resolvePackageDependencies
resolved source packages:
{
"dependencies" : [
],
"manifest_display_name" : "AppStorage",
"name" : "AppStorage",
"path" : "/Users/admin/builder/spi-builder-workspace",
"platforms" : [
{
"name" : "ios",
"version" : "13.0"
},
{
"name" : "macos",
"version" : "10.15"
},
{
"name" : "tvos",
"version" : "13.0"
},
{
"name" : "watchos",
"version" : "6.0"
}
],
"products" : [
{
"name" : "AppStorage",
"targets" : [
"AppStorage"
],
"type" : {
"library" : [
"automatic"
]
}
}
],
"targets" : [
{
"c99name" : "AppStorageTests",
"module_type" : "SwiftTarget",
"name" : "AppStorageTests",
"path" : "Tests/AppStorageTests",
"sources" : [
"AppStorageKVOTests.swift",
"AppStorageTests.swift"
],
"target_dependencies" : [
"AppStorage"
],
"type" : "test"
},
{
"c99name" : "AppStorageCompatibilityTests",
"module_type" : "SwiftTarget",
"name" : "AppStorageCompatibilityTests",
"path" : "Tests/AppStorageCompatibilityTests",
"sources" : [
"AppStorageCompatibilityTests.swift"
],
"target_dependencies" : [
"AppStorage"
],
"type" : "test"
},
{
"c99name" : "AppStorage",
"module_type" : "SwiftTarget",
"name" : "AppStorage",
"path" : "Sources/AppStorage",
"product_memberships" : [
"AppStorage"
],
"sources" : [
"AppStorage.swift"
],
"type" : "library"
}
],
"tools_version" : "5.3"
}
{
"project" : {
"configurations" : [
"Debug",
"Release"
],
"name" : "AppStorage",
"schemes" : [
"AppStorage"
],
"targets" : [
"AppStorage",
"AppStorageTests"
]
}
}
Running build ...
env DEVELOPER_DIR=/Applications/Xcode-27.0.0-Release.Candidate.app xcrun xcodebuild -IDEClonedSourcePackagesDirPathOverride=$PWD/.dependencies -skipMacroValidation -skipPackagePluginValidation -derivedDataPath $PWD/.derivedData build -scheme AppStorage -destination generic/platform=watchOS
Command line invocation:
/Applications/Xcode-27.0.0-Release.Candidate.app/Contents/Developer/usr/bin/xcodebuild -IDEClonedSourcePackagesDirPathOverride=/Users/admin/builder/spi-builder-workspace/.dependencies -skipMacroValidation -skipPackagePluginValidation -derivedDataPath /Users/admin/builder/spi-builder-workspace/.derivedData build -scheme AppStorage -destination generic/platform=watchOS
ComputePackagePrebuildTargetDependencyGraph
Prepare packages
CreateBuildRequest
SendProjectDescription
CreateBuildOperation
ComputeTargetDependencyGraph
note: Building targets in dependency order
note: Target dependency graph (1 target)
Target 'AppStorage' in project 'AppStorage' (no dependencies)
GatherProvisioningInputs
CreateBuildDescription
error: The armv7k architecture is deprecated. You should update your ARCHS build setting to remove the armv7k architecture. (in target 'AppStorage' from project 'AppStorage')
/Users/admin/builder/spi-builder-workspace/AppStorage.xcodeproj: error: The watchOS deployment target 'WATCHOS_DEPLOYMENT_TARGET' is set to 6.0, but the range of supported deployment target versions is 9.0 to 27.0.x. (in target 'AppStorage' from project 'AppStorage')
** BUILD FAILED **
The following build commands failed:
Building project AppStorage with scheme AppStorage
(1 failure)
BUILD FAILURE 6.4 watchOS