Build Information
Failed to build Fetcher, reference main (477393), with Swift 6.1 for Wasm on 14 Aug 2026 00:10:01 UTC.
Build Command
bash -c docker run --pull=always --rm -v "checkouts-54344844-0":/host -w "$PWD" -e JAVA_HOME="/root/.sdkman/candidates/java/current" -e SPI_BUILD="1" -e SPI_PROCESSING="1" registry.gitlab.com/saguaro1/spi-images:wasm-6.1-latest swift build --swift-sdk wasm32-unknown-wasi 2>&1Build Log
========================================
RunAll
========================================
Builder version: 5.0.1
Interrupt handler set up.
========================================
Checkout
========================================
Clone URL: https://github.com/Snapp-Mobile/Fetcher.git
Reference: main
Initialized empty Git repository in /host/spi-builder-workspace/.git/
hint: Using 'master' as the name for the initial branch. This default branch name
hint: is subject to change. To configure the initial branch name to use in all
hint: of your new repositories, which will suppress this warning, call:
hint:
hint: git config --global init.defaultBranch <name>
hint:
hint: Names commonly chosen instead of 'master' are 'main', 'trunk' and
hint: 'development'. The just-created branch can be renamed via this command:
hint:
hint: git branch -m <name>
From https://github.com/Snapp-Mobile/Fetcher
* branch main -> FETCH_HEAD
* [new branch] main -> origin/main
HEAD is now at 477393e Merge pull request #2 from Snapp-Mobile/fix/forced-unwrap
Cloned https://github.com/Snapp-Mobile/Fetcher.git
Revision (git rev-parse @):
477393e553dd6cd7b532530d8c59f87bce14af3f
SPI manifest file found: $PWD/.spi.yml
SUCCESS checkout https://github.com/Snapp-Mobile/Fetcher.git at main
========================================
Build
========================================
Selected platform: wasm
Swift version: 6.1
Building package at path: $PWD
https://github.com/Snapp-Mobile/Fetcher.git
https://github.com/Snapp-Mobile/Fetcher.git
WARNING: environment variable SUPPRESS_SWIFT_6_FLAGS is not set
Running build ...
bash -c docker run --pull=always --rm -v "checkouts-54344844-0":/host -w "$PWD" -e JAVA_HOME="/root/.sdkman/candidates/java/current" -e SPI_BUILD="1" -e SPI_PROCESSING="1" registry.gitlab.com/saguaro1/spi-images:wasm-6.1-latest swift build --swift-sdk wasm32-unknown-wasi -Xswiftc -Xfrontend -Xswiftc -stats-output-dir -Xswiftc -Xfrontend -Xswiftc .stats -Xswiftc -strict-concurrency=complete -Xswiftc -enable-upcoming-feature -Xswiftc StrictConcurrency -Xswiftc -enable-upcoming-feature -Xswiftc DisableOutwardActorInference -Xswiftc -enable-upcoming-feature -Xswiftc GlobalActorIsolatedTypesUsability -Xswiftc -enable-upcoming-feature -Xswiftc InferSendableFromCaptures 2>&1
wasm-6.1-latest: Pulling from saguaro1/spi-images
Digest: sha256:290f441d1f5b7bf0dbbe61e8b7514208804cdcb507d57b3c762463ad036298f7
Status: Image is up to date for registry.gitlab.com/saguaro1/spi-images:wasm-6.1-latest
Fetching https://github.com/Snapp-Mobile/SwiftFormatLintPlugin.git
[1/148] Fetching swiftformatlintplugin
Fetched https://github.com/Snapp-Mobile/SwiftFormatLintPlugin.git from cache (0.66s)
Computing version for https://github.com/Snapp-Mobile/SwiftFormatLintPlugin.git
Computed https://github.com/Snapp-Mobile/SwiftFormatLintPlugin.git at 1.0.4 (0.89s)
Creating working copy for https://github.com/Snapp-Mobile/SwiftFormatLintPlugin.git
Working copy of https://github.com/Snapp-Mobile/SwiftFormatLintPlugin.git resolved at 1.0.4
[1/1] Compiling plugin FormatPlugin
[2/2] Compiling plugin LintPlugin
Building for debugging...
[2/9] Write sources
[3/9] Copying refreshToken.json
[3/9] Copying getData.json
[3/9] Copying tokenError.json
[3/9] Copying error.json
[7/9] Copying empty.json
[8/9] Write swift-version-24593BA9C3E375BF.txt
[10/23] Compiling Fetcher Token.swift
/host/spi-builder-workspace/Sources/Fetcher/Extensions/OSLog+Categories.swift:9:8: error: no such module 'os.log'
7 | //
8 | import Foundation
9 | import os.log
| `- error: no such module 'os.log'
10 |
11 | public extension OSLog {
[11/23] Compiling Fetcher TokenErrorResponse.swift
/host/spi-builder-workspace/Sources/Fetcher/Extensions/OSLog+Categories.swift:9:8: error: no such module 'os.log'
7 | //
8 | import Foundation
9 | import os.log
| `- error: no such module 'os.log'
10 |
11 | public extension OSLog {
[12/24] Compiling Fetcher APIError.swift
/host/spi-builder-workspace/Sources/Fetcher/Extensions/OSLog+Categories.swift:9:8: error: no such module 'os.log'
7 | //
8 | import Foundation
9 | import os.log
| `- error: no such module 'os.log'
10 |
11 | public extension OSLog {
[13/24] Compiling Fetcher APIURLMock.swift
/host/spi-builder-workspace/Sources/Fetcher/Extensions/OSLog+Categories.swift:9:8: error: no such module 'os.log'
7 | //
8 | import Foundation
9 | import os.log
| `- error: no such module 'os.log'
10 |
11 | public extension OSLog {
[14/24] Compiling Fetcher FetcherLogger.swift
/host/spi-builder-workspace/Sources/Fetcher/Extensions/OSLog+Categories.swift:9:8: error: no such module 'os.log'
7 | //
8 | import Foundation
9 | import os.log
| `- error: no such module 'os.log'
10 |
11 | public extension OSLog {
[15/24] Compiling Fetcher APIURL.swift
/host/spi-builder-workspace/Sources/Fetcher/Extensions/OSLog+Categories.swift:9:8: error: no such module 'os.log'
7 | //
8 | import Foundation
9 | import os.log
| `- error: no such module 'os.log'
10 |
11 | public extension OSLog {
[16/24] Compiling Fetcher FetcherEnvironment.swift
/host/spi-builder-workspace/Sources/Fetcher/Extensions/OSLog+Categories.swift:9:8: error: no such module 'os.log'
7 | //
8 | import Foundation
9 | import os.log
| `- error: no such module 'os.log'
10 |
11 | public extension OSLog {
[17/24] Compiling Fetcher URLProtocolMock.swift
/host/spi-builder-workspace/Sources/Fetcher/Extensions/OSLog+Categories.swift:9:8: error: no such module 'os.log'
7 | //
8 | import Foundation
9 | import os.log
| `- error: no such module 'os.log'
10 |
11 | public extension OSLog {
[18/24] Compiling Fetcher ServerErrorResponse.swift
/host/spi-builder-workspace/Sources/Fetcher/Extensions/OSLog+Categories.swift:9:8: error: no such module 'os.log'
7 | //
8 | import Foundation
9 | import os.log
| `- error: no such module 'os.log'
10 |
11 | public extension OSLog {
error: emit-module command failed with exit code 1 (use -v to see invocation)
[19/24] Emitting module Fetcher
/host/spi-builder-workspace/Sources/Fetcher/Extensions/OSLog+Categories.swift:9:8: error: no such module 'os.log'
7 | //
8 | import Foundation
9 | import os.log
| `- error: no such module 'os.log'
10 |
11 | public extension OSLog {
[20/24] Compiling Fetcher OSLog+Categories.swift
/host/spi-builder-workspace/Sources/Fetcher/Extensions/OSLog+Categories.swift:9:8: error: no such module 'os.log'
7 | //
8 | import Foundation
9 | import os.log
| `- error: no such module 'os.log'
10 |
11 | public extension OSLog {
[21/24] Compiling Fetcher URLSession+Backports.swift
/host/spi-builder-workspace/Sources/Fetcher/Extensions/OSLog+Categories.swift:9:8: error: no such module 'os.log'
7 | //
8 | import Foundation
9 | import os.log
| `- error: no such module 'os.log'
10 |
11 | public extension OSLog {
[22/24] Compiling Fetcher Fetcher+Concurrency.swift
/host/spi-builder-workspace/Sources/Fetcher/Extensions/OSLog+Categories.swift:9:8: error: no such module 'os.log'
7 | //
8 | import Foundation
9 | import os.log
| `- error: no such module 'os.log'
10 |
11 | public extension OSLog {
[23/24] Compiling Fetcher Fetcher.swift
/host/spi-builder-workspace/Sources/Fetcher/Extensions/OSLog+Categories.swift:9:8: error: no such module 'os.log'
7 | //
8 | import Foundation
9 | import os.log
| `- error: no such module 'os.log'
10 |
11 | public extension OSLog {
[24/24] Compiling Fetcher resource_bundle_accessor.swift
/host/spi-builder-workspace/Sources/Fetcher/Extensions/OSLog+Categories.swift:9:8: error: no such module 'os.log'
7 | //
8 | import Foundation
9 | import os.log
| `- error: no such module 'os.log'
10 |
11 | public extension OSLog {
Running build ...
bash -c docker run --pull=always --rm -v "checkouts-54344844-0":/host -w "$PWD" -e JAVA_HOME="/root/.sdkman/candidates/java/current" -e SPI_BUILD="1" -e SPI_PROCESSING="1" registry.gitlab.com/saguaro1/spi-images:wasm-6.1-latest swift build --swift-sdk wasm32-unknown-wasi 2>&1
wasm-6.1-latest: Pulling from saguaro1/spi-images
Digest: sha256:290f441d1f5b7bf0dbbe61e8b7514208804cdcb507d57b3c762463ad036298f7
Status: Image is up to date for registry.gitlab.com/saguaro1/spi-images:wasm-6.1-latest
[0/1] Planning build
[1/1] Compiling plugin FormatPlugin
[2/2] Compiling plugin LintPlugin
Building for debugging...
[2/3] Write swift-version-24593BA9C3E375BF.txt
[4/17] Compiling Fetcher FetcherLogger.swift
/host/spi-builder-workspace/Sources/Fetcher/Extensions/OSLog+Categories.swift:9:8: error: no such module 'os.log'
7 | //
8 | import Foundation
9 | import os.log
| `- error: no such module 'os.log'
10 |
11 | public extension OSLog {
[5/18] Compiling Fetcher APIURL.swift
/host/spi-builder-workspace/Sources/Fetcher/Extensions/OSLog+Categories.swift:9:8: error: no such module 'os.log'
7 | //
8 | import Foundation
9 | import os.log
| `- error: no such module 'os.log'
10 |
11 | public extension OSLog {
[6/18] Compiling Fetcher FetcherEnvironment.swift
/host/spi-builder-workspace/Sources/Fetcher/Extensions/OSLog+Categories.swift:9:8: error: no such module 'os.log'
7 | //
8 | import Foundation
9 | import os.log
| `- error: no such module 'os.log'
10 |
11 | public extension OSLog {
[7/18] Compiling Fetcher Token.swift
/host/spi-builder-workspace/Sources/Fetcher/Extensions/OSLog+Categories.swift:9:8: error: no such module 'os.log'
7 | //
8 | import Foundation
9 | import os.log
| `- error: no such module 'os.log'
10 |
11 | public extension OSLog {
[8/18] Compiling Fetcher TokenErrorResponse.swift
/host/spi-builder-workspace/Sources/Fetcher/Extensions/OSLog+Categories.swift:9:8: error: no such module 'os.log'
7 | //
8 | import Foundation
9 | import os.log
| `- error: no such module 'os.log'
10 |
11 | public extension OSLog {
[9/18] Compiling Fetcher URLProtocolMock.swift
/host/spi-builder-workspace/Sources/Fetcher/Extensions/OSLog+Categories.swift:9:8: error: no such module 'os.log'
7 | //
8 | import Foundation
9 | import os.log
| `- error: no such module 'os.log'
10 |
11 | public extension OSLog {
[10/18] Compiling Fetcher ServerErrorResponse.swift
/host/spi-builder-workspace/Sources/Fetcher/Extensions/OSLog+Categories.swift:9:8: error: no such module 'os.log'
7 | //
8 | import Foundation
9 | import os.log
| `- error: no such module 'os.log'
10 |
11 | public extension OSLog {
[11/18] Compiling Fetcher APIError.swift
/host/spi-builder-workspace/Sources/Fetcher/Extensions/OSLog+Categories.swift:9:8: error: no such module 'os.log'
7 | //
8 | import Foundation
9 | import os.log
| `- error: no such module 'os.log'
10 |
11 | public extension OSLog {
[12/18] Compiling Fetcher APIURLMock.swift
/host/spi-builder-workspace/Sources/Fetcher/Extensions/OSLog+Categories.swift:9:8: error: no such module 'os.log'
7 | //
8 | import Foundation
9 | import os.log
| `- error: no such module 'os.log'
10 |
11 | public extension OSLog {
error: emit-module command failed with exit code 1 (use -v to see invocation)
[13/18] Emitting module Fetcher
/host/spi-builder-workspace/Sources/Fetcher/Extensions/OSLog+Categories.swift:9:8: error: no such module 'os.log'
7 | //
8 | import Foundation
9 | import os.log
| `- error: no such module 'os.log'
10 |
11 | public extension OSLog {
[14/18] Compiling Fetcher OSLog+Categories.swift
/host/spi-builder-workspace/Sources/Fetcher/Extensions/OSLog+Categories.swift:9:8: error: no such module 'os.log'
7 | //
8 | import Foundation
9 | import os.log
| `- error: no such module 'os.log'
10 |
11 | public extension OSLog {
[15/18] Compiling Fetcher URLSession+Backports.swift
/host/spi-builder-workspace/Sources/Fetcher/Extensions/OSLog+Categories.swift:9:8: error: no such module 'os.log'
7 | //
8 | import Foundation
9 | import os.log
| `- error: no such module 'os.log'
10 |
11 | public extension OSLog {
[16/18] Compiling Fetcher Fetcher+Concurrency.swift
/host/spi-builder-workspace/Sources/Fetcher/Extensions/OSLog+Categories.swift:9:8: error: no such module 'os.log'
7 | //
8 | import Foundation
9 | import os.log
| `- error: no such module 'os.log'
10 |
11 | public extension OSLog {
[17/18] Compiling Fetcher Fetcher.swift
/host/spi-builder-workspace/Sources/Fetcher/Extensions/OSLog+Categories.swift:9:8: error: no such module 'os.log'
7 | //
8 | import Foundation
9 | import os.log
| `- error: no such module 'os.log'
10 |
11 | public extension OSLog {
[18/18] Compiling Fetcher resource_bundle_accessor.swift
/host/spi-builder-workspace/Sources/Fetcher/Extensions/OSLog+Categories.swift:9:8: error: no such module 'os.log'
7 | //
8 | import Foundation
9 | import os.log
| `- error: no such module 'os.log'
10 |
11 | public extension OSLog {
BUILD FAILURE 6.1 wasm