The Swift Package Index logo.Swift Package Index

Build Information

Failed to build Assinafy, reference main (b818db), with Swift 6.3 for Android on 14 Oct 2026 00:18:42 UTC.

Build Command

bash -c docker run --pull=always --rm -v "checkouts-54344843-0":/host -w "$PWD" -e JAVA_HOME="/root/.sdkman/candidates/java/current" -e SPI_BUILD="1" -e SPI_PROCESSING="1" registry.gitlab.com/saguaro1/spi-images:android-6.3-latest swift build --swift-sdk aarch64-unknown-linux-android28 2>&1

Build Log

========================================
RunAll
========================================
Builder version: 5.1.2
Interrupt handler set up.
========================================
Checkout
========================================
Clone URL: https://github.com/assinafy/mobile-ios-sdk.git
Reference: main
Initialized empty Git repository in /host/spi-builder-workspace/.git/
hint: Using 'master' as the name for the initial branch. This default branch name
hint: is subject to change. To configure the initial branch name to use in all
hint: of your new repositories, which will suppress this warning, call:
hint:
hint: 	git config --global init.defaultBranch <name>
hint:
hint: Names commonly chosen instead of 'master' are 'main', 'trunk' and
hint: 'development'. The just-created branch can be renamed via this command:
hint:
hint: 	git branch -m <name>
From https://github.com/assinafy/mobile-ios-sdk
 * branch            main       -> FETCH_HEAD
 * [new branch]      main       -> origin/main
HEAD is now at b818db4 Match the current Assinafy API contract (v1.10.1)
Cloned https://github.com/assinafy/mobile-ios-sdk.git
Revision (git rev-parse @):
b818db47a98927d73e26107bc78ee6d695185234
SUCCESS checkout https://github.com/assinafy/mobile-ios-sdk.git at main
========================================
Build
========================================
Selected platform:         android
Swift version:             6.3
Building package at path:  $PWD
https://github.com/assinafy/mobile-ios-sdk.git
Running build ...
bash -c docker run --pull=always --rm -v "checkouts-54344843-0":/host -w "$PWD" -e JAVA_HOME="/root/.sdkman/candidates/java/current" -e SPI_BUILD="1" -e SPI_PROCESSING="1" registry.gitlab.com/saguaro1/spi-images:android-6.3-latest swift build --swift-sdk aarch64-unknown-linux-android28 2>&1
android-6.3-latest: Pulling from saguaro1/spi-images
Digest: sha256:a57e63703100e13e1ecb61b565870501ccb169d7515bc7af7f0994f211e1b1f6
Status: Image is up to date for registry.gitlab.com/saguaro1/spi-images:android-6.3-latest
Building for debugging...
[0/2] Write sources
[1/2] Write swift-version-272D24FF697CF451.txt
error: emit-module command failed with exit code 1 (use -v to see invocation)
[3/28] Emitting module Assinafy
/host/spi-builder-workspace/Sources/Assinafy/Models/OAuthModels.swift:1:8: error: no such module 'CryptoKit'
  1 | import CryptoKit
    |        `- error: no such module 'CryptoKit'
  2 | import Foundation
  3 |
[4/31] Compiling Assinafy AssinafyClient.swift
/host/spi-builder-workspace/Sources/Assinafy/Models/OAuthModels.swift:1:8: error: no such module 'CryptoKit'
  1 | import CryptoKit
    |        `- error: no such module 'CryptoKit'
  2 | import Foundation
  3 |
[5/31] Compiling Assinafy Errors.swift
/host/spi-builder-workspace/Sources/Assinafy/Models/OAuthModels.swift:1:8: error: no such module 'CryptoKit'
  1 | import CryptoKit
    |        `- error: no such module 'CryptoKit'
  2 | import Foundation
  3 |
[6/31] Compiling Assinafy HTTPClient.swift
/host/spi-builder-workspace/Sources/Assinafy/Models/OAuthModels.swift:1:8: error: no such module 'CryptoKit'
  1 | import CryptoKit
    |        `- error: no such module 'CryptoKit'
  2 | import Foundation
  3 |
[7/31] Compiling Assinafy AssignmentModels.swift
/host/spi-builder-workspace/Sources/Assinafy/Models/OAuthModels.swift:1:8: error: no such module 'CryptoKit'
  1 | import CryptoKit
    |        `- error: no such module 'CryptoKit'
  2 | import Foundation
  3 |
[8/31] Compiling Assinafy WebhookResource.swift
/host/spi-builder-workspace/Sources/Assinafy/Models/OAuthModels.swift:1:8: error: no such module 'CryptoKit'
  1 | import CryptoKit
    |        `- error: no such module 'CryptoKit'
  2 | import Foundation
  3 |
[9/31] Compiling Assinafy WorkspaceResource.swift
/host/spi-builder-workspace/Sources/Assinafy/Models/OAuthModels.swift:1:8: error: no such module 'CryptoKit'
  1 | import CryptoKit
    |        `- error: no such module 'CryptoKit'
  2 | import Foundation
  3 |
[10/31] Compiling Assinafy WebhookSignature.swift
/host/spi-builder-workspace/Sources/Assinafy/Models/OAuthModels.swift:1:8: error: no such module 'CryptoKit'
  1 | import CryptoKit
    |        `- error: no such module 'CryptoKit'
  2 | import Foundation
  3 |
[11/31] Compiling Assinafy AssignmentResource.swift
/host/spi-builder-workspace/Sources/Assinafy/Models/OAuthModels.swift:1:8: error: no such module 'CryptoKit'
  1 | import CryptoKit
    |        `- error: no such module 'CryptoKit'
  2 | import Foundation
  3 |
[12/31] Compiling Assinafy AuthResource.swift
/host/spi-builder-workspace/Sources/Assinafy/Models/OAuthModels.swift:1:8: error: no such module 'CryptoKit'
  1 | import CryptoKit
    |        `- error: no such module 'CryptoKit'
  2 | import Foundation
  3 |
[13/31] Compiling Assinafy BaseResource.swift
/host/spi-builder-workspace/Sources/Assinafy/Models/OAuthModels.swift:1:8: error: no such module 'CryptoKit'
  1 | import CryptoKit
    |        `- error: no such module 'CryptoKit'
  2 | import Foundation
  3 |
[14/31] Compiling Assinafy TemplateModels.swift
/host/spi-builder-workspace/Sources/Assinafy/Models/OAuthModels.swift:1:8: error: no such module 'CryptoKit'
  1 | import CryptoKit
    |        `- error: no such module 'CryptoKit'
  2 | import Foundation
  3 |
[15/31] Compiling Assinafy WebhookModels.swift
/host/spi-builder-workspace/Sources/Assinafy/Models/OAuthModels.swift:1:8: error: no such module 'CryptoKit'
  1 | import CryptoKit
    |        `- error: no such module 'CryptoKit'
  2 | import Foundation
  3 |
[16/31] Compiling Assinafy WorkspaceModels.swift
/host/spi-builder-workspace/Sources/Assinafy/Models/OAuthModels.swift:1:8: error: no such module 'CryptoKit'
  1 | import CryptoKit
    |        `- error: no such module 'CryptoKit'
  2 | import Foundation
  3 |
[17/31] Compiling Assinafy Multipart.swift
/host/spi-builder-workspace/Sources/Assinafy/Models/OAuthModels.swift:1:8: error: no such module 'CryptoKit'
  1 | import CryptoKit
    |        `- error: no such module 'CryptoKit'
  2 | import Foundation
  3 |
[18/31] Compiling Assinafy FieldModels.swift
/host/spi-builder-workspace/Sources/Assinafy/Models/OAuthModels.swift:1:8: error: no such module 'CryptoKit'
  1 | import CryptoKit
    |        `- error: no such module 'CryptoKit'
  2 | import Foundation
  3 |
[19/31] Compiling Assinafy OAuthModels.swift
/host/spi-builder-workspace/Sources/Assinafy/Models/OAuthModels.swift:1:8: error: no such module 'CryptoKit'
  1 | import CryptoKit
    |        `- error: no such module 'CryptoKit'
  2 | import Foundation
  3 |
[20/31] Compiling Assinafy SignerModels.swift
/host/spi-builder-workspace/Sources/Assinafy/Models/OAuthModels.swift:1:8: error: no such module 'CryptoKit'
  1 | import CryptoKit
    |        `- error: no such module 'CryptoKit'
  2 | import Foundation
  3 |
[21/31] Compiling Assinafy TagModels.swift
/host/spi-builder-workspace/Sources/Assinafy/Models/OAuthModels.swift:1:8: error: no such module 'CryptoKit'
  1 | import CryptoKit
    |        `- error: no such module 'CryptoKit'
  2 | import Foundation
  3 |
[22/31] Compiling Assinafy SignerResource.swift
/host/spi-builder-workspace/Sources/Assinafy/Models/OAuthModels.swift:1:8: error: no such module 'CryptoKit'
  1 | import CryptoKit
    |        `- error: no such module 'CryptoKit'
  2 | import Foundation
  3 |
[23/31] Compiling Assinafy TagResource.swift
/host/spi-builder-workspace/Sources/Assinafy/Models/OAuthModels.swift:1:8: error: no such module 'CryptoKit'
  1 | import CryptoKit
    |        `- error: no such module 'CryptoKit'
  2 | import Foundation
  3 |
[24/31] Compiling Assinafy TemplateResource.swift
/host/spi-builder-workspace/Sources/Assinafy/Models/OAuthModels.swift:1:8: error: no such module 'CryptoKit'
  1 | import CryptoKit
    |        `- error: no such module 'CryptoKit'
  2 | import Foundation
  3 |
[25/31] Compiling Assinafy AuthModels.swift
/host/spi-builder-workspace/Sources/Assinafy/Models/OAuthModels.swift:1:8: error: no such module 'CryptoKit'
  1 | import CryptoKit
    |        `- error: no such module 'CryptoKit'
  2 | import Foundation
  3 |
[26/31] Compiling Assinafy CommonModels.swift
/host/spi-builder-workspace/Sources/Assinafy/Models/OAuthModels.swift:1:8: error: no such module 'CryptoKit'
  1 | import CryptoKit
    |        `- error: no such module 'CryptoKit'
  2 | import Foundation
  3 |
[27/31] Compiling Assinafy CostEstimateModels.swift
/host/spi-builder-workspace/Sources/Assinafy/Models/OAuthModels.swift:1:8: error: no such module 'CryptoKit'
  1 | import CryptoKit
    |        `- error: no such module 'CryptoKit'
  2 | import Foundation
  3 |
[28/31] Compiling Assinafy DocumentModels.swift
/host/spi-builder-workspace/Sources/Assinafy/Models/OAuthModels.swift:1:8: error: no such module 'CryptoKit'
  1 | import CryptoKit
    |        `- error: no such module 'CryptoKit'
  2 | import Foundation
  3 |
[29/31] Compiling Assinafy DocumentResource.swift
/host/spi-builder-workspace/Sources/Assinafy/Models/OAuthModels.swift:1:8: error: no such module 'CryptoKit'
  1 | import CryptoKit
    |        `- error: no such module 'CryptoKit'
  2 | import Foundation
  3 |
[30/31] Compiling Assinafy FieldResource.swift
/host/spi-builder-workspace/Sources/Assinafy/Models/OAuthModels.swift:1:8: error: no such module 'CryptoKit'
  1 | import CryptoKit
    |        `- error: no such module 'CryptoKit'
  2 | import Foundation
  3 |
[31/31] Compiling Assinafy OAuthResource.swift
/host/spi-builder-workspace/Sources/Assinafy/Models/OAuthModels.swift:1:8: error: no such module 'CryptoKit'
  1 | import CryptoKit
    |        `- error: no such module 'CryptoKit'
  2 | import Foundation
  3 |
BUILD FAILURE 6.3 android