Build Information
Failed to build swift-svg-standard, reference main (3908cd), with Swift 6.1 for iOS using Xcode 16.3 on 16 Oct 2026 01:25:22 UTC.
Build Command
No build command. This typically means the build failed at an early stage where we determine the build command.Build Log
========================================
RunAll
========================================
Builder version: 5.1.3
Interrupt handler set up.
========================================
Checkout
========================================
Clone URL: https://github.com/swift-standards/swift-svg-standard.git
Reference: main
Initialized empty Git repository in /Users/admin/builder/spi-builder-workspace/.git/
From https://github.com/swift-standards/swift-svg-standard
* branch main -> FETCH_HEAD
* [new branch] main -> origin/main
HEAD is now at 3908cd7 Linter: canonical settings tail, target dependencies
Cloned https://github.com/swift-standards/swift-svg-standard.git
Revision (git rev-parse @):
3908cd7da4d24bc3cf57cbd73843423afac383d1
SPI manifest file found: $PWD/.spi.yml
SUCCESS checkout https://github.com/swift-standards/swift-svg-standard.git at main
========================================
Build
========================================
Selected platform: iOS
Swift version: 6.1
Building package at path: $PWD
https://github.com/swift-standards/swift-svg-standard.git
https://github.com/swift-standards/swift-svg-standard.git
error: 'spi-builder-workspace': package 'spi-builder-workspace' is using Swift tools version 6.4.0 but the installed version is 6.1.0
error: fatalError
Command line invocation:
/Applications/Xcode-16.3.0.app/Contents/Developer/usr/bin/xcodebuild -IDEClonedSourcePackagesDirPathOverride=/Users/admin/builder/spi-builder-workspace/.dependencies -resolvePackageDependencies
Resolve Package Graph
package 'spi-builder-workspace' is using Swift tools version 6.4.0 but the installed version is 6.1.0
Resolved source packages:
spi-builder-workspace: (null)
2026-10-15 18:25:22.064 xcodebuild[503:2882] Writing error result bundle to /var/folders/5k/5yc19ymj0jqd5v0zvgfqz0xw0000gn/T/ResultBundle_2026-15-10_18-25-0022.xcresult
xcodebuild: error: Could not resolve package dependencies:
package 'spi-builder-workspace' is using Swift tools version 6.4.0 but the installed version is 6.1.0
Command line invocation:
/Applications/Xcode-16.3.0.app/Contents/Developer/usr/bin/xcodebuild -IDEClonedSourcePackagesDirPathOverride=/Users/admin/builder/spi-builder-workspace/.dependencies -resolvePackageDependencies
Resolve Package Graph
package 'spi-builder-workspace' is using Swift tools version 6.4.0 but the installed version is 6.1.0
Resolved source packages:
spi-builder-workspace: (null)
2026-10-15 18:25:22.790 xcodebuild[512:2964] Writing error result bundle to /var/folders/5k/5yc19ymj0jqd5v0zvgfqz0xw0000gn/T/ResultBundle_2026-15-10_18-25-0022.xcresult
xcodebuild: error: Could not resolve package dependencies:
package 'spi-builder-workspace' is using Swift tools version 6.4.0 but the installed version is 6.1.0
BUILD FAILURE 6.1 iOS