The Swift Package Index logo.Swift Package Index

Build Information

Failed to build ElementaryUI, reference 0.4.7 (e5c65b), with Swift 6.4 for visionOS using Xcode 27.0 on 21 Sep 2026 04:07:34 UTC.

Build Command

No build command. This typically means the build failed at an early stage where we determine the build command.

Build Log

========================================
RunAll
========================================
Builder version: 5.1.0
Interrupt handler set up.
========================================
Checkout
========================================
Clone URL: https://github.com/buildexperience/ElementaryUI.git
Reference: 0.4.7
Initialized empty Git repository in /Users/admin/builder/spi-builder-workspace/.git/
From https://github.com/buildexperience/ElementaryUI
 * tag               0.4.7      -> FETCH_HEAD
HEAD is now at e5c65b4 Update README.md
Cloned https://github.com/buildexperience/ElementaryUI.git
Revision (git rev-parse @):
e5c65b496e435f2aab7893def87728194b0e4f1b
SPI manifest file found: $PWD/.spi.yml
SUCCESS checkout https://github.com/buildexperience/ElementaryUI.git at 0.4.7
========================================
Build
========================================
Selected platform:         visionOS
Swift version:             6.4
Building package at path:  $PWD
https://github.com/buildexperience/ElementaryUI.git
Command line invocation:
    /Applications/Xcode-27.0.0-Release.Candidate.app/Contents/Developer/usr/bin/xcodebuild -IDEClonedSourcePackagesDirPathOverride=/Users/admin/builder/spi-builder-workspace/.dependencies -resolvePackageDependencies
Resolve Package Graph
Fetching from https://github.com/buildexperience/MacrosKit.git
Resolve Package Graph
Updating from https://github.com/buildexperience/MacrosKit.git
Resolve Package Graph
Updating from https://github.com/buildexperience/MacrosKit.git
Resolved source packages:
  spi-builder-workspace: (null)
2026-09-21 00:07:33.167 xcodebuild[529:3028] Writing error result bundle to /var/folders/xq/y_g06wb113726d38xsyx71_h0000gn/T/ResultBundle_2026-21-09_00-07-0033.xcresult
xcodebuild: error: Could not resolve package dependencies:
  Failed to resolve dependencies Dependencies could not be resolved because root depends on 'swift-syntax' 510.0.0..<511.0.0 and 'macroskit' depends on 'swift-syntax' 601.0.0..<602.0.0.
Command line invocation:
    /Applications/Xcode-27.0.0-Release.Candidate.app/Contents/Developer/usr/bin/xcodebuild -IDEClonedSourcePackagesDirPathOverride=/Users/admin/builder/spi-builder-workspace/.dependencies -resolvePackageDependencies
Resolve Package Graph
Updating from https://github.com/buildexperience/MacrosKit.git
Resolved source packages:
  spi-builder-workspace: (null)
2026-09-21 00:07:34.784 xcodebuild[638:3845] Writing error result bundle to /var/folders/xq/y_g06wb113726d38xsyx71_h0000gn/T/ResultBundle_2026-21-09_00-07-0034.xcresult
xcodebuild: error: Could not resolve package dependencies:
  Failed to resolve dependencies Dependencies could not be resolved because root depends on 'swift-syntax' 510.0.0..<511.0.0 and 'macroskit' depends on 'swift-syntax' 601.0.0..<602.0.0.
BUILD FAILURE 6.4 visionOS