Build Information
Failed to build GoogleCloudFunctionsV2, reference 0.5.0 (16d581), with Swift 6.2 for Android on 11 Oct 2026 19:36:13 UTC.
Build Command
bash -c docker run --pull=always --rm -v "checkouts-54344845-0":/host -w "$PWD" -e JAVA_HOME="/root/.sdkman/candidates/java/current" -e SPI_BUILD="1" -e SPI_PROCESSING="1" registry.gitlab.com/saguaro1/spi-images:android-6.2-latest swift build --swift-sdk aarch64-unknown-linux-android28 2>&1Build Log
========================================
RunAll
========================================
Builder version: 5.1.1
Interrupt handler set up.
========================================
Checkout
========================================
Clone URL: https://github.com/googleapis/swift-google-cloud-functions-v2.git
Reference: 0.5.0
Initialized empty Git repository in /host/spi-builder-workspace/.git/
hint: Using 'master' as the name for the initial branch. This default branch name
hint: is subject to change. To configure the initial branch name to use in all
hint: of your new repositories, which will suppress this warning, call:
hint:
hint: git config --global init.defaultBranch <name>
hint:
hint: Names commonly chosen instead of 'master' are 'main', 'trunk' and
hint: 'development'. The just-created branch can be renamed via this command:
hint:
hint: git branch -m <name>
From https://github.com/googleapis/swift-google-cloud-functions-v2
* tag 0.5.0 -> FETCH_HEAD
HEAD is now at 16d581d chore: release circa 2026-10-07 (#1382)
Cloned https://github.com/googleapis/swift-google-cloud-functions-v2.git
Revision (git rev-parse @):
16d581d5eccffc194e9c487464ee52ac2ff57c02
SPI manifest file found: $PWD/.spi.yml
SUCCESS checkout https://github.com/googleapis/swift-google-cloud-functions-v2.git at 0.5.0
========================================
Build
========================================
Selected platform: android
Swift version: 6.2
Building package at path: $PWD
https://github.com/googleapis/swift-google-cloud-functions-v2.git
Running build ...
bash -c docker run --pull=always --rm -v "checkouts-54344845-0":/host -w "$PWD" -e JAVA_HOME="/root/.sdkman/candidates/java/current" -e SPI_BUILD="1" -e SPI_PROCESSING="1" registry.gitlab.com/saguaro1/spi-images:android-6.2-latest swift build --swift-sdk aarch64-unknown-linux-android28 2>&1
android-6.2-latest: Pulling from saguaro1/spi-images
Digest: sha256:a839c9ce201f1dacc8eb056626ec7ab0a1c6d53d7b77c83feda395f4507c51be
Status: Image is up to date for registry.gitlab.com/saguaro1/spi-images:android-6.2-latest
Fetching https://github.com/googleapis/swift-google-type
Fetching https://github.com/googleapis/swift-google-iam-v1
Fetching https://github.com/googleapis/swift-google-longrunning
Fetching https://github.com/googleapis/swift-google-rpc
Fetching https://github.com/apple/swift-log
Fetching https://github.com/googleapis/swift-google-wkt
[1/422] Fetching swift-google-rpc
[99/859] Fetching swift-google-rpc, swift-google-type
[420/1882] Fetching swift-google-rpc, swift-google-type, swift-google-wkt
[1095/2501] Fetching swift-google-rpc, swift-google-type, swift-google-wkt, swift-google-longrunning
Fetched https://github.com/googleapis/swift-google-rpc from cache (0.33s)
Fetching https://github.com/googleapis/swift-google-gax
[810/2079] Fetching swift-google-type, swift-google-wkt, swift-google-longrunning
[1541/2785] Fetching swift-google-type, swift-google-wkt, swift-google-longrunning, swift-google-iam-v1
[1867/11042] Fetching swift-google-type, swift-google-wkt, swift-google-longrunning, swift-google-iam-v1, swift-log
Fetched https://github.com/googleapis/swift-google-wkt from cache (0.37s)
Fetching https://github.com/googleapis/swift-google-auth
[1561/10019] Fetching swift-google-type, swift-google-longrunning, swift-google-iam-v1, swift-log
Fetched https://github.com/googleapis/swift-google-longrunning from cache (0.38s)
Fetching https://github.com/googleapis/swift-google-cloud-location
[1721/9400] Fetching swift-google-type, swift-google-iam-v1, swift-log
Fetched https://github.com/googleapis/swift-google-type from cache (0.49s)
Fetched https://github.com/googleapis/swift-google-iam-v1 from cache (0.49s)
Fetched https://github.com/apple/swift-log from cache (0.49s)
[1/552] Fetching swift-google-cloud-location
[553/2300] Fetching swift-google-cloud-location, swift-google-gax
[606/3323] Fetching swift-google-cloud-location, swift-google-gax, swift-google-auth
Fetched https://github.com/googleapis/swift-google-cloud-location from cache (0.34s)
[74/2771] Fetching swift-google-gax, swift-google-auth
Fetched https://github.com/googleapis/swift-google-gax from cache (0.45s)
Fetched https://github.com/googleapis/swift-google-auth from cache (0.42s)
Computing version for https://github.com/googleapis/swift-google-wkt
Computed https://github.com/googleapis/swift-google-wkt at 0.5.0 (0.94s)
Fetching https://github.com/swift-extras/swift-extras-base64
[1/954] Fetching swift-extras-base64
Fetched https://github.com/swift-extras/swift-extras-base64 from cache (0.36s)
Computing version for https://github.com/googleapis/swift-google-type
Computed https://github.com/googleapis/swift-google-type at 0.5.0 (0.52s)
Computing version for https://github.com/googleapis/swift-google-rpc
Computed https://github.com/googleapis/swift-google-rpc at 0.5.0 (0.15s)
Computing version for https://github.com/googleapis/swift-google-longrunning
Computed https://github.com/googleapis/swift-google-longrunning at 0.5.0 (0.15s)
Computing version for https://github.com/googleapis/swift-google-iam-v1
Computed https://github.com/googleapis/swift-google-iam-v1 at 0.5.0 (0.15s)
Computing version for https://github.com/googleapis/swift-google-gax
Computed https://github.com/googleapis/swift-google-gax at 0.5.0 (0.17s)
Fetching https://github.com/swift-server/async-http-client.git
Fetching https://github.com/apple/swift-nio
[1/16464] Fetching async-http-client
[16465/102838] Fetching async-http-client, swift-nio
Fetched https://github.com/swift-server/async-http-client.git from cache (0.92s)
[6910/86374] Fetching swift-nio
Fetched https://github.com/apple/swift-nio from cache (3.03s)
Computing version for https://github.com/googleapis/swift-google-cloud-location
Computed https://github.com/googleapis/swift-google-cloud-location at 0.5.0 (3.20s)
Computing version for https://github.com/googleapis/swift-google-auth
Computed https://github.com/googleapis/swift-google-auth at 0.5.0 (0.14s)
Fetching https://github.com/vapor/jwt-kit.git
Fetching https://github.com/apple/swift-system.git
[1/7241] Fetching swift-system
[2/17495] Fetching swift-system, jwt-kit
Fetched https://github.com/apple/swift-system.git from cache (0.67s)
[4615/10254] Fetching jwt-kit
Fetched https://github.com/vapor/jwt-kit.git from cache (0.87s)
Computing version for https://github.com/swift-extras/swift-extras-base64
Computed https://github.com/swift-extras/swift-extras-base64 at 1.2.0 (1.02s)
Computing version for https://github.com/swift-server/async-http-client.git
Computed https://github.com/swift-server/async-http-client.git at 1.36.2 (0.21s)
Fetching https://github.com/apple/swift-algorithms.git
Fetching https://github.com/apple/swift-nio-transport-services.git
Fetching https://github.com/apple/swift-distributed-tracing.git
Fetching https://github.com/apple/swift-service-context.git
Fetching https://github.com/apple/swift-nio-extras.git
[1/1501] Fetching swift-service-context
[542/4368] Fetching swift-service-context, swift-nio-transport-services
[1428/10532] Fetching swift-service-context, swift-nio-transport-services, swift-algorithms
[2237/17235] Fetching swift-service-context, swift-nio-transport-services, swift-algorithms, swift-nio-extras
Fetched https://github.com/apple/swift-service-context.git from cache (0.41s)
[765/15734] Fetching swift-nio-transport-services, swift-algorithms, swift-nio-extras
Fetching https://github.com/apple/swift-nio-ssl.git
[2103/22285] Fetching swift-nio-transport-services, swift-algorithms, swift-nio-extras, swift-distributed-tracing
Fetching https://github.com/apple/swift-nio-http2.git
Fetched https://github.com/apple/swift-algorithms.git from cache (0.55s)
Fetching https://github.com/apple/swift-configuration.git
Fetched https://github.com/apple/swift-nio-extras.git from cache (0.58s)
Fetching https://github.com/apple/swift-atomics.git
Fetched https://github.com/apple/swift-nio-transport-services.git from cache (0.60s)
Fetched https://github.com/apple/swift-distributed-tracing.git from cache (0.60s)
[1/16871] Fetching swift-nio-ssl
[1182/20799] Fetching swift-nio-ssl, swift-configuration
[1913/22688] Fetching swift-nio-ssl, swift-configuration, swift-atomics
Fetched https://github.com/apple/swift-configuration.git from cache (0.51s)
[6276/18760] Fetching swift-nio-ssl, swift-atomics
[6277/31054] Fetching swift-nio-ssl, swift-atomics, swift-nio-http2
Fetched https://github.com/apple/swift-atomics.git from cache (0.51s)
[5016/29165] Fetching swift-nio-ssl, swift-nio-http2
Fetched https://github.com/apple/swift-nio-http2.git from cache (1.06s)
Fetched https://github.com/apple/swift-nio-ssl.git from cache (1.25s)
Computing version for https://github.com/apple/swift-service-context.git
Computed https://github.com/apple/swift-service-context.git at 1.3.0 (1.82s)
Computing version for https://github.com/apple/swift-algorithms.git
Computed https://github.com/apple/swift-algorithms.git at 1.2.1 (0.93s)
Fetching https://github.com/apple/swift-numerics.git
[1/6733] Fetching swift-numerics
Fetched https://github.com/apple/swift-numerics.git from cache (0.51s)
Computing version for https://github.com/apple/swift-log
Computed https://github.com/apple/swift-log at 1.16.1 (0.69s)
Computing version for https://github.com/apple/swift-distributed-tracing.git
Computed https://github.com/apple/swift-distributed-tracing.git at 1.5.0 (0.16s)
Computing version for https://github.com/apple/swift-atomics.git
Computed https://github.com/apple/swift-atomics.git at 1.3.1 (0.14s)
Computing version for https://github.com/apple/swift-numerics.git
Computed https://github.com/apple/swift-numerics.git at 1.1.1 (0.16s)
Computing version for https://github.com/apple/swift-nio
Computed https://github.com/apple/swift-nio at 2.104.0 (0.35s)
Fetching https://github.com/apple/swift-collections.git
[1/28703] Fetching swift-collections
Fetched https://github.com/apple/swift-collections.git from cache (1.52s)
Computing version for https://github.com/apple/swift-configuration.git
Computed https://github.com/apple/swift-configuration.git at 1.2.2 (2.32s)
Fetching https://github.com/swift-server/swift-service-lifecycle
[1/2867] Fetching swift-service-lifecycle
Fetched https://github.com/swift-server/swift-service-lifecycle from cache (0.51s)
Computing version for https://github.com/apple/swift-nio-transport-services.git
Computed https://github.com/apple/swift-nio-transport-services.git at 1.28.0 (0.68s)
Computing version for https://github.com/swift-server/swift-service-lifecycle
Computed https://github.com/swift-server/swift-service-lifecycle at 2.12.1 (0.15s)
Fetching https://github.com/apple/swift-async-algorithms.git
[1/6820] Fetching swift-async-algorithms
Fetched https://github.com/apple/swift-async-algorithms.git from cache (0.54s)
Computing version for https://github.com/apple/swift-async-algorithms.git
Computed https://github.com/apple/swift-async-algorithms.git at 1.1.7 (0.75s)
Computing version for https://github.com/apple/swift-collections.git
Computed https://github.com/apple/swift-collections.git at 1.7.2 (0.24s)
Computing version for https://github.com/apple/swift-nio-http2.git
Computed https://github.com/apple/swift-nio-http2.git at 1.46.0 (0.16s)
Computing version for https://github.com/vapor/jwt-kit.git
Computed https://github.com/vapor/jwt-kit.git at 5.7.1 (0.14s)
Fetching https://github.com/apple/swift-crypto.git
Fetching https://github.com/apple/swift-certificates.git
[1/18629] Fetching swift-crypto
[1119/26242] Fetching swift-crypto, swift-certificates
Fetched https://github.com/apple/swift-certificates.git from cache (1.17s)
Fetched https://github.com/apple/swift-crypto.git from cache (1.18s)
Computing version for https://github.com/apple/swift-crypto.git
Computed https://github.com/apple/swift-crypto.git at 4.5.2 (1.80s)
Fetching https://github.com/apple/swift-asn1.git
[1/2009] Fetching swift-asn1
Fetched https://github.com/apple/swift-asn1.git from cache (0.42s)
Computing version for https://github.com/apple/swift-asn1.git
Computed https://github.com/apple/swift-asn1.git at 1.7.3 (0.62s)
Computing version for https://github.com/apple/swift-certificates.git
Computed https://github.com/apple/swift-certificates.git at 1.21.0 (0.21s)
Computing version for https://github.com/apple/swift-nio-ssl.git
Computed https://github.com/apple/swift-nio-ssl.git at 2.37.5 (0.19s)
Computing version for https://github.com/apple/swift-system.git
Computed https://github.com/apple/swift-system.git at 1.8.1 (0.19s)
Computing version for https://github.com/apple/swift-nio-extras.git
Computed https://github.com/apple/swift-nio-extras.git at 1.35.1 (0.27s)
Fetching https://github.com/apple/swift-http-structured-headers.git
Fetching https://github.com/apple/swift-http-types.git
[1/1253] Fetching swift-http-structured-headers
[14/3192] Fetching swift-http-structured-headers, swift-http-types
Fetched https://github.com/apple/swift-http-structured-headers.git from cache (0.36s)
[1862/1939] Fetching swift-http-types
Fetched https://github.com/apple/swift-http-types.git from cache (0.38s)
Computing version for https://github.com/apple/swift-http-structured-headers.git
Computed https://github.com/apple/swift-http-structured-headers.git at 1.7.0 (0.54s)
Computing version for https://github.com/apple/swift-http-types.git
Computed https://github.com/apple/swift-http-types.git at 1.8.0 (0.16s)
Creating working copy for https://github.com/googleapis/swift-google-iam-v1
Working copy of https://github.com/googleapis/swift-google-iam-v1 resolved at 0.5.0
Creating working copy for https://github.com/googleapis/swift-google-wkt
Working copy of https://github.com/googleapis/swift-google-wkt resolved at 0.5.0
Creating working copy for https://github.com/apple/swift-certificates.git
Working copy of https://github.com/apple/swift-certificates.git resolved at 1.21.0
Creating working copy for https://github.com/apple/swift-nio-transport-services.git
Working copy of https://github.com/apple/swift-nio-transport-services.git resolved at 1.28.0
Creating working copy for https://github.com/apple/swift-numerics.git
Working copy of https://github.com/apple/swift-numerics.git resolved at 1.1.1
Creating working copy for https://github.com/googleapis/swift-google-auth
Working copy of https://github.com/googleapis/swift-google-auth resolved at 0.5.0
Creating working copy for https://github.com/apple/swift-log
Working copy of https://github.com/apple/swift-log resolved at 1.16.1
Creating working copy for https://github.com/swift-server/async-http-client.git
Working copy of https://github.com/swift-server/async-http-client.git resolved at 1.36.2
Creating working copy for https://github.com/apple/swift-asn1.git
Working copy of https://github.com/apple/swift-asn1.git resolved at 1.7.3
Creating working copy for https://github.com/vapor/jwt-kit.git
Working copy of https://github.com/vapor/jwt-kit.git resolved at 5.7.1
Creating working copy for https://github.com/googleapis/swift-google-longrunning
Working copy of https://github.com/googleapis/swift-google-longrunning resolved at 0.5.0
Creating working copy for https://github.com/apple/swift-nio-ssl.git
Working copy of https://github.com/apple/swift-nio-ssl.git resolved at 2.37.5
Creating working copy for https://github.com/apple/swift-system.git
Working copy of https://github.com/apple/swift-system.git resolved at 1.8.1
Creating working copy for https://github.com/apple/swift-atomics.git
Working copy of https://github.com/apple/swift-atomics.git resolved at 1.3.1
Creating working copy for https://github.com/googleapis/swift-google-gax
Working copy of https://github.com/googleapis/swift-google-gax resolved at 0.5.0
Creating working copy for https://github.com/googleapis/swift-google-type
Working copy of https://github.com/googleapis/swift-google-type resolved at 0.5.0
Creating working copy for https://github.com/apple/swift-http-structured-headers.git
Working copy of https://github.com/apple/swift-http-structured-headers.git resolved at 1.7.0
Creating working copy for https://github.com/googleapis/swift-google-cloud-location
Working copy of https://github.com/googleapis/swift-google-cloud-location resolved at 0.5.0
Creating working copy for https://github.com/swift-server/swift-service-lifecycle
Working copy of https://github.com/swift-server/swift-service-lifecycle resolved at 2.12.1
Creating working copy for https://github.com/apple/swift-nio
Working copy of https://github.com/apple/swift-nio resolved at 2.104.0
Creating working copy for https://github.com/apple/swift-http-types.git
Working copy of https://github.com/apple/swift-http-types.git resolved at 1.8.0
Creating working copy for https://github.com/googleapis/swift-google-rpc
Working copy of https://github.com/googleapis/swift-google-rpc resolved at 0.5.0
Creating working copy for https://github.com/apple/swift-nio-extras.git
Working copy of https://github.com/apple/swift-nio-extras.git resolved at 1.35.1
Creating working copy for https://github.com/apple/swift-distributed-tracing.git
Working copy of https://github.com/apple/swift-distributed-tracing.git resolved at 1.5.0
Creating working copy for https://github.com/swift-extras/swift-extras-base64
Working copy of https://github.com/swift-extras/swift-extras-base64 resolved at 1.2.0
Creating working copy for https://github.com/apple/swift-nio-http2.git
Working copy of https://github.com/apple/swift-nio-http2.git resolved at 1.46.0
Creating working copy for https://github.com/apple/swift-configuration.git
Working copy of https://github.com/apple/swift-configuration.git resolved at 1.2.2
Creating working copy for https://github.com/apple/swift-async-algorithms.git
Working copy of https://github.com/apple/swift-async-algorithms.git resolved at 1.1.7
Creating working copy for https://github.com/apple/swift-crypto.git
Working copy of https://github.com/apple/swift-crypto.git resolved at 4.5.2
Creating working copy for https://github.com/apple/swift-service-context.git
Working copy of https://github.com/apple/swift-service-context.git resolved at 1.3.0
Creating working copy for https://github.com/apple/swift-algorithms.git
Working copy of https://github.com/apple/swift-algorithms.git resolved at 1.2.1
Creating working copy for https://github.com/apple/swift-collections.git
Working copy of https://github.com/apple/swift-collections.git resolved at 1.7.2
Building for debugging...
[0/950] Compiling armv8-mont-linux.S
[1/950] Compiling armv8-mont-apple.S
[2/950] Compiling _NumericsShims _NumericsShims.c
[3/950] Write sources
[7/950] Write swift-version--11D90AFD9DD3AB2.txt
[8/950] Write sources
[9/950] Compiling _AtomicsShims.c
[10/956] Compiling asn1_par.cc
[11/956] Compiling asn_pack.cc
[11/956] Compiling errno.cc
[13/956] Write sources
[21/978] Compiling a_mbstr.cc
[22/989] Compiling a_int.cc
[23/989] Write sources
[38/989] Compiling asn1_lib.cc
[40/1028] Emitting module _NIODataStructures
[41/1028] Compiling InternalCollectionsUtilities BorrowingIteratorProtocol+Equality.swift
[42/1028] Compiling InternalCollectionsUtilities BorrowingIteratorProtocol+Extras.swift
[43/1029] Compiling RealModule RelaxedArithmetic.swift
[44/1029] Compiling RealModule RealFunctions.swift
[45/1029] Compiling InternalCollectionsUtilities RandomAccessCollection+Offsets.swift
[46/1029] Compiling InternalCollectionsUtilities Span+Extras.swift
[47/1031] Compiling _NIODataStructures _TinyArray.swift
[48/1031] Emitting module SwiftASN1
[49/1031] Compiling InternalCollectionsUtilities Descriptions.swift
[50/1031] Compiling InternalCollectionsUtilities FixedWidthInteger+roundUpToPowerOfTwo.swift
[51/1031] Emitting module InternalCollectionsUtilities
[54/1031] Compiling InternalCollectionsUtilities Debugging.swift
[57/1031] Compiling InternalCollectionsUtilities Integer rank.swift
[58/1031] Compiling InternalCollectionsUtilities UInt+first and last set bit.swift
[59/1031] Compiling InternalCollectionsUtilities UInt+reversed.swift
[60/1031] Emitting module RealModule
[66/1035] Compiling InternalCollectionsUtilities Iterable+CopyContents.swift
[67/1035] Compiling InternalCollectionsUtilities Iterable+Equality.swift
[71/1035] Compiling RealModule Float80+Real.swift
[72/1035] Compiling RealModule Float16+Real.swift
[73/1035] Compiling InternalCollectionsUtilities UnsafeMutablePointer+Extras.swift
[74/1035] Compiling InternalCollectionsUtilities UnsafeMutableRawBufferPointer+Extras.swift
[75/1035] Compiling InternalCollectionsUtilities UnsafePointer+Extras.swift
[76/1035] Compiling SwiftASN1 DER.swift
[77/1035] Compiling SwiftASN1 Errors.swift
[78/1035] Compiling InternalCollectionsUtilities TemporaryAllocation.swift
[79/1035] Compiling InternalCollectionsUtilities _UnsafeBitSet+Index.swift
[80/1035] Compiling InternalCollectionsUtilities _UnsafeBitSet+_Word.swift
[81/1035] Compiling InternalCollectionsUtilities _UnsafeBitSet.swift
[82/1035] Compiling InternalCollectionsUtilities UnsafeBufferPointer+Extras.swift
[83/1035] Compiling InternalCollectionsUtilities UnsafeMutableBufferPointer+Extras.swift
[84/1035] Compiling Logging Logger+Attributes.swift
[87/1035] Emitting module _NIOBase64
[88/1035] Compiling _NIOBase64 Base64.swift
[89/1035] Compiling ServiceContextModule ServiceContextKey.swift
[92/1036] Compiling _NIODataStructures Heap.swift
[93/1036] Compiling _NIODataStructures PriorityQueue.swift
[94/1036] Compiling InternalCollectionsUtilities MutableSpan+Extras.swift
[95/1036] Compiling InternalCollectionsUtilities OutputSpan+Extras.swift
[100/1036] Compiling InternalCollectionsUtilities LifetimeOverride.swift
[101/1036] Compiling InternalCollectionsUtilities MutableRef.swift
[102/1037] Compiling RealModule Real.swift
[104/1038] Compiling Logging LoggingSystem.swift
[106/1038] Compiling ServiceContextModule ServiceContext.swift
[107/1038] Emitting module ServiceContextModule
[108/1039] Compiling InternalCollectionsUtilities UnsafeRawBufferPointer+Extras.swift
[109/1039] Compiling InternalCollectionsUtilities _SortedCollection.swift
[110/1039] Compiling InternalCollectionsUtilities _UniqueCollection.swift
[111/1040] Wrapping AST for _NIODataStructures for debugging
[112/1040] Write sources
[144/1040] Wrapping AST for _NIOBase64 for debugging
[146/1040] Emitting module _CertificateInternals
[147/1040] Compiling _CertificateInternals _TinyArray.swift
[147/1041] Compiling CXKCPShims shims.c
[149/1041] Compiling SimpleFIPS202.c
[150/1041] Compiling KeccakSponge.c
[151/1046] Wrapping AST for RealModule for debugging
[153/1046] Compiling Logging Logger.swift
[154/1046] Compiling Logging Logger+With.swift
[154/1050] Wrapping AST for _CertificateInternals for debugging
[155/1050] Wrapping AST for ServiceContextModule for debugging
[156/1056] Compiling KeccakHash.c
[157/1056] Wrapping AST for InternalCollectionsUtilities for debugging
[159/1056] Emitting module SpanPreview
[160/1056] Compiling SpanPreview InputSpan.swift
[161/1056] Compiling SpanPreview MutableSpan+InputSpanHelpers.swift
[162/1056] Compiling SpanPreview OutputSpan+InputSpanHelpers.swift
[162/1056] Compiling CNIOWindows shim.c
[163/1057] Compiling CNIOWindows WSAStartup.c
[164/1057] Compiling CSystem shims.c
[167/1057] Compiling Instrumentation NoOpInstrument.swift
[167/1057] Compiling CNIOWASI CNIOWASI.c
[168/1057] Compiling CNIOPosix event_loop_id.c
[170/1057] Compiling Instrumentation MultiplexInstrument.swift
[170/1057] Wrapping AST for SpanPreview for debugging
[174/1057] Emitting module Instrumentation
[174/1063] Compiling CNIOOpenBSD shim.c
[176/1063] Compiling ExtrasBase64 Base64+Span.swift
[177/1072] Compiling Instrumentation Instrument.swift
[178/1075] Compiling Instrumentation InstrumentationSystem.swift
[178/1116] Compiling CNIOLinux shim.c
[179/1134] Compiling CNIOLinux liburing_shims.c
[181/1136] Compiling SystemPackage IOCompletion.swift
[182/1136] Compiling SystemPackage IORequest.swift
[183/1136] Compiling SystemPackage IORing+Util.swift
[184/1136] Compiling SystemPackage IORing.swift
[185/1136] Compiling SystemPackage RawIORequest.swift
[185/1141] Compiling CNIOLLHTTP c_nio_llhttp.c
[186/1141] Compiling CNIOLLHTTP c_nio_http.c
[187/1141] Compiling KeccakP-1600-opt64.c
[188/1141] Compiling CNIOLLHTTP c_nio_api.c
[189/1141] Compiling CNIOFreeBSD shim.c
[191/1141] Compiling SystemPackage Stat.swift
[192/1141] Compiling SystemPackage RawBuffer.swift
[193/1141] Compiling SystemPackage Syscalls.swift
[194/1141] Compiling SystemPackage WindowsSyscallAdapters.swift
[195/1141] Compiling SystemPackage MachPort.swift
[196/1141] Compiling SystemPackage Exports.swift
[197/1141] Compiling SystemPackage Mocking.swift
[198/1141] Compiling SystemPackage FileFlags.swift
[199/1141] Compiling SystemPackage FileMode.swift
[200/1141] Compiling SystemPackage FileType.swift
[201/1141] Compiling SystemPackage Identifiers.swift
[201/1145] Compiling CNIOExtrasZlib zutil.c
[202/1146] Compiling CNIOExtrasZlib trees.c
[203/1146] Compiling CNIOExtrasZlib inftrees.c
[205/1146] Compiling SystemPackage FilePathTempPosix.swift
[206/1146] Compiling SystemPackage FilePathTempWindows.swift
[207/1146] Compiling SystemPackage FilePathWindows.swift
[208/1146] Compiling SystemPackage FilePermissions.swift
[209/1146] Compiling SystemPackage Errno.swift
[210/1146] Compiling SystemPackage ErrnoWindows.swift
[210/1146] Compiling CNIOExtrasZlib inffast.c
[211/1146] Compiling CNIOExtrasZlib inflate.c
[216/1146] Compiling SystemPackage Backcompat.swift
[217/1146] Compiling SystemPackage CInterop.swift
[218/1146] Compiling SystemPackage Constants.swift
[219/1146] Compiling SystemPackage PlatformString.swift
[220/1146] Compiling SystemPackage SystemString.swift
[221/1146] Compiling SystemPackage Util+StringArray.swift
[222/1146] Compiling SystemPackage Util.swift
[223/1146] Compiling SystemPackage UtilConsumers.swift
[224/1146] Compiling SystemPackage WinSDK+Overlay.swift
[224/1146] Compiling CNIOExtrasZlib crc32.c
[225/1146] Compiling CNIOExtrasZlib deflate.c
[226/1146] Compiling CNIODarwin shim.c
[227/1146] Compiling CNIOExtrasZlib adler32.c
[228/1146] Compiling fiat_p256_adx_sqr.S
[229/1146] Compiling fiat_p256_adx_mul.S
[230/1146] Compiling fiat_curve25519_adx_square.S
[231/1146] Compiling fiat_curve25519_adx_mul.S
[233/1146] Compiling ExtrasBase64 Base32+Span.swift
[234/1146] Compiling ExtrasBase64 Base32.swift
[234/1146] Compiling CNIOBoringSSLShims shims.c
[236/1146] Compiling SystemPackage FilePathComponentView.swift
[237/1146] Compiling SystemPackage FilePathComponents.swift
[238/1146] Compiling SystemPackage FilePathParsing.swift
[239/1146] Compiling SystemPackage FilePathString.swift
[240/1146] Compiling SystemPackage FilePathSyntax.swift
[241/1146] Compiling SystemPackage FilePathTemp.swift
[242/1146] Compiling SystemPackage FileDescriptor.swift
[243/1146] Compiling SystemPackage FileHelpers.swift
[244/1146] Compiling SystemPackage FileOperations.swift
[245/1146] Compiling SystemPackage FilePath.swift
[255/1146] Emitting module Logging
[262/1146] Compiling tls_method.cc
[264/1146] Compiling Instrumentation Locks.swift
[264/1147] Compiling tls_record.cc
[265/1147] Emitting module SystemPackage
[283/1147] Compiling Logging MetadataProvider.swift
[301/1158] Wrapping AST for SwiftASN1 for debugging
[302/1158] Wrapping AST for Logging for debugging
[303/1158] Wrapping AST for SystemPackage for debugging
[305/1158] Compiling Tracing InstrumentationSystem+Tracing.swift
[305/1159] Wrapping AST for Instrumentation for debugging
[307/1159] Compiling Tracing NoOpTracer.swift
[308/1159] Compiling Tracing WithTracer.swift
[309/1159] Compiling Tracing TracingTime.swift
[310/1159] Emitting module Tracing
[311/1159] Compiling Tracing TracerProtocol.swift
[312/1159] Compiling Tracing Tracer.swift
[313/1159] Compiling Tracing TracerProtocol+Legacy.swift
[314/1159] Compiling Tracing SpanProtocol.swift
[316/1160] Compiling DequeModule UniqueDeque+Replacements.swift
[317/1160] Compiling DequeModule UniqueDeque.swift
[318/1160] Compiling DequeModule _DequeSlot.swift
[319/1160] Compiling DequeModule _UnsafeDequeHandle.swift
[320/1160] Compiling DequeModule _UnsafeDequeSegments.swift
[321/1160] Emitting module DequeModule
[322/1161] Compiling tls13_enc.cc
[323/1161] Wrapping AST for Tracing for debugging
[324/1171] Compiling tls13_server.cc
[325/1204] Wrapping AST for DequeModule for debugging
[326/1204] Compiling tls13_client.cc
[327/1204] Compiling t1_enc.cc
[328/1204] Compiling tls13_both.cc
[330/1204] Compiling Configuration Deprecations.swift
[331/1204] Compiling Configuration ExpressibleByConfigInt.swift
[332/1204] Compiling Configuration ExpressibleByConfigString.swift
[333/1204] Compiling Configuration CLIKeyEncoder.swift
[334/1204] Compiling Configuration ConfigKeyEncoder.swift
[335/1204] Compiling Configuration DotSeparatorKeyDecoder.swift
[335/1209] Compiling ssl_x509.cc
[336/1209] Compiling ssl_transcript.cc
[338/1209] Compiling Configuration EnvironmentKeyEncoder.swift
[339/1209] Compiling Configuration EnvironmentVariablesProvider.swift
[340/1209] Compiling Configuration CommonProviderFileSystem.swift
[341/1209] Compiling Configuration DirectoryFilesProvider.swift
[342/1209] Compiling Configuration FileProvider.swift
[343/1209] Compiling Configuration FileProviderSnapshot.swift
[343/1209] Compiling ssl_stat.cc
[344/1209] Compiling ssl_versions.cc
[345/1209] Compiling ssl_session.cc
[346/1209] Compiling ssl_privkey.cc
[348/1209] Emitting module ExtrasBase64
[349/1209] Compiling ExtrasBase64 Base64.swift
[351/1210] Compiling Configuration CombineLatestManyStorage.swift
[352/1210] Compiling Configuration AsyncSequences.swift
[353/1210] Compiling Configuration FoundationExtensions.swift
[354/1210] Compiling Configuration Span.swift
[355/1210] Compiling Configuration ConfigBytesFromStringDecoder.swift
[355/1210] Compiling ssl_key_share.cc
[357/1210] Compiling Configuration SeparatorKeyEncoder.swift
[358/1210] Compiling Configuration MultiProvider.swift
[359/1210] Compiling Configuration CLIArgumentParser.swift
[360/1210] Compiling Configuration CLISnapshot.swift
[361/1210] Compiling Configuration CommandLineArgumentsProvider.swift
[362/1210] Compiling Configuration EnvironmentFileParser.swift
[363/1210] Compiling Configuration JSONSnapshot.swift
[364/1210] Compiling Configuration PropertyListSnapshot.swift
[365/1210] Compiling Configuration ReloadingFileProvider.swift
[366/1210] Compiling Configuration ReloadingFileProviderMetrics.swift
[367/1210] Compiling Configuration YAMLSnapshot.swift
[368/1210] Compiling Configuration InMemoryProvider.swift
[369/1210] Compiling Configuration MutableInMemoryProvider.swift
[370/1210] Compiling Configuration ConfigProvider+Operators.swift
[371/1210] Compiling Configuration KeyMappingProvider.swift
[372/1210] Compiling Configuration SecretsSpecifier.swift
[373/1210] Compiling Configuration AsyncCombineLatestManySequence.swift
[374/1210] Compiling Configuration CombineLatestManyStateMachine.swift
[374/1241] Compiling ssl_lib.cc
[375/1241] Compiling ssl_file.cc
[376/1241] Wrapping AST for ExtrasBase64 for debugging
[377/1241] Compiling ssl_credential.cc
[378/1241] Compiling ssl_cipher.cc
[379/1241] Compiling ssl_cert.cc
[380/1241] Compiling ssl_buffer.cc
[382/1241] Emitting module GoogleWKT
[383/1245] Compiling GoogleWKT WKTBoolValue.swift
[384/1245] Compiling GoogleWKT WKTBytesValue.swift
[385/1245] Compiling GoogleWKT WKTFloatValue.swift
[386/1245] Compiling GoogleWKT WKTInt32Value.swift
[387/1245] Compiling GoogleWKT WKTInt64Value.swift
[388/1245] Compiling GoogleWKT WKTRecursive.swift
[389/1245] Compiling GoogleWKT AnyPackable.swift
[390/1245] Compiling GoogleWKT DecodeToDefault.swift
[391/1245] Compiling GoogleWKT DiscoveryBase64.swift
[392/1245] Compiling GoogleWKT ProtoJSONDecoder.swift
[393/1245] Compiling GoogleWKT ProtoJSONEncoder.swift
[394/1245] Compiling GoogleWKT WKTDoubleValue.swift
[395/1245] Emitting module Configuration
[396/1246] Compiling s3_lib.cc
[397/1246] Wrapping AST for Configuration for debugging
[398/1246] Compiling s3_pkt.cc
[399/1246] Compiling ssl_asn1.cc
[406/1246] Compiling GoogleWKT WKTDuration.swift
[407/1246] Compiling GoogleWKT WKTEmpty.swift
[408/1246] Compiling GoogleWKT WKTFieldMask.swift
[409/1246] Compiling GoogleWKT UnknownFields.swift
[410/1246] Compiling GoogleWKT WKTAny.swift
[411/1246] Compiling GoogleWKT WKTAnyError.swift
[413/1246] Compiling ssl_aead_ctx.cc
[415/1246] Compiling GoogleWKT WKTField.swift
[416/1246] Compiling GoogleWKT WKTMethod.swift
[417/1246] Compiling GoogleWKT WKTMixin.swift
[418/1246] Compiling GoogleWKT WKTOption.swift
[419/1246] Compiling GoogleWKT WKTValue.swift
[420/1246] Compiling GoogleWKT WKTApi.swift
[421/1246] Compiling GoogleWKT WKTEnum.swift
[422/1246] Compiling GoogleWKT WKTEnumValue.swift
[423/1246] Compiling GoogleWKT WKTStringValue.swift
[424/1246] Compiling GoogleWKT WKTTimestamp.swift
[425/1246] Compiling GoogleWKT WKTUInt32Value.swift
[426/1246] Compiling GoogleWKT WKTUInt64Value.swift
[427/1246] Compiling GoogleWKT WKTSourceContext.swift
[428/1246] Compiling GoogleWKT WKTSyntax.swift
[429/1246] Compiling GoogleWKT WKTType.swift
[430/1246] Compiling GoogleWKT PackageVersion.swift
[430/1246] Compiling s3_both.cc
[437/1247] Compiling handshake_server.cc
[438/1247] Compiling handoff.cc
[439/1280] Compiling handshake_client.cc
[440/1280] Wrapping AST for GoogleWKT for debugging
[441/1280] Compiling handshake.cc
[442/1280] Compiling dtls_record.cc
[444/1280] Compiling GoogleRpc HttpRequest.swift
[445/1280] Compiling GoogleRpc HttpResponse.swift
[446/1282] Compiling GoogleRpc ResourceInfo.swift
[447/1282] Compiling GoogleRpc PreconditionFailure.swift
[448/1282] Compiling GoogleRpc PackageVersion.swift
[449/1282] Compiling GoogleRpc RequestInfo.swift
[450/1284] Emitting module GoogleType
[453/1284] Compiling GoogleRpc DebugInfo.swift
[454/1284] Compiling GoogleRpc ErrorInfo.swift
[454/1284] Compiling extensions.cc
[455/1284] Compiling encrypted_client_hello.cc
[457/1284] Compiling GoogleRpc Help.swift
[458/1284] Compiling GoogleRpc HttpHeader.swift
[461/1284] Compiling GoogleRpc BadRequest.swift
[463/1284] Compiling GoogleRpc Code.swift
[464/1284] Emitting module GoogleRpc
[467/1284] Compiling GoogleRpc LocalizedMessage.swift
[468/1284] Compiling GoogleRpc QuotaFailure.swift
[469/1284] Compiling GoogleRpc RetryInfo.swift
[470/1284] Compiling GoogleRpc Status.swift
[471/1284] Compiling GoogleType Quaternion.swift
[471/1284] Compiling dtls_method.cc
[478/1284] Compiling md5-x86_64-linux.S
[482/1285] Compiling md5-x86_64-apple.S
[485/1285] Compiling GoogleType TimeOfDay.swift
[486/1285] Compiling GoogleType TimeZone.swift
[486/1286] Compiling md5-586-linux.S
[487/1286] Compiling md5-586-apple.S
[489/1286] Wrapping AST for GoogleRpc for debugging
[490/1286] Compiling chacha20_poly1305_x86_64-linux.S
[491/1286] Compiling chacha20_poly1305_x86_64-apple.S
[492/1286] Compiling chacha20_poly1305_armv8-win.S
[493/1286] Wrapping AST for GoogleType for debugging
[494/1286] Compiling d1_lib.cc
[495/1286] Compiling chacha20_poly1305_armv8-apple.S
[496/1286] Compiling chacha-x86_64-linux.S
[497/1286] Compiling chacha-x86_64-apple.S
[498/1286] Compiling chacha20_poly1305_armv8-linux.S
[499/1286] Compiling chacha-x86-linux.S
[500/1286] Compiling chacha-armv8-win.S
[501/1286] Compiling chacha-x86-apple.S
[502/1286] Compiling chacha-armv8-apple.S
[503/1286] Compiling chacha-armv4-linux.S
[504/1286] Compiling chacha-armv8-linux.S
[505/1286] Compiling aes128gcmsiv-x86_64-linux.S
[506/1286] Compiling aes128gcmsiv-x86_64-apple.S
[507/1286] Compiling x86_64-mont5-linux.S
[508/1286] Compiling bio_ssl.cc
[509/1286] Compiling x86_64-mont5-apple.S
[510/1286] Compiling x86_64-mont-linux.S
[511/1286] Compiling x86_64-mont-apple.S
[512/1286] Compiling x86-mont-linux.S
[513/1286] Compiling d1_pkt.cc
[514/1286] Compiling vpaes-x86-apple.S
[515/1286] Compiling x86-mont-apple.S
[516/1286] Compiling vpaes-x86_64-linux.S
[517/1286] Compiling err_data.cc
[518/1286] Compiling vpaes-x86-linux.S
[519/1286] Compiling vpaes-x86_64-apple.S
[520/1286] Compiling d1_srtp.cc
[521/1286] Compiling vpaes-armv8-win.S
[522/1286] Compiling sha512-x86_64-apple.S
[523/1286] Compiling vpaes-armv8-linux.S
[524/1286] Compiling sha512-x86_64-linux.S
[525/1286] Compiling vpaes-armv8-apple.S
[526/1286] Compiling sha512-armv8-win.S
[527/1286] Compiling vpaes-armv7-linux.S
[528/1286] Compiling sha512-armv8-apple.S
[529/1286] Compiling sha512-armv4-linux.S
[530/1286] Compiling sha256-x86_64-linux.S
[531/1286] Compiling sha512-586-linux.S
[532/1286] Compiling sha512-armv8-linux.S
[533/1286] Compiling sha256-x86_64-apple.S
[534/1286] Compiling sha512-586-apple.S
[535/1286] Compiling sha256-armv8-win.S
[536/1286] Compiling sha256-armv8-apple.S
[537/1286] Compiling sha256-armv4-linux.S
[538/1286] Compiling sha256-586-linux.S
[539/1286] Compiling sha1-x86_64-linux.S
[540/1286] Compiling sha256-armv8-linux.S
[541/1286] Compiling sha256-586-apple.S
[542/1286] Compiling sha1-armv4-large-linux.S
[543/1286] Compiling sha1-armv8-linux.S
[544/1286] Compiling sha1-x86_64-apple.S
[545/1286] Compiling sha1-armv8-win.S
[546/1286] Compiling sha1-586-linux.S
[547/1286] Compiling sha1-armv8-apple.S
[548/1286] Compiling rsaz-avx2-apple.S
[549/1286] Compiling rsaz-avx2-linux.S
[550/1286] Compiling sha1-586-apple.S
[551/1286] Compiling p256_beeu-x86_64-asm-linux.S
[552/1286] Compiling rdrand-x86_64-linux.S
[553/1286] Compiling rdrand-x86_64-apple.S
[554/1286] Compiling p256_beeu-x86_64-asm-apple.S
[555/1286] Compiling p256_beeu-armv8-asm-linux.S
[556/1286] Compiling p256_beeu-armv8-asm-win.S
[557/1286] Compiling p256_beeu-armv8-asm-apple.S
[558/1286] Compiling p256-x86_64-asm-linux.S
[559/1286] Compiling p256-armv8-asm-win.S
[560/1286] Compiling p256-x86_64-asm-apple.S
[561/1286] Compiling p256-armv8-asm-apple.S
[562/1286] Compiling ghashv8-armv8-win.S
[563/1286] Compiling ghashv8-armv8-apple.S
[564/1286] Compiling p256-armv8-asm-linux.S
[565/1286] Compiling ghashv8-armv8-linux.S
[566/1286] Compiling ghashv8-armv7-linux.S
[566/1286] Compiling ghash-x86_64-linux.S
[568/1286] Compiling ghash-x86_64-apple.S
[569/1286] Compiling ghash-x86-linux.S
[570/1286] Compiling ghash-ssse3-x86_64-linux.S
[571/1286] Compiling ghash-x86-apple.S
[572/1286] Compiling ghash-ssse3-x86-apple.S
[573/1286] Compiling ghash-ssse3-x86_64-apple.S
[574/1286] Compiling ghash-ssse3-x86-linux.S
[575/1286] Compiling ghash-neon-armv8-linux.S
[576/1286] Compiling ghash-neon-armv8-win.S
[577/1286] Compiling ghash-neon-armv8-apple.S
[578/1286] Compiling co-586-linux.S
[579/1286] Compiling ghash-armv4-linux.S
[580/1286] Compiling bsaes-armv7-linux.S
[581/1286] Compiling co-586-apple.S
[582/1286] Compiling bn-armv8-win.S
[583/1286] Compiling bn-armv8-apple.S
[584/1286] Compiling bn-armv8-linux.S
[585/1286] Compiling armv8-mont-win.S
[586/1286] Compiling bn-586-linux.S
[587/1286] Compiling bn-586-apple.S
[588/1286] Compiling armv8-mont-linux.S
[589/1286] Compiling armv8-mont-apple.S
[590/1286] Compiling aesv8-gcm-armv8-win.S
[591/1286] Compiling aesv8-armv8-win.S
[592/1286] Compiling aesv8-gcm-armv8-apple.S
[593/1286] Compiling armv4-mont-linux.S
[594/1286] Compiling aesv8-armv8-linux.S
[595/1286] Compiling aesv8-armv8-apple.S
[596/1286] Compiling aesv8-gcm-armv8-linux.S
[597/1286] Compiling aesni-x86_64-linux.S
[598/1286] Compiling aesv8-armv7-linux.S
[599/1286] Compiling aesni-x86_64-apple.S
[600/1286] Compiling aesni-x86-linux.S
[601/1286] Compiling aesni-gcm-x86_64-linux.S
[602/1286] Compiling aesni-x86-apple.S
[603/1286] Compiling aesni-gcm-x86_64-apple.S
[604/1286] Compiling aes-gcm-avx2-x86_64-apple.S
[605/1286] Compiling aes-gcm-avx2-x86_64-linux.S
[606/1286] Compiling aes-gcm-avx10-x86_64-linux.S
[607/1286] Compiling aes-gcm-avx10-x86_64-apple.S
[608/1286] Compiling d1_both.cc
[609/1286] Compiling x_pubkey.cc
[610/1286] Compiling x_x509a.cc
[611/1286] Compiling x_x509.cc
[611/1286] Compiling x_sig.cc
[613/1286] Compiling x_val.cc
[614/1286] Compiling x_spki.cc
[615/1286] Compiling x_req.cc
[616/1286] Compiling x_name.cc
[617/1286] Compiling x_crl.cc
[618/1286] Compiling x_exten.cc
[619/1286] Compiling x_algor.cc
[620/1286] Compiling x_all.cc
[621/1286] Compiling x_attrib.cc
[622/1286] Compiling x509spki.cc
[623/1286] Compiling x509rset.cc
[624/1286] Compiling x509name.cc
[625/1286] Compiling x509cset.cc
[626/1286] Compiling x509_txt.cc
[626/1286] Compiling x509_vpm.cc
[628/1286] Compiling x509_vfy.cc
[629/1286] Compiling x509_v3.cc
[630/1286] Compiling x509_trs.cc
[631/1286] Compiling x509_set.cc
[632/1286] Compiling x509_req.cc
[633/1286] Compiling x509_obj.cc
[634/1286] Compiling x509_ext.cc
[635/1286] Compiling x509_lu.cc
[636/1286] Compiling x509_def.cc
[637/1286] Compiling x509_cmp.cc
[638/1286] Compiling x509_d2.cc
[639/1286] Compiling x509.cc
[640/1286] Compiling x509_att.cc
[641/1286] Compiling v3_utl.cc
[642/1286] Compiling v3_skey.cc
[643/1286] Compiling v3_prn.cc
[644/1286] Compiling v3_purp.cc
[645/1286] Compiling v3_ocsp.cc
[646/1286] Compiling v3_pcons.cc
[647/1286] Compiling v3_pmaps.cc
[648/1286] Compiling v3_ncons.cc
[649/1286] Compiling v3_lib.cc
[650/1286] Compiling v3_int.cc
[651/1286] Compiling v3_info.cc
[652/1286] Compiling v3_ia5.cc
[653/1286] Compiling v3_extku.cc
[654/1286] Compiling v3_genn.cc
[654/1286] Compiling v3_crld.cc
[656/1286] Compiling v3_enum.cc
[657/1286] Compiling v3_cpols.cc
[658/1286] Compiling v3_bcons.cc
[659/1286] Compiling v3_alt.cc
[660/1286] Compiling t_x509a.cc
[661/1286] Compiling v3_bitst.cc
[662/1286] Compiling t_x509.cc
[663/1286] Compiling v3_conf.cc
[664/1286] Compiling v3_akey.cc
[665/1286] Compiling v3_akeya.cc
[666/1286] Compiling i2d_pr.cc
[667/1286] Compiling t_crl.cc
[668/1286] Compiling policy.cc
[669/1286] Compiling t_req.cc
[670/1286] Compiling name_print.cc
[671/1286] Compiling rsa_pss.cc
[672/1286] Compiling by_file.cc
[673/1286] Compiling by_dir.cc
[674/1286] Compiling a_verify.cc
[675/1286] Compiling algorithm.cc
[676/1286] Compiling asn1_gen.cc
[677/1286] Compiling trust_token.cc
[678/1286] Compiling pmbtoken.cc
[679/1286] Compiling a_digest.cc
[680/1286] Compiling a_sign.cc
[681/1286] Compiling voprf.cc
[682/1286] Compiling thread_win.cc
[683/1286] Compiling thread_none.cc
[684/1286] Compiling thread_pthread.cc
[685/1286] Compiling thread.cc
[686/1286] Compiling stack.cc
[687/1286] Compiling sha256.cc
[688/1286] Compiling sha512.cc
[689/1286] Compiling siphash.cc
[690/1286] Compiling rsa_print.cc
[691/1286] Compiling sha1.cc
[692/1286] Compiling slhdsa.cc
[693/1286] Compiling spake2plus.cc
[694/1286] Compiling rsa_extra.cc
[695/1286] Compiling rsa_crypt.cc
[696/1286] Compiling refcount.cc
[697/1286] Compiling rc4.cc
[698/1286] Compiling rsa_asn1.cc
[699/1286] Compiling windows.cc
[700/1286] Compiling urandom.cc
[701/1286] Compiling rand.cc
[702/1286] Compiling passive.cc
[703/1286] Compiling trusty.cc
[704/1286] Compiling poly1305_arm_asm.S
[705/1286] Compiling ios.cc
[706/1286] Compiling deterministic.cc
[707/1286] Compiling fork_detect.cc
[708/1286] Compiling forkunsafe.cc
[709/1286] Compiling getentropy.cc
[710/1286] Compiling poly1305_vec.cc
[711/1286] Compiling poly1305_arm.cc
[712/1286] Compiling poly1305.cc
[713/1286] Compiling pool.cc
[714/1286] Compiling pkcs7_x509.cc
[714/1286] Compiling pkcs8_x509.cc
[716/1286] Compiling pkcs8.cc
[717/1286] Compiling p5_pbev2.cc
[718/1286] Compiling pkcs7.cc
[719/1286] Compiling pem_xaux.cc
[720/1286] Compiling pem_x509.cc
[721/1286] Compiling pem_oth.cc
[722/1286] Compiling pem_pkey.cc
[723/1286] Compiling pem_pk8.cc
[724/1286] Compiling pem_lib.cc
[725/1286] Compiling pem_info.cc
[726/1286] Compiling pem_all.cc
[727/1286] Compiling obj_xref.cc
[728/1286] Compiling mlkem.cc
[729/1286] Compiling mldsa.cc
[730/1286] Compiling poly_rq_mul.S
[730/1286] Compiling md4.cc
[732/1286] Compiling fips_shared_support.cc
[733/1286] Compiling mem.cc
[734/1286] Compiling md5.cc
[735/1286] Compiling obj.cc
[736/1286] Compiling lhash.cc
[737/1286] Compiling hrss.cc
[738/1286] Compiling ex_data.cc
[739/1286] Compiling hpke.cc
[740/1286] Compiling kyber.cc
[741/1286] Compiling sign.cc
[742/1286] Compiling scrypt.cc
[743/1286] Compiling print.cc
[744/1286] Compiling pbkdf.cc
[745/1286] Compiling p_rsa_asn1.cc
[746/1286] Compiling p_x25519.cc
[747/1286] Compiling p_x25519_asn1.cc
[748/1286] Compiling p_rsa.cc
[749/1286] Compiling p_hkdf.cc
[750/1286] Compiling p_ed25519.cc
[751/1286] Compiling p_ed25519_asn1.cc
[752/1286] Compiling p_ec_asn1.cc
[753/1286] Compiling p_ec.cc
[754/1286] Compiling p_dh.cc
[755/1286] Compiling p_dh_asn1.cc
[756/1286] Compiling p_dsa_asn1.cc
[757/1286] Compiling evp_ctx.cc
[758/1286] Compiling evp.cc
[759/1286] Compiling err.cc
[760/1286] Compiling evp_asn1.cc
[761/1286] Compiling engine.cc
[762/1286] Compiling ecdh.cc
[763/1286] Compiling hash_to_curve.cc
[764/1286] Compiling ec_derive.cc
[765/1286] Compiling bcm.cc
[766/1286] Compiling ecdsa_asn1.cc
[767/1286] Compiling dsa.cc
[768/1286] Compiling digest_extra.cc
[769/1286] Compiling ec_asn1.cc
[770/1286] Compiling x25519-asm-arm.S
[771/1286] Compiling dsa_asn1.cc
[772/1286] Compiling params.cc
[773/1286] Compiling des.cc
[774/1286] Compiling dh_asn1.cc
[775/1286] Compiling curve25519_64_adx.cc
[776/1286] Compiling cpu_arm_linux.cc
[777/1286] Compiling cpu_intel.cc
[778/1286] Compiling crypto.cc
[779/1286] Compiling spake25519.cc
[780/1286] Compiling cpu_arm_freebsd.cc
[781/1286] Compiling cpu_aarch64_win.cc
[782/1286] Compiling curve25519.cc
[783/1286] Compiling cpu_aarch64_sysreg.cc
[784/1286] Compiling cpu_aarch64_openbsd.cc
[785/1286] Compiling cpu_aarch64_linux.cc
[786/1286] Compiling cpu_aarch64_fuchsia.cc
[787/1286] Compiling cpu_aarch64_apple.cc
[788/1286] Compiling conf.cc
[789/1286] Compiling tls_cbc.cc
[790/1286] Compiling e_tls.cc
[791/1286] Compiling get_cipher.cc
[792/1286] Compiling e_rc2.cc
[793/1286] Compiling e_des.cc
[794/1286] Compiling e_rc4.cc
[795/1286] Compiling e_chacha20poly1305.cc
[796/1286] Compiling e_null.cc
[797/1286] Compiling e_aesgcmsiv.cc
[798/1286] Compiling chacha.cc
[799/1286] Compiling e_aesctrhmac.cc
[800/1286] Compiling derive_key.cc
[801/1286] Compiling ber.cc
[802/1286] Compiling unicode.cc
[803/1286] Compiling cbb.cc
[804/1286] Compiling cbs.cc
[805/1286] Compiling blake2.cc
[806/1286] Compiling buf.cc
[807/1286] Compiling convert.cc
[808/1286] Compiling asn1_compat.cc
[809/1286] Compiling socket_helper.cc
[810/1286] Compiling bn_asn1.cc
[811/1286] Compiling socket.cc
[812/1286] Compiling pair.cc
[813/1286] Compiling printf.cc
[814/1286] Compiling file.cc
[815/1286] Compiling fd.cc
[816/1286] Compiling hexdump.cc
[817/1286] Compiling connect.cc
[818/1286] Compiling bio_mem.cc
[819/1286] Compiling errno.cc
[820/1286] Compiling tasn_typ.cc
[821/1286] Compiling bio.cc
[822/1286] Compiling tasn_fre.cc
[823/1286] Compiling base64.cc
[824/1286] Compiling tasn_utl.cc
[825/1286] Compiling tasn_enc.cc
[826/1286] Compiling f_string.cc
[827/1286] Compiling f_int.cc
[828/1286] Compiling tasn_new.cc
[829/1286] Compiling posix_time.cc
[830/1286] Compiling tasn_dec.cc
[831/1286] Compiling asn_pack.cc
[832/1286] Compiling asn1_par.cc
[833/1286] Compiling a_utctm.cc
[834/1286] Compiling a_type.cc
[835/1286] Compiling a_octet.cc
[836/1286] Compiling asn1_lib.cc
[837/1286] Compiling a_time.cc
[838/1286] Compiling a_strex.cc
[839/1286] Compiling a_i2d_fp.cc
[840/1286] Compiling a_object.cc
[841/1286] Compiling a_mbstr.cc
[842/1286] Compiling a_strnid.cc
[843/1286] Compiling a_dup.cc
[844/1286] Compiling a_d2i_fp.cc
[845/1286] Compiling CGoogleGaxCRC32C CGoogleGaxCRC32C.c
[846/1286] Compiling a_int.cc
[847/1286] Compiling fiat_p256_adx_sqr.S
[848/1286] Compiling a_gentm.cc
[849/1286] Compiling fiat_p256_adx_mul.S
[850/1286] Compiling CCryptoBoringSSLShims shims.c
[851/1286] Compiling fiat_curve25519_adx_square.S
[852/1286] Compiling a_bitstr.cc
[853/1286] Compiling a_bool.cc
[854/1286] Compiling fiat_curve25519_adx_mul.S
[855/1286] Compiling md5-x86_64-apple.S
[856/1286] Compiling md5-x86_64-linux.S
[857/1286] Compiling chacha20_poly1305_x86_64-apple.S
[857/1286] Compiling md5-586-apple.S
[857/1286] Compiling md5-586-linux.S
[857/1286] Compiling chacha20_poly1305_x86_64-linux.S
[861/1286] Compiling chacha20_poly1305_armv8-win.S
[862/1286] Compiling chacha-x86_64-apple.S
[862/1286] Compiling chacha20_poly1305_armv8-apple.S
[864/1286] Compiling chacha-x86_64-linux.S
[865/1286] Compiling chacha-x86-linux.S
[866/1286] Compiling chacha20_poly1305_armv8-linux.S
[867/1286] Compiling chacha-armv8-win.S
[868/1286] Compiling chacha-armv8-apple.S
[869/1286] Compiling chacha-armv8-linux.S
[870/1286] Compiling chacha-x86-apple.S
[871/1286] Compiling aes128gcmsiv-x86_64-linux.S
[872/1286] Compiling chacha-armv4-linux.S
[873/1286] Compiling aes128gcmsiv-x86_64-apple.S
[874/1286] Compiling x86_64-mont-apple.S
[875/1286] Compiling x86_64-mont5-apple.S
[876/1286] Compiling x86_64-mont5-linux.S
[877/1286] Compiling x86_64-mont-linux.S
[878/1286] Compiling x86-mont-linux.S
[879/1286] Compiling vpaes-x86_64-linux.S
[880/1286] Compiling x86-mont-apple.S
[881/1286] Compiling vpaes-x86_64-apple.S
[882/1286] Compiling vpaes-x86-linux.S
[882/1286] Compiling vpaes-armv8-win.S
[884/1286] Compiling vpaes-armv8-apple.S
[885/1286] Compiling vpaes-armv8-linux.S
[886/1286] Compiling vpaes-x86-apple.S
[887/1286] Compiling err_data.cc
[888/1286] Compiling sha512-armv8-win.S
[889/1286] Compiling vpaes-armv7-linux.S
[890/1286] Compiling sha512-x86_64-linux.S
[891/1286] Compiling sha512-x86_64-apple.S
[892/1286] Compiling sha512-armv8-apple.S
[893/1286] Compiling sha512-586-linux.S
[894/1286] Compiling sha512-586-apple.S
[895/1286] Compiling sha512-armv4-linux.S
[896/1286] Compiling sha512-armv8-linux.S
[897/1286] Compiling sha256-x86_64-linux.S
[898/1286] Compiling sha256-armv8-linux.S
[899/1286] Compiling sha256-x86_64-apple.S
[900/1286] Compiling sha256-armv8-apple.S
[901/1286] Compiling sha256-armv8-win.S
[902/1286] Compiling sha256-armv4-linux.S
[903/1286] Compiling sha256-586-linux.S
[904/1286] Compiling sha256-586-apple.S
[905/1286] Compiling sha1-x86_64-apple.S
[906/1286] Compiling sha1-x86_64-linux.S
[906/1286] Compiling sha1-armv8-win.S
[908/1286] Compiling sha1-armv8-apple.S
[909/1286] Compiling sha1-armv4-large-linux.S
[910/1286] Compiling sha1-586-linux.S
[911/1286] Compiling sha1-armv8-linux.S
[912/1286] Compiling rsaz-avx2-linux.S
[913/1286] Compiling sha1-586-apple.S
[914/1286] Compiling rsaz-avx2-apple.S
[915/1286] Compiling rdrand-x86_64-apple.S
[916/1286] Compiling rdrand-x86_64-linux.S
[917/1286] Compiling p256_beeu-x86_64-asm-linux.S
[918/1286] Compiling p256_beeu-x86_64-asm-apple.S
[919/1286] Compiling p256_beeu-armv8-asm-win.S
[920/1286] Compiling p256-x86_64-asm-linux.S
[920/1286] Compiling p256_beeu-armv8-asm-linux.S
[922/1286] Compiling p256_beeu-armv8-asm-apple.S
[923/1286] Compiling p256-x86_64-asm-apple.S
[924/1286] Compiling p256-armv8-asm-win.S
[925/1286] Compiling p256-armv8-asm-apple.S
[926/1286] Compiling ghashv8-armv8-win.S
[926/1286] Compiling ghashv8-armv8-linux.S
[927/1286] Compiling ghashv8-armv8-apple.S
[929/1286] Compiling p256-armv8-asm-linux.S
[930/1286] Compiling ghashv8-armv7-linux.S
[931/1286] Compiling ghash-x86-linux.S
[932/1286] Compiling ghash-x86_64-linux.S
[933/1286] Compiling ghash-x86_64-apple.S
[934/1286] Compiling ghash-x86-apple.S
[935/1286] Compiling ghash-ssse3-x86_64-linux.S
[936/1286] Compiling ghash-ssse3-x86_64-apple.S
[937/1286] Compiling ghash-ssse3-x86-apple.S
[938/1286] Compiling ghash-ssse3-x86-linux.S
[939/1286] Compiling ghash-neon-armv8-linux.S
[940/1286] Compiling ghash-neon-armv8-win.S
[941/1286] Compiling ghash-neon-armv8-apple.S
[942/1286] Compiling co-586-linux.S
[943/1286] Compiling ghash-armv4-linux.S
[944/1286] Compiling co-586-apple.S
[944/1286] Compiling bn-armv8-win.S
[946/1286] Compiling bsaes-armv7-linux.S
[947/1286] Compiling bn-armv8-apple.S
[948/1286] Compiling bn-armv8-linux.S
[949/1286] Compiling armv8-mont-win.S
[950/1286] Compiling bn-586-apple.S
[951/1286] Compiling armv4-mont-linux.S
[952/1286] Compiling bn-586-linux.S
[953/1286] Compiling aesv8-gcm-armv8-win.S
[954/1286] Compiling aesv8-gcm-armv8-apple.S
[955/1286] Compiling aesv8-armv8-win.S
[956/1286] Compiling aesv8-armv8-linux.S
[957/1286] Compiling aesv8-gcm-armv8-linux.S
[958/1286] Compiling aesv8-armv8-apple.S
[959/1286] Compiling aesni-x86_64-linux.S
[960/1286] Compiling aesv8-armv7-linux.S
[961/1286] Compiling aesni-x86_64-apple.S
[962/1286] Compiling aesni-x86-linux.S
[963/1286] Compiling aesni-x86-apple.S
[964/1286] Compiling aesni-gcm-x86_64-linux.S
[965/1286] Compiling aesni-gcm-x86_64-apple.S
[966/1286] Compiling aes-gcm-avx512-x86_64-apple.S
[967/1286] Compiling aes-gcm-avx512-x86_64-linux.S
[968/1286] Compiling aes-gcm-avx2-x86_64-linux.S
[969/1286] Compiling aes-gcm-avx2-x86_64-apple.S
[970/1286] Compiling xwing.cc
[971/1286] Compiling x_x509a.cc
[972/1286] Compiling x_spki.cc
[973/1286] Compiling x_x509.cc
[974/1286] Compiling x_sig.cc
[975/1286] Compiling x_req.cc
[976/1286] Compiling c-nioatomics.c
[977/1286] Compiling x_pubkey.cc
[978/1286] Compiling x_name.cc
[979/1286] Compiling x_crl.cc
[980/1286] Compiling c-atomics.c
[981/1286] Compiling x_exten.cc
[982/1286] Compiling x_attrib.cc
[983/1293] Compiling x_all.cc
[984/1293] Compiling x_algor.cc
[986/1293] Emitting module NIOConcurrencyHelpers
[986/1293] Compiling x509spki.cc
[987/1293] Compiling x509name.cc
[989/1293] Compiling NIOConcurrencyHelpers NIOAtomic.swift
[989/1293] Compiling x509rset.cc
[991/1293] Compiling NIOConcurrencyHelpers atomics.swift
[992/1293] Compiling NIOConcurrencyHelpers NIOThreadPoolWorkAvailable.swift
[993/1293] Compiling NIOConcurrencyHelpers NIOLockedValueBox.swift
[994/1293] Compiling NIOConcurrencyHelpers NIOLock.swift
[995/1293] Compiling NIOConcurrencyHelpers lock.swift
[996/1294] Compiling x509_vpm.cc
[997/1294] Compiling x509cset.cc
[998/1294] Wrapping AST for NIOConcurrencyHelpers for debugging
[999/1294] Compiling x509_vfy.cc
[1000/1294] Compiling x509_v3.cc
[1001/1294] Compiling x509_txt.cc
[1002/1294] Compiling x509_trs.cc
[1003/1294] Compiling x509_set.cc
[1004/1294] Compiling x509_req.cc
[1005/1294] Compiling x509_obj.cc
[1006/1294] Compiling x509_def.cc
[1007/1294] Compiling x509_ext.cc
[1008/1294] Compiling x509_lu.cc
[1009/1294] Compiling x509_d2.cc
[1010/1294] Compiling x509_att.cc
[1011/1294] Compiling x509.cc
[1012/1294] Compiling x509_cmp.cc
[1013/1294] Compiling v3_utl.cc
[1014/1294] Compiling v3_skey.cc
[1015/1294] Compiling v3_prn.cc
[1016/1294] Compiling v3_purp.cc
[1017/1294] Compiling v3_pmaps.cc
[1018/1294] Compiling v3_pcons.cc
[1019/1294] Compiling v3_ocsp.cc
[1020/1294] Compiling v3_lib.cc
[1021/1294] Compiling v3_ncons.cc
[1022/1294] Compiling v3_ia5.cc
[1023/1294] Compiling v3_info.cc
[1024/1294] Compiling v3_genn.cc
[1025/1294] Compiling v3_int.cc
[1026/1294] Compiling v3_extku.cc
[1027/1294] Compiling v3_crld.cc
[1028/1294] Compiling v3_enum.cc
[1029/1294] Compiling v3_cpols.cc
[1030/1294] Compiling v3_bcons.cc
[1031/1294] Compiling v3_conf.cc
[1032/1294] Compiling v3_alt.cc
[1033/1294] Compiling v3_bitst.cc
[1034/1294] Compiling v3_akeya.cc
[1035/1294] Compiling v3_akey.cc
[1036/1294] Compiling t_x509a.cc
[1037/1294] Compiling t_req.cc
[1037/1294] Compiling t_crl.cc
[1039/1294] Compiling t_x509.cc
[1040/1294] Compiling i2d_pr.cc
[1041/1294] Compiling policy.cc
[1042/1294] Compiling rsa_pss.cc
[1043/1294] Compiling name_print.cc
[1044/1294] Compiling by_file.cc
[1045/1294] Compiling by_dir.cc
[1046/1294] Compiling asn1_gen.cc
[1047/1294] Compiling a_verify.cc
[1048/1294] Compiling a_sign.cc
[1049/1294] Compiling a_digest.cc
[1050/1294] Compiling algorithm.cc
[1051/1294] Compiling thread_win.cc
[1052/1294] Compiling trust_token.cc
[1053/1294] Compiling thread_pthread.cc
[1054/1294] Compiling thread.cc
[1055/1294] Compiling pmbtoken.cc
[1056/1294] Compiling voprf.cc
[1057/1294] Compiling thread_none.cc
[1058/1294] Compiling stack.cc
[1059/1294] Compiling sha512.cc
[1060/1294] Compiling spake2plus.cc
[1061/1294] Compiling sha1.cc
[1062/1294] Compiling sha256.cc
[1063/1294] Compiling siphash.cc
[1064/1294] Compiling slhdsa.cc
[1065/1294] Compiling rsa_print.cc
[1066/1294] Compiling rsa_extra.cc
[1067/1294] Compiling refcount.cc
[1068/1294] Compiling rsa_crypt.cc
[1069/1294] Compiling rc4.cc
[1070/1294] Compiling windows.cc
[1071/1294] Compiling trusty.cc
[1072/1294] Compiling urandom.cc
[1073/1294] Compiling rand.cc
[1074/1294] Compiling passive.cc
[1075/1294] Compiling ios.cc
[1076/1294] Compiling getentropy.cc
[1077/1294] Compiling poly1305_arm_asm.S
[1078/1294] Compiling fork_detect.cc
[1079/1294] Compiling rsa_asn1.cc
[1079/1294] Compiling deterministic.cc
[1081/1294] Compiling forkunsafe.cc
[1082/1294] Compiling pool.cc
[1083/1294] Compiling poly1305_vec.cc
[1084/1294] Compiling poly1305.cc
[1085/1294] Compiling poly1305_arm.cc
[1086/1294] Compiling pkcs8.cc
[1087/1294] Compiling p5_pbev2.cc
[1088/1294] Compiling pkcs8_x509.cc
[1089/1294] Compiling pkcs7.cc
[1090/1294] Compiling pkcs7_x509.cc
[1091/1294] Compiling pem_x509.cc
[1092/1294] Compiling pem_xaux.cc
[1093/1294] Compiling pem_pkey.cc
[1094/1294] Compiling pem_oth.cc
[1095/1294] Compiling pem_pk8.cc
[1096/1294] Compiling pem_lib.cc
[1097/1294] Compiling mlkem.cc
[1098/1294] Compiling pem_info.cc
[1099/1294] Compiling obj_xref.cc
[1100/1294] Compiling pem_all.cc
[1101/1294] Compiling mldsa.cc
[1102/1294] Compiling poly_rq_mul.S
[1103/1294] Compiling mem.cc
[1104/1294] Compiling obj.cc
[1105/1294] Compiling fips_shared_support.cc
[1106/1294] Compiling md5.cc
[1107/1294] Compiling lhash.cc
[1108/1294] Compiling md4.cc
[1109/1294] Compiling fuzzer_mode.cc
[1110/1294] Compiling kyber.cc
[1111/1294] Compiling ex_data.cc
[1112/1294] Compiling hrss.cc
[1113/1294] Compiling hpke.cc
[1114/1294] Compiling scrypt.cc
[1115/1294] Compiling print.cc
[1116/1294] Compiling pbkdf.cc
[1117/1294] Compiling sign.cc
[1118/1294] Compiling p_x25519_asn1.cc
[1119/1294] Compiling p_x25519.cc
[1120/1294] Compiling p_rsa.cc
[1121/1294] Compiling p_rsa_asn1.cc
[1122/1294] Compiling p_hkdf.cc
[1123/1294] Compiling p_ed25519.cc
[1124/1294] Compiling p_ed25519_asn1.cc
[1125/1294] Compiling p_ec.cc
[1126/1294] Compiling p_dsa_asn1.cc
[1127/1294] Compiling p_ec_asn1.cc
[1128/1294] Compiling p_dh_asn1.cc
[1129/1294] Compiling p_dh.cc
[1130/1294] Compiling evp_asn1.cc
[1131/1294] Compiling evp_ctx.cc
[1132/1294] Compiling err.cc
[1133/1294] Compiling engine.cc
[1134/1294] Compiling ecdsa_p1363.cc
[1135/1294] Compiling ecdh.cc
[1136/1294] Compiling evp.cc
[1137/1294] Compiling ec_derive.cc
[1138/1294] Compiling dsa.cc
[1139/1294] Compiling ecdsa_asn1.cc
[1140/1294] Compiling hash_to_curve.cc
[1141/1294] Compiling ec_asn1.cc
[1142/1294] Compiling dsa_asn1.cc
[1143/1294] Compiling des.cc
[1144/1294] Compiling digest_extra.cc
[1145/1294] Compiling x25519-asm-arm.S
[1146/1294] Compiling params.cc
[1147/1294] Compiling dh_asn1.cc
[1148/1294] Compiling spake25519.cc
[1149/1294] Compiling curve25519_64_adx.cc
[1150/1294] Compiling cpu_arm_linux.cc
[1151/1294] Compiling cpu_intel.cc
[1152/1294] Compiling curve25519.cc
[1153/1294] Compiling crypto.cc
[1154/1294] Compiling cpu_arm_freebsd.cc
[1155/1294] Compiling cpu_aarch64_sysreg.cc
[1156/1294] Compiling cpu_aarch64_win.cc
[1157/1294] Compiling cpu_aarch64_openbsd.cc
[1158/1294] Compiling cpu_aarch64_fuchsia.cc
[1159/1294] Compiling cpu_aarch64_linux.cc
[1160/1294] Compiling cpu_aarch64_apple.cc
[1161/1294] Compiling conf.cc
[1162/1294] Compiling get_cipher.cc
[1163/1294] Compiling tls_cbc.cc
[1164/1294] Compiling cms.cc
[1165/1294] Compiling e_rc4.cc
[1166/1294] Compiling e_tls.cc
[1167/1294] Compiling e_null.cc
[1168/1294] Compiling e_des.cc
[1169/1294] Compiling e_rc2.cc
[1170/1294] Compiling e_chacha20poly1305.cc
[1171/1294] Compiling e_aesctrhmac.cc
[1172/1294] Compiling e_aesgcmsiv.cc
[1173/1294] Compiling derive_key.cc
[1174/1294] Compiling chacha.cc
[1175/1294] Compiling e_aeseax.cc
[1176/1294] Compiling unicode.cc
[1177/1294] Compiling buf.cc
[1178/1294] Compiling sqrt.cc
[1179/1294] Compiling cbs.cc
[1180/1294] Compiling ber.cc
[1181/1294] Compiling asn1_compat.cc
[1182/1294] Compiling cbb.cc
[1183/1294] Compiling exponentiation.cc
[1184/1294] Compiling div.cc
[1185/1294] Compiling blake2.cc
[1186/1294] Compiling pair.cc
[1187/1294] Compiling bn_asn1.cc
[1188/1294] Compiling convert.cc
[1189/1294] Compiling hexdump.cc
[1190/1294] Compiling printf.cc
[1191/1294] Compiling file.cc
[1192/1294] Compiling fd.cc
[1193/1294] Compiling base64.cc
[1194/1294] Compiling bio.cc
[1195/1294] Compiling bio_mem.cc
[1196/1294] Compiling tasn_typ.cc
[1197/1294] Compiling tasn_utl.cc
[1198/1294] Compiling tasn_fre.cc
[1199/1294] Compiling tasn_new.cc
[1200/1294] Compiling tasn_enc.cc
[1201/1294] Compiling f_string.cc
[1202/1294] Compiling tasn_dec.cc
[1203/1294] Compiling f_int.cc
[1204/1294] Compiling posix_time.cc
[1205/1294] Compiling bcm.cc
[1206/1294] Compiling a_utctm.cc
[1207/1294] Compiling a_type.cc
[1208/1294] Compiling a_octet.cc
[1209/1294] Compiling a_time.cc
[1210/1294] Compiling a_strnid.cc
[1211/1294] Compiling a_i2d_fp.cc
[1211/1294] Compiling a_strex.cc
[1213/1294] Compiling CAsyncHTTPClient CAsyncHTTPClient.c
[1214/1294] Write sources
[1215/1312] Compiling a_d2i_fp.cc
[1216/1312] Write sources
[1218/1312] Compiling a_dup.cc
[1219/1312] Compiling a_gentm.cc
[1221/1337] Compiling Algorithms AdjacentPairs.swift
[1222/1337] Compiling Algorithms Chain.swift
[1222/1339] Compiling a_object.cc
[1224/1339] Compiling Algorithms RandomSample.swift
[1225/1339] Compiling Algorithms Reductions.swift
[1225/1339] Compiling aes.cc
[1227/1339] Compiling Algorithms MinMax.swift
[1228/1339] Compiling Algorithms FlattenCollection.swift
[1229/1339] Compiling Algorithms Grouped.swift
[1230/1339] Compiling Algorithms Chunked.swift
[1231/1339] Compiling Algorithms Combinations.swift
[1232/1339] Compiling Algorithms Indexed.swift
[1233/1339] Compiling Algorithms Intersperse.swift
[1234/1339] Compiling Atomics IntegerOperations.swift
[1235/1339] Compiling Atomics Unmanaged extensions.swift
[1235/1339] Compiling a_bitstr.cc
[1236/1339] Compiling a_bool.cc
[1238/1347] Compiling Algorithms Compacted.swift
[1239/1347] Compiling Algorithms Cycle.swift
[1240/1347] Compiling Algorithms EitherSequence.swift
[1241/1347] Emitting module CryptoBoringWrapper
[1242/1347] Compiling Algorithms Joined.swift
[1243/1347] Compiling Algorithms Keyed.swift
[1245/1350] Compiling CryptoBoringWrapper RandomBytes.swift
[1246/1350] Compiling Algorithms Split.swift
[1247/1350] Compiling Algorithms Stride.swift
[1248/1350] Compiling Algorithms Suffix.swift
[1252/1350] Compiling CryptoBoringWrapper BoringSSLAEAD.swift
[1253/1350] Compiling CryptoBoringWrapper CryptoKitErrors_boring.swift
[1254/1350] Compiling CryptoBoringWrapper EllipticCurvePoint.swift
[1255/1350] Compiling CryptoBoringWrapper EllipticCurve.swift
[1256/1350] Compiling CryptoBoringWrapper FiniteFieldArithmeticContext.swift
[1258/1350] Compiling Algorithms Permutations.swift
[1259/1350] Compiling Algorithms Product.swift
[1260/1350] Compiling CryptoBoringWrapper ArbitraryPrecisionInteger.swift
[1262/1351] Compiling Algorithms Trim.swift
[1263/1351] Compiling Algorithms Unique.swift
[1264/1351] Compiling Algorithms Windows.swift
[1268/1351] Compiling Algorithms FirstNonNil.swift
[1272/1351] Wrapping AST for CryptoBoringWrapper for debugging
[1274/1376] Emitting module Atomics
[1275/1435] Compiling Crypto ChaChaPoly.swift
[1276/1435] Compiling Crypto Cipher.swift
[1277/1435] Compiling Crypto Nonces.swift
[1278/1436] Wrapping AST for Atomics for debugging
[1280/1437] Compiling Crypto ASN1Integer.swift
[1281/1438] Compiling Crypto ASN1Null.swift
[1282/1438] Compiling Crypto ASN1OctetString.swift
[1283/1438] Compiling Crypto ASN1Strings.swift
[1284/1500] Emitting module Algorithms
[1285/1501] Wrapping AST for Algorithms for debugging
[1287/1501] Compiling NIOCore Channel.swift
[1288/1501] Compiling NIOCore ChannelHandler.swift
[1289/1501] Compiling NIOCore ChannelHandlers.swift
[1290/1501] Compiling NIOCore ChannelInvoker.swift
[1291/1501] Compiling NIOCore ChannelOption.swift
[1292/1501] Compiling NIOCore ChannelPipeline.swift
[1293/1501] Compiling NIOCore EventLoopFuture+Deprecated.swift
[1294/1501] Compiling NIOCore EventLoopFuture+WithEventLoop.swift
[1295/1501] Compiling NIOCore EventLoopFuture.swift
[1296/1501] Compiling NIOCore FileDescriptor.swift
[1297/1501] Compiling NIOCore FileHandle.swift
[1298/1501] Compiling NIOCore FileRegion.swift
[1299/1512] Compiling NIOCore NIOCoreSendableMetatype.swift
[1300/1512] Compiling NIOCore NIODecodedAsyncSequence.swift
[1301/1512] Compiling NIOCore NIOLoopBound.swift
[1302/1512] Compiling NIOCore NIOPooledRecvBufferAllocator.swift
[1303/1512] Compiling NIOCore NIOScheduledCallback.swift
[1304/1512] Compiling NIOCore NIOSendable.swift
[1305/1512] Compiling NIOCore NIOSplitLinesMessageDecoder.swift
[1306/1512] Compiling NIOCore NIOTransportAccessibleChannelCore.swift
[1307/1512] Compiling NIOCore RecvByteBufferAllocator.swift
[1308/1520] Compiling Crypto HKDF.swift
[1309/1520] Compiling Crypto AESWrap.swift
[1310/1520] Compiling Crypto AESWrap_boring.swift
[1311/1520] Compiling Crypto Ed25519_boring.swift
[1312/1520] Compiling Crypto NISTCurvesKeys_boring.swift
[1313/1520] Compiling Crypto X25519Keys_boring.swift
[1314/1520] Compiling Crypto Curve25519.swift
[1315/1520] Compiling Crypto Ed25519Keys.swift
[1316/1520] Compiling Crypto NISTCurvesKeys.swift
[1317/1520] Compiling Crypto X25519Keys.swift
[1318/1520] Compiling Crypto SymmetricKeys.swift
[1319/1520] Compiling Crypto HMAC.swift
[1324/1520] Compiling NIOCore SingleStepByteToMessageDecoder.swift
[1325/1520] Compiling NIOCore SocketAddresses.swift
[1326/1520] Compiling NIOCore SocketOptionProvider.swift
[1327/1520] Compiling NIOCore SystemCallHelpers.swift
[1328/1520] Compiling NIOCore TimeAmount+Duration.swift
[1329/1520] Compiling NIOCore TypeAssistedChannelHandler.swift
[1330/1520] Compiling NIOCore UniversalBootstrapSupport.swift
[1331/1520] Compiling NIOCore Utilities.swift
[1332/1520] Emitting module Crypto
[1333/1520] Compiling NIOCore NIOThrowingAsyncSequenceProducer.swift
[1334/1520] Compiling NIOCore BSDSocketAPI.swift
[1335/1520] Compiling NIOCore ByteBuffer-aux.swift
[1336/1520] Compiling NIOCore ByteBuffer-binaryEncodedLengthPrefix.swift
[1337/1520] Compiling NIOCore ByteBuffer-conversions.swift
[1338/1520] Compiling NIOCore ByteBuffer-core.swift
[1339/1520] Compiling NIOCore ByteBuffer-hex.swift
[1340/1520] Compiling NIOCore ByteBuffer-int.swift
[1341/1520] Compiling NIOCore ByteBuffer-lengthPrefix.swift
[1342/1520] Compiling NIOCore ByteBuffer-multi-int.swift
[1343/1520] Compiling NIOCore ByteBuffer-quicBinaryEncodingStrategy.swift
[1344/1520] Compiling NIOCore ByteBuffer-views.swift
[1345/1520] Compiling Crypto Signature.swift
[1346/1520] Compiling Crypto CryptoKitErrors_boring.swift
[1347/1520] Compiling Crypto Optional+withUnsafeBytes_boring.swift
[1348/1520] Compiling Crypto RNG_boring.swift
[1349/1520] Compiling Crypto SafeCompare_boring.swift
[1350/1520] Compiling Crypto Zeroization_boring.swift
[1351/1520] Compiling Crypto _CryptoModuleAnchor.swift
[1352/1520] Compiling Crypto PrettyBytes.swift
[1353/1520] Compiling Crypto SafeCompare.swift
[1354/1520] Compiling Crypto SecureBytes.swift
[1355/1520] Compiling Crypto Zeroization.swift
[1362/1520] Compiling NIOCore GlobalSingletons.swift
[1363/1520] Compiling NIOCore IO.swift
[1364/1520] Compiling NIOCore IOData.swift
[1368/1520] Compiling NIOCore AddressedEnvelope.swift
[1369/1520] Compiling NIOCore AsyncAwaitSupport.swift
[1370/1520] Compiling NIOCore AsyncChannel.swift
[1371/1520] Compiling NIOCore AsyncChannelHandler.swift
[1372/1520] Compiling NIOCore AsyncChannelInboundStream.swift
[1373/1520] Compiling NIOCore AsyncChannelOutboundWriter.swift
[1374/1520] Compiling NIOCore NIOAsyncSequenceProducer.swift
[1375/1520] Compiling NIOCore NIOAsyncSequenceProducerStrategies.swift
[1376/1520] Compiling NIOCore NIOAsyncWriter.swift
[1377/1520] Compiling NIOCore CircularBuffer.swift
[1378/1520] Compiling NIOCore Codec.swift
[1379/1520] Compiling NIOCore ConvenienceOptionSupport.swift
[1380/1520] Compiling NIOCore DeadChannel.swift
[1381/1520] Compiling NIOCore DispatchQueue+WithFuture.swift
[1382/1520] Compiling NIOCore EventLoop+Deprecated.swift
[1383/1520] Compiling NIOCore EventLoop+SerialExecutor.swift
[1384/1520] Compiling NIOCore EventLoop.swift
[1385/1520] Compiling NIOCore EventLoopFuture+AssumeIsolated.swift
[1386/1520] Compiling NIOCore IPProtocol.swift
[1387/1520] Compiling NIOCore IntegerBitPacking.swift
[1388/1520] Compiling NIOCore IntegerTypes.swift
[1389/1520] Compiling NIOCore Interfaces.swift
[1390/1520] Compiling NIOCore Linux.swift
[1391/1520] Compiling NIOCore MarkedCircularBuffer.swift
[1392/1520] Compiling NIOCore MulticastChannel.swift
[1393/1520] Compiling NIOCore NIOAny.swift
[1394/1520] Compiling NIOCore NIOCloseOnErrorHandler.swift
[1418/1521] Wrapping AST for Crypto for debugging
[1428/1583] Compiling CryptoExtras ARCServer.swift
[1429/1583] Compiling CryptoExtras ChaCha20CTR_boring.swift
[1430/1583] Compiling CryptoExtras ChaCha20CTR.swift
[1431/1583] Compiling CryptoExtras BoringSSLSHA512256Context.swift
[1432/1583] Compiling CryptoExtras BoringSSLSHA512256HashFunction.swift
[1433/1583] Compiling CryptoExtras SHA512256.swift
[1434/1583] Compiling CryptoExtras SHA512256Digest.swift
[1435/1583] Compiling CryptoExtras Curve25519+PEM.swift
[1436/1583] Compiling CryptoExtras ObjectIdentifier.swift
[1437/1583] Emitting module CryptoExtras
[1438/1591] Compiling CryptoExtras Data+Extensions.swift
[1439/1591] Compiling CryptoExtras DigestType.swift
[1440/1591] Compiling CryptoExtras Error.swift
[1441/1591] Compiling CryptoExtras I2OSP.swift
[1442/1591] Compiling CryptoExtras IntegerEncoding.swift
[1443/1591] Compiling CryptoExtras PEMDocument.swift
[1444/1591] Compiling CryptoExtras PrettyBytes.swift
[1445/1591] Compiling CryptoExtras SubjectPublicKeyInfo.swift
[1446/1591] Compiling CryptoExtras BoringSSLPassphraseCallbackManager.swift
[1447/1591] Compiling CryptoExtras RSA+BlindSigning.swift
[1448/1591] Compiling CryptoExtras RSA.swift
[1449/1591] Compiling CryptoExtras RSA_boring.swift
[1450/1591] Compiling CryptoExtras Reexport.swift
[1451/1591] Compiling CryptoExtras Zeroization_boring.swift
[1452/1591] Compiling CryptoExtras BoringSSLHelpers.swift
[1453/1591] Compiling CryptoExtras CryptoKitErrors_boring.swift
[1454/1591] Compiling CryptoExtras PKCS8DERRepresentation.swift
[1455/1591] Compiling CryptoExtras PKCS8PrivateKey.swift
[1456/1591] Compiling CryptoExtras RFC8410AlgorithmIdentifier.swift
[1457/1591] Compiling CryptoExtras ECToolbox_boring.swift
[1458/1591] Compiling CryptoExtras ECToolbox.swift
[1459/1591] Compiling CryptoExtras HashToField.swift
[1460/1591] Compiling CryptoExtras KDF.swift
[1461/1591] Compiling CryptoExtras PBKDF2_boring.swift
[1462/1591] Compiling CryptoExtras PBKDF2_commoncrypto.swift
[1463/1591] Compiling CryptoExtras PBKDF2.swift
[1464/1591] Compiling CryptoExtras Scrypt_boring.swift
[1465/1591] Compiling CryptoExtras Scrypt.swift
[1466/1591] Compiling CryptoExtras OPRF.swift
[1467/1591] Compiling CryptoExtras OPRFClient.swift
[1468/1591] Compiling CryptoExtras OPRFServer.swift
[1469/1591] Compiling CryptoExtras VOPRF+API.swift
[1470/1591] Compiling CryptoExtras VOPRFClient.swift
[1471/1591] Compiling CryptoExtras VOPRFServer.swift
[1472/1591] Compiling CryptoExtras ThreadOps.swift
[1473/1591] Compiling CryptoExtras ThreadPosix.swift
[1474/1591] Compiling CryptoExtras ThreadSpecific.swift
[1475/1591] Compiling CryptoExtras ThreadWindows.swift
[1476/1591] Compiling CryptoExtras DLEQ.swift
[1477/1591] Compiling CryptoExtras Prover.swift
[1478/1591] Compiling CryptoExtras Verifier.swift
[1479/1591] Compiling CryptoExtras ZKPToolbox.swift
[1489/1591] Compiling CryptoExtras AES_CBC.swift
[1490/1591] Compiling CryptoExtras AES_CFB.swift
[1491/1591] Compiling CryptoExtras AES_CTR.swift
[1492/1591] Compiling CryptoExtras AES_GCM_SIV.swift
[1493/1591] Compiling CryptoExtras Block Function.swift
[1494/1591] Compiling CryptoExtras AES_CBC_boring.swift
[1495/1591] Compiling CryptoExtras AES_CFB_boring.swift
[1496/1591] Compiling CryptoExtras AES_CTR_boring.swift
[1497/1591] Compiling CryptoExtras AES_GCM_SIV_boring.swift
[1498/1591] Compiling CryptoExtras CMAC.swift
[1499/1591] Compiling CryptoExtras ARC+API.swift
[1500/1591] Compiling CryptoExtras ARC.swift
[1501/1591] Compiling CryptoExtras ARCCredential.swift
[1502/1591] Compiling CryptoExtras ARCEncoding.swift
[1503/1591] Compiling CryptoExtras ARCPrecredential.swift
[1504/1591] Compiling CryptoExtras ARCPresentation.swift
[1505/1591] Compiling CryptoExtras ARCRequest.swift
[1506/1591] Compiling CryptoExtras ARCResponse.swift
[1507/1593] Wrapping AST for CryptoExtras for debugging
[1509/1594] Compiling _CryptoExtras Exports.swift
[1510/1594] Emitting module _CryptoExtras
[1511/1595] Wrapping AST for _CryptoExtras for debugging
[1513/1690] Compiling X509 AuthorityKeyIdentifier.swift
[1514/1690] Compiling X509 BasicConstraints.swift
[1515/1690] Compiling X509 ExtendedKeyUsage.swift
[1516/1690] Compiling X509 ExtensionIdentifiers.swift
[1517/1690] Compiling X509 KeyUsage.swift
[1518/1690] Compiling X509 CMSIssuerAndSerialNumber.swift
[1519/1690] Compiling X509 CMSOperations.swift
[1520/1690] Compiling X509 CMSSignature.swift
[1521/1690] Compiling X509 CMSSignedData.swift
[1522/1690] Compiling X509 DNBuilder.swift
[1523/1690] Compiling X509 NameConstraints.swift
[1524/1690] Compiling X509 SubjectAlternativeName.swift
[1525/1690] Compiling X509 SubjectKeyIdentifier.swift
[1526/1690] Compiling X509 Extension.swift
[1527/1690] Compiling X509 Extensions.swift
[1528/1690] Compiling X509 ExtensionsBuilder.swift
[1529/1690] Compiling X509 GeneralName.swift
[1530/1690] Compiling X509 Lock.swift
[1531/1690] Emitting module NIOCore
[1532/1707] Wrapping AST for NIOCore for debugging
[1534/1748] Compiling NIOFoundationEssentialsCompat Codable+ByteBuffer.swift
[1535/1748] Emitting module NIOEmbedded
[1536/1748] Compiling NIOEmbedded AsyncTestingEventLoop.swift
[1537/1748] Compiling NIOEmbedded AsyncTestingChannel.swift
[1538/1748] Compiling NIOFoundationEssentialsCompat ByteBuffer-foundation.swift
[1539/1748] Emitting module NIOFoundationEssentialsCompat
[1540/1749] Wrapping AST for NIOFoundationEssentialsCompat for debugging
[1542/1749] Compiling NIOPosix BSDSocketAPICommon.swift
[1543/1749] Compiling NIOPosix BSDSocketAPIPosix.swift
[1544/1749] Compiling NIOPosix BSDSocketAPIWindows.swift
[1545/1749] Compiling NIOPosix BaseSocket.swift
[1546/1749] Compiling NIOPosix BaseSocketChannel+AccessibleTransport.swift
[1547/1749] Compiling NIOPosix BaseSocketChannel+SocketOptionProvider.swift
[1548/1749] Compiling NIOPosix BaseSocketChannel.swift
[1549/1749] Compiling NIOPosix BaseStreamSocketChannel.swift
[1550/1749] Compiling NIOPosix Bootstrap.swift
[1551/1749] Compiling NIOPosix ControlMessage.swift
[1552/1749] Compiling NIOPosix DatagramVectorReadManager.swift
[1553/1749] Compiling NIOPosix Errors+Any.swift
[1554/1749] Compiling NIOPosix FileDescriptor.swift
[1555/1749] Compiling NIOPosix GetaddrinfoResolver.swift
[1556/1762] Compiling X509 OneOfPolicies.swift
[1557/1762] Compiling X509 PolicyBuilder.swift
[1558/1762] Compiling X509 BasicConstraintsPolicy.swift
[1559/1762] Compiling X509 DNSNames.swift
[1560/1762] Compiling X509 ExpiryPolicy.swift
[1561/1762] Compiling X509 IPConstraints.swift
[1562/1762] Compiling X509 NameConstraintsPolicy.swift
[1563/1762] Compiling X509 RFC5280Policy.swift
[1564/1762] Compiling X509 URIConstraints.swift
[1565/1762] Compiling X509 VersionPolicy.swift
[1566/1762] Compiling X509 ServerIdentityPolicy.swift
[1567/1762] Compiling X509 TrustRootLoading.swift
[1568/1762] Compiling X509 UnverifiedChain.swift
[1569/1762] Compiling X509 PKCS8PrivateKey.swift
[1570/1762] Compiling X509 PromiseAndFuture.swift
[1571/1762] Compiling X509 RDNAttribute.swift
[1572/1762] Compiling X509 RandomNumberGenerator+bytes.swift
[1573/1762] Compiling X509 RelativeDistinguishedName.swift
[1574/1762] Compiling X509 SEC1PrivateKey.swift
[1575/1762] Compiling X509 SecKeyWrapper.swift
[1576/1762] Compiling X509 Signature.swift
[1577/1762] Compiling X509 SignatureAlgorithm.swift
[1578/1762] Compiling X509 AllOfPolicies.swift
[1579/1762] Compiling X509 AnyPolicy.swift
[1580/1762] Compiling X509 CertificateStore.swift
[1581/1762] Compiling X509 CustomCertificateStore.swift
[1582/1762] Compiling NIOEmbedded Embedded.swift
[1583/1763] Wrapping AST for NIOEmbedded for debugging
[1585/1763] Compiling X509 OCSPExtensionID.swift
[1586/1763] Compiling X509 OCSPNonce.swift
[1587/1763] Compiling X509 OCSPPolicy.swift
[1588/1763] Compiling X509 OCSPRequest.swift
[1589/1763] Compiling X509 OCSPResponse.swift
[1590/1763] Compiling X509 OCSPResponseBytes.swift
[1591/1763] Compiling X509 OCSPResponseData.swift
[1592/1763] Compiling X509 OCSPResponseStatus.swift
[1593/1763] Compiling X509 OCSPSignature.swift
[1594/1763] Compiling X509 OCSPSingleRequest.swift
[1595/1763] Compiling X509 OCSPSingleResponse.swift
[1596/1763] Compiling X509 OCSPTBSRequest.swift
[1597/1763] Compiling X509 OCSPVersion.swift
[1598/1763] Compiling NIOPosix Selectable.swift
[1599/1763] Compiling NIOPosix SelectableChannel.swift
[1600/1763] Compiling NIOPosix SelectableEventLoop.swift
[1601/1763] Compiling NIOPosix SelectorEpoll.swift
[1602/1763] Compiling NIOPosix SelectorGeneric.swift
[1603/1763] Compiling NIOPosix SelectorKqueue.swift
[1604/1763] Compiling NIOPosix SelectorUring.swift
[1605/1763] Compiling NIOPosix PipeChannel.swift
[1606/1763] Compiling NIOPosix PipePair.swift
[1607/1763] Compiling NIOPosix Pool.swift
[1608/1763] Compiling NIOPosix PosixSingletons+ConcurrencyTakeOver.swift
[1609/1763] Compiling NIOPosix PosixSingletons.swift
[1610/1763] Compiling NIOPosix RawSocketBootstrap.swift
[1611/1763] Compiling NIOPosix Resolver.swift
[1612/1763] Compiling NIOPosix SelectorWSAPoll.swift
[1613/1763] Compiling NIOPosix ServerSocket.swift
[1614/1763] Compiling NIOPosix Socket.swift
[1615/1763] Compiling NIOPosix SocketChannel.swift
[1616/1763] Compiling NIOPosix SocketProtocols.swift
[1617/1763] Compiling NIOPosix StructuredConcurrencyHelpers.swift
[1618/1763] Compiling NIOPosix System.swift
[1619/1763] Compiling X509 CertificatePublicKey.swift
[1620/1763] Compiling X509 CertificateSerialNumber.swift
[1621/1763] Compiling X509 CertificateVersion.swift
[1622/1763] Compiling X509 CMSAttribute.swift
[1623/1763] Compiling X509 CMSContentInfo.swift
[1624/1763] Compiling X509 CMSEncapsulatedContentInfo.swift
[1625/1763] Compiling NIOPosix MultiThreadedEventLoopGroup.swift
[1626/1763] Compiling NIOPosix NIOPosixSendableMetatype.swift
[1627/1763] Compiling NIOPosix NIORandomizedDNSResolver.swift
[1628/1763] Compiling NIOPosix NIOThreadPool.swift
[1629/1763] Compiling NIOPosix NonBlockingFileIO.swift
[1630/1763] Compiling NIOPosix PendingDatagramWritesManager.swift
[1631/1763] Compiling NIOPosix PendingWritesManager.swift
[1632/1763] Compiling NIOPosix HappyEyeballs.swift
[1633/1763] Compiling NIOPosix IO.swift
[1634/1763] Compiling NIOPosix IntegerBitPacking.swift
[1635/1763] Compiling NIOPosix IntegerTypes.swift
[1636/1763] Compiling NIOPosix Linux.swift
[1637/1763] Compiling NIOPosix LinuxCPUSet.swift
[1638/1763] Compiling NIOPosix LinuxUring.swift
[1653/1770] Emitting module NIOPosix
[1668/1770] Emitting module X509
[1669/1770] Compiling NIOPosix Thread.swift
[1670/1770] Compiling NIOPosix ThreadPosix.swift
[1671/1770] Compiling NIOPosix ThreadWindows.swift
[1672/1770] Compiling NIOPosix Utilities.swift
[1673/1770] Compiling NIOPosix VsockAddress.swift
[1674/1770] Compiling NIOPosix VsockChannelEvents.swift
[1675/1770] Compiling NIOPosix Windows.swift
[1697/1771] Wrapping AST for NIOPosix for debugging
[1699/1773] Emitting module NIO
[1700/1773] Compiling NIO Exports.swift
[1701/1802] Wrapping AST for NIO for debugging
[1703/1813] Compiling X509 ValidatedCertificateChain.swift
[1704/1813] Compiling X509 VerificationDiagnostic.swift
[1705/1813] Compiling X509 Verifier.swift
[1706/1813] Compiling X509 VerifierPolicy.swift
[1707/1813] Compiling X509 AlgorithmIdentifier.swift
[1708/1813] Compiling X509 ECDSASignature.swift
[1709/1813] Compiling X509 RSAPKCS1PublicKey.swift
[1710/1813] Compiling X509 SubjectPublicKeyInfo.swift
[1711/1813] Compiling X509 TBSCertificate.swift
[1712/1813] Compiling X509 Time.swift
[1713/1813] Compiling X509 TimeCalculations.swift
[1714/1813] Compiling X509 Validity.swift
[1715/1813] Compiling X509 X509SendableMetatype.swift
[1717/1814] Compiling NIOFoundationCompat Exports.swift
[1718/1814] Compiling NIOFoundationCompat JSONSerialization+ByteBuffer.swift
[1719/1814] Compiling NIOFoundationCompat WaitSpinningRunLoop.swift
[1720/1814] Compiling NIOTLS TLSEvents.swift
[1721/1814] Emitting module NIOFoundationCompat
[1723/1815] Compiling NIOSOCKS SelectedAuthenticationMethod.swift
[1724/1815] Compiling NIOSOCKS ClientStateMachine.swift
[1725/1815] Emitting module NIOSOCKS
[1726/1816] Compiling NIOTLS ProtocolNegotiationHandlerStateMachine.swift
[1727/1816] Compiling NIOTLS ApplicationProtocolNegotiationHandler.swift
[1728/1816] Compiling NIOTLS NIOTypedApplicationProtocolNegotiationHandler.swift
[1729/1816] Emitting module NIOTLS
[1729/1816] Wrapping AST for X509 for debugging
[1731/1816] Compiling NIOSOCKS SOCKSResponse.swift
[1732/1816] Compiling NIOSOCKS Errors.swift
[1733/1816] Compiling NIOSOCKS Helpers.swift
[1733/1822] Wrapping AST for NIOFoundationCompat for debugging
[1735/1883] Compiling JWTKit IDClaim.swift
[1736/1883] Compiling JWTKit IssuedAtClaim.swift
[1737/1883] Compiling JWTKit AudienceClaim.swift
[1738/1883] Compiling JWTKit BoolClaim.swift
[1739/1883] Compiling NIOSOCKS ServerStateMachine.swift
[1740/1883] Compiling JWTKit IssuerClaim.swift
[1741/1883] Compiling JWTKit JWTClaim.swift
[1742/1883] Compiling NIOTLS SNIHandler.swift
[1743/1885] Compiling JWTKit GoogleHostedDomainClaim.swift
[1747/1887] Compiling JWTKit ECDSA.swift
[1748/1887] Compiling JWTKit ECDSACurve.swift
[1748/1892] Wrapping AST for NIOSOCKS for debugging
[1749/1900] Wrapping AST for NIOTLS for debugging
[1751/1917] Compiling NIOSSL IdentityVerification.swift
[1752/1917] Compiling NIOSSL SSLCertificate.swift
[1753/1917] Compiling JWTKit JWTSerializer.swift
[1754/1917] Compiling JWTKit JWTSigner.swift
[1755/1917] Compiling JWTKit JWTKeyCollection+MLDSA.swift
[1756/1917] Compiling JWTKit MLDSA.swift
[1757/1917] Compiling JWTKit MLDSA65+MLDSAKey.swift
[1758/1917] Compiling JWTKit MLDSA87+MLDSAKey.swift
[1759/1917] Compiling JWTKit MLDSAError.swift
[1760/1917] Compiling JWTKit MLDSAKey.swift
[1761/1917] Compiling JWTKit MLDSASigner.swift
[1762/1926] Compiling JWTKit MLDSAType.swift
[1763/1926] Compiling JWTKit JWTKeyCollection+UnsecuredNone.swift
[1764/1926] Compiling JWTKit UnsecuredNoneSigner.swift
[1765/1926] Compiling JWTKit JWTKeyCollection+RSA.swift
[1766/1926] Compiling JWTKit RSA.swift
[1767/1926] Compiling JWTKit RSAError.swift
[1768/1926] Compiling JWTKit RSASigner.swift
[1769/1926] Compiling JWTKit Base64URL.swift
[1770/1926] Compiling JWTKit CryptoSigner.swift
[1771/1926] Emitting module JWTKit
[1772/1926] Compiling NIOSSL LinuxCABundle.swift
[1773/1926] Compiling NIOSSL NIOSSLClientHandler.swift
[1774/1926] Compiling NIOSSL NIOSSLHandler+Configuration.swift
[1775/1926] Compiling NIOSSL NIOSSLHandler.swift
[1776/1926] Compiling NIOSSL NIOSSLServerHandler.swift
[1777/1926] Compiling NIOSSL ObjectIdentifier.swift
[1778/1926] Compiling NIOSSL PosixPort.swift
[1779/1926] Compiling NIOSSL SSLCallbacks.swift
[1780/1926] Compiling NIOSSL AndroidCABundle.swift
[1781/1926] Compiling NIOSSL ByteBufferBIO.swift
[1782/1926] Compiling NIOSSL SSLConnection.swift
[1783/1926] Compiling NIOSSL SSLContext.swift
[1787/1926] Compiling NIOSSL CustomPrivateKey.swift
[1788/1926] Compiling NIOSSL FreeBSDCABundle.swift
[1791/1926] Compiling NIOSSL SSLPKCS12Bundle.swift
[1792/1926] Compiling NIOSSL SSLPrivateKey.swift
[1793/1926] Compiling NIOSSL SSLPublicKey.swift
[1794/1926] Compiling NIOSSL SecurityFrameworkCertificateVerification.swift
[1795/1926] Compiling NIOSSL String+unsafeUninitializedCapacity.swift
[1796/1926] Compiling NIOSSL SubjectAlternativeName.swift
[1797/1926] Compiling NIOSSL NIOSSLSecureBytes.swift
[1798/1926] Compiling NIOSSL RNG.swift
[1799/1926] Compiling NIOSSL SafeCompare.swift
[1803/1926] Emitting module NIOHTTP1
[1809/1927] Compiling NIOSSL SSLCertificateExtensions.swift
[1810/1927] Compiling NIOSSL SSLCertificateName.swift
[1813/1927] Compiling NIOSSL SSLErrors.swift
[1814/1927] Compiling NIOSSL SSLInit.swift
[1815/1927] Compiling JWTKit JWTAlgorithm.swift
[1816/1927] Compiling JWTKit JWTError.swift
[1817/1927] Compiling JWTKit JWTHeader+CommonFields.swift
[1818/1927] Compiling JWTKit JWTHeader.swift
[1819/1927] Compiling JWTKit JWTHeaderField.swift
[1820/1927] Compiling JWTKit JWTKeyCollection.swift
[1821/1927] Compiling JWTKit JWTParser+MandatoryVerificationFields.swift
[1822/1927] Compiling JWTKit JWTParser.swift
[1823/1927] Compiling JWTKit JWTPayload.swift
[1824/1927] Compiling JWTKit ECDSASigningAlgorithm.swift
[1825/1927] Compiling JWTKit JWTKeyCollection+ECDSA.swift
[1826/1927] Compiling JWTKit P256+CurveType.swift
[1827/1927] Compiling JWTKit P384+CurveType.swift
[1828/1927] Compiling JWTKit P521+CurveType.swift
[1829/1927] Compiling JWTKit EdDSA.swift
[1830/1927] Compiling JWTKit EdDSACurve.swift
[1831/1927] Compiling JWTKit EdDSAError.swift
[1832/1927] Compiling JWTKit EdDSASigner.swift
[1833/1927] Compiling JWTKit JWTKeyCollection+EdDSA.swift
[1833/1927] Wrapping AST for NIOHTTP1 for debugging
[1835/1944] Emitting module NIOSSL
[1836/1948] Compiling JWTKit CustomizedJSONCoders.swift
[1837/1948] Compiling JWTKit Utilities.swift
[1838/1948] Compiling JWTKit AppleIdentityToken.swift
[1839/1948] Compiling JWTKit FirebaseAuthIdentityToken.swift
[1840/1948] Compiling JWTKit GoogleIdentityToken.swift
[1841/1948] Compiling JWTKit MicrosoftIdentityToken.swift
[1842/1948] Compiling JWTKit EmptyPolicy.swift
[1843/1948] Compiling JWTKit ValidationTimePayload.swift
[1844/1948] Compiling JWTKit X5CVerifier.swift
[1845/1948] Compiling NIOHTTPCompression HTTPDecompressor.swift
[1846/1948] Compiling NIOHPACK DynamicHeaderTable.swift
[1847/1948] Compiling NIOHPACK HPACKDecoder.swift
[1848/1948] Compiling NIOHPACK HPACKEncoder.swift
[1849/1948] Compiling NIOHPACK HPACKErrors.swift
[1851/1949] Compiling NIOHPACK IndexedHeaderTable.swift
[1852/1949] Compiling NIOHPACK IntegerCoding.swift
[1853/1950] Emitting module NIOHTTPCompression
[1854/1950] Compiling NIOHTTPCompression HTTPCompression.swift
[1855/1950] Compiling NIOHTTPCompression HTTPResponseCompressor.swift
[1856/1950] Compiling NIOHTTPCompression HTTPDecompression.swift
[1859/1950] Compiling NIOHTTPCompression HTTPRequestCompressor.swift
[1860/1951] Compiling NIOHPACK HuffmanTables.swift
[1861/1951] Compiling NIOHPACK HuffmanCoding.swift
[1869/1951] Wrapping AST for JWTKit for debugging
[1871/1951] Wrapping AST for NIOHTTPCompression for debugging
[1873/1951] Emitting module NIOHPACK
[1874/1951] Compiling NIOHPACK StaticHeaderTable.swift
[1880/1951] Compiling NIOHPACK HPACKHeader.swift
[1881/1951] Compiling NIOHPACK HeaderTables.swift
[1888/1952] Wrapping AST for NIOHPACK for debugging
[1890/2015] Compiling NIOHTTP2 QuiescingState.swift
[1891/2015] Compiling NIOHTTP2 RemotelyQuiescingState.swift
[1892/2015] Compiling NIOHTTP2 SendAndReceiveGoawayState.swift
[1893/2015] Compiling NIOHTTP2 StateMachineResult.swift
[1894/2015] Compiling NIOHTTP2 ContentLengthVerifier.swift
[1895/2015] Compiling NIOHTTP2 DOSHeuristics.swift
[1896/2015] Compiling NIOHTTP2 Error+Any.swift
[1897/2015] Compiling NIOHTTP2 ConcurrentStreamBuffer.swift
[1898/2015] Compiling NIOHTTP2 HTTP2CommonInboundStreamMultiplexer.swift
[1899/2015] Compiling NIOHTTP2 HTTP2ConnectionStateChange.swift
[1900/2015] Compiling NIOHTTP2 HTTP2Error.swift
[1901/2015] Compiling NIOHTTP2 HTTP2ErrorCode.swift
[1902/2016] Wrapping AST for NIOSSL for debugging
[1904/2016] Emitting module NIOHTTP2
[1905/2024] Compiling NIOHTTP2 HTTP2StreamMultiplexer.swift
[1906/2024] Compiling NIOHTTP2 HTTP2ToHTTP1Codec.swift
[1907/2024] Compiling NIOHTTP2 HTTP2UserEvents.swift
[1908/2024] Compiling NIOHTTP2 InboundEventBuffer.swift
[1909/2024] Compiling NIOHTTP2 InboundWindowManager.swift
[1910/2024] Compiling NIOHTTP2 MultiplexerAbstractChannel.swift
[1911/2024] Compiling NIOHTTP2 NIOHTTP2FrameDelegate.swift
[1912/2024] Compiling NIOHTTP2 NIOHTTP2ServerConnectionManagementHandler+StateMachine.swift
[1913/2024] Compiling NIOHTTP2 MaySendFrames.swift
[1914/2024] Compiling NIOHTTP2 SendingDataState.swift
[1915/2024] Compiling NIOHTTP2 SendingGoawayState.swift
[1916/2024] Compiling NIOHTTP2 SendingHeadersState.swift
[1917/2024] Compiling NIOHTTP2 SendingPushPromiseState.swift
[1918/2024] Compiling NIOHTTP2 SendingRstStreamState.swift
[1919/2024] Compiling NIOHTTP2 SendingWindowUpdateState.swift
[1920/2024] Compiling NIOHTTP2 HTTP2SettingsState.swift
[1921/2024] Compiling NIOHTTP2 HasExtendedConnectSettings.swift
[1922/2024] Compiling NIOHTTP2 ConnectionStateMachine.swift
[1923/2024] Compiling NIOHTTP2 ConnectionStreamsState.swift
[1924/2024] Compiling NIOHTTP2 MayReceiveFrames.swift
[1925/2024] Compiling NIOHTTP2 ReceivingDataState.swift
[1926/2024] Compiling NIOHTTP2 ReceivingGoAwayState.swift
[1927/2024] Compiling NIOHTTP2 ReceivingHeadersState.swift
[1928/2024] Compiling NIOHTTP2 ReceivingPushPromiseState.swift
[1929/2024] Compiling NIOHTTP2 ReceivingRstStreamState.swift
[1930/2024] Compiling NIOHTTP2 ReceivingWindowUpdateState.swift
[1931/2024] Compiling NIOHTTP2 NIOHTTP2ServerConnectionManagementHandler.swift
[1932/2024] Compiling NIOHTTP2 StreamChannelFlowController.swift
[1933/2024] Compiling NIOHTTP2 StreamChannelList.swift
[1934/2024] Compiling NIOHTTP2 StreamMap.swift
[1935/2024] Compiling NIOHTTP2 StreamStateMachine.swift
[1936/2024] Compiling NIOHTTP2 Timer.swift
[1937/2024] Compiling NIOHTTP2 UnsafeTransfer.swift
[1938/2024] Compiling NIOHTTP2 WatermarkedFlowController.swift
[1939/2024] Compiling NIOHTTP2 HTTP2FrameParser.swift
[1940/2024] Compiling NIOHTTP2 HTTP2PingData.swift
[1941/2024] Compiling NIOHTTP2 HTTP2PipelineHelpers.swift
[1942/2024] Compiling NIOHTTP2 HTTP2Settings.swift
[1943/2024] Compiling NIOHTTP2 HTTP2Stream.swift
[1944/2024] Compiling NIOHTTP2 HTTP2StreamChannel+OutboundStreamMultiplexer.swift
[1945/2024] Compiling NIOHTTP2 HTTP2StreamChannel.swift
[1946/2024] Compiling NIOHTTP2 HTTP2StreamDelegate.swift
[1947/2024] Compiling NIOHTTP2 HTTP2StreamID.swift
[1951/2024] Compiling NIOHTTP2 ControlFrameBuffer.swift
[1952/2024] Compiling NIOHTTP2 OutboundFlowControlBuffer.swift
[1953/2024] Compiling NIOHTTP2 OutboundFrameBuffer.swift
[1954/2024] Compiling NIOHTTP2 GlitchesMonitor.swift
[1955/2024] Compiling NIOHTTP2 HPACKHeaders+Validation.swift
[1956/2024] Compiling NIOHTTP2 HTTP2ChannelHandler+InboundStreamMultiplexer.swift
[1957/2024] Compiling NIOHTTP2 HTTP2ChannelHandler+InlineStreamMultiplexer.swift
[1958/2024] Compiling NIOHTTP2 HTTP2ChannelHandler.swift
[1963/2024] Compiling NIOHTTP2 HTTP2FlowControlWindow.swift
[1964/2024] Compiling NIOHTTP2 HTTP2Frame.swift
[1965/2024] Compiling NIOHTTP2 HTTP2FrameEncoder.swift
[1966/2024] Compiling NIOHTTP2 HasFlowControlWindows.swift
[1967/2024] Compiling NIOHTTP2 HasLocalSettings.swift
[1968/2024] Compiling NIOHTTP2 HasRemoteSettings.swift
[1969/2024] Compiling NIOHTTP2 LocallyQuiescingState.swift
[1975/2025] Wrapping AST for NIOHTTP2 for debugging
[1977/2089] Emitting module AsyncHTTPClient
[1978/2097] Compiling AsyncHTTPClient RequestValidation.swift
[1979/2097] Compiling AsyncHTTPClient SSLContextCache.swift
[1980/2097] Compiling AsyncHTTPClient Scheme.swift
[1981/2097] Compiling AsyncHTTPClient Singleton.swift
[1982/2097] Compiling AsyncHTTPClient StringConvertibleInstances.swift
[1983/2097] Compiling AsyncHTTPClient StructuredConcurrencyHelpers.swift
[1984/2097] Compiling AsyncHTTPClient TracingSupport.swift
[1985/2097] Compiling AsyncHTTPClient Utils.swift
[1986/2097] Compiling AsyncHTTPClient AnyAsyncSequence.swift
[1987/2097] Compiling AsyncHTTPClient AnyAsyncSequenceProucerDelete.swift
[1988/2097] Compiling AsyncHTTPClient AsyncLazySequence.swift
[1989/2097] Compiling AsyncHTTPClient HTTPClient+execute.swift
[1990/2097] Compiling AsyncHTTPClient HTTPClient+shutdown.swift
[1991/2097] Compiling AsyncHTTPClient HTTPClient+tracing.swift
[1992/2097] Compiling AsyncHTTPClient HTTPClientRequest+Prepared.swift
[1993/2097] Compiling AsyncHTTPClient HTTPClientRequest+auth.swift
[1994/2097] Compiling AsyncHTTPClient HTTPClientRequest.swift
[1995/2097] Compiling AsyncHTTPClient HTTP1ProxyConnectHandler.swift
[1996/2097] Compiling AsyncHTTPClient SOCKSEventsHandler.swift
[1997/2097] Compiling AsyncHTTPClient TLSEventsHandler.swift
[1998/2097] Compiling AsyncHTTPClient HTTP1ClientChannelHandler.swift
[1999/2097] Compiling AsyncHTTPClient HTTP1Connection.swift
[2000/2097] Compiling AsyncHTTPClient HTTP1ConnectionStateMachine.swift
[2001/2097] Compiling AsyncHTTPClient HTTP2ClientRequestHandler.swift
[2002/2097] Compiling AsyncHTTPClient HTTP2Connection.swift
[2003/2097] Compiling AsyncHTTPClient HTTP2IdleHandler.swift
[2004/2097] Compiling AsyncHTTPClient RequestOptions.swift
[2005/2097] Compiling AsyncHTTPClient HTTPConnectionPool+Backoff.swift
[2006/2097] Compiling AsyncHTTPClient HTTPConnectionPool+HTTP1Connections.swift
[2007/2097] Compiling AsyncHTTPClient HTTPConnectionPool+HTTP1StateMachine.swift
[2008/2097] Compiling AsyncHTTPClient HTTPConnectionPool+HTTP2Connections.swift
[2009/2097] Compiling AsyncHTTPClient HTTPConnectionPool+HTTP2StateMachine.swift
[2010/2097] Compiling AsyncHTTPClient HTTPConnectionPool+RequestQueue.swift
[2011/2097] Compiling AsyncHTTPClient HTTPConnectionPool+StateMachine.swift
[2012/2097] Compiling AsyncHTTPClient ConnectionTarget.swift
[2013/2097] Compiling AsyncHTTPClient HTTPConnectionEvent.swift
[2014/2097] Compiling AsyncHTTPClient HTTPConnectionPool+Factory.swift
[2015/2097] Compiling AsyncHTTPClient HTTPConnectionPool+Manager.swift
[2016/2097] Compiling AsyncHTTPClient HTTPConnectionPool.swift
[2017/2097] Compiling AsyncHTTPClient HTTPExecutableRequest.swift
[2018/2097] Compiling AsyncHTTPClient HTTPRequestStateMachine+Demand.swift
[2019/2097] Compiling AsyncHTTPClient HTTPRequestStateMachine.swift
[2020/2097] Compiling AsyncHTTPClient RequestBodyLength.swift
[2021/2097] Compiling AsyncHTTPClient RequestFramingMetadata.swift
[2022/2097] Compiling AsyncHTTPClient DeconstructedURL.swift
[2023/2097] Compiling AsyncHTTPClient FileDownloadDelegate.swift
[2024/2097] Compiling AsyncHTTPClient FoundationExtensions.swift
[2025/2097] Compiling AsyncHTTPClient HTTPClient+HTTPCookie.swift
[2026/2097] Compiling AsyncHTTPClient HTTPClient+Proxy.swift
[2027/2097] Compiling AsyncHTTPClient HTTPClient+StructuredConcurrency.swift
[2028/2097] Compiling AsyncHTTPClient HTTPClient.swift
[2029/2097] Compiling AsyncHTTPClient HTTPClientConfiguration+SwiftConfiguration.swift
[2030/2097] Compiling AsyncHTTPClient HTTPHandler.swift
[2031/2097] Compiling AsyncHTTPClient HTTPClientResponse.swift
[2032/2097] Compiling AsyncHTTPClient SingleIteratorPrecondition.swift
[2033/2097] Compiling AsyncHTTPClient Transaction+StateMachine.swift
[2034/2097] Compiling AsyncHTTPClient Transaction.swift
[2035/2097] Compiling AsyncHTTPClient Base64.swift
[2036/2097] Compiling AsyncHTTPClient BasicAuth.swift
[2037/2097] Compiling AsyncHTTPClient BestEffortHashableTLSConfiguration.swift
[2038/2097] Compiling AsyncHTTPClient Configuration+BrowserLike.swift
[2039/2097] Compiling AsyncHTTPClient ConnectionPool.swift
[2040/2097] Compiling AsyncHTTPClient LRUCache.swift
[2041/2097] Compiling AsyncHTTPClient NIOLoopBound+Execute.swift
[2042/2097] Compiling AsyncHTTPClient NWErrorHandler.swift
[2043/2097] Compiling AsyncHTTPClient NWWaitingHandler.swift
[2044/2097] Compiling AsyncHTTPClient TLSConfiguration.swift
[2045/2097] Compiling AsyncHTTPClient RedirectState.swift
[2046/2097] Compiling AsyncHTTPClient RequestBag+StateMachine.swift
[2047/2097] Compiling AsyncHTTPClient RequestBag+Tracing.swift
[2048/2097] Compiling AsyncHTTPClient RequestBag.swift
[2049/2098] Wrapping AST for AsyncHTTPClient for debugging
[2051/2121] Compiling GoogleAuth SubjectTokenProvider.swift
[2052/2121] Compiling GoogleAuth MDSAccessTokenProvider.swift
[2053/2121] Compiling GoogleAuth MDSCredentials.swift
[2054/2124] Compiling GoogleAuth AnonymousCredentials.swift
[2055/2124] Compiling GoogleAuth ApiKeyCredentials.swift
[2056/2124] Compiling GoogleAuth ExternalAccountCredentials.swift
[2057/2124] Compiling GoogleAuth CredentialParserRegistry.swift
[2058/2124] Compiling GoogleAuth Credentials.swift
[2059/2124] Compiling GoogleAuth CredentialsError.swift
[2060/2124] Compiling GoogleAuth ADC.swift
[2061/2124] Compiling GoogleAuth ADCPath.swift
[2062/2124] Compiling GoogleAuth ADCResolver.swift
[2063/2124] Compiling GoogleAuth AuthHeaders.swift
[2064/2124] Emitting module GoogleAuth
[2065/2124] Compiling GoogleAuth UserAccountData.swift
[2066/2124] Compiling GoogleAuth UserAccountTokenProvider.swift
[2067/2124] Compiling GoogleAuth UserCredentials.swift
[2068/2124] Compiling GoogleAuth ServiceAccountCredentials.swift
[2069/2124] Compiling GoogleAuth ServiceAccountData.swift
[2070/2124] Compiling GoogleAuth ServiceAccountTokenProvider.swift
[2071/2124] Compiling GoogleAuth AuthHTTPClient.swift
[2072/2124] Compiling GoogleAuth AuthHTTPError.swift
[2073/2124] Compiling GoogleAuth RetryEngine.swift
[2074/2124] Compiling GoogleAuth STSHandler.swift
[2075/2124] Compiling GoogleAuth TokenCache.swift
[2076/2124] Compiling GoogleAuth PackageVersion.swift
[2077/2125] Wrapping AST for GoogleAuth for debugging
[2079/2183] Compiling GoogleGax Pagination.swift
/host/spi-builder-workspace/.build/checkouts/swift-google-gax/Sources/GoogleGax/Pagination.swift:44:22: error: cannot convert '@Sendable (String) async throws -> (response: ResponseType, items: [Item], nextToken: String)' to 'nonisolated(nonsending) @Sendable (String) async throws -> (response: ResponseType, items: [Item], nextToken: String)' because crossing of an isolation boundary requires parameter and result types to conform to 'Sendable' protocol
42 | ) where ResponseType: _PaginatedResponse<Item> {
43 | self.initialPageToken = initialPageToken ?? ""
44 | self.fetchPage = { token in
| |- error: cannot convert '@Sendable (String) async throws -> (response: ResponseType, items: [Item], nextToken: String)' to 'nonisolated(nonsending) @Sendable (String) async throws -> (response: ResponseType, items: [Item], nextToken: String)' because crossing of an isolation boundary requires parameter and result types to conform to 'Sendable' protocol
| `- note: type 'Item' does not conform to 'Sendable' protocol
45 | let response = try await listRpc(token)
46 | return (response, response._getPaginatedItems(), response._nextPageToken())
[2080/2183] Compiling GoogleGax PollingBackoffPolicy.swift
/host/spi-builder-workspace/.build/checkouts/swift-google-gax/Sources/GoogleGax/Pagination.swift:44:22: error: cannot convert '@Sendable (String) async throws -> (response: ResponseType, items: [Item], nextToken: String)' to 'nonisolated(nonsending) @Sendable (String) async throws -> (response: ResponseType, items: [Item], nextToken: String)' because crossing of an isolation boundary requires parameter and result types to conform to 'Sendable' protocol
42 | ) where ResponseType: _PaginatedResponse<Item> {
43 | self.initialPageToken = initialPageToken ?? ""
44 | self.fetchPage = { token in
| |- error: cannot convert '@Sendable (String) async throws -> (response: ResponseType, items: [Item], nextToken: String)' to 'nonisolated(nonsending) @Sendable (String) async throws -> (response: ResponseType, items: [Item], nextToken: String)' because crossing of an isolation boundary requires parameter and result types to conform to 'Sendable' protocol
| `- note: type 'Item' does not conform to 'Sendable' protocol
45 | let response = try await listRpc(token)
46 | return (response, response._getPaginatedItems(), response._nextPageToken())
[2081/2183] Compiling GoogleGax PollingErrorPolicy.swift
/host/spi-builder-workspace/.build/checkouts/swift-google-gax/Sources/GoogleGax/Pagination.swift:44:22: error: cannot convert '@Sendable (String) async throws -> (response: ResponseType, items: [Item], nextToken: String)' to 'nonisolated(nonsending) @Sendable (String) async throws -> (response: ResponseType, items: [Item], nextToken: String)' because crossing of an isolation boundary requires parameter and result types to conform to 'Sendable' protocol
42 | ) where ResponseType: _PaginatedResponse<Item> {
43 | self.initialPageToken = initialPageToken ?? ""
44 | self.fetchPage = { token in
| |- error: cannot convert '@Sendable (String) async throws -> (response: ResponseType, items: [Item], nextToken: String)' to 'nonisolated(nonsending) @Sendable (String) async throws -> (response: ResponseType, items: [Item], nextToken: String)' because crossing of an isolation boundary requires parameter and result types to conform to 'Sendable' protocol
| `- note: type 'Item' does not conform to 'Sendable' protocol
45 | let response = try await listRpc(token)
46 | return (response, response._getPaginatedItems(), response._nextPageToken())
[2082/2183] Compiling GoogleGax PollingResult.swift
/host/spi-builder-workspace/.build/checkouts/swift-google-gax/Sources/GoogleGax/Pagination.swift:44:22: error: cannot convert '@Sendable (String) async throws -> (response: ResponseType, items: [Item], nextToken: String)' to 'nonisolated(nonsending) @Sendable (String) async throws -> (response: ResponseType, items: [Item], nextToken: String)' because crossing of an isolation boundary requires parameter and result types to conform to 'Sendable' protocol
42 | ) where ResponseType: _PaginatedResponse<Item> {
43 | self.initialPageToken = initialPageToken ?? ""
44 | self.fetchPage = { token in
| |- error: cannot convert '@Sendable (String) async throws -> (response: ResponseType, items: [Item], nextToken: String)' to 'nonisolated(nonsending) @Sendable (String) async throws -> (response: ResponseType, items: [Item], nextToken: String)' because crossing of an isolation boundary requires parameter and result types to conform to 'Sendable' protocol
| `- note: type 'Item' does not conform to 'Sendable' protocol
45 | let response = try await listRpc(token)
46 | return (response, response._getPaginatedItems(), response._nextPageToken())
[2083/2183] Compiling GoogleGax PollingState.swift
/host/spi-builder-workspace/.build/checkouts/swift-google-gax/Sources/GoogleGax/Pagination.swift:44:22: error: cannot convert '@Sendable (String) async throws -> (response: ResponseType, items: [Item], nextToken: String)' to 'nonisolated(nonsending) @Sendable (String) async throws -> (response: ResponseType, items: [Item], nextToken: String)' because crossing of an isolation boundary requires parameter and result types to conform to 'Sendable' protocol
42 | ) where ResponseType: _PaginatedResponse<Item> {
43 | self.initialPageToken = initialPageToken ?? ""
44 | self.fetchPage = { token in
| |- error: cannot convert '@Sendable (String) async throws -> (response: ResponseType, items: [Item], nextToken: String)' to 'nonisolated(nonsending) @Sendable (String) async throws -> (response: ResponseType, items: [Item], nextToken: String)' because crossing of an isolation boundary requires parameter and result types to conform to 'Sendable' protocol
| `- note: type 'Item' does not conform to 'Sendable' protocol
45 | let response = try await listRpc(token)
46 | return (response, response._getPaginatedItems(), response._nextPageToken())
[2084/2183] Compiling GoogleGax ProtobufConversionError.swift
/host/spi-builder-workspace/.build/checkouts/swift-google-gax/Sources/GoogleGax/Pagination.swift:44:22: error: cannot convert '@Sendable (String) async throws -> (response: ResponseType, items: [Item], nextToken: String)' to 'nonisolated(nonsending) @Sendable (String) async throws -> (response: ResponseType, items: [Item], nextToken: String)' because crossing of an isolation boundary requires parameter and result types to conform to 'Sendable' protocol
42 | ) where ResponseType: _PaginatedResponse<Item> {
43 | self.initialPageToken = initialPageToken ?? ""
44 | self.fetchPage = { token in
| |- error: cannot convert '@Sendable (String) async throws -> (response: ResponseType, items: [Item], nextToken: String)' to 'nonisolated(nonsending) @Sendable (String) async throws -> (response: ResponseType, items: [Item], nextToken: String)' because crossing of an isolation boundary requires parameter and result types to conform to 'Sendable' protocol
| `- note: type 'Item' does not conform to 'Sendable' protocol
45 | let response = try await listRpc(token)
46 | return (response, response._getPaginatedItems(), response._nextPageToken())
[2085/2183] Compiling GoogleGax QueryParameter.swift
/host/spi-builder-workspace/.build/checkouts/swift-google-gax/Sources/GoogleGax/Pagination.swift:44:22: error: cannot convert '@Sendable (String) async throws -> (response: ResponseType, items: [Item], nextToken: String)' to 'nonisolated(nonsending) @Sendable (String) async throws -> (response: ResponseType, items: [Item], nextToken: String)' because crossing of an isolation boundary requires parameter and result types to conform to 'Sendable' protocol
42 | ) where ResponseType: _PaginatedResponse<Item> {
43 | self.initialPageToken = initialPageToken ?? ""
44 | self.fetchPage = { token in
| |- error: cannot convert '@Sendable (String) async throws -> (response: ResponseType, items: [Item], nextToken: String)' to 'nonisolated(nonsending) @Sendable (String) async throws -> (response: ResponseType, items: [Item], nextToken: String)' because crossing of an isolation boundary requires parameter and result types to conform to 'Sendable' protocol
| `- note: type 'Item' does not conform to 'Sendable' protocol
45 | let response = try await listRpc(token)
46 | return (response, response._getPaginatedItems(), response._nextPageToken())
[2086/2183] Compiling GoogleGax RequestError.swift
/host/spi-builder-workspace/.build/checkouts/swift-google-gax/Sources/GoogleGax/Pagination.swift:44:22: error: cannot convert '@Sendable (String) async throws -> (response: ResponseType, items: [Item], nextToken: String)' to 'nonisolated(nonsending) @Sendable (String) async throws -> (response: ResponseType, items: [Item], nextToken: String)' because crossing of an isolation boundary requires parameter and result types to conform to 'Sendable' protocol
42 | ) where ResponseType: _PaginatedResponse<Item> {
43 | self.initialPageToken = initialPageToken ?? ""
44 | self.fetchPage = { token in
| |- error: cannot convert '@Sendable (String) async throws -> (response: ResponseType, items: [Item], nextToken: String)' to 'nonisolated(nonsending) @Sendable (String) async throws -> (response: ResponseType, items: [Item], nextToken: String)' because crossing of an isolation boundary requires parameter and result types to conform to 'Sendable' protocol
| `- note: type 'Item' does not conform to 'Sendable' protocol
45 | let response = try await listRpc(token)
46 | return (response, response._getPaginatedItems(), response._nextPageToken())
[2087/2191] Compiling GoogleGax LimitedAttemptCount+PollingErrorPolicy.swift
[2088/2191] Compiling GoogleGax LimitedAttemptCount+RetryPolicy.swift
[2089/2191] Compiling GoogleGax LimitedAttemptCount.swift
[2090/2191] Compiling GoogleGax LimitedElapsedTime+PollingErrorPolicy.swift
[2091/2191] Compiling GoogleGax LimitedElapsedTime+RetryPolicy.swift
[2092/2191] Compiling GoogleGax LimitedElapsedTime.swift
[2093/2191] Compiling GoogleGax LongRunningOperations.swift
[2094/2191] Compiling GoogleGax NeverRetry.swift
[2095/2191] Emitting module GoogleGax
[2096/2191] Compiling GoogleGax RequestOptions.swift
[2097/2191] Compiling GoogleGax RetryLoop.swift
[2098/2191] Compiling GoogleGax RetryPolicy.swift
[2099/2191] Compiling GoogleGax RetryResult.swift
[2100/2191] Compiling GoogleGax RetryState.swift
[2101/2191] Compiling GoogleGax RetryThrottler.swift
[2102/2191] Compiling GoogleGax RetryThrottlerError.swift
[2103/2191] Compiling GoogleGax RoutingMatcher.swift
[2104/2191] Compiling GoogleGax AIP194+PollingErrorPolicy.swift
[2105/2191] Compiling GoogleGax AIP194+RetryPolicy.swift
[2106/2191] Compiling GoogleGax AIP194.swift
[2107/2191] Compiling GoogleGax AdaptiveThrottler.swift
[2108/2191] Compiling GoogleGax AlwaysPoll.swift
[2109/2191] Compiling GoogleGax AlwaysRetry.swift
[2110/2191] Compiling GoogleGax ApiClientHeader.swift
[2111/2191] Compiling GoogleGax BackoffPolicy.swift
[2112/2191] Compiling GoogleGax BasePollingErrorPolicy.swift
[2113/2191] Compiling GoogleGax ContinueOnIO.swift
[2114/2191] Compiling GoogleGax CredentialsProtocol.swift
[2115/2191] Compiling GoogleGax ErrorWrapper.swift
[2116/2191] Compiling GoogleGax ExponentialBackoff+BackoffPolicy.swift
[2117/2191] Compiling GoogleGax ExponentialBackoff+PollingBackoffPolicy.swift
[2118/2191] Compiling GoogleGax ExponentialBackoff.swift
[2119/2191] Compiling GoogleGax HTTPClient.swift
[2120/2191] Compiling GoogleGax HTTPClientHolder.swift
[2121/2191] Compiling GoogleGax BaseRetryPolicy.swift
[2122/2191] Compiling GoogleGax BindingError.swift
[2123/2191] Compiling GoogleGax CRC32C.swift
[2124/2191] Compiling GoogleGax CircuitBreaker.swift
[2125/2191] Compiling GoogleGax ClientError.swift
[2126/2191] Compiling GoogleGax ClientOptions.swift
[2127/2191] Compiling GoogleGax ContinueOnIO+PollingErrorPolicy.swift
[2128/2191] Compiling GoogleGax ContinueOnIO+RetryPolicy.swift
[2129/2191] Compiling GoogleGax HTTPClientProtocol.swift
[2130/2191] Compiling GoogleGax HTTPClientRequest.swift
[2131/2191] Compiling GoogleGax HTTPClientResponse.swift
[2132/2191] Compiling GoogleGax HTTPHeaders.swift
[2133/2191] Compiling GoogleGax HTTPResponseBody.swift
[2134/2191] Compiling GoogleGax HeaderNames.swift
[2135/2191] Compiling GoogleGax Host.swift
[2136/2191] Compiling GoogleGax InProgressResult.swift
[2137/2191] Compiling GoogleGax ServiceError.swift
[2138/2191] Compiling GoogleGax StatusDetail.swift
[2139/2191] Compiling GoogleGax StrictIdempotency.swift
[2140/2191] Compiling GoogleGax ThrottleResult.swift
[2141/2191] Compiling GoogleGax TooManyRequests+PollingErrorPolicy.swift
[2142/2191] Compiling GoogleGax TooManyRequests+RetryPolicy.swift
[2143/2191] Compiling GoogleGax TooManyRequests.swift
[2144/2191] Compiling GoogleGax PackageVersion.swift
BUILD FAILURE 6.2 android