The Swift Package Index logo.Swift Package Index

Track the adoption of Swift 6 strict concurrency checks for data race safety. How many packages are Ready for Swift 6?

Build Information

Failed to build ApacheExpress3 with Swift 5.10 for watchOS using Xcode 15.4 at develop.

Build Command

env DEVELOPER_DIR=/Applications/Xcode-15.3.0-Beta.2.app xcrun xcodebuild -IDEClonedSourcePackagesDirPathOverride=$workDir/.dependencies -skipMacroValidation -skipPackagePluginValidation -derivedDataPath $workDir/.derivedData build -scheme ApacheExpress -destination generic/platform=watchos

Build Log

========================================
RunAll
========================================
Builder version: 4.29.0
Interrupt handler set up.
========================================
Checkout
========================================
Clone URL: https://github.com/apacheexpress/apacheexpress3.git
Reference: develop
Initialized empty Git repository in /Users/builder/builds/UKfvDsi8u/2/finestructure/swiftpackageindex-builder/spi-builder-workspace/.git/
From https://github.com/apacheexpress/apacheexpress3
 * branch            develop    -> FETCH_HEAD
 * [new branch]      develop    -> origin/develop
HEAD is now at 0264914 Add a GHActions workflow
Cloned https://github.com/apacheexpress/apacheexpress3.git
Revision (git rev-parse @):
0264914da29f7d82674b71750cacf7d601699e02
SUCCESS checkout https://github.com/apacheexpress/apacheexpress3.git at develop
========================================
Build
========================================
Selected platform:         watchOS
Swift version:             5.10
Building package at path:  $workDir
https://github.com/apacheexpress/apacheexpress3.git
Command line invocation:
    /Applications/Xcode-15.3.0-Beta.2.app/Contents/Developer/usr/bin/xcodebuild -IDEClonedSourcePackagesDirPathOverride=/Users/builder/builds/UKfvDsi8u/2/finestructure/swiftpackageindex-builder/spi-builder-workspace/.dependencies -resolvePackageDependencies
User defaults from command line:
    IDEClonedSourcePackagesDirPathOverride = /Users/builder/builds/UKfvDsi8u/2/finestructure/swiftpackageindex-builder/spi-builder-workspace/.dependencies
    IDEPackageSupportUseBuiltinSCM = YES
resolved source packages:
2024-02-15 13:26:01.143 xcodebuild[37714:15498112] Requested but did not find extension point with identifier Xcode.DVTDeviceFoundation.Aspect for extension Xcode.IDEiOSSupportCore.Aspect.NBDD of plug-in com.apple.dt.IDE.IDEiOSSupportCore
{
  "project" : {
    "configurations" : [
      "Debug",
      "Release"
    ],
    "name" : "ApacheExpress3",
    "schemes" : [
      "ApacheExpress"
    ],
    "targets" : [
      "ApacheExpress3"
    ]
  }
}
2024-02-15 13:26:01.632 xcodebuild[37717:15498166] Requested but did not find extension point with identifier Xcode.DVTDeviceFoundation.Aspect for extension Xcode.IDEiOSSupportCore.Aspect.NBDD of plug-in com.apple.dt.IDE.IDEiOSSupportCore
Running build ...
env DEVELOPER_DIR=/Applications/Xcode-15.3.0-Beta.2.app xcrun xcodebuild -IDEClonedSourcePackagesDirPathOverride=$workDir/.dependencies -skipMacroValidation -skipPackagePluginValidation -derivedDataPath $workDir/.derivedData build -scheme ApacheExpress -destination generic/platform=watchos
Command line invocation:
    /Applications/Xcode-15.3.0-Beta.2.app/Contents/Developer/usr/bin/xcodebuild -IDEClonedSourcePackagesDirPathOverride=/Users/builder/builds/UKfvDsi8u/2/finestructure/swiftpackageindex-builder/spi-builder-workspace/.dependencies -skipMacroValidation -skipPackagePluginValidation -derivedDataPath /Users/builder/builds/UKfvDsi8u/2/finestructure/swiftpackageindex-builder/spi-builder-workspace/.derivedData build -scheme ApacheExpress -destination generic/platform=watchos
User defaults from command line:
    IDEClonedSourcePackagesDirPathOverride = /Users/builder/builds/UKfvDsi8u/2/finestructure/swiftpackageindex-builder/spi-builder-workspace/.dependencies
    IDEDerivedDataPathOverride = /Users/builder/builds/UKfvDsi8u/2/finestructure/swiftpackageindex-builder/spi-builder-workspace/.derivedData
    IDEPackageSupportUseBuiltinSCM = YES
2024-02-15 13:26:02.148 xcodebuild[37721:15498224] Requested but did not find extension point with identifier Xcode.DVTDeviceFoundation.Aspect for extension Xcode.IDEiOSSupportCore.Aspect.NBDD of plug-in com.apple.dt.IDE.IDEiOSSupportCore
2024-02-15 13:26:02.430 xcodebuild[37721:15498224] Writing error result bundle to /var/folders/b3/8p5yvk0d16s637btgmtl295m0000gp/T/ResultBundle_2024-15-02_13-26-0002.xcresult
xcodebuild: error: Unable to find a destination matching the provided destination specifier:
		{ generic:1, platform:watchos }
	Available destinations for the "ApacheExpress" scheme:
		{ platform:macOS, arch:arm64, id:00008103-001A103E26D2001E, name:My Mac }
		{ platform:macOS, arch:x86_64, id:00008103-001A103E26D2001E, name:My Mac }
		{ platform:macOS, name:Any Mac }
Command line invocation:
    /Applications/Xcode-15.3.0-Beta.2.app/Contents/Developer/usr/bin/xcodebuild -IDEClonedSourcePackagesDirPathOverride=/Users/builder/builds/UKfvDsi8u/2/finestructure/swiftpackageindex-builder/spi-builder-workspace/.dependencies -skipMacroValidation -skipPackagePluginValidation -derivedDataPath /Users/builder/builds/UKfvDsi8u/2/finestructure/swiftpackageindex-builder/spi-builder-workspace/.derivedData build -scheme ApacheExpress -destination generic/platform=watchos
User defaults from command line:
    IDEClonedSourcePackagesDirPathOverride = /Users/builder/builds/UKfvDsi8u/2/finestructure/swiftpackageindex-builder/spi-builder-workspace/.dependencies
    IDEDerivedDataPathOverride = /Users/builder/builds/UKfvDsi8u/2/finestructure/swiftpackageindex-builder/spi-builder-workspace/.derivedData
    IDEPackageSupportUseBuiltinSCM = YES
2024-02-15 13:26:03.760 xcodebuild[37763:15498370] Requested but did not find extension point with identifier Xcode.DVTDeviceFoundation.Aspect for extension Xcode.IDEiOSSupportCore.Aspect.NBDD of plug-in com.apple.dt.IDE.IDEiOSSupportCore
2024-02-15 13:26:04.030 xcodebuild[37763:15498370] Writing error result bundle to /var/folders/b3/8p5yvk0d16s637btgmtl295m0000gp/T/ResultBundle_2024-15-02_13-26-0004.xcresult
xcodebuild: error: Unable to find a destination matching the provided destination specifier:
		{ generic:1, platform:watchos }
	Available destinations for the "ApacheExpress" scheme:
		{ platform:macOS, arch:arm64, id:00008103-001A103E26D2001E, name:My Mac }
		{ platform:macOS, arch:x86_64, id:00008103-001A103E26D2001E, name:My Mac }
		{ platform:macOS, name:Any Mac }
BUILD FAILURE 5.10 watchOS