The Swift Package Index logo.Swift Package Index

Build Information

Failed to build SimilaritySearchKit, reference main (39bbd0), with Swift 6.4 for macOS (SPM) on 20 Sep 2026 08:06:37 UTC.

Build Command

env DEVELOPER_DIR=/Applications/Xcode-27.0.0-Release.Candidate.app xcrun swift build --arch arm64

Build Log

========================================
RunAll
========================================
Builder version: 5.1.0
Interrupt handler set up.
========================================
Checkout
========================================
Clone URL: https://github.com/buhe/similarity-search-kit.git
Reference: main
Initialized empty Git repository in /Users/admin/builder/spi-builder-workspace/.git/
From https://github.com/buhe/similarity-search-kit
 * branch            main       -> FETCH_HEAD
 * [new branch]      main       -> origin/main
HEAD is now at 39bbd0b "Refactor loadIndex method to assign loaded index items directly to indexItems variable."
Cloned https://github.com/buhe/similarity-search-kit.git
Revision (git rev-parse @):
39bbd0b5c2662728792ee9be132212e5fd4a49e2
SUCCESS checkout https://github.com/buhe/similarity-search-kit.git at main
========================================
Build
========================================
Selected platform:         macosSpm
Swift version:             6.4
Building package at path:  $PWD
https://github.com/buhe/similarity-search-kit.git
Running build ...
env DEVELOPER_DIR=/Applications/Xcode-27.0.0-Release.Candidate.app xcrun swift build --arch arm64
Building for debugging...
[Provisioning 2 / 11]
[Pre-planning 1 / 298]
[Planning deferred tasks]
[59 / 101] SimilaritySearchKit_SimilaritySearchKitTests
[65 / 101]
[66 / 102] SimilaritySearchKit
[76 / 180]
[79 / 180]
[87 / 180]
[89 / 180]
[90 / 180]
[96 / 180]
[98 / 180]
[100 / 180]
[103 / 180]
[107 / 180]
[110 / 180]
[112 / 180]
[113 / 180]
[123 / 180]
[125 / 180]
[126 / 180]
[129 / 180]
[131 / 180]
[133 / 180]
[144 / 180] SimilaritySearchKit
[145 / 180] SimilaritySearchKit
[153 / 183] SimilaritySearchKit
[153 / 183] SimilaritySearchKitMiniLMMultiQA
warning: 'spi-builder-workspace': found 5 file(s) which are unhandled; explicitly declare them as resources or exclude from the target
    /Users/admin/builder/spi-builder-workspace/Sources/SimilaritySearchKit/AddOns/Embeddings/Distilbert/msmarco_distilbert_base_tas_b_512_single_quantized.mlpackage/Data/com.apple.CoreML/FeatureDescriptions.json
    /Users/admin/builder/spi-builder-workspace/Sources/SimilaritySearchKit/AddOns/Embeddings/Distilbert/msmarco_distilbert_base_tas_b_512_single_quantized.mlpackage/Data/com.apple.CoreML/Metadata.json
    /Users/admin/builder/spi-builder-workspace/Sources/SimilaritySearchKit/AddOns/Embeddings/Distilbert/msmarco_distilbert_base_tas_b_512_single_quantized.mlpackage/Data/com.apple.CoreML/model.mlmodel
    /Users/admin/builder/spi-builder-workspace/Sources/SimilaritySearchKit/AddOns/Embeddings/Distilbert/msmarco_distilbert_base_tas_b_512_single_quantized.mlpackage/Data/com.apple.CoreML/weights/weight.bin
    /Users/admin/builder/spi-builder-workspace/Sources/SimilaritySearchKit/AddOns/Embeddings/Distilbert/msmarco_distilbert_base_tas_b_512_single_quantized.mlpackage/Manifest.json
warning: 'spi-builder-workspace': found 5 file(s) which are unhandled; explicitly declare them as resources or exclude from the target
    /Users/admin/builder/spi-builder-workspace/Sources/SimilaritySearchKit/AddOns/Embeddings/MiniLMAll/all-MiniLM-L6-v2.mlpackage/Data/com.apple.CoreML/FeatureDescriptions.json
    /Users/admin/builder/spi-builder-workspace/Sources/SimilaritySearchKit/AddOns/Embeddings/MiniLMAll/all-MiniLM-L6-v2.mlpackage/Data/com.apple.CoreML/Metadata.json
    /Users/admin/builder/spi-builder-workspace/Sources/SimilaritySearchKit/AddOns/Embeddings/MiniLMAll/all-MiniLM-L6-v2.mlpackage/Data/com.apple.CoreML/model.mlmodel
    /Users/admin/builder/spi-builder-workspace/Sources/SimilaritySearchKit/AddOns/Embeddings/MiniLMAll/all-MiniLM-L6-v2.mlpackage/Data/com.apple.CoreML/weights/weight.bin
    /Users/admin/builder/spi-builder-workspace/Sources/SimilaritySearchKit/AddOns/Embeddings/MiniLMAll/all-MiniLM-L6-v2.mlpackage/Manifest.json
warning: 'spi-builder-workspace': found 5 file(s) which are unhandled; explicitly declare them as resources or exclude from the target
    /Users/admin/builder/spi-builder-workspace/Sources/SimilaritySearchKit/AddOns/Embeddings/MiniLMMultiQA/multi-qa-MiniLM-L6-cos-v1.mlpackage/Data/com.apple.CoreML/FeatureDescriptions.json
    /Users/admin/builder/spi-builder-workspace/Sources/SimilaritySearchKit/AddOns/Embeddings/MiniLMMultiQA/multi-qa-MiniLM-L6-cos-v1.mlpackage/Data/com.apple.CoreML/Metadata.json
    /Users/admin/builder/spi-builder-workspace/Sources/SimilaritySearchKit/AddOns/Embeddings/MiniLMMultiQA/multi-qa-MiniLM-L6-cos-v1.mlpackage/Data/com.apple.CoreML/model.mlmodel
    /Users/admin/builder/spi-builder-workspace/Sources/SimilaritySearchKit/AddOns/Embeddings/MiniLMMultiQA/multi-qa-MiniLM-L6-cos-v1.mlpackage/Data/com.apple.CoreML/weights/weight.bin
    /Users/admin/builder/spi-builder-workspace/Sources/SimilaritySearchKit/AddOns/Embeddings/MiniLMMultiQA/multi-qa-MiniLM-L6-cos-v1.mlpackage/Manifest.json
/Users/admin/builder/spi-builder-workspace/Sources/SimilaritySearchKit/Core/Persistence/BinaryStore/BinaryStore.swift:23:31: warning: initialization of 'UnsafeBufferPointer<Int32>' results in a dangling buffer pointer [#]8;;https://docs.swift.org/compiler/documentation/diagnostics/temporary-pointers\TemporaryPointers]8;;\]
21 |             var length = Int32(itemData.count)
22 |             var lengthData = Data()
23 |             lengthData.append(UnsafeBufferPointer(start: &length, count: 1))
   |                               |                          |- note: implicit argument conversion from 'Int32' to 'UnsafePointer<Int32>?' produces a pointer valid only for the duration of the call to 'init(start:count:)'
   |                               |                          `- note: use 'withUnsafePointer' in order to explicitly convert argument to pointer valid for a defined scope
   |                               `- warning: initialization of 'UnsafeBufferPointer<Int32>' results in a dangling buffer pointer [#]8;;https://docs.swift.org/compiler/documentation/diagnostics/temporary-pointers\TemporaryPointers]8;;\]
24 |             data.append(lengthData)
25 |             data.append(itemData)
/Users/admin/builder/spi-builder-workspace/Sources/SimilaritySearchKit/Core/Persistence/BinaryStore/BinaryStore.swift:52:44: warning: 'withUnsafeBytes' is deprecated: use `withUnsafeBytes<R>(_: (UnsafeRawBufferPointer) throws -> R) rethrows -> R` instead [#]8;;https://docs.swift.org/compiler/documentation/diagnostics/deprecated-declaration\DeprecatedDeclaration]8;;\]
50 |         while start < decompressedData.endIndex {
51 |             let lengthData = decompressedData[start..<(start+4)]
52 |             let length: Int32 = lengthData.withUnsafeBytes { $0.pointee }
   |                                            `- warning: 'withUnsafeBytes' is deprecated: use `withUnsafeBytes<R>(_: (UnsafeRawBufferPointer) throws -> R) rethrows -> R` instead [#]8;;https://docs.swift.org/compiler/documentation/diagnostics/deprecated-declaration\DeprecatedDeclaration]8;;\]
53 |             start += 4
54 |             let end = start + Int(length)
[#DeprecatedDeclaration]: <https://docs.swift.org/compiler/documentation/diagnostics/deprecated-declaration>
[#TemporaryPointers]: <https://docs.swift.org/compiler/documentation/diagnostics/temporary-pointers>
error: SwiftCompile normal arm64 failed with a nonzero exit code. Command line:     cd /Users/admin/builder

/Users/admin/builder/spi-builder-workspace/Sources/SimilaritySearchKit/AddOns/Embeddings/MiniLMMultiQA/MiniLMMultiQAEmbeddings.swift:14:23: error: cannot find type 'multi_qa_MiniLM_L6_cos_v1' in scope
12 | @available(macOS 12.0, iOS 15.0, *)
13 | public class MultiQAMiniLMEmbeddings: EmbeddingsProtocol {
14 |     public let model: multi_qa_MiniLM_L6_cos_v1
   |                       `- error: cannot find type 'multi_qa_MiniLM_L6_cos_v1' in scope
15 |     public let tokenizer: BertTokenizer
16 |     public let inputDimention: Int = 512
/Users/admin/builder/spi-builder-workspace/Sources/SimilaritySearchKit/AddOns/Embeddings/MiniLMMultiQA/MiniLMMultiQAEmbeddings.swift:13:14: error: type 'MultiQAMiniLMEmbeddings' does not conform to protocol 'EmbeddingsProtocol'
11 |
12 | @available(macOS 12.0, iOS 15.0, *)
13 | public class MultiQAMiniLMEmbeddings: EmbeddingsProtocol {
   |              |- error: type 'MultiQAMiniLMEmbeddings' does not conform to protocol 'EmbeddingsProtocol'
   |              `- note: add stubs for conformance
14 |     public let model: multi_qa_MiniLM_L6_cos_v1
15 |     public let tokenizer: BertTokenizer
SimilaritySearchKit.EmbeddingsProtocol.TokenizerType:2:16: note: protocol requires nested type 'TokenizerType'
1 | protocol EmbeddingsProtocol {
2 | associatedtype TokenizerType}
  |                `- note: protocol requires nested type 'TokenizerType'
3 |
SimilaritySearchKit.EmbeddingsProtocol.ModelType:2:16: note: protocol requires nested type 'ModelType'
1 | protocol EmbeddingsProtocol {
2 | associatedtype ModelType}
  |                `- note: protocol requires nested type 'ModelType'
3 |
Failed frontend command:
/Applications/Xcode-27.0.0-Release.Candidate.app/Contents/Developer/Toolchains/XcodeDefault.xctoolchain/usr/bin/swift-frontend -frontend -emit-module -experimental-skip-non-inlinable-function-bodies-without-types /Users/admin/builder/spi-builder-workspace/Sources/SimilaritySearchKit/AddOns/Embeddings/MiniLMMultiQA/MiniLMMultiQAEmbeddings.swift -target arm64-apple-macos12.0 -disable-cross-import-overlay-search -load-resolved-plugin /Applications/Xcode-27.0.0-Release.Candidate.app/Contents/Developer/Platforms/MacOSX.platform/Developer/usr/lib/swift/host/plugins/libFoundationMacros.dylib\#/Applications/Xcode-27.0.0-Release.Candidate.app/Contents/Developer/Platforms/MacOSX.platform/Developer/usr/bin/swift-plugin-server\#FoundationMacros -load-resolved-plugin /Applications/Xcode-27.0.0-Release.Candidate.app/Contents/Developer/Platforms/MacOSX.platform/Developer/usr/lib/swift/host/plugins/libObservationMacros.dylib\#/Applications/Xcode-27.0.0-Release.Candidate.app/Contents/Developer/Platforms/MacOSX.platform/Developer/usr/bin/swift-plugin-server\#ObservationMacros -load-resolved-plugin /Applications/Xcode-27.0.0-Release.Candidate.app/Contents/Developer/Platforms/MacOSX.platform/Developer/usr/lib/swift/host/plugins/libPreviewsMacros.dylib\#/Applications/Xcode-27.0.0-Release.Candidate.app/Contents/Developer/Platforms/MacOSX.platform/Developer/usr/bin/swift-plugin-server\#PreviewsMacros -load-resolved-plugin /Applications/Xcode-27.0.0-Release.Candidate.app/Contents/Developer/Platforms/MacOSX.platform/Developer/usr/lib/swift/host/plugins/libSwiftMacros.dylib\#/Applications/Xcode-27.0.0-Release.Candidate.app/Contents/Developer/Platforms/MacOSX.platform/Developer/usr/bin/swift-plugin-server\#SwiftMacros -load-resolved-plugin /Applications/Xcode-27.0.0-Release.Candidate.app/Contents/Developer/Platforms/MacOSX.platform/Developer/usr/lib/swift/host/plugins/libSwiftUIMacros.dylib\#/Applications/Xcode-27.0.0-Release.Candidate.app/Contents/Developer/Platforms/MacOSX.platform/Developer/usr/bin/swift-plugin-server\#SwiftUIMacros -disable-implicit-swift-modules -Xcc -fno-implicit-modules -Xcc -fno-implicit-module-maps -explicit-swift-module-map-file /Users/admin/builder/spi-builder-workspace/.build/out/Intermediates.noindex/SimilaritySearchKit.build/Debug/SimilaritySearchKitMiniLMMultiQA-t.build/Objects-normal/arm64/SimilaritySearchKitMiniLMMultiQA-dependencies-1.json -Xllvm -aarch64-use-tbi -enable-objc-interop -stack-check -sdk /Applications/Xcode-27.0.0-Release.Candidate.app/Contents/Developer/Platforms/MacOSX.platform/Developer/SDKs/MacOSX27.0.sdk -I /Users/admin/builder/spi-builder-workspace/.build/out/Products/Debug -Isystem /Applications/Xcode-27.0.0-Release.Candidate.app/Contents/Developer/Platforms/MacOSX.platform/Developer/usr/lib -F /Users/admin/builder/spi-builder-workspace/.build/out/Products/Debug/PackageFrameworks -F /Users/admin/builder/spi-builder-workspace/.build/out/Products/Debug -F /Applications/Xcode-27.0.0-Release.Candidate.app/Contents/Developer/Platforms/MacOSX.platform/Developer/Library/Frameworks -module-cache-path /Users/admin/builder/spi-builder-workspace/.build/out/Intermediates.noindex/SwiftExplicitPrecompiledModules -color-diagnostics -Xcc -fcolor-diagnostics -enable-testing -g -debug-info-format\=dwarf -dwarf-version\=4 -swift-version 5 -Onone -D SWIFT_PACKAGE -D DEBUG -D SWIFT_MODULE_RESOURCE_BUNDLE_UNAVAILABLE -D Xcode -serialize-debugging-options -enable-experimental-feature DebugDescriptionMacro -empty-abi-descriptor -validate-clang-modules-once -clang-build-session-file /Users/admin/builder/spi-builder-workspace/.build/out/ModuleCache.noindex/Session.modulevalidation -Xcc -working-directory -Xcc /Users/admin/builder -enable-anonymous-context-mangled-names -file-compilation-dir /Users/admin/builder -Xcc -D_LIBCPP_HARDENING_MODE\=_LIBCPP_HARDENING_MODE_DEBUG -Xcc -ivfsstatcache -Xcc /Users/admin/builder/spi-builder-workspace/.build/out/SDKStatCaches.noindex/macosx27.0-26A425-80c5bbf1d171475443272936d42f90a36a22442a12e9d48fe1a705f55a1adfc4.sdkstatcache -Xcc -fmodules-prune-interval\=86400 -Xcc -fmodules-prune-after\=345600 -Xcc -I/Users/admin/builder/spi-builder-workspace/.build/out/Products/Debug/include -Xcc -I/Users/admin/builder/spi-builder-workspace/.build/out/Intermediates.noindex/SimilaritySearchKit.build/Debug/SimilaritySearchKitMiniLMMultiQA-t.build/DerivedSources-normal/arm64 -Xcc -I/Users/admin/builder/spi-builder-workspace/.build/out/Intermediates.noindex/SimilaritySearchKit.build/Debug/SimilaritySearchKitMiniLMMultiQA-t.build/DerivedSources/arm64 -Xcc -I/Users/admin/builder/spi-builder-workspace/.build/out/Intermediates.noindex/SimilaritySearchKit.build/Debug/SimilaritySearchKitMiniLMMultiQA-t.build/DerivedSources -Xcc -DSWIFT_PACKAGE -Xcc -DDEBUG\=1 -no-auto-bridging-header-chaining -module-name SimilaritySearchKitMiniLMMultiQA -const-gather-protocols-file /Users/admin/builder/spi-builder-workspace/.build/out/Intermediates.noindex/SimilaritySearchKit.build/Debug/SimilaritySearchKitMiniLMMultiQA-t.build/Objects-normal/arm64/SimilaritySearchKitMiniLMMultiQA_const_extract_protocols.json -disable-clang-spi -clang-target arm64-apple-macos27.0 -target-sdk-version 27.0 -target-sdk-name macosx27.0 -in-process-plugin-server-path /Applications/Xcode-27.0.0-Release.Candidate.app/Contents/Developer/Toolchains/XcodeDefault.xctoolchain/usr/lib/swift/host/libSwiftInProcPluginServer.dylib -emit-module-doc-path /Users/admin/builder/spi-builder-workspace/.build/out/Intermediates.noindex/SimilaritySearchKit.build/Debug/SimilaritySearchKitMiniLMMultiQA-t.build/Objects-normal/arm64/SimilaritySearchKitMiniLMMultiQA.swiftdoc -emit-module-source-info-path /Users/admin/builder/spi-builder-workspace/.build/out/Intermediates.noindex/SimilaritySearchKit.build/Debug/SimilaritySearchKitMiniLMMultiQA-t.build/Objects-normal/arm64/SimilaritySearchKitMiniLMMultiQA.swiftsourceinfo -emit-objc-header-path /Users/admin/builder/spi-builder-workspace/.build/out/Intermediates.noindex/SimilaritySearchKit.build/Debug/SimilaritySearchKitMiniLMMultiQA-t.build/Objects-normal/arm64/SimilaritySearchKitMiniLMMultiQA-Swift.h -serialize-diagnostics-path /Users/admin/builder/spi-builder-workspace/.build/out/Intermediates.noindex/SimilaritySearchKit.build/Debug/SimilaritySearchKitMiniLMMultiQA-t.build/Objects-normal/arm64/SimilaritySearchKitMiniLMMultiQA-primary-emit-module.dia -emit-dependencies-path /Users/admin/builder/spi-builder-workspace/.build/out/Intermediates.noindex/SimilaritySearchKit.build/Debug/SimilaritySearchKitMiniLMMultiQA-t.build/Objects-normal/arm64/SimilaritySearchKitMiniLMMultiQA-primary-emit-module.d -parse-as-library -o /Users/admin/builder/spi-builder-workspace/.build/out/Intermediates.noindex/SimilaritySearchKit.build/Debug/SimilaritySearchKitMiniLMMultiQA-t.build/Objects-normal/arm64/SimilaritySearchKitMiniLMMultiQA.swiftmodule -emit-abi-descriptor-path /Users/admin/builder/spi-builder-workspace/.build/out/Intermediates.noindex/SimilaritySearchKit.build/Debug/SimilaritySearchKitMiniLMMultiQA-t.build/Objects-normal/arm64/SimilaritySearchKitMiniLMMultiQA.abi.json
error: Build failed
BUILD FAILURE 6.4 macosSpm