Build Information
Failed to build SwiftMutationTesting, reference v1.6.2 (6e8d50), with Swift 6.2 for Android on 16 Oct 2026 08:18:29 UTC.
Build Command
bash -c docker run --pull=always --rm -v "checkouts-54344846-1":/host -w "$PWD" -e JAVA_HOME="/root/.sdkman/candidates/java/current" -e SPI_BUILD="1" -e SPI_PROCESSING="1" registry.gitlab.com/saguaro1/spi-images:android-6.2-latest swift build --swift-sdk aarch64-unknown-linux-android28 2>&1Build Log
========================================
RunAll
========================================
Builder version: 5.1.3
Interrupt handler set up.
========================================
Checkout
========================================
Clone URL: https://github.com/ericodx/swift-mutation-testing.git
Reference: v1.6.2
Initialized empty Git repository in /host/spi-builder-workspace/.git/
hint: Using 'master' as the name for the initial branch. This default branch name
hint: is subject to change. To configure the initial branch name to use in all
hint: of your new repositories, which will suppress this warning, call:
hint:
hint: git config --global init.defaultBranch <name>
hint:
hint: Names commonly chosen instead of 'master' are 'main', 'trunk' and
hint: 'development'. The just-created branch can be renamed via this command:
hint:
hint: git branch -m <name>
From https://github.com/ericodx/swift-mutation-testing
* tag v1.6.2 -> FETCH_HEAD
HEAD is now at 6e8d502 Merge pull request #177 from ericodx/fix/xcode-plugin-validation-and-failed-baseline-build
Cloned https://github.com/ericodx/swift-mutation-testing.git
Revision (git rev-parse @):
6e8d50271380dc1f7f25759d94084a634ba9ffa1
SPI manifest file found: $PWD/.spi.yml
SUCCESS checkout https://github.com/ericodx/swift-mutation-testing.git at v1.6.2
========================================
Build
========================================
Selected platform: android
Swift version: 6.2
Building package at path: $PWD
https://github.com/ericodx/swift-mutation-testing.git
Running build ...
bash -c docker run --pull=always --rm -v "checkouts-54344846-1":/host -w "$PWD" -e JAVA_HOME="/root/.sdkman/candidates/java/current" -e SPI_BUILD="1" -e SPI_PROCESSING="1" registry.gitlab.com/saguaro1/spi-images:android-6.2-latest swift build --swift-sdk aarch64-unknown-linux-android28 2>&1
android-6.2-latest: Pulling from saguaro1/spi-images
Digest: sha256:d84c435a77e30f1b4b40344b42d2ce7e8dc33d04eebdaebfb0e2bc42b4ff2af5
Status: Image is up to date for registry.gitlab.com/saguaro1/spi-images:android-6.2-latest
Fetching https://github.com/apple/swift-syntax.git
[1/80787] Fetching swift-syntax
Fetched https://github.com/apple/swift-syntax.git from cache (6.34s)
Computing version for https://github.com/apple/swift-syntax.git
Computed https://github.com/apple/swift-syntax.git at 603.0.2 (7.33s)
Creating working copy for https://github.com/apple/swift-syntax.git
Working copy of https://github.com/apple/swift-syntax.git resolved at 603.0.2
Building for debugging...
[0/36] Write sources
[16/36] Compiling _SwiftSyntaxCShims PlatformMutex.c
[16/36] Write swift-version--11D90AFD9DD3AB2.txt
[19/48] Compiling SwiftSyntax602 Empty.swift
[20/48] Emitting module SwiftSyntax602
[22/49] Emitting module SwiftSyntax510
[23/49] Emitting module SwiftSyntax603
[24/49] Compiling SwiftSyntax603 Empty.swift
[25/49] Compiling SwiftSyntax510 Empty.swift
[25/51] Wrapping AST for SwiftSyntax602 for debugging
[29/51] Compiling SwiftSyntax509 Empty.swift
[30/51] Emitting module SwiftSyntax509
[30/52] Wrapping AST for SwiftSyntax603 for debugging
[31/52] Wrapping AST for SwiftSyntax510 for debugging
[33/52] Wrapping AST for SwiftSyntax509 for debugging
[35/52] Emitting module SwiftSyntax601
[36/52] Compiling SwiftSyntax601 Empty.swift
[37/53] Wrapping AST for SwiftSyntax601 for debugging
[39/53] Emitting module SwiftSyntax600
[40/53] Compiling SwiftSyntax600 Empty.swift
[41/54] Wrapping AST for SwiftSyntax600 for debugging
[43/117] Compiling SwiftSyntax Identifier.swift
[44/117] Compiling SwiftSyntax MemoryLayout.swift
[45/117] Compiling SwiftSyntax MissingNodeInitializers.swift
[46/117] Compiling SwiftSyntax RawSyntax.swift
[47/117] Compiling SwiftSyntax RawSyntaxArena.swift
[48/117] Compiling SwiftSyntax RawSyntaxLayoutView.swift
[49/117] Compiling SwiftSyntax RawSyntaxNodeProtocol.swift
[50/117] Compiling SwiftSyntax RawSyntaxTokenView.swift
[51/117] Compiling SwiftSyntax SourceEdit.swift
[52/125] Emitting module SwiftSyntax
[53/125] Compiling SwiftSyntax RawSyntaxNodesEF.swift
[54/125] Compiling SwiftSyntax RawSyntaxNodesGHI.swift
[55/125] Compiling SwiftSyntax RawSyntaxNodesJKLMN.swift
[56/125] Compiling SwiftSyntax RawSyntaxNodesOP.swift
[57/125] Compiling SwiftSyntax RawSyntaxNodesQRS.swift
[58/125] Compiling SwiftSyntax RawSyntaxNodesTUVWXYZ.swift
[59/125] Compiling SwiftSyntax RawSyntaxValidation.swift
[60/125] Compiling SwiftSyntax SyntaxNodesAB.swift
[61/125] Compiling SwiftSyntax SyntaxRewriter.swift
[62/125] Compiling SwiftSyntax SyntaxTraits.swift
[63/125] Compiling SwiftSyntax SyntaxVisitor.swift
[64/125] Compiling SwiftSyntax TokenKind.swift
[65/125] Compiling SwiftSyntax Tokens.swift
[66/125] Compiling SwiftSyntax TriviaPieces.swift
[67/125] Compiling SwiftSyntax RawSyntaxNodesAB.swift
[68/125] Compiling SwiftSyntax RawSyntaxNodesC.swift
[69/125] Compiling SwiftSyntax RawSyntaxNodesD.swift
[70/125] Compiling SwiftSyntax SourceLength.swift
[71/125] Compiling SwiftSyntax SourceLocation.swift
[72/125] Compiling SwiftSyntax SourcePresence.swift
[73/125] Compiling SwiftSyntax SwiftSyntaxCompatibility.swift
[74/125] Compiling SwiftSyntax Syntax.swift
[75/125] Compiling SwiftSyntax SyntaxChildren.swift
[76/125] Compiling SwiftSyntax SyntaxCollection.swift
[77/125] Compiling SwiftSyntax SyntaxHashable.swift
[78/125] Compiling SwiftSyntax SyntaxIdentifier.swift
[79/125] Compiling SwiftSyntax ChildNameForKeyPath.swift
[80/125] Compiling SwiftSyntax Keyword.swift
[81/125] Compiling SwiftSyntax RenamedChildrenCompatibility.swift
[82/125] Compiling SwiftSyntax RenamedNodesCompatibility.swift
[83/125] Compiling SwiftSyntax SyntaxAnyVisitor.swift
[84/125] Compiling SwiftSyntax SyntaxBaseNodes.swift
[85/125] Compiling SwiftSyntax SyntaxCollections.swift
[86/125] Compiling SwiftSyntax SyntaxEnum.swift
[87/125] Compiling SwiftSyntax SyntaxKind.swift
[88/125] Compiling SwiftSyntax SyntaxNodeStructure.swift
[89/125] Compiling SwiftSyntax SyntaxProtocol.swift
[90/125] Compiling SwiftSyntax SyntaxText.swift
[91/125] Compiling SwiftSyntax SyntaxTreeViewMode.swift
[92/125] Compiling SwiftSyntax TokenDiagnostic.swift
[93/125] Compiling SwiftSyntax TokenSequence.swift
[94/125] Compiling SwiftSyntax TokenSyntax.swift
[95/125] Compiling SwiftSyntax Trivia.swift
[96/125] Compiling SwiftSyntax Utils.swift
[97/125] Compiling SwiftSyntax AbsolutePosition.swift
[98/125] Compiling SwiftSyntax AbsoluteSyntaxInfo.swift
[99/125] Compiling SwiftSyntax ArenaAllocatedBuffer.swift
[100/125] Compiling SwiftSyntax Assert.swift
[101/125] Compiling SwiftSyntax BumpPtrAllocator.swift
[102/125] Compiling SwiftSyntax CommonAncestor.swift
[103/125] Compiling SwiftSyntax Convenience.swift
[104/125] Compiling SwiftSyntax CustomTraits.swift
[105/125] Compiling SwiftSyntax EditorPlaceholder.swift
[106/125] Compiling SwiftSyntax SyntaxNodesC.swift
[107/125] Compiling SwiftSyntax SyntaxNodesD.swift
[108/125] Compiling SwiftSyntax SyntaxNodesEF.swift
[109/125] Compiling SwiftSyntax SyntaxNodesGHI.swift
[110/125] Compiling SwiftSyntax SyntaxNodesJKLMN.swift
[111/125] Compiling SwiftSyntax SyntaxNodesOP.swift
[112/125] Compiling SwiftSyntax SyntaxNodesQRS.swift
[113/125] Compiling SwiftSyntax SyntaxNodesTUVWXYZ.swift
[114/149] Wrapping AST for SwiftSyntax for debugging
[116/185] Compiling SwiftBasicFormat SyntaxProtocol+Formatted.swift
[117/185] Compiling SwiftBasicFormat Trivia+FormatExtensions.swift
[118/185] Compiling SwiftDiagnostics Message.swift
[119/186] Compiling SwiftBasicFormat Syntax+Extensions.swift
[120/186] Emitting module SwiftDiagnostics
[121/186] Compiling SwiftParser Directives.swift
[122/186] Compiling SwiftParser ExpressionInterpretedAsVersionTuple.swift
[123/186] Compiling SwiftDiagnostics Note.swift
[124/186] Compiling SwiftBasicFormat InferIndentation.swift
[125/186] Compiling SwiftBasicFormat Indenter.swift
[126/186] Emitting module SwiftBasicFormat
[127/186] Compiling SwiftBasicFormat BasicFormat.swift
[128/187] Compiling SwiftDiagnostics FixIt.swift
[129/187] Compiling SwiftDiagnostics DiagnosticsFormatter.swift
[130/187] Compiling SwiftParser Expressions.swift
[131/187] Compiling SwiftParser IncrementalParseTransition.swift
[132/187] Compiling SwiftDiagnostics DiagnosticDecorator.swift
[133/187] Compiling SwiftDiagnostics GroupedDiagnostics.swift
[135/188] Wrapping AST for SwiftBasicFormat for debugging
[136/188] Wrapping AST for SwiftDiagnostics for debugging
[138/188] Compiling SwiftParser Lexeme.swift
[139/188] Compiling SwiftParser LexemeSequence.swift
[140/188] Compiling SwiftParser Lexer.swift
[141/188] Compiling SwiftParser RegexLiteralLexer.swift
[142/188] Compiling SwiftParser UnicodeScalarExtensions.swift
[143/188] Compiling SwiftParser Lookahead.swift
[144/193] Compiling SwiftParser StringLiterals.swift
[145/193] Compiling SwiftParser SwiftParserCompatibility.swift
[146/193] Compiling SwiftParser SwiftVersion.swift
[147/193] Compiling SwiftParser SyntaxUtils.swift
[148/193] Compiling SwiftParser TokenConsumer.swift
[149/193] Compiling SwiftParser TokenPrecedence.swift
[150/193] Compiling SwiftParser TokenSpec.swift
[151/193] Compiling SwiftParser TokenSpecSet.swift
[152/193] Compiling SwiftParser TopLevel.swift
[153/193] Compiling SwiftParser TriviaParser.swift
[154/193] Compiling SwiftParser Types.swift
[155/193] Compiling SwiftParser Parser.swift
[156/193] Compiling SwiftParser Patterns.swift
[157/193] Compiling SwiftParser Recovery.swift
[158/193] Compiling SwiftParser Specifiers.swift
[159/193] Compiling SwiftParser Statements.swift
[160/193] Compiling SwiftParser StringLiteralRepresentedLiteralValue.swift
[161/193] Compiling SwiftParser LoopProgressCondition.swift
[162/193] Compiling SwiftParser Modifiers.swift
[163/193] Compiling SwiftParser Names.swift
[164/193] Compiling SwiftParser Nominals.swift
[165/193] Compiling SwiftParser Parameters.swift
[166/193] Compiling SwiftParser ParseSourceFile.swift
[171/193] Compiling SwiftParser IsValidIdentifier.swift
[172/193] Compiling SwiftParser Cursor.swift
[173/193] Emitting module SwiftParser
[174/193] Compiling SwiftParser Attributes.swift
[175/193] Compiling SwiftParser Availability.swift
[176/193] Compiling SwiftParser CharacterInfo.swift
[177/193] Compiling SwiftParser CollectionNodes+Parsable.swift
[178/193] Compiling SwiftParser CompilerFiles.swift
[179/193] Compiling SwiftParser Declarations.swift
[180/193] Compiling SwiftParser ExperimentalFeatures.swift
[181/193] Compiling SwiftParser IsLexerClassified.swift
[182/193] Compiling SwiftParser LayoutNodes+Parsable.swift
[183/193] Compiling SwiftParser Parser+TokenSpecSet.swift
[184/193] Compiling SwiftParser TokenSpecStaticMembers.swift
[185/194] Wrapping AST for SwiftParser for debugging
[187/217] Compiling SwiftParserDiagnostics SyntaxKindNameForDiagnostics.swift
[188/218] Compiling SwiftOperators PrecedenceGroup.swift
[189/219] Compiling SwiftOperators PrecedenceGraph.swift
[190/219] Compiling SwiftParserDiagnostics TokenNameForDiagnostics.swift
[191/219] Compiling SwiftOperators OperatorTable+Semantics.swift
[192/219] Compiling SwiftOperators OperatorTable.swift
[193/219] Compiling SwiftOperators SyntaxSynthesis.swift
[194/219] Compiling SwiftParserDiagnostics MultiLineStringLiteralDiagnosticsGenerator.swift
[195/219] Compiling SwiftParserDiagnostics ParseDiagnosticsGenerator.swift
[196/219] Compiling SwiftOperators OperatorTable+Folding.swift
[197/219] Compiling SwiftOperators OperatorError.swift
[198/219] Compiling SwiftOperators OperatorTable+Defaults.swift
[199/219] Emitting module SwiftOperators
[200/220] Wrapping AST for SwiftOperators for debugging
[202/220] Compiling SwiftParserDiagnostics SyntaxExtensions.swift
[203/220] Compiling SwiftParserDiagnostics Utils.swift
[204/220] Compiling SwiftParserDiagnostics ChildNameForDiagnostics.swift
[205/220] Emitting module SwiftParserDiagnostics
[206/220] Compiling SwiftParserDiagnostics ParserDiagnosticMessages.swift
[207/220] Compiling SwiftParserDiagnostics PresenceUtils.swift
[208/220] Compiling SwiftParserDiagnostics DiagnosticExtensions.swift
[209/220] Compiling SwiftParserDiagnostics LexerDiagnosticMessages.swift
[214/221] Wrapping AST for SwiftParserDiagnostics for debugging
[216/236] Compiling SwiftSyntaxBuilder ConvenienceInitializers.swift
[217/236] Compiling SwiftSyntaxBuilder DeclSyntaxParseable.swift
[218/236] Emitting module SwiftSyntaxBuilder
[219/237] Compiling SwiftSyntaxBuilder WithTrailingCommaSyntax+EnsuringTrailingComma.swift
[220/237] Compiling SwiftSyntaxBuilder BuildableNodes.swift
[221/237] Compiling SwiftSyntaxBuilder Indenter.swift
[222/237] Compiling SwiftSyntaxBuilder ListBuilder.swift
[223/237] Compiling SwiftSyntaxBuilder SyntaxParsable+ExpressibleByStringInterpolation.swift
[224/237] Compiling SwiftSyntaxBuilder ValidatingSyntaxNodes.swift
[225/237] Compiling SwiftSyntaxBuilder Syntax+StringInterpolation.swift
[226/237] Compiling SwiftSyntaxBuilder SyntaxNodeWithBody.swift
[227/237] Compiling SwiftSyntaxBuilder ResultBuilderExtensions.swift
[228/237] Compiling SwiftSyntaxBuilder SwiftSyntaxBuilderCompatibility.swift
[229/237] Compiling SwiftSyntaxBuilder SyntaxExpressibleByStringInterpolationConformances.swift
[230/237] Compiling SwiftSyntaxBuilder RenamedChildrenBuilderCompatibility.swift
[231/237] Compiling SwiftSyntaxBuilder ResultBuilders.swift
[232/238] Wrapping AST for SwiftSyntaxBuilder for debugging
[234/253] Compiling SwiftIfConfig SyntaxProtocol+IfConfig.swift
[235/253] Compiling SwiftIfConfig VersionTuple+Parsing.swift
[236/254] Compiling SwiftIfConfig VersionTuple.swift
[237/254] Compiling SwiftIfConfig StaticBuildConfiguration.swift
[238/254] Compiling SwiftIfConfig SyntaxLiteralUtils.swift
[239/254] Compiling SwiftIfConfig IfConfigFunctions.swift
[240/254] Compiling SwiftIfConfig IfConfigRegionState.swift
[241/254] Compiling SwiftIfConfig ConfiguredRegions.swift
[242/254] Compiling SwiftIfConfig IfConfigDecl+IfConfig.swift
[243/254] Compiling SwiftIfConfig ActiveClauseEvaluator.swift
[244/254] Compiling SwiftIfConfig ActiveSyntaxRewriter.swift
[245/254] Emitting module SwiftIfConfig
[246/254] Compiling SwiftIfConfig IfConfigDiagnostic.swift
[247/254] Compiling SwiftIfConfig IfConfigEvaluation.swift
[248/254] Compiling SwiftIfConfig ActiveSyntaxVisitor.swift
[249/254] Compiling SwiftIfConfig BuildConfiguration.swift
[250/255] Wrapping AST for SwiftIfConfig for debugging
error: emit-module command failed with exit code 1 (use -v to see invocation)
[252/417] Emitting module SwiftMutationTesting
/host/spi-builder-workspace/Sources/SwiftMutationTesting/Discovery/Pipeline/MutantFingerprint.swift:1:8: error: no such module 'CryptoKit'
1 | import CryptoKit
| `- error: no such module 'CryptoKit'
2 | import Foundation
3 |
[253/440] Compiling SwiftMutationTesting TestFileDiff.swift
/host/spi-builder-workspace/Sources/SwiftMutationTesting/Discovery/Pipeline/MutantFingerprint.swift:1:8: error: no such module 'CryptoKit'
1 | import CryptoKit
| `- error: no such module 'CryptoKit'
2 | import Foundation
3 |
[254/440] Compiling SwiftMutationTesting ConfigurationFileParser.swift
/host/spi-builder-workspace/Sources/SwiftMutationTesting/Discovery/Pipeline/MutantFingerprint.swift:1:8: error: no such module 'CryptoKit'
1 | import CryptoKit
| `- error: no such module 'CryptoKit'
2 | import Foundation
3 |
[255/440] Compiling SwiftMutationTesting ConfigurationFileWriter.swift
/host/spi-builder-workspace/Sources/SwiftMutationTesting/Discovery/Pipeline/MutantFingerprint.swift:1:8: error: no such module 'CryptoKit'
1 | import CryptoKit
| `- error: no such module 'CryptoKit'
2 | import Foundation
3 |
[256/440] Compiling SwiftMutationTesting ConfigurationResolver.swift
/host/spi-builder-workspace/Sources/SwiftMutationTesting/Discovery/Pipeline/MutantFingerprint.swift:1:8: error: no such module 'CryptoKit'
1 | import CryptoKit
| `- error: no such module 'CryptoKit'
2 | import Foundation
3 |
[257/440] Compiling SwiftMutationTesting DetectedProject.swift
/host/spi-builder-workspace/Sources/SwiftMutationTesting/Discovery/Pipeline/MutantFingerprint.swift:1:8: error: no such module 'CryptoKit'
1 | import CryptoKit
| `- error: no such module 'CryptoKit'
2 | import Foundation
3 |
[258/440] Compiling SwiftMutationTesting ProjectDetector.swift
/host/spi-builder-workspace/Sources/SwiftMutationTesting/Discovery/Pipeline/MutantFingerprint.swift:1:8: error: no such module 'CryptoKit'
1 | import CryptoKit
| `- error: no such module 'CryptoKit'
2 | import Foundation
3 |
[259/440] Compiling SwiftMutationTesting ProjectType.swift
/host/spi-builder-workspace/Sources/SwiftMutationTesting/Discovery/Pipeline/MutantFingerprint.swift:1:8: error: no such module 'CryptoKit'
1 | import CryptoKit
| `- error: no such module 'CryptoKit'
2 | import Foundation
3 |
[260/440] Compiling SwiftMutationTesting RunnerConfiguration.swift
/host/spi-builder-workspace/Sources/SwiftMutationTesting/Discovery/Pipeline/MutantFingerprint.swift:1:8: error: no such module 'CryptoKit'
1 | import CryptoKit
| `- error: no such module 'CryptoKit'
2 | import Foundation
3 |
[261/440] Compiling SwiftMutationTesting TestingFramework.swift
/host/spi-builder-workspace/Sources/SwiftMutationTesting/Discovery/Pipeline/MutantFingerprint.swift:1:8: error: no such module 'CryptoKit'
1 | import CryptoKit
| `- error: no such module 'CryptoKit'
2 | import Foundation
3 |
[262/440] Compiling SwiftMutationTesting XcodeContainer.swift
/host/spi-builder-workspace/Sources/SwiftMutationTesting/Discovery/Pipeline/MutantFingerprint.swift:1:8: error: no such module 'CryptoKit'
1 | import CryptoKit
| `- error: no such module 'CryptoKit'
2 | import Foundation
3 |
[263/440] Compiling SwiftMutationTesting XcodeContainerLocator.swift
/host/spi-builder-workspace/Sources/SwiftMutationTesting/Discovery/Pipeline/MutantFingerprint.swift:1:8: error: no such module 'CryptoKit'
1 | import CryptoKit
| `- error: no such module 'CryptoKit'
2 | import Foundation
3 |
[264/440] Compiling SwiftMutationTesting DiscoveryPipeline.swift
/host/spi-builder-workspace/Sources/SwiftMutationTesting/Discovery/Pipeline/MutantFingerprint.swift:1:8: error: no such module 'CryptoKit'
1 | import CryptoKit
| `- error: no such module 'CryptoKit'
2 | import Foundation
3 |
[265/440] Compiling SwiftMutationTesting HostBuildConfiguration.swift
/host/spi-builder-workspace/Sources/SwiftMutationTesting/Discovery/Pipeline/MutantFingerprint.swift:1:8: error: no such module 'CryptoKit'
1 | import CryptoKit
| `- error: no such module 'CryptoKit'
2 | import Foundation
3 |
[266/440] Compiling SwiftMutationTesting InactiveRegionExtractor.swift
/host/spi-builder-workspace/Sources/SwiftMutationTesting/Discovery/Pipeline/MutantFingerprint.swift:1:8: error: no such module 'CryptoKit'
1 | import CryptoKit
| `- error: no such module 'CryptoKit'
2 | import Foundation
3 |
[267/440] Compiling SwiftMutationTesting InactiveRegionFilter.swift
/host/spi-builder-workspace/Sources/SwiftMutationTesting/Discovery/Pipeline/MutantFingerprint.swift:1:8: error: no such module 'CryptoKit'
1 | import CryptoKit
| `- error: no such module 'CryptoKit'
2 | import Foundation
3 |
[268/440] Compiling SwiftMutationTesting InfiniteLoopBodyExtractor.swift
/host/spi-builder-workspace/Sources/SwiftMutationTesting/Discovery/Pipeline/MutantFingerprint.swift:1:8: error: no such module 'CryptoKit'
1 | import CryptoKit
| `- error: no such module 'CryptoKit'
2 | import Foundation
3 |
[269/440] Compiling SwiftMutationTesting InfiniteLoopBodyVisitor.swift
/host/spi-builder-workspace/Sources/SwiftMutationTesting/Discovery/Pipeline/MutantFingerprint.swift:1:8: error: no such module 'CryptoKit'
1 | import CryptoKit
| `- error: no such module 'CryptoKit'
2 | import Foundation
3 |
[270/440] Compiling SwiftMutationTesting InfiniteLoopFilter.swift
/host/spi-builder-workspace/Sources/SwiftMutationTesting/Discovery/Pipeline/MutantFingerprint.swift:1:8: error: no such module 'CryptoKit'
1 | import CryptoKit
| `- error: no such module 'CryptoKit'
2 | import Foundation
3 |
[271/440] Compiling SwiftMutationTesting OperatorRegistry.swift
/host/spi-builder-workspace/Sources/SwiftMutationTesting/Discovery/Pipeline/MutantFingerprint.swift:1:8: error: no such module 'CryptoKit'
1 | import CryptoKit
| `- error: no such module 'CryptoKit'
2 | import Foundation
3 |
[272/440] Compiling SwiftMutationTesting OperatorTier.swift
/host/spi-builder-workspace/Sources/SwiftMutationTesting/Discovery/Pipeline/MutantFingerprint.swift:1:8: error: no such module 'CryptoKit'
1 | import CryptoKit
| `- error: no such module 'CryptoKit'
2 | import Foundation
3 |
[273/440] Compiling SwiftMutationTesting ArithmeticOperatorVisitor.swift
/host/spi-builder-workspace/Sources/SwiftMutationTesting/Discovery/Pipeline/MutantFingerprint.swift:1:8: error: no such module 'CryptoKit'
1 | import CryptoKit
| `- error: no such module 'CryptoKit'
2 | import Foundation
3 |
[274/440] Compiling SwiftMutationTesting BooleanLiteralVisitor.swift
/host/spi-builder-workspace/Sources/SwiftMutationTesting/Discovery/Pipeline/MutantFingerprint.swift:1:8: error: no such module 'CryptoKit'
1 | import CryptoKit
| `- error: no such module 'CryptoKit'
2 | import Foundation
3 |
[275/440] Compiling SwiftMutationTesting LogicalOperatorVisitor.swift
/host/spi-builder-workspace/Sources/SwiftMutationTesting/Discovery/Pipeline/MutantFingerprint.swift:1:8: error: no such module 'CryptoKit'
1 | import CryptoKit
| `- error: no such module 'CryptoKit'
2 | import Foundation
3 |
[276/462] Compiling SwiftMutationTesting ResultMerger.swift
/host/spi-builder-workspace/Sources/SwiftMutationTesting/Discovery/Pipeline/MutantFingerprint.swift:1:8: error: no such module 'CryptoKit'
1 | import CryptoKit
| `- error: no such module 'CryptoKit'
2 | import Foundation
3 |
[277/462] Compiling SwiftMutationTesting RunIdentity.swift
/host/spi-builder-workspace/Sources/SwiftMutationTesting/Discovery/Pipeline/MutantFingerprint.swift:1:8: error: no such module 'CryptoKit'
1 | import CryptoKit
| `- error: no such module 'CryptoKit'
2 | import Foundation
3 |
[278/462] Compiling SwiftMutationTesting RunnerConfiguration+Plan.swift
/host/spi-builder-workspace/Sources/SwiftMutationTesting/Discovery/Pipeline/MutantFingerprint.swift:1:8: error: no such module 'CryptoKit'
1 | import CryptoKit
| `- error: no such module 'CryptoKit'
2 | import Foundation
3 |
[279/462] Compiling SwiftMutationTesting Shard.swift
/host/spi-builder-workspace/Sources/SwiftMutationTesting/Discovery/Pipeline/MutantFingerprint.swift:1:8: error: no such module 'CryptoKit'
1 | import CryptoKit
| `- error: no such module 'CryptoKit'
2 | import Foundation
3 |
[280/462] Compiling SwiftMutationTesting ConsoleProgressReporter.swift
/host/spi-builder-workspace/Sources/SwiftMutationTesting/Discovery/Pipeline/MutantFingerprint.swift:1:8: error: no such module 'CryptoKit'
1 | import CryptoKit
| `- error: no such module 'CryptoKit'
2 | import Foundation
3 |
[281/462] Compiling SwiftMutationTesting ExecutionResult+ReportStatusReason.swift
/host/spi-builder-workspace/Sources/SwiftMutationTesting/Discovery/Pipeline/MutantFingerprint.swift:1:8: error: no such module 'CryptoKit'
1 | import CryptoKit
| `- error: no such module 'CryptoKit'
2 | import Foundation
3 |
[282/462] Compiling SwiftMutationTesting ExecutionStatus+MutationReportStatus.swift
/host/spi-builder-workspace/Sources/SwiftMutationTesting/Discovery/Pipeline/MutantFingerprint.swift:1:8: error: no such module 'CryptoKit'
1 | import CryptoKit
| `- error: no such module 'CryptoKit'
2 | import Foundation
3 |
[283/462] Compiling SwiftMutationTesting ExecutionStatus+ProgressIcon.swift
/host/spi-builder-workspace/Sources/SwiftMutationTesting/Discovery/Pipeline/MutantFingerprint.swift:1:8: error: no such module 'CryptoKit'
1 | import CryptoKit
| `- error: no such module 'CryptoKit'
2 | import Foundation
3 |
[284/462] Compiling SwiftMutationTesting GateReporter.swift
/host/spi-builder-workspace/Sources/SwiftMutationTesting/Discovery/Pipeline/MutantFingerprint.swift:1:8: error: no such module 'CryptoKit'
1 | import CryptoKit
| `- error: no such module 'CryptoKit'
2 | import Foundation
3 |
[285/462] Compiling SwiftMutationTesting GateResult+Summary.swift
/host/spi-builder-workspace/Sources/SwiftMutationTesting/Discovery/Pipeline/MutantFingerprint.swift:1:8: error: no such module 'CryptoKit'
1 | import CryptoKit
| `- error: no such module 'CryptoKit'
2 | import Foundation
3 |
[286/462] Compiling SwiftMutationTesting HtmlReporter.swift
/host/spi-builder-workspace/Sources/SwiftMutationTesting/Discovery/Pipeline/MutantFingerprint.swift:1:8: error: no such module 'CryptoKit'
1 | import CryptoKit
| `- error: no such module 'CryptoKit'
2 | import Foundation
3 |
[287/462] Compiling SwiftMutationTesting JsonReporter.swift
/host/spi-builder-workspace/Sources/SwiftMutationTesting/Discovery/Pipeline/MutantFingerprint.swift:1:8: error: no such module 'CryptoKit'
1 | import CryptoKit
| `- error: no such module 'CryptoKit'
2 | import Foundation
3 |
[288/462] Compiling SwiftMutationTesting MarkdownReporter.swift
/host/spi-builder-workspace/Sources/SwiftMutationTesting/Discovery/Pipeline/MutantFingerprint.swift:1:8: error: no such module 'CryptoKit'
1 | import CryptoKit
| `- error: no such module 'CryptoKit'
2 | import Foundation
3 |
[289/462] Compiling SwiftMutationTesting MutantLogWriter.swift
/host/spi-builder-workspace/Sources/SwiftMutationTesting/Discovery/Pipeline/MutantFingerprint.swift:1:8: error: no such module 'CryptoKit'
1 | import CryptoKit
| `- error: no such module 'CryptoKit'
2 | import Foundation
3 |
[290/462] Compiling SwiftMutationTesting MutationReportFile.swift
/host/spi-builder-workspace/Sources/SwiftMutationTesting/Discovery/Pipeline/MutantFingerprint.swift:1:8: error: no such module 'CryptoKit'
1 | import CryptoKit
| `- error: no such module 'CryptoKit'
2 | import Foundation
3 |
[291/462] Compiling SwiftMutationTesting MutationReportLocation.swift
/host/spi-builder-workspace/Sources/SwiftMutationTesting/Discovery/Pipeline/MutantFingerprint.swift:1:8: error: no such module 'CryptoKit'
1 | import CryptoKit
| `- error: no such module 'CryptoKit'
2 | import Foundation
3 |
[292/462] Compiling SwiftMutationTesting MutationReportMutant.swift
/host/spi-builder-workspace/Sources/SwiftMutationTesting/Discovery/Pipeline/MutantFingerprint.swift:1:8: error: no such module 'CryptoKit'
1 | import CryptoKit
| `- error: no such module 'CryptoKit'
2 | import Foundation
3 |
[293/462] Compiling SwiftMutationTesting MutationReportPayload.swift
/host/spi-builder-workspace/Sources/SwiftMutationTesting/Discovery/Pipeline/MutantFingerprint.swift:1:8: error: no such module 'CryptoKit'
1 | import CryptoKit
| `- error: no such module 'CryptoKit'
2 | import Foundation
3 |
[294/462] Compiling SwiftMutationTesting MutationReportPosition.swift
/host/spi-builder-workspace/Sources/SwiftMutationTesting/Discovery/Pipeline/MutantFingerprint.swift:1:8: error: no such module 'CryptoKit'
1 | import CryptoKit
| `- error: no such module 'CryptoKit'
2 | import Foundation
3 |
[295/462] Compiling SwiftMutationTesting MutationReportThresholds.swift
/host/spi-builder-workspace/Sources/SwiftMutationTesting/Discovery/Pipeline/MutantFingerprint.swift:1:8: error: no such module 'CryptoKit'
1 | import CryptoKit
| `- error: no such module 'CryptoKit'
2 | import Foundation
3 |
[296/462] Compiling SwiftMutationTesting ProgressReporter.swift
/host/spi-builder-workspace/Sources/SwiftMutationTesting/Discovery/Pipeline/MutantFingerprint.swift:1:8: error: no such module 'CryptoKit'
1 | import CryptoKit
| `- error: no such module 'CryptoKit'
2 | import Foundation
3 |
[297/462] Compiling SwiftMutationTesting ReportFormat.swift
/host/spi-builder-workspace/Sources/SwiftMutationTesting/Discovery/Pipeline/MutantFingerprint.swift:1:8: error: no such module 'CryptoKit'
1 | import CryptoKit
| `- error: no such module 'CryptoKit'
2 | import Foundation
3 |
[298/462] Compiling SwiftMutationTesting ReportWriter.swift
/host/spi-builder-workspace/Sources/SwiftMutationTesting/Discovery/Pipeline/MutantFingerprint.swift:1:8: error: no such module 'CryptoKit'
1 | import CryptoKit
| `- error: no such module 'CryptoKit'
2 | import Foundation
3 |
[299/462] Compiling SwiftMutationTesting SchematizationStage.swift
/host/spi-builder-workspace/Sources/SwiftMutationTesting/Discovery/Pipeline/MutantFingerprint.swift:1:8: error: no such module 'CryptoKit'
1 | import CryptoKit
| `- error: no such module 'CryptoKit'
2 | import Foundation
3 |
[300/462] Compiling SwiftMutationTesting SourceFile.swift
/host/spi-builder-workspace/Sources/SwiftMutationTesting/Discovery/Pipeline/MutantFingerprint.swift:1:8: error: no such module 'CryptoKit'
1 | import CryptoKit
| `- error: no such module 'CryptoKit'
2 | import Foundation
3 |
[301/462] Compiling SwiftMutationTesting ActivationInstrumenter.swift
/host/spi-builder-workspace/Sources/SwiftMutationTesting/Discovery/Pipeline/MutantFingerprint.swift:1:8: error: no such module 'CryptoKit'
1 | import CryptoKit
| `- error: no such module 'CryptoKit'
2 | import Foundation
3 |
[302/462] Compiling SwiftMutationTesting FunctionBodyScope.swift
/host/spi-builder-workspace/Sources/SwiftMutationTesting/Discovery/Pipeline/MutantFingerprint.swift:1:8: error: no such module 'CryptoKit'
1 | import CryptoKit
| `- error: no such module 'CryptoKit'
2 | import Foundation
3 |
[303/462] Compiling SwiftMutationTesting FunctionBodyScopes.swift
/host/spi-builder-workspace/Sources/SwiftMutationTesting/Discovery/Pipeline/MutantFingerprint.swift:1:8: error: no such module 'CryptoKit'
1 | import CryptoKit
| `- error: no such module 'CryptoKit'
2 | import Foundation
3 |
[304/462] Compiling SwiftMutationTesting FunctionBodyShape.swift
/host/spi-builder-workspace/Sources/SwiftMutationTesting/Discovery/Pipeline/MutantFingerprint.swift:1:8: error: no such module 'CryptoKit'
1 | import CryptoKit
| `- error: no such module 'CryptoKit'
2 | import Foundation
3 |
[305/462] Compiling SwiftMutationTesting ImportStyle.swift
/host/spi-builder-workspace/Sources/SwiftMutationTesting/Discovery/Pipeline/MutantFingerprint.swift:1:8: error: no such module 'CryptoKit'
1 | import CryptoKit
| `- error: no such module 'CryptoKit'
2 | import Foundation
3 |
[306/462] Compiling SwiftMutationTesting MutationRewriter.swift
/host/spi-builder-workspace/Sources/SwiftMutationTesting/Discovery/Pipeline/MutantFingerprint.swift:1:8: error: no such module 'CryptoKit'
1 | import CryptoKit
| `- error: no such module 'CryptoKit'
2 | import Foundation
3 |
[307/462] Compiling SwiftMutationTesting SchemaGeneration.swift
/host/spi-builder-workspace/Sources/SwiftMutationTesting/Discovery/Pipeline/MutantFingerprint.swift:1:8: error: no such module 'CryptoKit'
1 | import CryptoKit
| `- error: no such module 'CryptoKit'
2 | import Foundation
3 |
[308/462] Compiling SwiftMutationTesting SchemataGenerator.swift
/host/spi-builder-workspace/Sources/SwiftMutationTesting/Discovery/Pipeline/MutantFingerprint.swift:1:8: error: no such module 'CryptoKit'
1 | import CryptoKit
| `- error: no such module 'CryptoKit'
2 | import Foundation
3 |
[309/462] Compiling SwiftMutationTesting SchematizedFile.swift
/host/spi-builder-workspace/Sources/SwiftMutationTesting/Discovery/Pipeline/MutantFingerprint.swift:1:8: error: no such module 'CryptoKit'
1 | import CryptoKit
| `- error: no such module 'CryptoKit'
2 | import Foundation
3 |
[310/462] Compiling SwiftMutationTesting SupportDeclarations.swift
/host/spi-builder-workspace/Sources/SwiftMutationTesting/Discovery/Pipeline/MutantFingerprint.swift:1:8: error: no such module 'CryptoKit'
1 | import CryptoKit
| `- error: no such module 'CryptoKit'
2 | import Foundation
3 |
[311/462] Compiling SwiftMutationTesting TypeScopeVisitor.swift
/host/spi-builder-workspace/Sources/SwiftMutationTesting/Discovery/Pipeline/MutantFingerprint.swift:1:8: error: no such module 'CryptoKit'
1 | import CryptoKit
| `- error: no such module 'CryptoKit'
2 | import Foundation
3 |
[312/462] Compiling SwiftMutationTesting UTF8Splice.swift
/host/spi-builder-workspace/Sources/SwiftMutationTesting/Discovery/Pipeline/MutantFingerprint.swift:1:8: error: no such module 'CryptoKit'
1 | import CryptoKit
| `- error: no such module 'CryptoKit'
2 | import Foundation
3 |
[313/462] Compiling SwiftMutationTesting SuppressionAnnotationExtractor.swift
/host/spi-builder-workspace/Sources/SwiftMutationTesting/Discovery/Pipeline/MutantFingerprint.swift:1:8: error: no such module 'CryptoKit'
1 | import CryptoKit
| `- error: no such module 'CryptoKit'
2 | import Foundation
3 |
[314/462] Compiling SwiftMutationTesting SuppressionFilter.swift
/host/spi-builder-workspace/Sources/SwiftMutationTesting/Discovery/Pipeline/MutantFingerprint.swift:1:8: error: no such module 'CryptoKit'
1 | import CryptoKit
| `- error: no such module 'CryptoKit'
2 | import Foundation
3 |
[315/462] Compiling SwiftMutationTesting SuppressionVisitor.swift
/host/spi-builder-workspace/Sources/SwiftMutationTesting/Discovery/Pipeline/MutantFingerprint.swift:1:8: error: no such module 'CryptoKit'
1 | import CryptoKit
| `- error: no such module 'CryptoKit'
2 | import Foundation
3 |
[316/462] Compiling SwiftMutationTesting ActivationMarker.swift
/host/spi-builder-workspace/Sources/SwiftMutationTesting/Discovery/Pipeline/MutantFingerprint.swift:1:8: error: no such module 'CryptoKit'
1 | import CryptoKit
| `- error: no such module 'CryptoKit'
2 | import Foundation
3 |
[317/462] Compiling SwiftMutationTesting ApplicationVerifier.swift
/host/spi-builder-workspace/Sources/SwiftMutationTesting/Discovery/Pipeline/MutantFingerprint.swift:1:8: error: no such module 'CryptoKit'
1 | import CryptoKit
| `- error: no such module 'CryptoKit'
2 | import Foundation
3 |
[318/462] Compiling SwiftMutationTesting BaselineError.swift
/host/spi-builder-workspace/Sources/SwiftMutationTesting/Discovery/Pipeline/MutantFingerprint.swift:1:8: error: no such module 'CryptoKit'
1 | import CryptoKit
| `- error: no such module 'CryptoKit'
2 | import Foundation
3 |
[319/462] Compiling SwiftMutationTesting BaselineProbe.swift
/host/spi-builder-workspace/Sources/SwiftMutationTesting/Discovery/Pipeline/MutantFingerprint.swift:1:8: error: no such module 'CryptoKit'
1 | import CryptoKit
| `- error: no such module 'CryptoKit'
2 | import Foundation
3 |
[320/462] Compiling SwiftMutationTesting ExecutionDeps.swift
/host/spi-builder-workspace/Sources/SwiftMutationTesting/Discovery/Pipeline/MutantFingerprint.swift:1:8: error: no such module 'CryptoKit'
1 | import CryptoKit
| `- error: no such module 'CryptoKit'
2 | import Foundation
3 |
[321/462] Compiling SwiftMutationTesting ExecutionResult.swift
/host/spi-builder-workspace/Sources/SwiftMutationTesting/Discovery/Pipeline/MutantFingerprint.swift:1:8: error: no such module 'CryptoKit'
1 | import CryptoKit
| `- error: no such module 'CryptoKit'
2 | import Foundation
3 |
[322/484] Compiling SwiftMutationTesting RunnerEvent.swift
/host/spi-builder-workspace/Sources/SwiftMutationTesting/Discovery/Pipeline/MutantFingerprint.swift:1:8: error: no such module 'CryptoKit'
1 | import CryptoKit
| `- error: no such module 'CryptoKit'
2 | import Foundation
3 |
[323/484] Compiling SwiftMutationTesting RunnerSummary+Cache.swift
/host/spi-builder-workspace/Sources/SwiftMutationTesting/Discovery/Pipeline/MutantFingerprint.swift:1:8: error: no such module 'CryptoKit'
1 | import CryptoKit
| `- error: no such module 'CryptoKit'
2 | import Foundation
3 |
[324/484] Compiling SwiftMutationTesting RunnerSummary+DetectionLine.swift
/host/spi-builder-workspace/Sources/SwiftMutationTesting/Discovery/Pipeline/MutantFingerprint.swift:1:8: error: no such module 'CryptoKit'
1 | import CryptoKit
| `- error: no such module 'CryptoKit'
2 | import Foundation
3 |
[325/484] Compiling SwiftMutationTesting RunnerSummary+FormattedScore.swift
/host/spi-builder-workspace/Sources/SwiftMutationTesting/Discovery/Pipeline/MutantFingerprint.swift:1:8: error: no such module 'CryptoKit'
1 | import CryptoKit
| `- error: no such module 'CryptoKit'
2 | import Foundation
3 |
[326/484] Compiling SwiftMutationTesting RunnerSummary.swift
/host/spi-builder-workspace/Sources/SwiftMutationTesting/Discovery/Pipeline/MutantFingerprint.swift:1:8: error: no such module 'CryptoKit'
1 | import CryptoKit
| `- error: no such module 'CryptoKit'
2 | import Foundation
3 |
[327/484] Compiling SwiftMutationTesting SarifArtifactLocation.swift
/host/spi-builder-workspace/Sources/SwiftMutationTesting/Discovery/Pipeline/MutantFingerprint.swift:1:8: error: no such module 'CryptoKit'
1 | import CryptoKit
| `- error: no such module 'CryptoKit'
2 | import Foundation
3 |
[328/484] Compiling SwiftMutationTesting SarifConfiguration.swift
/host/spi-builder-workspace/Sources/SwiftMutationTesting/Discovery/Pipeline/MutantFingerprint.swift:1:8: error: no such module 'CryptoKit'
1 | import CryptoKit
| `- error: no such module 'CryptoKit'
2 | import Foundation
3 |
[329/484] Compiling SwiftMutationTesting SarifDriver.swift
/host/spi-builder-workspace/Sources/SwiftMutationTesting/Discovery/Pipeline/MutantFingerprint.swift:1:8: error: no such module 'CryptoKit'
1 | import CryptoKit
| `- error: no such module 'CryptoKit'
2 | import Foundation
3 |
[330/484] Compiling SwiftMutationTesting SarifLocation.swift
/host/spi-builder-workspace/Sources/SwiftMutationTesting/Discovery/Pipeline/MutantFingerprint.swift:1:8: error: no such module 'CryptoKit'
1 | import CryptoKit
| `- error: no such module 'CryptoKit'
2 | import Foundation
3 |
[331/484] Compiling SwiftMutationTesting SarifLog.swift
/host/spi-builder-workspace/Sources/SwiftMutationTesting/Discovery/Pipeline/MutantFingerprint.swift:1:8: error: no such module 'CryptoKit'
1 | import CryptoKit
| `- error: no such module 'CryptoKit'
2 | import Foundation
3 |
[332/484] Compiling SwiftMutationTesting SarifMessage.swift
/host/spi-builder-workspace/Sources/SwiftMutationTesting/Discovery/Pipeline/MutantFingerprint.swift:1:8: error: no such module 'CryptoKit'
1 | import CryptoKit
| `- error: no such module 'CryptoKit'
2 | import Foundation
3 |
[333/484] Compiling SwiftMutationTesting SarifPhysicalLocation.swift
/host/spi-builder-workspace/Sources/SwiftMutationTesting/Discovery/Pipeline/MutantFingerprint.swift:1:8: error: no such module 'CryptoKit'
1 | import CryptoKit
| `- error: no such module 'CryptoKit'
2 | import Foundation
3 |
[334/484] Compiling SwiftMutationTesting SarifRegion.swift
/host/spi-builder-workspace/Sources/SwiftMutationTesting/Discovery/Pipeline/MutantFingerprint.swift:1:8: error: no such module 'CryptoKit'
1 | import CryptoKit
| `- error: no such module 'CryptoKit'
2 | import Foundation
3 |
[335/484] Compiling SwiftMutationTesting SarifResult.swift
/host/spi-builder-workspace/Sources/SwiftMutationTesting/Discovery/Pipeline/MutantFingerprint.swift:1:8: error: no such module 'CryptoKit'
1 | import CryptoKit
| `- error: no such module 'CryptoKit'
2 | import Foundation
3 |
[336/484] Compiling SwiftMutationTesting SarifResultProperties.swift
/host/spi-builder-workspace/Sources/SwiftMutationTesting/Discovery/Pipeline/MutantFingerprint.swift:1:8: error: no such module 'CryptoKit'
1 | import CryptoKit
| `- error: no such module 'CryptoKit'
2 | import Foundation
3 |
[337/484] Compiling SwiftMutationTesting SarifRule.swift
/host/spi-builder-workspace/Sources/SwiftMutationTesting/Discovery/Pipeline/MutantFingerprint.swift:1:8: error: no such module 'CryptoKit'
1 | import CryptoKit
| `- error: no such module 'CryptoKit'
2 | import Foundation
3 |
[338/484] Compiling SwiftMutationTesting SarifRuleCatalog.swift
/host/spi-builder-workspace/Sources/SwiftMutationTesting/Discovery/Pipeline/MutantFingerprint.swift:1:8: error: no such module 'CryptoKit'
1 | import CryptoKit
| `- error: no such module 'CryptoKit'
2 | import Foundation
3 |
[339/484] Compiling SwiftMutationTesting SarifRun.swift
/host/spi-builder-workspace/Sources/SwiftMutationTesting/Discovery/Pipeline/MutantFingerprint.swift:1:8: error: no such module 'CryptoKit'
1 | import CryptoKit
| `- error: no such module 'CryptoKit'
2 | import Foundation
3 |
[340/484] Compiling SwiftMutationTesting SarifTool.swift
/host/spi-builder-workspace/Sources/SwiftMutationTesting/Discovery/Pipeline/MutantFingerprint.swift:1:8: error: no such module 'CryptoKit'
1 | import CryptoKit
| `- error: no such module 'CryptoKit'
2 | import Foundation
3 |
[341/484] Compiling SwiftMutationTesting SarifReporter.swift
/host/spi-builder-workspace/Sources/SwiftMutationTesting/Discovery/Pipeline/MutantFingerprint.swift:1:8: error: no such module 'CryptoKit'
1 | import CryptoKit
| `- error: no such module 'CryptoKit'
2 | import Foundation
3 |
[342/484] Compiling SwiftMutationTesting SilentProgressReporter.swift
/host/spi-builder-workspace/Sources/SwiftMutationTesting/Discovery/Pipeline/MutantFingerprint.swift:1:8: error: no such module 'CryptoKit'
1 | import CryptoKit
| `- error: no such module 'CryptoKit'
2 | import Foundation
3 |
[343/484] Compiling SwiftMutationTesting SonarIssue.swift
/host/spi-builder-workspace/Sources/SwiftMutationTesting/Discovery/Pipeline/MutantFingerprint.swift:1:8: error: no such module 'CryptoKit'
1 | import CryptoKit
| `- error: no such module 'CryptoKit'
2 | import Foundation
3 |
[344/484] Compiling SwiftMutationTesting ExecutionStatus.swift
/host/spi-builder-workspace/Sources/SwiftMutationTesting/Discovery/Pipeline/MutantFingerprint.swift:1:8: error: no such module 'CryptoKit'
1 | import CryptoKit
| `- error: no such module 'CryptoKit'
2 | import Foundation
3 |
[345/484] Compiling SwiftMutationTesting FallbackExecutor.swift
/host/spi-builder-workspace/Sources/SwiftMutationTesting/Discovery/Pipeline/MutantFingerprint.swift:1:8: error: no such module 'CryptoKit'
1 | import CryptoKit
| `- error: no such module 'CryptoKit'
2 | import Foundation
3 |
[346/484] Compiling SwiftMutationTesting IncompatibleMutantExecutor+Xcode.swift
/host/spi-builder-workspace/Sources/SwiftMutationTesting/Discovery/Pipeline/MutantFingerprint.swift:1:8: error: no such module 'CryptoKit'
1 | import CryptoKit
| `- error: no such module 'CryptoKit'
2 | import Foundation
3 |
[347/484] Compiling SwiftMutationTesting IncompatibleMutantExecutor.swift
/host/spi-builder-workspace/Sources/SwiftMutationTesting/Discovery/Pipeline/MutantFingerprint.swift:1:8: error: no such module 'CryptoKit'
1 | import CryptoKit
| `- error: no such module 'CryptoKit'
2 | import Foundation
3 |
[348/484] Compiling SwiftMutationTesting IntegrityError.swift
/host/spi-builder-workspace/Sources/SwiftMutationTesting/Discovery/Pipeline/MutantFingerprint.swift:1:8: error: no such module 'CryptoKit'
1 | import CryptoKit
| `- error: no such module 'CryptoKit'
2 | import Foundation
3 |
[349/484] Compiling SwiftMutationTesting MutantExecutor.swift
/host/spi-builder-workspace/Sources/SwiftMutationTesting/Discovery/Pipeline/MutantFingerprint.swift:1:8: error: no such module 'CryptoKit'
1 | import CryptoKit
| `- error: no such module 'CryptoKit'
2 | import Foundation
3 |
[350/484] Compiling SwiftMutationTesting MutationCounter.swift
/host/spi-builder-workspace/Sources/SwiftMutationTesting/Discovery/Pipeline/MutantFingerprint.swift:1:8: error: no such module 'CryptoKit'
1 | import CryptoKit
| `- error: no such module 'CryptoKit'
2 | import Foundation
3 |
[351/484] Compiling SwiftMutationTesting ResultParser.swift
/host/spi-builder-workspace/Sources/SwiftMutationTesting/Discovery/Pipeline/MutantFingerprint.swift:1:8: error: no such module 'CryptoKit'
1 | import CryptoKit
| `- error: no such module 'CryptoKit'
2 | import Foundation
3 |
[352/484] Compiling SwiftMutationTesting SPMResultParser.swift
/host/spi-builder-workspace/Sources/SwiftMutationTesting/Discovery/Pipeline/MutantFingerprint.swift:1:8: error: no such module 'CryptoKit'
1 | import CryptoKit
| `- error: no such module 'CryptoKit'
2 | import Foundation
3 |
[353/484] Compiling SwiftMutationTesting TestOutputParser.swift
/host/spi-builder-workspace/Sources/SwiftMutationTesting/Discovery/Pipeline/MutantFingerprint.swift:1:8: error: no such module 'CryptoKit'
1 | import CryptoKit
| `- error: no such module 'CryptoKit'
2 | import Foundation
3 |
[354/484] Compiling SwiftMutationTesting TestRunOutcome.swift
/host/spi-builder-workspace/Sources/SwiftMutationTesting/Discovery/Pipeline/MutantFingerprint.swift:1:8: error: no such module 'CryptoKit'
1 | import CryptoKit
| `- error: no such module 'CryptoKit'
2 | import Foundation
3 |
[355/484] Compiling SwiftMutationTesting XCResultParser.swift
/host/spi-builder-workspace/Sources/SwiftMutationTesting/Discovery/Pipeline/MutantFingerprint.swift:1:8: error: no such module 'CryptoKit'
1 | import CryptoKit
| `- error: no such module 'CryptoKit'
2 | import Foundation
3 |
[356/484] Compiling SwiftMutationTesting ResultRecorder.swift
/host/spi-builder-workspace/Sources/SwiftMutationTesting/Discovery/Pipeline/MutantFingerprint.swift:1:8: error: no such module 'CryptoKit'
1 | import CryptoKit
| `- error: no such module 'CryptoKit'
2 | import Foundation
3 |
[357/484] Compiling SwiftMutationTesting RunnerInput+Excluding.swift
/host/spi-builder-workspace/Sources/SwiftMutationTesting/Discovery/Pipeline/MutantFingerprint.swift:1:8: error: no such module 'CryptoKit'
1 | import CryptoKit
| `- error: no such module 'CryptoKit'
2 | import Foundation
3 |
[358/484] Compiling SwiftMutationTesting RunnerInput.swift
/host/spi-builder-workspace/Sources/SwiftMutationTesting/Discovery/Pipeline/MutantFingerprint.swift:1:8: error: no such module 'CryptoKit'
1 | import CryptoKit
| `- error: no such module 'CryptoKit'
2 | import Foundation
3 |
[359/484] Compiling SwiftMutationTesting SchemaNarrower.swift
/host/spi-builder-workspace/Sources/SwiftMutationTesting/Discovery/Pipeline/MutantFingerprint.swift:1:8: error: no such module 'CryptoKit'
1 | import CryptoKit
| `- error: no such module 'CryptoKit'
2 | import Foundation
3 |
[360/484] Compiling SwiftMutationTesting TargetedSuite.swift
/host/spi-builder-workspace/Sources/SwiftMutationTesting/Discovery/Pipeline/MutantFingerprint.swift:1:8: error: no such module 'CryptoKit'
1 | import CryptoKit
| `- error: no such module 'CryptoKit'
2 | import Foundation
3 |
[361/484] Compiling SwiftMutationTesting TargetedSuites.swift
/host/spi-builder-workspace/Sources/SwiftMutationTesting/Discovery/Pipeline/MutantFingerprint.swift:1:8: error: no such module 'CryptoKit'
1 | import CryptoKit
| `- error: no such module 'CryptoKit'
2 | import Foundation
3 |
[362/484] Compiling SwiftMutationTesting TestBundle.swift
/host/spi-builder-workspace/Sources/SwiftMutationTesting/Discovery/Pipeline/MutantFingerprint.swift:1:8: error: no such module 'CryptoKit'
1 | import CryptoKit
| `- error: no such module 'CryptoKit'
2 | import Foundation
3 |
[363/484] Compiling SwiftMutationTesting TestBundleInvocation.swift
/host/spi-builder-workspace/Sources/SwiftMutationTesting/Discovery/Pipeline/MutantFingerprint.swift:1:8: error: no such module 'CryptoKit'
1 | import CryptoKit
| `- error: no such module 'CryptoKit'
2 | import Foundation
3 |
[364/484] Compiling SwiftMutationTesting TestExecutionContext.swift
/host/spi-builder-workspace/Sources/SwiftMutationTesting/Discovery/Pipeline/MutantFingerprint.swift:1:8: error: no such module 'CryptoKit'
1 | import CryptoKit
| `- error: no such module 'CryptoKit'
2 | import Foundation
3 |
[365/484] Compiling SwiftMutationTesting TestExecutionStage.swift
/host/spi-builder-workspace/Sources/SwiftMutationTesting/Discovery/Pipeline/MutantFingerprint.swift:1:8: error: no such module 'CryptoKit'
1 | import CryptoKit
| `- error: no such module 'CryptoKit'
2 | import Foundation
3 |
[366/484] Compiling SwiftMutationTesting TestLaunchResult.swift
/host/spi-builder-workspace/Sources/SwiftMutationTesting/Discovery/Pipeline/MutantFingerprint.swift:1:8: error: no such module 'CryptoKit'
1 | import CryptoKit
| `- error: no such module 'CryptoKit'
2 | import Foundation
3 |
[367/484] Compiling SwiftMutationTesting BuildArtifact.swift
/host/spi-builder-workspace/Sources/SwiftMutationTesting/Discovery/Pipeline/MutantFingerprint.swift:1:8: error: no such module 'CryptoKit'
1 | import CryptoKit
| `- error: no such module 'CryptoKit'
2 | import Foundation
3 |
[368/484] Compiling SwiftMutationTesting BuildError.swift
/host/spi-builder-workspace/Sources/SwiftMutationTesting/Discovery/Pipeline/MutantFingerprint.swift:1:8: error: no such module 'CryptoKit'
1 | import CryptoKit
| `- error: no such module 'CryptoKit'
2 | import Foundation
3 |
[369/484] Compiling SwiftMutationTesting BuildStage.swift
/host/spi-builder-workspace/Sources/SwiftMutationTesting/Discovery/Pipeline/MutantFingerprint.swift:1:8: error: no such module 'CryptoKit'
1 | import CryptoKit
| `- error: no such module 'CryptoKit'
2 | import Foundation
3 |
[370/484] Compiling SwiftMutationTesting ToolRequests.swift
/host/spi-builder-workspace/Sources/SwiftMutationTesting/Discovery/Pipeline/MutantFingerprint.swift:1:8: error: no such module 'CryptoKit'
1 | import CryptoKit
| `- error: no such module 'CryptoKit'
2 | import Foundation
3 |
[371/484] Compiling SwiftMutationTesting CommandLineParser.swift
/host/spi-builder-workspace/Sources/SwiftMutationTesting/Discovery/Pipeline/MutantFingerprint.swift:1:8: error: no such module 'CryptoKit'
1 | import CryptoKit
| `- error: no such module 'CryptoKit'
2 | import Foundation
3 |
[372/484] Compiling SwiftMutationTesting CommandSupport.swift
/host/spi-builder-workspace/Sources/SwiftMutationTesting/Discovery/Pipeline/MutantFingerprint.swift:1:8: error: no such module 'CryptoKit'
1 | import CryptoKit
| `- error: no such module 'CryptoKit'
2 | import Foundation
3 |
[373/484] Compiling SwiftMutationTesting Command.swift
/host/spi-builder-workspace/Sources/SwiftMutationTesting/Discovery/Pipeline/MutantFingerprint.swift:1:8: error: no such module 'CryptoKit'
1 | import CryptoKit
| `- error: no such module 'CryptoKit'
2 | import Foundation
3 |
[374/484] Compiling SwiftMutationTesting HelpCommand.swift
/host/spi-builder-workspace/Sources/SwiftMutationTesting/Discovery/Pipeline/MutantFingerprint.swift:1:8: error: no such module 'CryptoKit'
1 | import CryptoKit
| `- error: no such module 'CryptoKit'
2 | import Foundation
3 |
[375/484] Compiling SwiftMutationTesting InitCommand.swift
/host/spi-builder-workspace/Sources/SwiftMutationTesting/Discovery/Pipeline/MutantFingerprint.swift:1:8: error: no such module 'CryptoKit'
1 | import CryptoKit
| `- error: no such module 'CryptoKit'
2 | import Foundation
3 |
[376/484] Compiling SwiftMutationTesting MergeCommand.swift
/host/spi-builder-workspace/Sources/SwiftMutationTesting/Discovery/Pipeline/MutantFingerprint.swift:1:8: error: no such module 'CryptoKit'
1 | import CryptoKit
| `- error: no such module 'CryptoKit'
2 | import Foundation
3 |
[377/484] Compiling SwiftMutationTesting PlanCommand.swift
/host/spi-builder-workspace/Sources/SwiftMutationTesting/Discovery/Pipeline/MutantFingerprint.swift:1:8: error: no such module 'CryptoKit'
1 | import CryptoKit
| `- error: no such module 'CryptoKit'
2 | import Foundation
3 |
[378/484] Compiling SwiftMutationTesting ReproduceCommand.swift
/host/spi-builder-workspace/Sources/SwiftMutationTesting/Discovery/Pipeline/MutantFingerprint.swift:1:8: error: no such module 'CryptoKit'
1 | import CryptoKit
| `- error: no such module 'CryptoKit'
2 | import Foundation
3 |
[379/484] Compiling SwiftMutationTesting RunCommand.swift
/host/spi-builder-workspace/Sources/SwiftMutationTesting/Discovery/Pipeline/MutantFingerprint.swift:1:8: error: no such module 'CryptoKit'
1 | import CryptoKit
| `- error: no such module 'CryptoKit'
2 | import Foundation
3 |
[380/484] Compiling SwiftMutationTesting VersionCommand.swift
/host/spi-builder-workspace/Sources/SwiftMutationTesting/Discovery/Pipeline/MutantFingerprint.swift:1:8: error: no such module 'CryptoKit'
1 | import CryptoKit
| `- error: no such module 'CryptoKit'
2 | import Foundation
3 |
[381/484] Compiling SwiftMutationTesting ExitCode.swift
/host/spi-builder-workspace/Sources/SwiftMutationTesting/Discovery/Pipeline/MutantFingerprint.swift:1:8: error: no such module 'CryptoKit'
1 | import CryptoKit
| `- error: no such module 'CryptoKit'
2 | import Foundation
3 |
[382/484] Compiling SwiftMutationTesting HelpText.swift
/host/spi-builder-workspace/Sources/SwiftMutationTesting/Discovery/Pipeline/MutantFingerprint.swift:1:8: error: no such module 'CryptoKit'
1 | import CryptoKit
| `- error: no such module 'CryptoKit'
2 | import Foundation
3 |
[383/484] Compiling SwiftMutationTesting ParsedArguments.swift
/host/spi-builder-workspace/Sources/SwiftMutationTesting/Discovery/Pipeline/MutantFingerprint.swift:1:8: error: no such module 'CryptoKit'
1 | import CryptoKit
| `- error: no such module 'CryptoKit'
2 | import Foundation
3 |
[384/484] Compiling SwiftMutationTesting RunConclusion.swift
/host/spi-builder-workspace/Sources/SwiftMutationTesting/Discovery/Pipeline/MutantFingerprint.swift:1:8: error: no such module 'CryptoKit'
1 | import CryptoKit
| `- error: no such module 'CryptoKit'
2 | import Foundation
3 |
[385/484] Compiling SwiftMutationTesting UsageError.swift
/host/spi-builder-workspace/Sources/SwiftMutationTesting/Discovery/Pipeline/MutantFingerprint.swift:1:8: error: no such module 'CryptoKit'
1 | import CryptoKit
| `- error: no such module 'CryptoKit'
2 | import Foundation
3 |
[386/484] Compiling SwiftMutationTesting CacheStore.swift
/host/spi-builder-workspace/Sources/SwiftMutationTesting/Discovery/Pipeline/MutantFingerprint.swift:1:8: error: no such module 'CryptoKit'
1 | import CryptoKit
| `- error: no such module 'CryptoKit'
2 | import Foundation
3 |
[387/484] Compiling SwiftMutationTesting CacheTestSelection.swift
/host/spi-builder-workspace/Sources/SwiftMutationTesting/Discovery/Pipeline/MutantFingerprint.swift:1:8: error: no such module 'CryptoKit'
1 | import CryptoKit
| `- error: no such module 'CryptoKit'
2 | import Foundation
3 |
[388/484] Compiling SwiftMutationTesting KillerTestFileResolver.swift
/host/spi-builder-workspace/Sources/SwiftMutationTesting/Discovery/Pipeline/MutantFingerprint.swift:1:8: error: no such module 'CryptoKit'
1 | import CryptoKit
| `- error: no such module 'CryptoKit'
2 | import Foundation
3 |
[389/484] Compiling SwiftMutationTesting MutantCacheKey.swift
/host/spi-builder-workspace/Sources/SwiftMutationTesting/Discovery/Pipeline/MutantFingerprint.swift:1:8: error: no such module 'CryptoKit'
1 | import CryptoKit
| `- error: no such module 'CryptoKit'
2 | import Foundation
3 |
[390/484] Compiling SwiftMutationTesting MutationOperator.swift
/host/spi-builder-workspace/Sources/SwiftMutationTesting/Discovery/Pipeline/MutantFingerprint.swift:1:8: error: no such module 'CryptoKit'
1 | import CryptoKit
| `- error: no such module 'CryptoKit'
2 | import Foundation
3 |
[391/484] Compiling SwiftMutationTesting MutationSyntaxVisitor.swift
/host/spi-builder-workspace/Sources/SwiftMutationTesting/Discovery/Pipeline/MutantFingerprint.swift:1:8: error: no such module 'CryptoKit'
1 | import CryptoKit
| `- error: no such module 'CryptoKit'
2 | import Foundation
3 |
[392/484] Compiling SwiftMutationTesting NegateConditionalVisitor.swift
/host/spi-builder-workspace/Sources/SwiftMutationTesting/Discovery/Pipeline/MutantFingerprint.swift:1:8: error: no such module 'CryptoKit'
1 | import CryptoKit
| `- error: no such module 'CryptoKit'
2 | import Foundation
3 |
[393/484] Compiling SwiftMutationTesting RelationalOperatorVisitor.swift
/host/spi-builder-workspace/Sources/SwiftMutationTesting/Discovery/Pipeline/MutantFingerprint.swift:1:8: error: no such module 'CryptoKit'
1 | import CryptoKit
| `- error: no such module 'CryptoKit'
2 | import Foundation
3 |
[394/484] Compiling SwiftMutationTesting RemoveSideEffectsVisitor.swift
/host/spi-builder-workspace/Sources/SwiftMutationTesting/Discovery/Pipeline/MutantFingerprint.swift:1:8: error: no such module 'CryptoKit'
1 | import CryptoKit
| `- error: no such module 'CryptoKit'
2 | import Foundation
3 |
[395/484] Compiling SwiftMutationTesting ReplacementKind.swift
/host/spi-builder-workspace/Sources/SwiftMutationTesting/Discovery/Pipeline/MutantFingerprint.swift:1:8: error: no such module 'CryptoKit'
1 | import CryptoKit
| `- error: no such module 'CryptoKit'
2 | import Foundation
3 |
[396/484] Compiling SwiftMutationTesting SwapTernaryVisitor.swift
/host/spi-builder-workspace/Sources/SwiftMutationTesting/Discovery/Pipeline/MutantFingerprint.swift:1:8: error: no such module 'CryptoKit'
1 | import CryptoKit
| `- error: no such module 'CryptoKit'
2 | import Foundation
3 |
[397/484] Compiling SwiftMutationTesting DeclarationPath.swift
/host/spi-builder-workspace/Sources/SwiftMutationTesting/Discovery/Pipeline/MutantFingerprint.swift:1:8: error: no such module 'CryptoKit'
1 | import CryptoKit
| `- error: no such module 'CryptoKit'
2 | import Foundation
3 |
[398/484] Compiling SwiftMutationTesting DiscoveryInput.swift
/host/spi-builder-workspace/Sources/SwiftMutationTesting/Discovery/Pipeline/MutantFingerprint.swift:1:8: error: no such module 'CryptoKit'
1 | import CryptoKit
| `- error: no such module 'CryptoKit'
2 | import Foundation
3 |
[399/484] Compiling SwiftMutationTesting ExcludePattern.swift
/host/spi-builder-workspace/Sources/SwiftMutationTesting/Discovery/Pipeline/MutantFingerprint.swift:1:8: error: no such module 'CryptoKit'
1 | import CryptoKit
| `- error: no such module 'CryptoKit'
2 | import Foundation
3 |
[400/484] Compiling SwiftMutationTesting FileDiscoveryError.swift
/host/spi-builder-workspace/Sources/SwiftMutationTesting/Discovery/Pipeline/MutantFingerprint.swift:1:8: error: no such module 'CryptoKit'
1 | import CryptoKit
| `- error: no such module 'CryptoKit'
2 | import Foundation
3 |
[401/484] Compiling SwiftMutationTesting FileDiscoveryStage.swift
/host/spi-builder-workspace/Sources/SwiftMutationTesting/Discovery/Pipeline/MutantFingerprint.swift:1:8: error: no such module 'CryptoKit'
1 | import CryptoKit
| `- error: no such module 'CryptoKit'
2 | import Foundation
3 |
[402/484] Compiling SwiftMutationTesting IncompatibleRewritingStage.swift
/host/spi-builder-workspace/Sources/SwiftMutationTesting/Discovery/Pipeline/MutantFingerprint.swift:1:8: error: no such module 'CryptoKit'
1 | import CryptoKit
| `- error: no such module 'CryptoKit'
2 | import Foundation
3 |
[403/484] Compiling SwiftMutationTesting IndexedMutationPoint.swift
/host/spi-builder-workspace/Sources/SwiftMutationTesting/Discovery/Pipeline/MutantFingerprint.swift:1:8: error: no such module 'CryptoKit'
1 | import CryptoKit
| `- error: no such module 'CryptoKit'
2 | import Foundation
3 |
[404/484] Compiling SwiftMutationTesting MutantDescriptor.swift
/host/spi-builder-workspace/Sources/SwiftMutationTesting/Discovery/Pipeline/MutantFingerprint.swift:1:8: error: no such module 'CryptoKit'
1 | import CryptoKit
| `- error: no such module 'CryptoKit'
2 | import Foundation
3 |
[405/484] Compiling SwiftMutationTesting MutantDiscoveryStage.swift
/host/spi-builder-workspace/Sources/SwiftMutationTesting/Discovery/Pipeline/MutantFingerprint.swift:1:8: error: no such module 'CryptoKit'
1 | import CryptoKit
| `- error: no such module 'CryptoKit'
2 | import Foundation
3 |
[406/484] Compiling SwiftMutationTesting MutantFingerprint.swift
/host/spi-builder-workspace/Sources/SwiftMutationTesting/Discovery/Pipeline/MutantFingerprint.swift:1:8: error: no such module 'CryptoKit'
1 | import CryptoKit
| `- error: no such module 'CryptoKit'
2 | import Foundation
3 |
[407/484] Compiling SwiftMutationTesting MutantID.swift
/host/spi-builder-workspace/Sources/SwiftMutationTesting/Discovery/Pipeline/MutantFingerprint.swift:1:8: error: no such module 'CryptoKit'
1 | import CryptoKit
| `- error: no such module 'CryptoKit'
2 | import Foundation
3 |
[408/484] Compiling SwiftMutationTesting MutantIndexingStage.swift
/host/spi-builder-workspace/Sources/SwiftMutationTesting/Discovery/Pipeline/MutantFingerprint.swift:1:8: error: no such module 'CryptoKit'
1 | import CryptoKit
| `- error: no such module 'CryptoKit'
2 | import Foundation
3 |
[409/484] Compiling SwiftMutationTesting MutationExclusion.swift
/host/spi-builder-workspace/Sources/SwiftMutationTesting/Discovery/Pipeline/MutantFingerprint.swift:1:8: error: no such module 'CryptoKit'
1 | import CryptoKit
| `- error: no such module 'CryptoKit'
2 | import Foundation
3 |
[410/484] Compiling SwiftMutationTesting MutationPoint.swift
/host/spi-builder-workspace/Sources/SwiftMutationTesting/Discovery/Pipeline/MutantFingerprint.swift:1:8: error: no such module 'CryptoKit'
1 | import CryptoKit
| `- error: no such module 'CryptoKit'
2 | import Foundation
3 |
[411/484] Compiling SwiftMutationTesting ParsedSource.swift
/host/spi-builder-workspace/Sources/SwiftMutationTesting/Discovery/Pipeline/MutantFingerprint.swift:1:8: error: no such module 'CryptoKit'
1 | import CryptoKit
| `- error: no such module 'CryptoKit'
2 | import Foundation
3 |
[412/484] Compiling SwiftMutationTesting ParsingStage.swift
/host/spi-builder-workspace/Sources/SwiftMutationTesting/Discovery/Pipeline/MutantFingerprint.swift:1:8: error: no such module 'CryptoKit'
1 | import CryptoKit
| `- error: no such module 'CryptoKit'
2 | import Foundation
3 |
[413/484] Compiling SwiftMutationTesting ProjectRelativePath.swift
/host/spi-builder-workspace/Sources/SwiftMutationTesting/Discovery/Pipeline/MutantFingerprint.swift:1:8: error: no such module 'CryptoKit'
1 | import CryptoKit
| `- error: no such module 'CryptoKit'
2 | import Foundation
3 |
[414/484] Compiling SwiftMutationTesting RunnerLaunching.swift
/host/spi-builder-workspace/Sources/SwiftMutationTesting/Discovery/Pipeline/MutantFingerprint.swift:1:8: error: no such module 'CryptoKit'
1 | import CryptoKit
| `- error: no such module 'CryptoKit'
2 | import Foundation
3 |
[415/484] Compiling SwiftMutationTesting SPMProcessLauncher.swift
/host/spi-builder-workspace/Sources/SwiftMutationTesting/Discovery/Pipeline/MutantFingerprint.swift:1:8: error: no such module 'CryptoKit'
1 | import CryptoKit
| `- error: no such module 'CryptoKit'
2 | import Foundation
3 |
[416/484] Compiling SwiftMutationTesting SleepInhibitor.swift
/host/spi-builder-workspace/Sources/SwiftMutationTesting/Discovery/Pipeline/MutantFingerprint.swift:1:8: error: no such module 'CryptoKit'
1 | import CryptoKit
| `- error: no such module 'CryptoKit'
2 | import Foundation
3 |
[417/484] Compiling SwiftMutationTesting StandardError.swift
/host/spi-builder-workspace/Sources/SwiftMutationTesting/Discovery/Pipeline/MutantFingerprint.swift:1:8: error: no such module 'CryptoKit'
1 | import CryptoKit
| `- error: no such module 'CryptoKit'
2 | import Foundation
3 |
[418/484] Compiling SwiftMutationTesting StandardOutput.swift
/host/spi-builder-workspace/Sources/SwiftMutationTesting/Discovery/Pipeline/MutantFingerprint.swift:1:8: error: no such module 'CryptoKit'
1 | import CryptoKit
| `- error: no such module 'CryptoKit'
2 | import Foundation
3 |
[419/484] Compiling SwiftMutationTesting SystemCalls.swift
/host/spi-builder-workspace/Sources/SwiftMutationTesting/Discovery/Pipeline/MutantFingerprint.swift:1:8: error: no such module 'CryptoKit'
1 | import CryptoKit
| `- error: no such module 'CryptoKit'
2 | import Foundation
3 |
[420/484] Compiling SwiftMutationTesting TestFilesHasher.swift
/host/spi-builder-workspace/Sources/SwiftMutationTesting/Discovery/Pipeline/MutantFingerprint.swift:1:8: error: no such module 'CryptoKit'
1 | import CryptoKit
| `- error: no such module 'CryptoKit'
2 | import Foundation
3 |
[421/484] Compiling SwiftMutationTesting TimeoutEscalation.swift
/host/spi-builder-workspace/Sources/SwiftMutationTesting/Discovery/Pipeline/MutantFingerprint.swift:1:8: error: no such module 'CryptoKit'
1 | import CryptoKit
| `- error: no such module 'CryptoKit'
2 | import Foundation
3 |
[422/484] Compiling SwiftMutationTesting Uniquing.swift
/host/spi-builder-workspace/Sources/SwiftMutationTesting/Discovery/Pipeline/MutantFingerprint.swift:1:8: error: no such module 'CryptoKit'
1 | import CryptoKit
| `- error: no such module 'CryptoKit'
2 | import Foundation
3 |
[423/484] Compiling SwiftMutationTesting VersionedJSON.swift
/host/spi-builder-workspace/Sources/SwiftMutationTesting/Discovery/Pipeline/MutantFingerprint.swift:1:8: error: no such module 'CryptoKit'
1 | import CryptoKit
| `- error: no such module 'CryptoKit'
2 | import Foundation
3 |
[424/484] Compiling SwiftMutationTesting XCTestRunPlist.swift
/host/spi-builder-workspace/Sources/SwiftMutationTesting/Discovery/Pipeline/MutantFingerprint.swift:1:8: error: no such module 'CryptoKit'
1 | import CryptoKit
| `- error: no such module 'CryptoKit'
2 | import Foundation
3 |
[425/484] Compiling SwiftMutationTesting XcodeProcessLauncher.swift
/host/spi-builder-workspace/Sources/SwiftMutationTesting/Discovery/Pipeline/MutantFingerprint.swift:1:8: error: no such module 'CryptoKit'
1 | import CryptoKit
| `- error: no such module 'CryptoKit'
2 | import Foundation
3 |
[426/484] Compiling SwiftMutationTesting MergeError.swift
/host/spi-builder-workspace/Sources/SwiftMutationTesting/Discovery/Pipeline/MutantFingerprint.swift:1:8: error: no such module 'CryptoKit'
1 | import CryptoKit
| `- error: no such module 'CryptoKit'
2 | import Foundation
3 |
[427/484] Compiling SwiftMutationTesting Plan.swift
/host/spi-builder-workspace/Sources/SwiftMutationTesting/Discovery/Pipeline/MutantFingerprint.swift:1:8: error: no such module 'CryptoKit'
1 | import CryptoKit
| `- error: no such module 'CryptoKit'
2 | import Foundation
3 |
[428/484] Compiling SwiftMutationTesting PlanError.swift
/host/spi-builder-workspace/Sources/SwiftMutationTesting/Discovery/Pipeline/MutantFingerprint.swift:1:8: error: no such module 'CryptoKit'
1 | import CryptoKit
| `- error: no such module 'CryptoKit'
2 | import Foundation
3 |
[429/484] Compiling SwiftMutationTesting PlanJournal.swift
/host/spi-builder-workspace/Sources/SwiftMutationTesting/Discovery/Pipeline/MutantFingerprint.swift:1:8: error: no such module 'CryptoKit'
1 | import CryptoKit
| `- error: no such module 'CryptoKit'
2 | import Foundation
3 |
[430/484] Compiling SwiftMutationTesting PlanMaterializer.swift
/host/spi-builder-workspace/Sources/SwiftMutationTesting/Discovery/Pipeline/MutantFingerprint.swift:1:8: error: no such module 'CryptoKit'
1 | import CryptoKit
| `- error: no such module 'CryptoKit'
2 | import Foundation
3 |
[431/484] Compiling SwiftMutationTesting PlanResumer.swift
/host/spi-builder-workspace/Sources/SwiftMutationTesting/Discovery/Pipeline/MutantFingerprint.swift:1:8: error: no such module 'CryptoKit'
1 | import CryptoKit
| `- error: no such module 'CryptoKit'
2 | import Foundation
3 |
[432/484] Compiling SwiftMutationTesting PlanStore.swift
/host/spi-builder-workspace/Sources/SwiftMutationTesting/Discovery/Pipeline/MutantFingerprint.swift:1:8: error: no such module 'CryptoKit'
1 | import CryptoKit
| `- error: no such module 'CryptoKit'
2 | import Foundation
3 |
[433/484] Compiling SwiftMutationTesting Planner.swift
/host/spi-builder-workspace/Sources/SwiftMutationTesting/Discovery/Pipeline/MutantFingerprint.swift:1:8: error: no such module 'CryptoKit'
1 | import CryptoKit
| `- error: no such module 'CryptoKit'
2 | import Foundation
3 |
[434/484] Compiling SwiftMutationTesting Reproducer.swift
/host/spi-builder-workspace/Sources/SwiftMutationTesting/Discovery/Pipeline/MutantFingerprint.swift:1:8: error: no such module 'CryptoKit'
1 | import CryptoKit
| `- error: no such module 'CryptoKit'
2 | import Foundation
3 |
[435/484] Compiling SwiftMutationTesting Reproduction.swift
/host/spi-builder-workspace/Sources/SwiftMutationTesting/Discovery/Pipeline/MutantFingerprint.swift:1:8: error: no such module 'CryptoKit'
1 | import CryptoKit
| `- error: no such module 'CryptoKit'
2 | import Foundation
3 |
[436/484] Compiling SwiftMutationTesting TestResultResolver.swift
/host/spi-builder-workspace/Sources/SwiftMutationTesting/Discovery/Pipeline/MutantFingerprint.swift:1:8: error: no such module 'CryptoKit'
1 | import CryptoKit
| `- error: no such module 'CryptoKit'
2 | import Foundation
3 |
[437/484] Compiling SwiftMutationTesting TestTargetSelection.swift
/host/spi-builder-workspace/Sources/SwiftMutationTesting/Discovery/Pipeline/MutantFingerprint.swift:1:8: error: no such module 'CryptoKit'
1 | import CryptoKit
| `- error: no such module 'CryptoKit'
2 | import Foundation
3 |
[438/484] Compiling SwiftMutationTesting UnmutatedBuildCheck.swift
/host/spi-builder-workspace/Sources/SwiftMutationTesting/Discovery/Pipeline/MutantFingerprint.swift:1:8: error: no such module 'CryptoKit'
1 | import CryptoKit
| `- error: no such module 'CryptoKit'
2 | import Foundation
3 |
[439/484] Compiling SwiftMutationTesting Baseline.swift
/host/spi-builder-workspace/Sources/SwiftMutationTesting/Discovery/Pipeline/MutantFingerprint.swift:1:8: error: no such module 'CryptoKit'
1 | import CryptoKit
| `- error: no such module 'CryptoKit'
2 | import Foundation
3 |
[440/484] Compiling SwiftMutationTesting BaselineEntry.swift
/host/spi-builder-workspace/Sources/SwiftMutationTesting/Discovery/Pipeline/MutantFingerprint.swift:1:8: error: no such module 'CryptoKit'
1 | import CryptoKit
| `- error: no such module 'CryptoKit'
2 | import Foundation
3 |
[441/484] Compiling SwiftMutationTesting BaselineScope.swift
/host/spi-builder-workspace/Sources/SwiftMutationTesting/Discovery/Pipeline/MutantFingerprint.swift:1:8: error: no such module 'CryptoKit'
1 | import CryptoKit
| `- error: no such module 'CryptoKit'
2 | import Foundation
3 |
[442/484] Compiling SwiftMutationTesting BaselineStore.swift
/host/spi-builder-workspace/Sources/SwiftMutationTesting/Discovery/Pipeline/MutantFingerprint.swift:1:8: error: no such module 'CryptoKit'
1 | import CryptoKit
| `- error: no such module 'CryptoKit'
2 | import Foundation
3 |
[443/484] Compiling SwiftMutationTesting GateError.swift
/host/spi-builder-workspace/Sources/SwiftMutationTesting/Discovery/Pipeline/MutantFingerprint.swift:1:8: error: no such module 'CryptoKit'
1 | import CryptoKit
| `- error: no such module 'CryptoKit'
2 | import Foundation
3 |
[444/484] Compiling SwiftMutationTesting GatePolicy.swift
/host/spi-builder-workspace/Sources/SwiftMutationTesting/Discovery/Pipeline/MutantFingerprint.swift:1:8: error: no such module 'CryptoKit'
1 | import CryptoKit
| `- error: no such module 'CryptoKit'
2 | import Foundation
3 |
[445/484] Compiling SwiftMutationTesting GateResult.swift
/host/spi-builder-workspace/Sources/SwiftMutationTesting/Discovery/Pipeline/MutantFingerprint.swift:1:8: error: no such module 'CryptoKit'
1 | import CryptoKit
| `- error: no such module 'CryptoKit'
2 | import Foundation
3 |
[446/484] Compiling SwiftMutationTesting QualityGate.swift
/host/spi-builder-workspace/Sources/SwiftMutationTesting/Discovery/Pipeline/MutantFingerprint.swift:1:8: error: no such module 'CryptoKit'
1 | import CryptoKit
| `- error: no such module 'CryptoKit'
2 | import Foundation
3 |
[447/484] Compiling SwiftMutationTesting CanonicalPath.swift
/host/spi-builder-workspace/Sources/SwiftMutationTesting/Discovery/Pipeline/MutantFingerprint.swift:1:8: error: no such module 'CryptoKit'
1 | import CryptoKit
| `- error: no such module 'CryptoKit'
2 | import Foundation
3 |
[448/484] Compiling SwiftMutationTesting FileSystem.swift
/host/spi-builder-workspace/Sources/SwiftMutationTesting/Discovery/Pipeline/MutantFingerprint.swift:1:8: error: no such module 'CryptoKit'
1 | import CryptoKit
| `- error: no such module 'CryptoKit'
2 | import Foundation
3 |
[449/484] Compiling SwiftMutationTesting JSONLines.swift
/host/spi-builder-workspace/Sources/SwiftMutationTesting/Discovery/Pipeline/MutantFingerprint.swift:1:8: error: no such module 'CryptoKit'
1 | import CryptoKit
| `- error: no such module 'CryptoKit'
2 | import Foundation
3 |
[450/484] Compiling SwiftMutationTesting OnceWarning.swift
/host/spi-builder-workspace/Sources/SwiftMutationTesting/Discovery/Pipeline/MutantFingerprint.swift:1:8: error: no such module 'CryptoKit'
1 | import CryptoKit
| `- error: no such module 'CryptoKit'
2 | import Foundation
3 |
[451/484] Compiling SwiftMutationTesting OutputStopRule.swift
/host/spi-builder-workspace/Sources/SwiftMutationTesting/Discovery/Pipeline/MutantFingerprint.swift:1:8: error: no such module 'CryptoKit'
1 | import CryptoKit
| `- error: no such module 'CryptoKit'
2 | import Foundation
3 |
[452/484] Compiling SwiftMutationTesting OutputWatcher.swift
/host/spi-builder-workspace/Sources/SwiftMutationTesting/Discovery/Pipeline/MutantFingerprint.swift:1:8: error: no such module 'CryptoKit'
1 | import CryptoKit
| `- error: no such module 'CryptoKit'
2 | import Foundation
3 |
[453/484] Compiling SwiftMutationTesting ProcessArguments.swift
/host/spi-builder-workspace/Sources/SwiftMutationTesting/Discovery/Pipeline/MutantFingerprint.swift:1:8: error: no such module 'CryptoKit'
1 | import CryptoKit
| `- error: no such module 'CryptoKit'
2 | import Foundation
3 |
[454/484] Compiling SwiftMutationTesting ProcessGroupRegistry.swift
/host/spi-builder-workspace/Sources/SwiftMutationTesting/Discovery/Pipeline/MutantFingerprint.swift:1:8: error: no such module 'CryptoKit'
1 | import CryptoKit
| `- error: no such module 'CryptoKit'
2 | import Foundation
3 |
[455/484] Compiling SwiftMutationTesting ProcessLaunching.swift
/host/spi-builder-workspace/Sources/SwiftMutationTesting/Discovery/Pipeline/MutantFingerprint.swift:1:8: error: no such module 'CryptoKit'
1 | import CryptoKit
| `- error: no such module 'CryptoKit'
2 | import Foundation
3 |
[456/484] Compiling SwiftMutationTesting ProcessRequest.swift
/host/spi-builder-workspace/Sources/SwiftMutationTesting/Discovery/Pipeline/MutantFingerprint.swift:1:8: error: no such module 'CryptoKit'
1 | import CryptoKit
| `- error: no such module 'CryptoKit'
2 | import Foundation
3 |
[457/484] Compiling SwiftMutationTesting ProcessRunner.swift
/host/spi-builder-workspace/Sources/SwiftMutationTesting/Discovery/Pipeline/MutantFingerprint.swift:1:8: error: no such module 'CryptoKit'
1 | import CryptoKit
| `- error: no such module 'CryptoKit'
2 | import Foundation
3 |
[458/484] Compiling SwiftMutationTesting ProcessTree.swift
/host/spi-builder-workspace/Sources/SwiftMutationTesting/Discovery/Pipeline/MutantFingerprint.swift:1:8: error: no such module 'CryptoKit'
1 | import CryptoKit
| `- error: no such module 'CryptoKit'
2 | import Foundation
3 |
[459/484] Compiling SwiftMutationTesting SonarLocation.swift
/host/spi-builder-workspace/Sources/SwiftMutationTesting/Discovery/Pipeline/MutantFingerprint.swift:1:8: error: no such module 'CryptoKit'
1 | import CryptoKit
| `- error: no such module 'CryptoKit'
2 | import Foundation
3 |
[460/484] Compiling SwiftMutationTesting SonarPayload.swift
/host/spi-builder-workspace/Sources/SwiftMutationTesting/Discovery/Pipeline/MutantFingerprint.swift:1:8: error: no such module 'CryptoKit'
1 | import CryptoKit
| `- error: no such module 'CryptoKit'
2 | import Foundation
3 |
[461/484] Compiling SwiftMutationTesting SonarRange.swift
/host/spi-builder-workspace/Sources/SwiftMutationTesting/Discovery/Pipeline/MutantFingerprint.swift:1:8: error: no such module 'CryptoKit'
1 | import CryptoKit
| `- error: no such module 'CryptoKit'
2 | import Foundation
3 |
[462/484] Compiling SwiftMutationTesting SonarReporter.swift
/host/spi-builder-workspace/Sources/SwiftMutationTesting/Discovery/Pipeline/MutantFingerprint.swift:1:8: error: no such module 'CryptoKit'
1 | import CryptoKit
| `- error: no such module 'CryptoKit'
2 | import Foundation
3 |
[463/484] Compiling SwiftMutationTesting String+HtmlEscaped.swift
/host/spi-builder-workspace/Sources/SwiftMutationTesting/Discovery/Pipeline/MutantFingerprint.swift:1:8: error: no such module 'CryptoKit'
1 | import CryptoKit
| `- error: no such module 'CryptoKit'
2 | import Foundation
3 |
[464/484] Compiling SwiftMutationTesting TextReporter.swift
/host/spi-builder-workspace/Sources/SwiftMutationTesting/Discovery/Pipeline/MutantFingerprint.swift:1:8: error: no such module 'CryptoKit'
1 | import CryptoKit
| `- error: no such module 'CryptoKit'
2 | import Foundation
3 |
[465/484] Compiling SwiftMutationTesting LintSuppression.swift
/host/spi-builder-workspace/Sources/SwiftMutationTesting/Discovery/Pipeline/MutantFingerprint.swift:1:8: error: no such module 'CryptoKit'
1 | import CryptoKit
| `- error: no such module 'CryptoKit'
2 | import Foundation
3 |
[466/484] Compiling SwiftMutationTesting OrphanedProcessReaper.swift
/host/spi-builder-workspace/Sources/SwiftMutationTesting/Discovery/Pipeline/MutantFingerprint.swift:1:8: error: no such module 'CryptoKit'
1 | import CryptoKit
| `- error: no such module 'CryptoKit'
2 | import Foundation
3 |
[467/484] Compiling SwiftMutationTesting Sandbox.swift
/host/spi-builder-workspace/Sources/SwiftMutationTesting/Discovery/Pipeline/MutantFingerprint.swift:1:8: error: no such module 'CryptoKit'
1 | import CryptoKit
| `- error: no such module 'CryptoKit'
2 | import Foundation
3 |
[468/484] Compiling SwiftMutationTesting SandboxCleaner.swift
/host/spi-builder-workspace/Sources/SwiftMutationTesting/Discovery/Pipeline/MutantFingerprint.swift:1:8: error: no such module 'CryptoKit'
1 | import CryptoKit
| `- error: no such module 'CryptoKit'
2 | import Foundation
3 |
[469/484] Compiling SwiftMutationTesting SandboxFactory.swift
/host/spi-builder-workspace/Sources/SwiftMutationTesting/Discovery/Pipeline/MutantFingerprint.swift:1:8: error: no such module 'CryptoKit'
1 | import CryptoKit
| `- error: no such module 'CryptoKit'
2 | import Foundation
3 |
[470/484] Compiling SwiftMutationTesting SandboxLink.swift
/host/spi-builder-workspace/Sources/SwiftMutationTesting/Discovery/Pipeline/MutantFingerprint.swift:1:8: error: no such module 'CryptoKit'
1 | import CryptoKit
| `- error: no such module 'CryptoKit'
2 | import Foundation
3 |
[471/484] Compiling SwiftMutationTesting SandboxName.swift
/host/spi-builder-workspace/Sources/SwiftMutationTesting/Discovery/Pipeline/MutantFingerprint.swift:1:8: error: no such module 'CryptoKit'
1 | import CryptoKit
| `- error: no such module 'CryptoKit'
2 | import Foundation
3 |
[472/484] Compiling SwiftMutationTesting SandboxRegistry.swift
/host/spi-builder-workspace/Sources/SwiftMutationTesting/Discovery/Pipeline/MutantFingerprint.swift:1:8: error: no such module 'CryptoKit'
1 | import CryptoKit
| `- error: no such module 'CryptoKit'
2 | import Foundation
3 |
[473/484] Compiling SwiftMutationTesting CloneName.swift
/host/spi-builder-workspace/Sources/SwiftMutationTesting/Discovery/Pipeline/MutantFingerprint.swift:1:8: error: no such module 'CryptoKit'
1 | import CryptoKit
| `- error: no such module 'CryptoKit'
2 | import Foundation
3 |
[474/484] Compiling SwiftMutationTesting SimulatorError.swift
/host/spi-builder-workspace/Sources/SwiftMutationTesting/Discovery/Pipeline/MutantFingerprint.swift:1:8: error: no such module 'CryptoKit'
1 | import CryptoKit
| `- error: no such module 'CryptoKit'
2 | import Foundation
3 |
[475/484] Compiling SwiftMutationTesting SimulatorManager.swift
/host/spi-builder-workspace/Sources/SwiftMutationTesting/Discovery/Pipeline/MutantFingerprint.swift:1:8: error: no such module 'CryptoKit'
1 | import CryptoKit
| `- error: no such module 'CryptoKit'
2 | import Foundation
3 |
[476/484] Compiling SwiftMutationTesting SimulatorPool+Make.swift
/host/spi-builder-workspace/Sources/SwiftMutationTesting/Discovery/Pipeline/MutantFingerprint.swift:1:8: error: no such module 'CryptoKit'
1 | import CryptoKit
| `- error: no such module 'CryptoKit'
2 | import Foundation
3 |
[477/484] Compiling SwiftMutationTesting SimulatorPool.swift
/host/spi-builder-workspace/Sources/SwiftMutationTesting/Discovery/Pipeline/MutantFingerprint.swift:1:8: error: no such module 'CryptoKit'
1 | import CryptoKit
| `- error: no such module 'CryptoKit'
2 | import Foundation
3 |
[478/484] Compiling SwiftMutationTesting SimulatorSlot.swift
/host/spi-builder-workspace/Sources/SwiftMutationTesting/Discovery/Pipeline/MutantFingerprint.swift:1:8: error: no such module 'CryptoKit'
1 | import CryptoKit
| `- error: no such module 'CryptoKit'
2 | import Foundation
3 |
[479/484] Compiling SwiftMutationTesting SwiftMutationTesting.swift
/host/spi-builder-workspace/Sources/SwiftMutationTesting/Discovery/Pipeline/MutantFingerprint.swift:1:8: error: no such module 'CryptoKit'
1 | import CryptoKit
| `- error: no such module 'CryptoKit'
2 | import Foundation
3 |
[480/484] Compiling SwiftMutationTesting Version.swift
/host/spi-builder-workspace/Sources/SwiftMutationTesting/Discovery/Pipeline/MutantFingerprint.swift:1:8: error: no such module 'CryptoKit'
1 | import CryptoKit
| `- error: no such module 'CryptoKit'
2 | import Foundation
3 |
BUILD FAILURE 6.2 android