The Swift Package Index logo.Swift Package Index

Build Information

Failed to build GoogleCloudAppHubV1, reference main (aef539), with Swift 6.2 for Android on 10 Oct 2026 21:40:57 UTC.

Build Command

bash -c docker run --pull=always --rm -v "checkouts-53886768-2":/host -w "$PWD" -e JAVA_HOME="/root/.sdkman/candidates/java/current" -e SPI_BUILD="1" -e SPI_PROCESSING="1" registry.gitlab.com/saguaro1/spi-images:android-6.2-latest swift build --swift-sdk aarch64-unknown-linux-android28 2>&1

Build Log

========================================
RunAll
========================================
Builder version: 5.1.1
Interrupt handler set up.
========================================
Checkout
========================================
Clone URL: https://github.com/googleapis/swift-google-cloud-apphub-v1.git
Reference: main
Initialized empty Git repository in /host/spi-builder-workspace/.git/
hint: Using 'master' as the name for the initial branch. This default branch name
hint: is subject to change. To configure the initial branch name to use in all
hint: of your new repositories, which will suppress this warning, call:
hint:
hint: 	git config --global init.defaultBranch <name>
hint:
hint: Names commonly chosen instead of 'master' are 'main', 'trunk' and
hint: 'development'. The just-created branch can be renamed via this command:
hint:
hint: 	git branch -m <name>
From https://github.com/googleapis/swift-google-cloud-apphub-v1
 * branch            main       -> FETCH_HEAD
 * [new branch]      main       -> origin/main
HEAD is now at aef5391 chore: release circa 2026-10-07 (#1382)
Cloned https://github.com/googleapis/swift-google-cloud-apphub-v1.git
Revision (git rev-parse @):
aef5391f33a7d41f2832531e868ed2b2fa01d95c
SPI manifest file found: $PWD/.spi.yml
SUCCESS checkout https://github.com/googleapis/swift-google-cloud-apphub-v1.git at main
========================================
Build
========================================
Selected platform:         android
Swift version:             6.2
Building package at path:  $PWD
https://github.com/googleapis/swift-google-cloud-apphub-v1.git
Running build ...
bash -c docker run --pull=always --rm -v "checkouts-53886768-2":/host -w "$PWD" -e JAVA_HOME="/root/.sdkman/candidates/java/current" -e SPI_BUILD="1" -e SPI_PROCESSING="1" registry.gitlab.com/saguaro1/spi-images:android-6.2-latest swift build --swift-sdk aarch64-unknown-linux-android28 2>&1
android-6.2-latest: Pulling from saguaro1/spi-images
Digest: sha256:a839c9ce201f1dacc8eb056626ec7ab0a1c6d53d7b77c83feda395f4507c51be
Status: Image is up to date for registry.gitlab.com/saguaro1/spi-images:android-6.2-latest
Fetching https://github.com/googleapis/swift-google-gax
Fetching https://github.com/googleapis/swift-google-wkt
Fetching https://github.com/apple/swift-log
Fetching https://github.com/googleapis/swift-google-iam-v1
Fetching https://github.com/googleapis/swift-google-longrunning
Fetching https://github.com/googleapis/swift-google-rpc
[1/422] Fetching swift-google-rpc
[18/8679] Fetching swift-google-rpc, swift-log
[53/9298] Fetching swift-google-rpc, swift-log, swift-google-longrunning
[407/10321] Fetching swift-google-rpc, swift-log, swift-google-longrunning, swift-google-wkt
[459/11027] Fetching swift-google-rpc, swift-log, swift-google-longrunning, swift-google-wkt, swift-google-iam-v1
Fetched https://github.com/googleapis/swift-google-rpc from cache (0.37s)
[2753/10605] Fetching swift-log, swift-google-longrunning, swift-google-wkt, swift-google-iam-v1
Fetching https://github.com/googleapis/swift-google-auth
[3415/12353] Fetching swift-log, swift-google-longrunning, swift-google-wkt, swift-google-iam-v1, swift-google-gax
Fetched https://github.com/googleapis/swift-google-longrunning from cache (0.54s)
Fetched https://github.com/googleapis/swift-google-iam-v1 from cache (0.54s)
Fetched https://github.com/googleapis/swift-google-gax from cache (0.54s)
Fetched https://github.com/googleapis/swift-google-wkt from cache (0.54s)
Fetched https://github.com/apple/swift-log from cache (0.54s)
Fetching https://github.com/googleapis/swift-google-cloud-location
[1/1023] Fetching swift-google-auth
Fetched https://github.com/googleapis/swift-google-auth from cache (0.41s)
[1/552] Fetching swift-google-cloud-location
Fetched https://github.com/googleapis/swift-google-cloud-location from cache (0.37s)
Computing version for https://github.com/googleapis/swift-google-wkt
Computed https://github.com/googleapis/swift-google-wkt at 0.5.0 (1.05s)
Fetching https://github.com/swift-extras/swift-extras-base64
[1/954] Fetching swift-extras-base64
Fetched https://github.com/swift-extras/swift-extras-base64 from cache (0.37s)
Computing version for https://github.com/googleapis/swift-google-rpc
Computed https://github.com/googleapis/swift-google-rpc at 0.5.0 (0.53s)
Computing version for https://github.com/googleapis/swift-google-longrunning
Computed https://github.com/googleapis/swift-google-longrunning at 0.5.0 (0.15s)
Computing version for https://github.com/googleapis/swift-google-iam-v1
Computed https://github.com/googleapis/swift-google-iam-v1 at 0.5.0 (0.16s)
Fetching https://github.com/googleapis/swift-google-type
[1/437] Fetching swift-google-type
Fetched https://github.com/googleapis/swift-google-type from cache (0.42s)
Computing version for https://github.com/googleapis/swift-google-gax
Computed https://github.com/googleapis/swift-google-gax at 0.5.0 (0.59s)
Fetching https://github.com/swift-server/async-http-client.git
Fetching https://github.com/apple/swift-nio
[1/16464] Fetching async-http-client
[16465/102838] Fetching async-http-client, swift-nio
Fetched https://github.com/swift-server/async-http-client.git from cache (3.53s)
Fetched https://github.com/apple/swift-nio from cache (3.57s)
Computing version for https://github.com/googleapis/swift-google-cloud-location
Computed https://github.com/googleapis/swift-google-cloud-location at 0.5.0 (3.73s)
Computing version for https://github.com/googleapis/swift-google-auth
Computed https://github.com/googleapis/swift-google-auth at 0.5.0 (0.16s)
Fetching https://github.com/vapor/jwt-kit.git
Fetching https://github.com/apple/swift-system.git
[1/7241] Fetching swift-system
[581/17495] Fetching swift-system, jwt-kit
Fetched https://github.com/apple/swift-system.git from cache (0.87s)
Fetched https://github.com/vapor/jwt-kit.git from cache (0.98s)
Computing version for https://github.com/googleapis/swift-google-type
Computed https://github.com/googleapis/swift-google-type at 0.5.0 (1.18s)
Computing version for https://github.com/swift-extras/swift-extras-base64
Computed https://github.com/swift-extras/swift-extras-base64 at 1.2.0 (0.17s)
Computing version for https://github.com/swift-server/async-http-client.git
Computed https://github.com/swift-server/async-http-client.git at 1.36.2 (0.21s)
Fetching https://github.com/apple/swift-distributed-tracing.git
Fetching https://github.com/apple/swift-atomics.git
Fetching https://github.com/apple/swift-algorithms.git
Fetching https://github.com/apple/swift-configuration.git
Fetching https://github.com/apple/swift-service-context.git
Fetching https://github.com/apple/swift-nio-extras.git
[1/1500] Fetching swift-service-context
[16/5428] Fetching swift-service-context, swift-configuration
[296/7317] Fetching swift-service-context, swift-configuration, swift-atomics
[910/13868] Fetching swift-service-context, swift-configuration, swift-atomics, swift-distributed-tracing
[1693/20571] Fetching swift-service-context, swift-configuration, swift-atomics, swift-distributed-tracing, swift-nio-extras
[16538/26735] Fetching swift-service-context, swift-configuration, swift-atomics, swift-distributed-tracing, swift-nio-extras, swift-algorithms
Fetched https://github.com/apple/swift-atomics.git from cache (0.55s)
Fetched https://github.com/apple/swift-configuration.git from cache (0.55s)
Fetching https://github.com/apple/swift-nio-http2.git
[15186/20918] Fetching swift-service-context, swift-distributed-tracing, swift-nio-extras, swift-algorithms
Fetched https://github.com/apple/swift-service-context.git from cache (0.62s)
Fetched https://github.com/apple/swift-nio-extras.git from cache (0.62s)
Fetching https://github.com/apple/swift-nio-ssl.git
[7414/12715] Fetching swift-distributed-tracing, swift-algorithms
Fetched https://github.com/apple/swift-algorithms.git from cache (0.90s)
Fetched https://github.com/apple/swift-distributed-tracing.git from cache (0.90s)
[1/16861] Fetching swift-nio-ssl
[1688/29155] Fetching swift-nio-ssl, swift-nio-http2
Fetched https://github.com/apple/swift-nio-ssl.git from cache (1.54s)
Fetching https://github.com/apple/swift-nio-transport-services.git
Fetched https://github.com/apple/swift-nio-http2.git from cache (1.69s)
[1/2867] Fetching swift-nio-transport-services
Fetched https://github.com/apple/swift-nio-transport-services.git from cache (0.42s)
Computing version for https://github.com/apple/swift-service-context.git
Computed https://github.com/apple/swift-service-context.git at 1.3.0 (2.80s)
Computing version for https://github.com/apple/swift-algorithms.git
Computed https://github.com/apple/swift-algorithms.git at 1.2.1 (0.88s)
Fetching https://github.com/apple/swift-numerics.git
[1/6728] Fetching swift-numerics
Fetched https://github.com/apple/swift-numerics.git from cache (0.55s)
Computing version for https://github.com/apple/swift-log
Computed https://github.com/apple/swift-log at 1.16.1 (0.71s)
Computing version for https://github.com/apple/swift-distributed-tracing.git
Computed https://github.com/apple/swift-distributed-tracing.git at 1.5.0 (0.15s)
Computing version for https://github.com/apple/swift-atomics.git
Computed https://github.com/apple/swift-atomics.git at 1.3.1 (0.18s)
Computing version for https://github.com/apple/swift-numerics.git
Computed https://github.com/apple/swift-numerics.git at 1.1.1 (0.14s)
Computing version for https://github.com/apple/swift-nio
Computed https://github.com/apple/swift-nio at 2.104.0 (0.34s)
Fetching https://github.com/apple/swift-collections.git
[1/28703] Fetching swift-collections
Fetched https://github.com/apple/swift-collections.git from cache (1.19s)
Computing version for https://github.com/apple/swift-configuration.git
Computed https://github.com/apple/swift-configuration.git at 1.2.2 (2.01s)
Fetching https://github.com/swift-server/swift-service-lifecycle
[1/2867] Fetching swift-service-lifecycle
Fetched https://github.com/swift-server/swift-service-lifecycle from cache (0.46s)
Computing version for https://github.com/apple/swift-nio-transport-services.git
Computed https://github.com/apple/swift-nio-transport-services.git at 1.28.0 (0.66s)
Computing version for https://github.com/swift-server/swift-service-lifecycle
Computed https://github.com/swift-server/swift-service-lifecycle at 2.12.1 (0.16s)
Fetching https://github.com/apple/swift-async-algorithms.git
[1/6820] Fetching swift-async-algorithms
Fetched https://github.com/apple/swift-async-algorithms.git from cache (0.58s)
Computing version for https://github.com/apple/swift-async-algorithms.git
Computed https://github.com/apple/swift-async-algorithms.git at 1.1.7 (0.79s)
Computing version for https://github.com/apple/swift-collections.git
Computed https://github.com/apple/swift-collections.git at 1.7.2 (0.27s)
Computing version for https://github.com/apple/swift-nio-http2.git
Computed https://github.com/apple/swift-nio-http2.git at 1.46.0 (0.15s)
Computing version for https://github.com/vapor/jwt-kit.git
Computed https://github.com/vapor/jwt-kit.git at 5.7.1 (0.14s)
Fetching https://github.com/apple/swift-certificates.git
Fetching https://github.com/apple/swift-crypto.git
[1/18629] Fetching swift-crypto
[747/26238] Fetching swift-crypto, swift-certificates
Fetched https://github.com/apple/swift-certificates.git from cache (0.55s)
[2236/18629] Fetching swift-crypto
Fetched https://github.com/apple/swift-crypto.git from cache (1.18s)
Computing version for https://github.com/apple/swift-crypto.git
Computed https://github.com/apple/swift-crypto.git at 4.5.2 (1.81s)
Fetching https://github.com/apple/swift-asn1.git
[1/2009] Fetching swift-asn1
Fetched https://github.com/apple/swift-asn1.git from cache (0.41s)
Computing version for https://github.com/apple/swift-asn1.git
Computed https://github.com/apple/swift-asn1.git at 1.7.3 (0.60s)
Computing version for https://github.com/apple/swift-certificates.git
Computed https://github.com/apple/swift-certificates.git at 1.21.0 (0.23s)
Computing version for https://github.com/apple/swift-nio-ssl.git
Computed https://github.com/apple/swift-nio-ssl.git at 2.37.5 (0.20s)
Computing version for https://github.com/apple/swift-system.git
Computed https://github.com/apple/swift-system.git at 1.8.1 (0.19s)
Computing version for https://github.com/apple/swift-nio-extras.git
Computed https://github.com/apple/swift-nio-extras.git at 1.35.1 (0.29s)
Fetching https://github.com/apple/swift-http-types.git
Fetching https://github.com/apple/swift-http-structured-headers.git
[1/1253] Fetching swift-http-structured-headers
[1242/3192] Fetching swift-http-structured-headers, swift-http-types
Fetched https://github.com/apple/swift-http-structured-headers.git from cache (0.51s)
Fetched https://github.com/apple/swift-http-types.git from cache (0.51s)
Computing version for https://github.com/apple/swift-http-structured-headers.git
Computed https://github.com/apple/swift-http-structured-headers.git at 1.7.0 (0.68s)
Computing version for https://github.com/apple/swift-http-types.git
Computed https://github.com/apple/swift-http-types.git at 1.8.0 (0.18s)
Creating working copy for https://github.com/swift-server/swift-service-lifecycle
Working copy of https://github.com/swift-server/swift-service-lifecycle resolved at 2.12.1
Creating working copy for https://github.com/googleapis/swift-google-auth
Working copy of https://github.com/googleapis/swift-google-auth resolved at 0.5.0
Creating working copy for https://github.com/googleapis/swift-google-gax
Working copy of https://github.com/googleapis/swift-google-gax resolved at 0.5.0
Creating working copy for https://github.com/apple/swift-system.git
Working copy of https://github.com/apple/swift-system.git resolved at 1.8.1
Creating working copy for https://github.com/apple/swift-algorithms.git
Working copy of https://github.com/apple/swift-algorithms.git resolved at 1.2.1
Creating working copy for https://github.com/apple/swift-log
Working copy of https://github.com/apple/swift-log resolved at 1.16.1
Creating working copy for https://github.com/googleapis/swift-google-type
Working copy of https://github.com/googleapis/swift-google-type resolved at 0.5.0
Creating working copy for https://github.com/swift-server/async-http-client.git
Working copy of https://github.com/swift-server/async-http-client.git resolved at 1.36.2
Creating working copy for https://github.com/apple/swift-nio-transport-services.git
Working copy of https://github.com/apple/swift-nio-transport-services.git resolved at 1.28.0
Creating working copy for https://github.com/apple/swift-nio-extras.git
Working copy of https://github.com/apple/swift-nio-extras.git resolved at 1.35.1
Creating working copy for https://github.com/apple/swift-distributed-tracing.git
Working copy of https://github.com/apple/swift-distributed-tracing.git resolved at 1.5.0
Creating working copy for https://github.com/apple/swift-configuration.git
Working copy of https://github.com/apple/swift-configuration.git resolved at 1.2.2
Creating working copy for https://github.com/apple/swift-service-context.git
Working copy of https://github.com/apple/swift-service-context.git resolved at 1.3.0
Creating working copy for https://github.com/googleapis/swift-google-rpc
Working copy of https://github.com/googleapis/swift-google-rpc resolved at 0.5.0
Creating working copy for https://github.com/apple/swift-crypto.git
Working copy of https://github.com/apple/swift-crypto.git resolved at 4.5.2
Creating working copy for https://github.com/apple/swift-nio
Working copy of https://github.com/apple/swift-nio resolved at 2.104.0
Creating working copy for https://github.com/apple/swift-http-structured-headers.git
Working copy of https://github.com/apple/swift-http-structured-headers.git resolved at 1.7.0
Creating working copy for https://github.com/apple/swift-collections.git
Working copy of https://github.com/apple/swift-collections.git resolved at 1.7.2
Creating working copy for https://github.com/googleapis/swift-google-wkt
Working copy of https://github.com/googleapis/swift-google-wkt resolved at 0.5.0
Creating working copy for https://github.com/apple/swift-http-types.git
Working copy of https://github.com/apple/swift-http-types.git resolved at 1.8.0
Creating working copy for https://github.com/apple/swift-nio-ssl.git
Working copy of https://github.com/apple/swift-nio-ssl.git resolved at 2.37.5
Creating working copy for https://github.com/googleapis/swift-google-cloud-location
Working copy of https://github.com/googleapis/swift-google-cloud-location resolved at 0.5.0
Creating working copy for https://github.com/apple/swift-nio-http2.git
Working copy of https://github.com/apple/swift-nio-http2.git resolved at 1.46.0
Creating working copy for https://github.com/googleapis/swift-google-longrunning
Working copy of https://github.com/googleapis/swift-google-longrunning resolved at 0.5.0
Creating working copy for https://github.com/swift-extras/swift-extras-base64
Working copy of https://github.com/swift-extras/swift-extras-base64 resolved at 1.2.0
Creating working copy for https://github.com/vapor/jwt-kit.git
Working copy of https://github.com/vapor/jwt-kit.git resolved at 5.7.1
Creating working copy for https://github.com/apple/swift-certificates.git
Working copy of https://github.com/apple/swift-certificates.git resolved at 1.21.0
Creating working copy for https://github.com/apple/swift-async-algorithms.git
Working copy of https://github.com/apple/swift-async-algorithms.git resolved at 1.1.7
Creating working copy for https://github.com/apple/swift-numerics.git
Working copy of https://github.com/apple/swift-numerics.git resolved at 1.1.1
Creating working copy for https://github.com/apple/swift-asn1.git
Working copy of https://github.com/apple/swift-asn1.git resolved at 1.7.3
Creating working copy for https://github.com/googleapis/swift-google-iam-v1
Working copy of https://github.com/googleapis/swift-google-iam-v1 resolved at 0.5.0
Creating working copy for https://github.com/apple/swift-atomics.git
Working copy of https://github.com/apple/swift-atomics.git resolved at 1.3.1
Building for debugging...
[0/1054] Compiling CAsyncHTTPClient CAsyncHTTPClient.c
[1/1054] Write swift-version--11D90AFD9DD3AB2.txt
[2/1054] Compiling _NumericsShims _NumericsShims.c
[2/1054] Write sources
[7/1054] Compiling _AtomicsShims.c
[8/1058] Compiling aes.cc
[8/1058] Compiling a_i2d_fp.cc
[10/1062] Compiling a_dup.cc
[10/1062] Write sources
[45/1079] Compiling a_d2i_fp.cc
[46/1082] Compiling a_bool.cc
[47/1084] Compiling a_bitstr.cc
[48/1093] Compiling a_gentm.cc
[50/1132] Emitting module Logging
[51/1133] Emitting module InternalCollectionsUtilities
[52/1136] Compiling InternalCollectionsUtilities BorrowingIteratorProtocol+Equality.swift
[53/1136] Compiling InternalCollectionsUtilities BorrowingIteratorProtocol+Extras.swift
[54/1136] Compiling InternalCollectionsUtilities Descriptions.swift
[55/1136] Compiling InternalCollectionsUtilities FixedWidthInteger+roundUpToPowerOfTwo.swift
[57/1139] Compiling InternalCollectionsUtilities Integer rank.swift
[58/1139] Compiling RealModule RelaxedArithmetic.swift
[59/1139] Compiling InternalCollectionsUtilities UnsafeRawBufferPointer+Extras.swift
[60/1139] Compiling InternalCollectionsUtilities _SortedCollection.swift
[61/1139] Compiling InternalCollectionsUtilities _UniqueCollection.swift
[62/1139] Compiling RealModule Float80+Real.swift
[65/1139] Compiling InternalCollectionsUtilities Debugging.swift
[66/1139] Compiling InternalCollectionsUtilities MutableSpan+Extras.swift
[67/1139] Compiling InternalCollectionsUtilities OutputSpan+Extras.swift
[74/1139] Compiling InternalCollectionsUtilities UInt+first and last set bit.swift
[75/1139] Compiling InternalCollectionsUtilities UInt+reversed.swift
[76/1139] Compiling InternalCollectionsUtilities UnsafeMutablePointer+Extras.swift
[77/1139] Compiling InternalCollectionsUtilities UnsafeMutableRawBufferPointer+Extras.swift
[78/1139] Compiling InternalCollectionsUtilities UnsafePointer+Extras.swift
[79/1139] Compiling Logging LoggingSystem.swift
[80/1139] Compiling InternalCollectionsUtilities Iterable+CopyContents.swift
[81/1139] Compiling InternalCollectionsUtilities Iterable+Equality.swift
[82/1139] Compiling InternalCollectionsUtilities LifetimeOverride.swift
[83/1139] Compiling InternalCollectionsUtilities MutableRef.swift
[84/1139] Compiling SwiftASN1 DER.swift
[85/1139] Compiling SwiftASN1 Errors.swift
[86/1139] Compiling InternalCollectionsUtilities TemporaryAllocation.swift
[87/1139] Compiling InternalCollectionsUtilities _UnsafeBitSet+Index.swift
[90/1139] Compiling InternalCollectionsUtilities RandomAccessCollection+Offsets.swift
[91/1139] Compiling InternalCollectionsUtilities Span+Extras.swift
[96/1139] Compiling RealModule Real.swift
[97/1139] Emitting module RealModule
[100/1139] Compiling RealModule RealFunctions.swift
[101/1139] Compiling InternalCollectionsUtilities _UnsafeBitSet+_Word.swift
[102/1139] Compiling InternalCollectionsUtilities _UnsafeBitSet.swift
[103/1139] Compiling InternalCollectionsUtilities UnsafeBufferPointer+Extras.swift
[104/1139] Compiling InternalCollectionsUtilities UnsafeMutableBufferPointer+Extras.swift
[105/1140] Compiling _NIOBase64 Base64.swift
[106/1140] Emitting module _NIOBase64
[107/1140] Compiling ServiceContextModule ServiceContextKey.swift
[108/1140] Emitting module ServiceContextModule
[109/1141] Compiling ServiceContextModule ServiceContext.swift
[110/1142] Compiling _NIODataStructures Heap.swift
[111/1142] Compiling _NIODataStructures PriorityQueue.swift
[113/1142] Compiling RealModule Float16+Real.swift
[115/1143] Write sources
[121/1143] Compiling CXKCPShims shims.c
[123/1143] Compiling SimpleFIPS202.c
[125/1143] Compiling _CertificateInternals _TinyArray.swift
[126/1143] Emitting module _CertificateInternals
[128/1154] Compiling _NIODataStructures _TinyArray.swift
[129/1154] Emitting module _NIODataStructures
[130/1154] Compiling Logging Logger.swift
[131/1154] Compiling Logging Logger+Attributes.swift
[131/1155] Wrapping AST for _NIOBase64 for debugging
[133/1155] Compiling Logging Logger+With.swift
[134/1160] Emitting module SpanPreview
[135/1160] Wrapping AST for ServiceContextModule for debugging
[137/1160] Compiling Instrumentation NoOpInstrument.swift
[138/1160] Compiling SpanPreview InputSpan.swift
[138/1160] Wrapping AST for _CertificateInternals for debugging
[140/1160] Compiling SpanPreview OutputSpan+InputSpanHelpers.swift
[141/1160] Compiling SpanPreview MutableSpan+InputSpanHelpers.swift
[141/1161] Compiling KeccakSponge.c
[142/1161] Wrapping AST for RealModule for debugging
[144/1161] Compiling Instrumentation Instrument.swift
[146/1161] Emitting module Instrumentation
[146/1161] Wrapping AST for InternalCollectionsUtilities for debugging
[147/1161] Wrapping AST for _NIODataStructures for debugging
[149/1161] Compiling Instrumentation MultiplexInstrument.swift
[149/1161] Compiling KeccakHash.c
[150/1161] Compiling CSystem shims.c
[151/1161] Wrapping AST for SpanPreview for debugging
[152/1180] Compiling CNIOWindows shim.c
[153/1203] Compiling CNIOWindows WSAStartup.c
[154/1203] Compiling CNIOWASI CNIOWASI.c
[155/1203] Compiling CNIOPosix event_loop_id.c
[156/1203] Compiling CNIOOpenBSD shim.c
[158/1203] Compiling DequeModule Deque+ExpressibleByArrayLiteral.swift
[159/1203] Compiling DequeModule Deque+Extras.swift
[160/1203] Compiling DequeModule Deque+Hashable.swift
[160/1220] Compiling CNIOLinux shim.c
[161/1240] Compiling CNIOLinux liburing_shims.c
[162/1240] Compiling KeccakP-1600-opt64.c
[163/1240] Compiling CNIOLLHTTP c_nio_llhttp.c
[165/1240] Compiling DequeModule UniqueDeque+Initializers.swift
[166/1240] Compiling DequeModule UniqueDeque+Insertions.swift
[167/1240] Compiling DequeModule UniqueDeque+Iterable.swift
[168/1240] Compiling DequeModule UniqueDeque+Prepend.swift
[169/1240] Compiling DequeModule UniqueDeque+Removals.swift
[170/1240] Compiling SystemPackage Mocking.swift
[171/1240] Compiling SystemPackage RawBuffer.swift
[172/1240] Compiling SystemPackage Syscalls.swift
[173/1240] Compiling SystemPackage WindowsSyscallAdapters.swift
[174/1240] Compiling SystemPackage MachPort.swift
[175/1240] Compiling SystemPackage PlatformString.swift
[175/1245] Compiling CNIOLLHTTP c_nio_http.c
[177/1245] Compiling SystemPackage FilePathTempPosix.swift
[178/1245] Compiling SystemPackage FilePathTempWindows.swift
[179/1245] Compiling SystemPackage FilePathWindows.swift
[180/1245] Compiling SystemPackage FilePermissions.swift
[181/1245] Compiling SystemPackage FileFlags.swift
[182/1245] Compiling SystemPackage FileMode.swift
[182/1245] Compiling CNIOFreeBSD shim.c
[185/1245] Compiling CNIOExtrasZlib zutil.c
[186/1245] Compiling CNIOLLHTTP c_nio_api.c
[187/1245] Compiling CNIOExtrasZlib inftrees.c
[188/1245] Compiling CNIOExtrasZlib trees.c
[190/1245] Compiling SystemPackage FileType.swift
[191/1245] Compiling SystemPackage Identifiers.swift
[192/1245] Compiling SystemPackage Stat.swift
[193/1245] Compiling SystemPackage IOCompletion.swift
[194/1245] Compiling SystemPackage IORequest.swift
[195/1245] Compiling SystemPackage IORing+Util.swift
[196/1245] Compiling SystemPackage IORing.swift
[197/1245] Compiling SystemPackage RawIORequest.swift
[198/1245] Compiling SystemPackage Backcompat.swift
[199/1245] Compiling SystemPackage CInterop.swift
[200/1245] Compiling SystemPackage Constants.swift
[201/1245] Compiling SystemPackage Exports.swift
[201/1245] Compiling CNIOExtrasZlib inffast.c
[202/1245] Compiling CNIOExtrasZlib inflate.c
[204/1245] Compiling SystemPackage FilePathComponentView.swift
[205/1245] Compiling SystemPackage FilePathComponents.swift
[206/1245] Compiling SystemPackage FilePathParsing.swift
[207/1245] Compiling SystemPackage FilePathString.swift
[208/1245] Compiling SystemPackage FilePathSyntax.swift
[209/1245] Compiling SystemPackage Errno.swift
[209/1245] Compiling CNIOExtrasZlib crc32.c
[210/1245] Compiling CNIOExtrasZlib deflate.c
[211/1245] Compiling CNIODarwin shim.c
[212/1245] Compiling CNIOExtrasZlib adler32.c
[213/1245] Compiling fiat_p256_adx_sqr.S
[215/1245] Emitting module SwiftASN1
[215/1245] Compiling fiat_p256_adx_mul.S
[216/1245] Compiling fiat_curve25519_adx_square.S
[217/1245] Compiling fiat_curve25519_adx_mul.S
[219/1245] Compiling SystemPackage ErrnoWindows.swift
[220/1245] Compiling SystemPackage FileDescriptor.swift
[221/1245] Compiling SystemPackage FileHelpers.swift
[222/1245] Compiling SystemPackage FileOperations.swift
[223/1245] Compiling SystemPackage FilePath.swift
[224/1245] Compiling SystemPackage FilePathTemp.swift
[227/1245] Compiling Instrumentation Locks.swift
[233/1245] Compiling Instrumentation InstrumentationSystem.swift
[236/1251] Compiling Logging MetadataProvider.swift
[237/1252] Emitting module SystemPackage
[254/1252] Compiling CNIOBoringSSLShims shims.c
[265/1253] Wrapping AST for Logging for debugging
[266/1261] Wrapping AST for SwiftASN1 for debugging
[267/1261] Wrapping AST for Instrumentation for debugging
[269/1261] Compiling Tracing InstrumentationSystem+Tracing.swift
[270/1262] Compiling Tracing TracingTime.swift
[271/1262] Emitting module Tracing
[272/1262] Compiling Tracing WithTracer.swift
[273/1262] Compiling Tracing TracerProtocol.swift
[274/1262] Compiling Tracing TracerProtocol+Legacy.swift
[275/1262] Compiling Tracing Tracer.swift
[286/1262] Compiling tls_record.cc
[288/1262] Compiling Tracing NoOpTracer.swift
[289/1262] Compiling Tracing SpanProtocol.swift
[290/1263] Compiling tls_method.cc
[291/1263] Wrapping AST for Tracing for debugging
[293/1263] Compiling SystemPackage SystemString.swift
[294/1263] Compiling SystemPackage Util+StringArray.swift
[295/1263] Compiling SystemPackage Util.swift
[296/1263] Compiling SystemPackage UtilConsumers.swift
[297/1263] Compiling SystemPackage WinSDK+Overlay.swift
[298/1264] Wrapping AST for SystemPackage for debugging
[299/1264] Compiling tls13_server.cc
[301/1264] Emitting module DequeModule
[301/1264] Compiling tls13_enc.cc
[302/1264] Compiling t1_enc.cc
[303/1264] Compiling tls13_client.cc
[304/1264] Compiling tls13_both.cc
[305/1264] Compiling ssl_versions.cc
[307/1264] Compiling DequeModule UniqueDeque+Replacements.swift
[308/1264] Compiling DequeModule UniqueDeque.swift
[309/1264] Compiling DequeModule _DequeSlot.swift
[310/1264] Compiling DequeModule _UnsafeDequeHandle.swift
[311/1264] Compiling DequeModule _UnsafeDequeSegments.swift
[312/1265] Compiling ssl_x509.cc
[313/1308] Compiling ssl_transcript.cc
[314/1308] Wrapping AST for DequeModule for debugging
[315/1308] Compiling ssl_stat.cc
[316/1308] Compiling ssl_privkey.cc
[318/1308] Compiling ExtrasBase64 Base32.swift
[319/1308] Compiling ExtrasBase64 Base64.swift
[320/1308] Compiling ExtrasBase64 Base32+Span.swift
[321/1308] Compiling ExtrasBase64 Base64+Span.swift
[321/1308] Compiling ssl_session.cc
[322/1308] Compiling ssl_key_share.cc
[323/1308] Compiling ssl_file.cc
[325/1308] Compiling Configuration EnvironmentKeyEncoder.swift
[326/1308] Compiling Configuration EnvironmentVariablesProvider.swift
[327/1308] Compiling Configuration CommonProviderFileSystem.swift
[328/1308] Compiling Configuration DirectoryFilesProvider.swift
[329/1308] Compiling Configuration FileProvider.swift
[330/1308] Compiling Configuration FileProviderSnapshot.swift
[330/1313] Compiling ssl_lib.cc
[332/1313] Emitting module ExtrasBase64
[333/1314] Compiling ssl_credential.cc
[334/1314] Compiling ssl_cipher.cc
[335/1314] Wrapping AST for ExtrasBase64 for debugging
[336/1345] Compiling ssl_cert.cc
[337/1345] Compiling ssl_buffer.cc
[338/1345] Compiling ssl_asn1.cc
[339/1345] Compiling ssl_aead_ctx.cc
[340/1345] Compiling s3_lib.cc
[341/1345] Compiling s3_pkt.cc
[343/1345] Compiling GoogleWKT AnyPackable.swift
[344/1345] Compiling GoogleWKT DecodeToDefault.swift
[345/1345] Compiling GoogleWKT DiscoveryBase64.swift
[346/1345] Compiling GoogleWKT ProtoJSONDecoder.swift
[347/1345] Compiling GoogleWKT ProtoJSONEncoder.swift
[348/1345] Compiling GoogleWKT WKTStringValue.swift
[349/1345] Emitting module Configuration
[350/1345] Compiling Configuration MutableInMemoryProvider.swift
[351/1345] Compiling Configuration ConfigProvider+Operators.swift
[352/1345] Compiling Configuration KeyMappingProvider.swift
[353/1345] Compiling Configuration SecretsSpecifier.swift
[354/1345] Compiling Configuration AsyncCombineLatestManySequence.swift
[355/1345] Compiling Configuration CombineLatestManyStateMachine.swift
[356/1345] Compiling Configuration JSONSnapshot.swift
[357/1345] Compiling Configuration PropertyListSnapshot.swift
[358/1345] Compiling Configuration ReloadingFileProvider.swift
[359/1345] Compiling Configuration ReloadingFileProviderMetrics.swift
[360/1345] Compiling Configuration YAMLSnapshot.swift
[361/1345] Compiling Configuration InMemoryProvider.swift
[362/1345] Compiling GoogleWKT WKTFloatValue.swift
[363/1345] Compiling GoogleWKT WKTInt32Value.swift
[364/1345] Compiling GoogleWKT WKTInt64Value.swift
[365/1345] Compiling GoogleWKT WKTRecursive.swift
[366/1345] Compiling GoogleWKT WKTValue.swift
[367/1345] Compiling GoogleWKT WKTApi.swift
[368/1345] Compiling GoogleWKT WKTEnum.swift
[369/1345] Compiling GoogleWKT WKTEnumValue.swift
[370/1345] Compiling GoogleWKT WKTField.swift
[371/1345] Compiling GoogleWKT WKTMethod.swift
[372/1345] Compiling GoogleWKT WKTMixin.swift
[373/1345] Compiling GoogleWKT WKTOption.swift
[374/1345] Compiling Configuration CombineLatestManyStorage.swift
[375/1345] Compiling Configuration AsyncSequences.swift
[376/1345] Compiling Configuration FoundationExtensions.swift
[377/1345] Compiling Configuration Span.swift
[378/1345] Compiling Configuration ConfigBytesFromStringDecoder.swift
[384/1349] Compiling GoogleWKT WKTTimestamp.swift
[385/1349] Compiling GoogleWKT WKTUInt32Value.swift
[386/1349] Compiling GoogleWKT WKTUInt64Value.swift
[387/1349] Compiling GoogleWKT UnknownFields.swift
[388/1349] Compiling GoogleWKT WKTAny.swift
[389/1349] Compiling GoogleWKT WKTAnyError.swift
[390/1349] Compiling GoogleWKT WKTBoolValue.swift
[391/1349] Compiling GoogleWKT WKTBytesValue.swift
[392/1349] Compiling GoogleWKT WKTDoubleValue.swift
[393/1349] Compiling GoogleWKT WKTDuration.swift
[394/1349] Compiling GoogleWKT WKTEmpty.swift
[395/1349] Compiling GoogleWKT WKTFieldMask.swift
[395/1349] Compiling s3_both.cc
[410/1349] Emitting module GoogleWKT
[411/1349] Compiling GoogleWKT WKTSourceContext.swift
[412/1349] Compiling GoogleWKT WKTSyntax.swift
[413/1349] Compiling GoogleWKT WKTType.swift
[414/1349] Compiling GoogleWKT PackageVersion.swift
[421/1351] Compiling handshake_server.cc
[422/1351] Compiling handshake_client.cc
[424/1382] Wrapping AST for GoogleWKT for debugging
[425/1384] Wrapping AST for Configuration for debugging
[426/1384] Compiling handoff.cc
[428/1384] Compiling GoogleRpc ErrorInfo.swift
[429/1384] Compiling GoogleRpc RequestInfo.swift
[429/1386] Compiling handshake.cc
[431/1386] Compiling GoogleRpc PreconditionFailure.swift
[432/1386] Compiling GoogleRpc QuotaFailure.swift
[433/1386] Compiling GoogleRpc LocalizedMessage.swift
[434/1386] Compiling GoogleRpc PackageVersion.swift
[435/1386] Compiling GoogleRpc DebugInfo.swift
[436/1386] Compiling GoogleRpc HttpRequest.swift
[437/1386] Compiling GoogleRpc HttpResponse.swift
[438/1386] Compiling GoogleRpc Help.swift
[439/1386] Compiling GoogleRpc HttpHeader.swift
[441/1388] Compiling GoogleRpc ResourceInfo.swift
[442/1388] Emitting module GoogleType
[443/1388] Emitting module GoogleRpc
[444/1388] Compiling GoogleRpc BadRequest.swift
[445/1388] Compiling GoogleRpc Code.swift
[445/1388] Compiling extensions.cc
[448/1388] Compiling GoogleRpc RetryInfo.swift
[449/1388] Compiling GoogleRpc Status.swift
[450/1388] Compiling GoogleType Quaternion.swift
[451/1388] Compiling GoogleType TimeOfDay.swift
[452/1388] Compiling GoogleType TimeZone.swift
[468/1390] Wrapping AST for GoogleRpc for debugging
[469/1390] Compiling encrypted_client_hello.cc
[470/1390] Wrapping AST for GoogleType for debugging
[471/1390] Compiling md5-x86_64-linux.S
[472/1390] Compiling md5-x86_64-apple.S
[473/1390] Compiling md5-586-linux.S
[474/1390] Compiling md5-586-apple.S
[475/1390] Compiling dtls_record.cc
[476/1390] Compiling chacha20_poly1305_x86_64-linux.S
[477/1390] Compiling err_data.cc
[478/1390] Compiling chacha20_poly1305_x86_64-apple.S
[479/1390] Compiling chacha20_poly1305_armv8-win.S
[480/1390] Compiling chacha20_poly1305_armv8-apple.S
[481/1390] Compiling chacha20_poly1305_armv8-linux.S
[482/1390] Compiling chacha-x86_64-linux.S
[483/1390] Compiling chacha-x86_64-apple.S
[484/1390] Compiling chacha-x86-linux.S
[485/1390] Compiling chacha-x86-apple.S
[486/1390] Compiling chacha-armv8-win.S
[487/1390] Compiling dtls_method.cc
[488/1390] Compiling chacha-armv8-apple.S
[489/1390] Compiling chacha-armv8-linux.S
[490/1390] Compiling chacha-armv4-linux.S
[491/1390] Compiling aes128gcmsiv-x86_64-linux.S
[492/1390] Compiling aes128gcmsiv-x86_64-apple.S
[493/1390] Compiling x86_64-mont5-linux.S
[494/1390] Compiling d1_srtp.cc
[495/1390] Compiling x86_64-mont5-apple.S
[496/1390] Compiling x86_64-mont-linux.S
[497/1390] Compiling x86-mont-linux.S
[498/1390] Compiling x86-mont-apple.S
[499/1390] Compiling x86_64-mont-apple.S
[500/1390] Compiling vpaes-x86_64-linux.S
[501/1390] Compiling vpaes-x86_64-apple.S
[502/1390] Compiling vpaes-x86-apple.S
[503/1390] Compiling vpaes-armv8-win.S
[504/1390] Compiling vpaes-armv8-apple.S
[504/1390] Compiling vpaes-x86-linux.S
[506/1390] Compiling vpaes-armv8-linux.S
[507/1390] Compiling vpaes-armv7-linux.S
[508/1390] Compiling sha512-x86_64-apple.S
[509/1390] Compiling sha512-x86_64-linux.S
[510/1390] Compiling sha512-armv8-win.S
[511/1390] Compiling sha512-armv8-apple.S
[512/1390] Compiling sha512-armv4-linux.S
[513/1390] Compiling sha512-armv8-linux.S
[514/1390] Compiling sha512-586-linux.S
[515/1390] Compiling sha512-586-apple.S
[516/1390] Compiling sha256-x86_64-apple.S
[517/1390] Compiling sha256-armv8-win.S
[518/1390] Compiling sha256-x86_64-linux.S
[519/1390] Compiling d1_pkt.cc
[520/1390] Compiling sha256-armv4-linux.S
[521/1390] Compiling sha256-armv8-linux.S
[522/1390] Compiling sha256-armv8-apple.S
[523/1390] Compiling sha256-586-linux.S
[524/1390] Compiling sha256-586-apple.S
[525/1390] Compiling sha1-x86_64-linux.S
[526/1390] Compiling sha1-armv8-win.S
[527/1390] Compiling sha1-x86_64-apple.S
[528/1390] Compiling sha1-armv4-large-linux.S
[529/1390] Compiling sha1-armv8-apple.S
[530/1390] Compiling sha1-armv8-linux.S
[531/1390] Compiling sha1-586-linux.S
[532/1390] Compiling rsaz-avx2-linux.S
[533/1390] Compiling sha1-586-apple.S
[534/1390] Compiling rsaz-avx2-apple.S
[535/1390] Compiling rdrand-x86_64-apple.S
[536/1390] Compiling rdrand-x86_64-linux.S
[537/1390] Compiling p256_beeu-x86_64-asm-linux.S
[538/1390] Compiling p256_beeu-x86_64-asm-apple.S
[539/1390] Compiling p256-x86_64-asm-linux.S
[540/1390] Compiling p256_beeu-armv8-asm-win.S
[541/1390] Compiling p256_beeu-armv8-asm-apple.S
[542/1390] Compiling p256_beeu-armv8-asm-linux.S
[543/1390] Compiling p256-armv8-asm-win.S
[544/1390] Compiling p256-x86_64-asm-apple.S
[545/1390] Compiling ghashv8-armv8-win.S
[546/1390] Compiling p256-armv8-asm-linux.S
[547/1390] Compiling p256-armv8-asm-apple.S
[548/1390] Compiling ghashv8-armv8-linux.S
[549/1390] Compiling ghash-x86_64-apple.S
[550/1390] Compiling ghashv8-armv8-apple.S
[551/1390] Compiling ghash-x86_64-linux.S
[552/1390] Compiling ghashv8-armv7-linux.S
[553/1390] Compiling ghash-x86-linux.S
[554/1390] Compiling ghash-x86-apple.S
[555/1390] Compiling ghash-ssse3-x86_64-apple.S
[556/1390] Compiling ghash-ssse3-x86_64-linux.S
[557/1390] Compiling ghash-ssse3-x86-linux.S
[558/1390] Compiling ghash-ssse3-x86-apple.S
[559/1390] Compiling ghash-neon-armv8-win.S
[560/1390] Compiling ghash-neon-armv8-apple.S
[561/1390] Compiling ghash-neon-armv8-linux.S
[562/1390] Compiling ghash-armv4-linux.S
[563/1390] Compiling co-586-linux.S
[564/1390] Compiling bio_ssl.cc
[565/1390] Compiling co-586-apple.S
[566/1390] Compiling bsaes-armv7-linux.S
[567/1390] Compiling bn-armv8-linux.S
[568/1390] Compiling bn-586-linux.S
[569/1390] Compiling bn-armv8-win.S
[570/1390] Compiling d1_lib.cc
[571/1390] Compiling bn-armv8-apple.S
[572/1390] Compiling armv8-mont-apple.S
[573/1390] Compiling armv4-mont-linux.S
[574/1390] Compiling armv8-mont-win.S
[575/1390] Compiling bn-586-apple.S
[576/1390] Compiling armv8-mont-linux.S
[577/1390] Compiling aesv8-gcm-armv8-win.S
[578/1390] Compiling aesv8-armv8-win.S
[579/1390] Compiling aesv8-armv8-linux.S
[580/1390] Compiling aesv8-armv8-apple.S
[581/1390] Compiling aesv8-gcm-armv8-apple.S
[582/1390] Compiling aesv8-armv7-linux.S
[583/1390] Compiling aesv8-gcm-armv8-linux.S
[584/1390] Compiling aesni-x86_64-linux.S
[585/1390] Compiling aesni-x86-apple.S
[586/1390] Compiling aesni-gcm-x86_64-linux.S
[587/1390] Compiling aesni-x86-linux.S
[588/1390] Compiling aes-gcm-avx2-x86_64-linux.S
[589/1390] Compiling aesni-x86_64-apple.S
[590/1390] Compiling aes-gcm-avx2-x86_64-apple.S
[591/1390] Compiling aesni-gcm-x86_64-apple.S
[592/1390] Compiling aes-gcm-avx10-x86_64-linux.S
[593/1390] Compiling aes-gcm-avx10-x86_64-apple.S
[594/1390] Compiling d1_both.cc
[595/1390] Compiling x_req.cc
[596/1390] Compiling x_pubkey.cc
[597/1390] Compiling x_sig.cc
[598/1390] Compiling x_spki.cc
[599/1390] Compiling x_x509.cc
[600/1390] Compiling x_x509a.cc
[601/1390] Compiling x_val.cc
[602/1390] Compiling x_name.cc
[603/1390] Compiling x509rset.cc
[604/1390] Compiling x_exten.cc
[605/1390] Compiling x_crl.cc
[606/1390] Compiling x_attrib.cc
[607/1390] Compiling x_all.cc
[608/1390] Compiling x509spki.cc
[609/1390] Compiling x_algor.cc
[610/1390] Compiling x509name.cc
[611/1390] Compiling x509cset.cc
[612/1390] Compiling x509_vpm.cc
[613/1390] Compiling x509_vfy.cc
[614/1390] Compiling x509_txt.cc
[615/1390] Compiling x509_trs.cc
[616/1390] Compiling x509_set.cc
[617/1390] Compiling x509_v3.cc
[618/1390] Compiling x509_req.cc
[619/1390] Compiling x509_obj.cc
[620/1390] Compiling x509_lu.cc
[621/1390] Compiling x509_att.cc
[622/1390] Compiling x509_ext.cc
[623/1390] Compiling x509_def.cc
[624/1390] Compiling x509_cmp.cc
[625/1390] Compiling x509_d2.cc
[626/1390] Compiling x509.cc
[627/1390] Compiling v3_utl.cc
[628/1390] Compiling v3_prn.cc
[629/1390] Compiling v3_skey.cc
[630/1390] Compiling v3_pcons.cc
[631/1390] Compiling v3_pmaps.cc
[632/1390] Compiling v3_purp.cc
[633/1390] Compiling v3_ocsp.cc
[634/1390] Compiling v3_ncons.cc
[635/1390] Compiling v3_info.cc
[636/1390] Compiling v3_int.cc
[637/1390] Compiling v3_lib.cc
[638/1390] Compiling v3_ia5.cc
[639/1390] Compiling v3_extku.cc
[640/1390] Compiling v3_genn.cc
[641/1390] Compiling v3_crld.cc
[642/1390] Compiling v3_enum.cc
[643/1390] Compiling v3_conf.cc
[644/1390] Compiling v3_cpols.cc
[645/1390] Compiling v3_bitst.cc
[646/1390] Compiling v3_bcons.cc
[647/1390] Compiling v3_alt.cc
[648/1390] Compiling v3_akeya.cc
[649/1390] Compiling v3_akey.cc
[650/1390] Compiling t_x509a.cc
[651/1390] Compiling t_req.cc
[652/1390] Compiling t_x509.cc
[653/1390] Compiling i2d_pr.cc
[654/1390] Compiling t_crl.cc
[655/1390] Compiling rsa_pss.cc
[656/1390] Compiling name_print.cc
[657/1390] Compiling policy.cc
[658/1390] Compiling by_file.cc
[659/1390] Compiling by_dir.cc
[660/1390] Compiling asn1_gen.cc
[661/1390] Compiling algorithm.cc
[662/1390] Compiling a_verify.cc
[663/1390] Compiling a_sign.cc
[664/1390] Compiling a_digest.cc
[665/1390] Compiling voprf.cc
[666/1390] Compiling thread_pthread.cc
[667/1390] Compiling thread_win.cc
[668/1390] Compiling trust_token.cc
[669/1390] Compiling thread_none.cc
[670/1390] Compiling pmbtoken.cc
[671/1390] Compiling thread.cc
[672/1390] Compiling siphash.cc
[673/1390] Compiling stack.cc
[674/1390] Compiling sha512.cc
[675/1390] Compiling rsa_print.cc
[676/1390] Compiling sha1.cc
[677/1390] Compiling sha256.cc
[678/1390] Compiling slhdsa.cc
[679/1390] Compiling rsa_extra.cc
[680/1390] Compiling rsa_crypt.cc
[681/1390] Compiling spake2plus.cc
[682/1390] Compiling windows.cc
[683/1390] Compiling rc4.cc
[684/1390] Compiling refcount.cc
[685/1390] Compiling trusty.cc
[686/1390] Compiling urandom.cc
[687/1390] Compiling rand.cc
[688/1390] Compiling passive.cc
[688/1390] Compiling forkunsafe.cc
[690/1390] Compiling rsa_asn1.cc
[691/1390] Compiling poly1305_arm_asm.S
[692/1390] Compiling ios.cc
[693/1390] Compiling fork_detect.cc
[694/1390] Compiling getentropy.cc
[695/1390] Compiling poly1305.cc
[696/1390] Compiling deterministic.cc
[697/1390] Compiling pkcs7_x509.cc
[698/1390] Compiling poly1305_vec.cc
[699/1390] Compiling poly1305_arm.cc
[700/1390] Compiling pool.cc
[701/1390] Compiling pkcs8.cc
[702/1390] Compiling pkcs7.cc
[703/1390] Compiling pkcs8_x509.cc
[704/1390] Compiling p5_pbev2.cc
[705/1390] Compiling pem_xaux.cc
[706/1390] Compiling pem_x509.cc
[707/1390] Compiling pem_pkey.cc
[708/1390] Compiling pem_pk8.cc
[709/1390] Compiling pem_oth.cc
[710/1390] Compiling obj.cc
[711/1390] Compiling mlkem.cc
[712/1390] Compiling obj_xref.cc
[713/1390] Compiling mldsa.cc
[714/1390] Compiling pem_info.cc
[715/1390] Compiling md5.cc
[716/1390] Compiling pem_all.cc
[717/1390] Compiling mem.cc
[718/1390] Compiling fips_shared_support.cc
[719/1390] Compiling poly_rq_mul.S
[720/1390] Compiling pem_lib.cc
[721/1390] Compiling lhash.cc
[722/1390] Compiling hpke.cc
[723/1390] Compiling md4.cc
[724/1390] Compiling ex_data.cc
[725/1390] Compiling hrss.cc
[726/1390] Compiling sign.cc
[727/1390] Compiling print.cc
[728/1390] Compiling pbkdf.cc
[729/1390] Compiling kyber.cc
[730/1390] Compiling scrypt.cc
[731/1390] Compiling p_x25519.cc
[732/1390] Compiling p_x25519_asn1.cc
[733/1390] Compiling p_rsa_asn1.cc
[734/1390] Compiling p_ed25519.cc
[735/1390] Compiling p_ec.cc
[736/1390] Compiling p_rsa.cc
[737/1390] Compiling p_hkdf.cc
[738/1390] Compiling p_ed25519_asn1.cc
[739/1390] Compiling p_ec_asn1.cc
[740/1390] Compiling evp.cc
[741/1390] Compiling p_dh_asn1.cc
[742/1390] Compiling p_dsa_asn1.cc
[743/1390] Compiling p_dh.cc
[744/1390] Compiling evp_ctx.cc
[745/1390] Compiling err.cc
[746/1390] Compiling engine.cc
[747/1390] Compiling evp_asn1.cc
[748/1390] Compiling ecdh.cc
[749/1390] Compiling ec_derive.cc
[750/1390] Compiling hash_to_curve.cc
[751/1390] Compiling ecdsa_asn1.cc
[752/1390] Compiling bcm.cc
[753/1390] Compiling ec_asn1.cc
[754/1390] Compiling dsa.cc
[755/1390] Compiling params.cc
[756/1390] Compiling x25519-asm-arm.S
[757/1390] Compiling digest_extra.cc
[758/1390] Compiling dsa_asn1.cc
[759/1390] Compiling dh_asn1.cc
[760/1390] Compiling des.cc
[761/1390] Compiling spake25519.cc
[762/1390] Compiling cpu_intel.cc
[763/1390] Compiling curve25519_64_adx.cc
[764/1390] Compiling cpu_arm_freebsd.cc
[765/1390] Compiling cpu_arm_linux.cc
[766/1390] Compiling crypto.cc
[767/1390] Compiling curve25519.cc
[768/1390] Compiling cpu_aarch64_win.cc
[769/1390] Compiling cpu_aarch64_sysreg.cc
[770/1390] Compiling cpu_aarch64_fuchsia.cc
[771/1390] Compiling cpu_aarch64_linux.cc
[772/1390] Compiling cpu_aarch64_openbsd.cc
[773/1390] Compiling cpu_aarch64_apple.cc
[774/1390] Compiling conf.cc
[775/1390] Compiling e_rc4.cc
[776/1390] Compiling get_cipher.cc
[777/1390] Compiling tls_cbc.cc
[778/1390] Compiling e_tls.cc
[779/1390] Compiling e_rc2.cc
[780/1390] Compiling e_null.cc
[781/1390] Compiling e_chacha20poly1305.cc
[782/1390] Compiling e_des.cc
[783/1390] Compiling e_aesgcmsiv.cc
[784/1390] Compiling e_aesctrhmac.cc
[785/1390] Compiling derive_key.cc
[786/1390] Compiling chacha.cc
[787/1390] Compiling unicode.cc
[788/1390] Compiling buf.cc
[789/1390] Compiling cbb.cc
[790/1390] Compiling ber.cc
[791/1390] Compiling cbs.cc
[792/1390] Compiling asn1_compat.cc
[793/1390] Compiling bn_asn1.cc
[794/1390] Compiling blake2.cc
[795/1390] Compiling convert.cc
[796/1390] Compiling socket_helper.cc
[797/1390] Compiling socket.cc
[798/1390] Compiling pair.cc
[799/1390] Compiling printf.cc
[800/1390] Compiling bio_mem.cc
[801/1390] Compiling hexdump.cc
[802/1390] Compiling file.cc
[803/1390] Compiling errno.cc
[804/1390] Compiling fd.cc
[805/1390] Compiling connect.cc
[806/1390] Compiling tasn_typ.cc
[807/1390] Compiling tasn_fre.cc
[808/1390] Compiling base64.cc
[809/1390] Compiling bio.cc
[810/1390] Compiling tasn_utl.cc
[811/1390] Compiling tasn_enc.cc
[812/1390] Compiling tasn_new.cc
[813/1390] Compiling f_string.cc
[814/1390] Compiling tasn_dec.cc
[815/1390] Compiling posix_time.cc
[816/1390] Compiling asn_pack.cc
[817/1390] Compiling asn1_par.cc
[818/1390] Compiling f_int.cc
[819/1390] Compiling a_utctm.cc
[820/1390] Compiling asn1_lib.cc
[821/1390] Compiling a_type.cc
[822/1390] Compiling a_octet.cc
[823/1390] Compiling a_time.cc
[824/1390] Compiling a_strnid.cc
[825/1390] Compiling a_strex.cc
[826/1390] Compiling a_object.cc
[827/1390] Compiling a_i2d_fp.cc
[828/1390] Compiling a_mbstr.cc
[829/1390] Compiling a_gentm.cc
[830/1390] Compiling a_d2i_fp.cc
[831/1390] Compiling CGoogleGaxCRC32C CGoogleGaxCRC32C.c
[832/1390] Compiling fiat_p256_adx_sqr.S
[833/1390] Compiling a_int.cc
[834/1390] Compiling a_dup.cc
[835/1390] Compiling fiat_p256_adx_mul.S
[836/1390] Compiling fiat_curve25519_adx_square.S
[837/1390] Compiling fiat_curve25519_adx_mul.S
[838/1390] Compiling md5-x86_64-linux.S
[839/1390] Compiling md5-586-linux.S
[840/1390] Compiling md5-x86_64-apple.S
[841/1390] Compiling chacha20_poly1305_x86_64-linux.S
[842/1390] Compiling md5-586-apple.S
[843/1390] Compiling a_bitstr.cc
[844/1390] Compiling chacha20_poly1305_x86_64-apple.S
[844/1390] Compiling CCryptoBoringSSLShims shims.c
[846/1390] Compiling chacha20_poly1305_armv8-win.S
[847/1390] Compiling chacha-x86_64-linux.S
[848/1390] Compiling chacha20_poly1305_armv8-apple.S
[849/1390] Compiling chacha-x86_64-apple.S
[850/1390] Compiling chacha-x86-linux.S
[851/1390] Compiling chacha20_poly1305_armv8-linux.S
[852/1390] Compiling chacha-x86-apple.S
[853/1390] Compiling chacha-armv8-win.S
[854/1390] Compiling chacha-armv8-linux.S
[855/1390] Compiling chacha-armv8-apple.S
[856/1390] Compiling chacha-armv4-linux.S
[857/1390] Compiling x86_64-mont5-apple.S
[858/1390] Compiling aes128gcmsiv-x86_64-linux.S
[859/1390] Compiling aes128gcmsiv-x86_64-apple.S
[860/1390] Compiling x86_64-mont5-linux.S
[861/1390] Compiling x86_64-mont-apple.S
[862/1390] Compiling x86-mont-linux.S
[863/1390] Compiling x86-mont-apple.S
[864/1390] Compiling x86_64-mont-linux.S
[865/1390] Compiling vpaes-x86-apple.S
[866/1390] Compiling vpaes-x86_64-linux.S
[867/1390] Compiling vpaes-x86-linux.S
[868/1390] Compiling a_bool.cc
[869/1390] Compiling vpaes-x86_64-apple.S
[870/1390] Compiling vpaes-armv8-apple.S
[871/1390] Compiling vpaes-armv7-linux.S
[872/1390] Compiling vpaes-armv8-win.S
[873/1390] Compiling vpaes-armv8-linux.S
[874/1390] Compiling sha512-x86_64-linux.S
[875/1390] Compiling sha512-x86_64-apple.S
[876/1390] Compiling sha512-armv8-win.S
[877/1390] Compiling sha512-armv8-apple.S
[878/1390] Compiling sha512-armv8-linux.S
[879/1390] Compiling sha512-586-linux.S
[880/1390] Compiling sha512-armv4-linux.S
[881/1390] Compiling sha512-586-apple.S
[882/1390] Compiling sha256-x86_64-linux.S
[883/1390] Compiling sha256-x86_64-apple.S
[884/1390] Compiling sha256-armv8-win.S
[885/1390] Compiling sha256-armv8-apple.S
[886/1390] Compiling sha256-586-linux.S
[887/1390] Compiling sha256-armv4-linux.S
[888/1390] Compiling sha1-x86_64-apple.S
[889/1390] Compiling sha256-armv8-linux.S
[890/1390] Compiling sha256-586-apple.S
[891/1390] Compiling sha1-x86_64-linux.S
[892/1390] Compiling sha1-armv8-win.S
[893/1390] Compiling err_data.cc
[894/1390] Compiling sha1-armv4-large-linux.S
[895/1390] Compiling sha1-586-linux.S
[896/1390] Compiling sha1-armv8-apple.S
[897/1390] Compiling rsaz-avx2-apple.S
[898/1390] Compiling rsaz-avx2-linux.S
[899/1390] Compiling sha1-armv8-linux.S
[900/1390] Compiling rdrand-x86_64-linux.S
[901/1390] Compiling p256_beeu-x86_64-asm-linux.S
[902/1390] Compiling sha1-586-apple.S
[903/1390] Compiling p256_beeu-x86_64-asm-apple.S
[904/1390] Compiling p256_beeu-armv8-asm-apple.S
[905/1390] Compiling rdrand-x86_64-apple.S
[906/1390] Compiling p256_beeu-armv8-asm-linux.S
[907/1390] Compiling p256_beeu-armv8-asm-win.S
[908/1390] Compiling p256-x86_64-asm-linux.S
[909/1390] Compiling p256-armv8-asm-linux.S
[910/1390] Compiling p256-armv8-asm-win.S
[911/1390] Compiling p256-x86_64-asm-apple.S
[912/1390] Compiling p256-armv8-asm-apple.S
[913/1390] Compiling ghashv8-armv8-apple.S
[914/1390] Compiling ghashv8-armv8-win.S
[915/1390] Compiling ghashv8-armv8-linux.S
[916/1390] Compiling ghashv8-armv7-linux.S
[917/1390] Compiling ghash-x86_64-linux.S
[918/1390] Compiling ghash-x86-linux.S
[919/1390] Compiling ghash-x86_64-apple.S
[920/1390] Compiling ghash-x86-apple.S
[921/1390] Compiling ghash-ssse3-x86-linux.S
[922/1390] Compiling ghash-ssse3-x86_64-linux.S
[923/1390] Compiling ghash-ssse3-x86_64-apple.S
[924/1390] Compiling ghash-ssse3-x86-apple.S
[925/1390] Compiling ghash-neon-armv8-win.S
[926/1390] Compiling ghash-neon-armv8-linux.S
[927/1390] Compiling ghash-neon-armv8-apple.S
[928/1390] Compiling ghash-armv4-linux.S
[929/1390] Compiling co-586-linux.S
[930/1390] Compiling co-586-apple.S
[931/1390] Compiling bsaes-armv7-linux.S
[932/1390] Compiling bn-armv8-linux.S
[933/1390] Compiling bn-armv8-apple.S
[934/1390] Compiling bn-armv8-win.S
[935/1390] Compiling bn-586-apple.S
[936/1390] Compiling bn-586-linux.S
[937/1390] Compiling armv4-mont-linux.S
[938/1390] Compiling armv8-mont-win.S
[939/1390] Compiling aesv8-gcm-armv8-win.S
[940/1390] Compiling armv8-mont-apple.S
[941/1390] Compiling armv8-mont-linux.S
[942/1390] Compiling aesv8-gcm-armv8-linux.S
[943/1390] Compiling aesni-x86_64-linux.S
[944/1390] Compiling aesv8-armv7-linux.S
[945/1390] Compiling aesv8-armv8-win.S
[946/1390] Compiling aesv8-armv8-apple.S
[947/1390] Compiling aesv8-gcm-armv8-apple.S
[948/1390] Compiling aesni-gcm-x86_64-linux.S
[949/1390] Compiling aesv8-armv8-linux.S
[950/1390] Compiling aesni-gcm-x86_64-apple.S
[951/1390] Compiling aesni-x86-apple.S
[952/1390] Compiling aes-gcm-avx512-x86_64-apple.S
[953/1390] Compiling aesni-x86-linux.S
[953/1390] Compiling aesni-x86_64-apple.S
[955/1390] Compiling aes-gcm-avx512-x86_64-linux.S
[956/1390] Compiling aes-gcm-avx2-x86_64-apple.S
[957/1390] Compiling aes-gcm-avx2-x86_64-linux.S
[958/1390] Compiling xwing.cc
[959/1390] Compiling x_spki.cc
[960/1390] Compiling c-nioatomics.c
[961/1390] Compiling x_sig.cc
[962/1390] Compiling x_req.cc
[963/1390] Compiling x_x509a.cc
[964/1390] Compiling x_x509.cc
[965/1390] Compiling x_pubkey.cc
[966/1390] Compiling x_algor.cc
[967/1390] Compiling x_crl.cc
[968/1390] Compiling x_name.cc
[969/1390] Compiling c-atomics.c
[970/1390] Compiling x_exten.cc
[971/1390] Compiling x_attrib.cc
[972/1397] Compiling x_all.cc
[974/1397] Compiling NIOConcurrencyHelpers NIOLock.swift
[975/1397] Compiling NIOConcurrencyHelpers NIOLockedValueBox.swift
[976/1397] Emitting module NIOConcurrencyHelpers
[977/1397] Compiling NIOConcurrencyHelpers NIOAtomic.swift
[978/1397] Compiling NIOConcurrencyHelpers NIOThreadPoolWorkAvailable.swift
[978/1397] Compiling x509spki.cc
[980/1397] Compiling NIOConcurrencyHelpers lock.swift
[981/1397] Compiling NIOConcurrencyHelpers atomics.swift
[982/1398] Compiling x509cset.cc
[983/1398] Compiling x509rset.cc
[984/1398] Wrapping AST for NIOConcurrencyHelpers for debugging
[985/1398] Compiling x509name.cc
[986/1398] Compiling x509_vpm.cc
[987/1398] Compiling x509_vfy.cc
[988/1398] Compiling x509_v3.cc
[989/1398] Compiling x509_txt.cc
[990/1398] Compiling x509_trs.cc
[991/1398] Compiling x509_obj.cc
[992/1398] Compiling x509_set.cc
[993/1398] Compiling x509_req.cc
[994/1398] Compiling x509_ext.cc
[995/1398] Compiling x509_lu.cc
[996/1398] Compiling x509_def.cc
[997/1398] Compiling x509_d2.cc
[998/1398] Compiling x509_cmp.cc
[999/1398] Compiling x509_att.cc
[1000/1398] Compiling v3_skey.cc
[1001/1398] Compiling x509.cc
[1002/1398] Compiling v3_utl.cc
[1003/1398] Compiling v3_prn.cc
[1004/1398] Compiling v3_purp.cc
[1005/1398] Compiling v3_pmaps.cc
[1006/1398] Compiling v3_pcons.cc
[1007/1398] Compiling v3_ocsp.cc
[1008/1398] Compiling v3_ncons.cc
[1009/1398] Compiling v3_info.cc
[1010/1398] Compiling v3_lib.cc
[1011/1398] Compiling v3_ia5.cc
[1012/1398] Compiling v3_int.cc
[1013/1398] Compiling v3_genn.cc
[1014/1398] Compiling v3_extku.cc
[1015/1398] Compiling v3_enum.cc
[1016/1398] Compiling v3_crld.cc
[1017/1398] Compiling v3_cpols.cc
[1018/1398] Compiling v3_conf.cc
[1019/1398] Compiling v3_alt.cc
[1020/1398] Compiling v3_akey.cc
[1021/1398] Compiling v3_bcons.cc
[1022/1398] Compiling v3_bitst.cc
[1023/1398] Compiling v3_akeya.cc
[1024/1398] Compiling t_x509a.cc
[1025/1398] Compiling rsa_pss.cc
[1026/1398] Compiling t_x509.cc
[1027/1398] Compiling t_req.cc
[1028/1398] Compiling i2d_pr.cc
[1029/1398] Compiling t_crl.cc
[1030/1398] Compiling policy.cc
[1031/1398] Compiling name_print.cc
[1032/1398] Compiling by_file.cc
[1033/1398] Compiling asn1_gen.cc
[1034/1398] Compiling a_sign.cc
[1035/1398] Compiling algorithm.cc
[1036/1398] Compiling a_verify.cc
[1037/1398] Compiling by_dir.cc
[1038/1398] Compiling trust_token.cc
[1039/1398] Compiling voprf.cc
[1040/1398] Compiling a_digest.cc
[1041/1398] Compiling thread_win.cc
[1042/1398] Compiling thread.cc
[1043/1398] Compiling thread_none.cc
[1044/1398] Compiling thread_pthread.cc
[1045/1398] Compiling stack.cc
[1046/1398] Compiling spake2plus.cc
[1047/1398] Compiling pmbtoken.cc
[1048/1398] Compiling siphash.cc
[1049/1398] Compiling slhdsa.cc
[1050/1398] Compiling sha512.cc
[1051/1398] Compiling sha1.cc
[1052/1398] Compiling rsa_print.cc
[1053/1398] Compiling sha256.cc
[1054/1398] Compiling refcount.cc
[1055/1398] Compiling rsa_extra.cc
[1056/1398] Compiling windows.cc
[1057/1398] Compiling rsa_crypt.cc
[1058/1398] Compiling rc4.cc
[1059/1398] Compiling rsa_asn1.cc
[1060/1398] Compiling trusty.cc
[1061/1398] Compiling rand.cc
[1062/1398] Compiling passive.cc
[1063/1398] Compiling urandom.cc
[1064/1398] Compiling poly1305_arm_asm.S
[1065/1398] Compiling forkunsafe.cc
[1066/1398] Compiling poly1305_vec.cc
[1067/1398] Compiling getentropy.cc
[1068/1398] Compiling pool.cc
[1069/1398] Compiling fork_detect.cc
[1070/1398] Compiling ios.cc
[1071/1398] Compiling poly1305.cc
[1072/1398] Compiling deterministic.cc
[1073/1398] Compiling poly1305_arm.cc
[1074/1398] Compiling pkcs8.cc
[1075/1398] Compiling pem_xaux.cc
[1076/1398] Compiling p5_pbev2.cc
[1077/1398] Compiling pkcs7.cc
[1078/1398] Compiling pkcs7_x509.cc
[1079/1398] Compiling pem_x509.cc
[1080/1398] Compiling pkcs8_x509.cc
[1081/1398] Compiling pem_info.cc
[1082/1398] Compiling pem_lib.cc
[1083/1398] Compiling pem_pkey.cc
[1084/1398] Compiling mlkem.cc
[1085/1398] Compiling pem_pk8.cc
[1086/1398] Compiling pem_oth.cc
[1087/1398] Compiling obj_xref.cc
[1088/1398] Compiling pem_all.cc
[1089/1398] Compiling lhash.cc
[1090/1398] Compiling mldsa.cc
[1091/1398] Compiling poly_rq_mul.S
[1092/1398] Compiling mem.cc
[1093/1398] Compiling obj.cc
[1094/1398] Compiling fips_shared_support.cc
[1095/1398] Compiling md5.cc
[1095/1398] Compiling hrss.cc
[1097/1398] Compiling md4.cc
[1098/1398] Compiling fuzzer_mode.cc
[1099/1398] Compiling kyber.cc
[1100/1398] Compiling hpke.cc
[1101/1398] Compiling ex_data.cc
[1102/1398] Compiling scrypt.cc
[1103/1398] Compiling pbkdf.cc
[1104/1398] Compiling print.cc
[1105/1398] Compiling sign.cc
[1106/1398] Compiling p_x25519_asn1.cc
[1107/1398] Compiling p_x25519.cc
[1108/1398] Compiling p_rsa_asn1.cc
[1109/1398] Compiling p_rsa.cc
[1110/1398] Compiling p_hkdf.cc
[1111/1398] Compiling p_ed25519_asn1.cc
[1112/1398] Compiling p_ed25519.cc
[1113/1398] Compiling p_ec.cc
[1114/1398] Compiling p_dsa_asn1.cc
[1115/1398] Compiling p_ec_asn1.cc
[1116/1398] Compiling p_dh.cc
[1117/1398] Compiling p_dh_asn1.cc
[1118/1398] Compiling evp_ctx.cc
[1119/1398] Compiling err.cc
[1120/1398] Compiling evp_asn1.cc
[1121/1398] Compiling engine.cc
[1122/1398] Compiling evp.cc
[1123/1398] Compiling ecdsa_p1363.cc
[1124/1398] Compiling ecdsa_asn1.cc
[1125/1398] Compiling ec_derive.cc
[1126/1398] Compiling ecdh.cc
[1127/1398] Compiling digest_extra.cc
[1127/1398] Compiling dsa.cc
[1129/1398] Compiling hash_to_curve.cc
[1130/1398] Compiling ec_asn1.cc
[1131/1398] Compiling dsa_asn1.cc
[1132/1398] Compiling x25519-asm-arm.S
[1133/1398] Compiling dh_asn1.cc
[1134/1398] Compiling params.cc
[1135/1398] Compiling des.cc
[1136/1398] Compiling curve25519_64_adx.cc
[1137/1398] Compiling cpu_intel.cc
[1138/1398] Compiling crypto.cc
[1139/1398] Compiling cpu_arm_freebsd.cc
[1140/1398] Compiling curve25519.cc
[1141/1398] Compiling spake25519.cc
[1142/1398] Compiling cpu_arm_linux.cc
[1143/1398] Compiling cpu_aarch64_win.cc
[1144/1398] Compiling cpu_aarch64_linux.cc
[1145/1398] Compiling cpu_aarch64_sysreg.cc
[1146/1398] Compiling cpu_aarch64_apple.cc
[1147/1398] Compiling cpu_aarch64_openbsd.cc
[1148/1398] Compiling cpu_aarch64_fuchsia.cc
[1149/1398] Compiling conf.cc
[1150/1398] Compiling tls_cbc.cc
[1151/1398] Compiling get_cipher.cc
[1152/1398] Compiling e_rc4.cc
[1153/1398] Compiling e_tls.cc
[1154/1398] Compiling e_rc2.cc
[1155/1398] Compiling cms.cc
[1156/1398] Compiling e_null.cc
[1157/1398] Compiling e_des.cc
[1158/1398] Compiling e_chacha20poly1305.cc
[1159/1398] Compiling e_aesgcmsiv.cc
[1160/1398] Compiling derive_key.cc
[1161/1398] Compiling e_aeseax.cc
[1162/1398] Compiling e_aesctrhmac.cc
[1163/1398] Compiling chacha.cc
[1164/1398] Compiling buf.cc
[1165/1398] Compiling unicode.cc
[1166/1398] Compiling asn1_compat.cc
[1167/1398] Compiling cbs.cc
[1168/1398] Compiling cbb.cc
[1169/1398] Compiling sqrt.cc
[1170/1398] Compiling ber.cc
[1171/1398] Compiling exponentiation.cc
[1172/1398] Compiling div.cc
[1173/1398] Compiling hexdump.cc
[1174/1398] Compiling blake2.cc
[1175/1398] Compiling printf.cc
[1176/1398] Compiling pair.cc
[1177/1398] Compiling bn_asn1.cc
[1178/1398] Compiling convert.cc
[1179/1398] Compiling errno.cc
[1180/1398] Compiling fd.cc
[1181/1398] Compiling bio_mem.cc
[1182/1398] Compiling base64.cc
[1183/1398] Compiling file.cc
[1184/1398] Compiling bio.cc
[1185/1398] Compiling tasn_typ.cc
[1186/1398] Compiling tasn_enc.cc
[1187/1398] Compiling tasn_fre.cc
[1188/1398] Compiling posix_time.cc
[1189/1398] Compiling tasn_new.cc
[1190/1398] Compiling tasn_utl.cc
[1191/1398] Compiling tasn_dec.cc
[1192/1398] Compiling f_string.cc
[1193/1398] Compiling f_int.cc
[1194/1398] Compiling asn_pack.cc
[1195/1398] Compiling asn1_par.cc
[1196/1398] Compiling bcm.cc
[1197/1398] Compiling a_strnid.cc
[1198/1398] Compiling asn1_lib.cc
[1199/1398] Compiling a_type.cc
[1200/1398] Write sources
[1206/1398] Compiling a_utctm.cc
[1206/1398] Write sources
[1244/1416] Compiling a_time.cc
[1245/1416] Compiling a_octet.cc
[1246/1441] Compiling a_strex.cc
[1248/1441] Compiling Algorithms Stride.swift
[1249/1441] Compiling Algorithms Suffix.swift
[1250/1443] Compiling Algorithms Joined.swift
[1251/1443] Compiling Algorithms Keyed.swift
[1252/1443] Compiling Algorithms FlattenCollection.swift
[1253/1443] Compiling Algorithms Grouped.swift
[1254/1443] Compiling Algorithms Indexed.swift
[1255/1443] Compiling Algorithms Intersperse.swift
[1255/1443] Compiling a_object.cc
[1257/1443] Compiling Algorithms Combinations.swift
[1258/1443] Compiling Algorithms Compacted.swift
[1259/1443] Compiling Algorithms Cycle.swift
[1259/1443] Compiling a_mbstr.cc
[1261/1443] Compiling Atomics IntegerOperations.swift
[1262/1443] Compiling Atomics Unmanaged extensions.swift
[1265/1443] Compiling Algorithms EitherSequence.swift
[1266/1443] Compiling Algorithms FirstNonNil.swift
[1266/1446] Compiling a_int.cc
[1268/1454] Compiling Algorithms Split.swift
[1274/1454] Compiling Algorithms Trim.swift
[1275/1454] Compiling Algorithms Unique.swift
[1276/1454] Compiling Algorithms Windows.swift
[1278/1454] Compiling Algorithms Reductions.swift
[1279/1454] Compiling Algorithms Rotate.swift
[1280/1454] Compiling Algorithms Partition.swift
[1281/1454] Compiling Algorithms Permutations.swift
[1282/1454] Compiling Algorithms Product.swift
[1287/1454] Compiling CryptoBoringWrapper RandomBytes.swift
[1288/1454] Compiling CryptoBoringWrapper FiniteFieldArithmeticContext.swift
[1289/1454] Compiling CryptoBoringWrapper CryptoKitErrors_boring.swift
[1290/1454] Compiling CryptoBoringWrapper BoringSSLAEAD.swift
[1291/1454] Compiling Algorithms AdjacentPairs.swift
[1292/1454] Compiling Algorithms Chain.swift
[1293/1454] Compiling Algorithms Chunked.swift
[1295/1454] Compiling CryptoBoringWrapper EllipticCurve.swift
[1296/1454] Compiling CryptoBoringWrapper EllipticCurvePoint.swift
[1297/1454] Compiling CryptoBoringWrapper ArbitraryPrecisionInteger.swift
[1298/1454] Emitting module CryptoBoringWrapper
[1299/1455] Wrapping AST for CryptoBoringWrapper for debugging
[1301/1458] Compiling Crypto AES-GCM.swift
[1302/1458] Compiling Crypto AES-GCM_boring.swift
[1304/1458] Emitting module Atomics
[1308/1540] Wrapping AST for Atomics for debugging
[1310/1604] Emitting module Algorithms
[1311/1605] Wrapping AST for Algorithms for debugging
[1313/1605] Compiling NIOCore NIOCoreSendableMetatype.swift
[1314/1605] Compiling NIOCore NIODecodedAsyncSequence.swift
[1315/1605] Compiling NIOCore NIOLoopBound.swift
[1316/1605] Compiling NIOCore NIOPooledRecvBufferAllocator.swift
[1317/1605] Compiling NIOCore NIOScheduledCallback.swift
[1318/1605] Compiling NIOCore NIOSendable.swift
[1319/1605] Compiling NIOCore NIOSplitLinesMessageDecoder.swift
[1320/1605] Compiling NIOCore NIOTransportAccessibleChannelCore.swift
[1321/1605] Compiling NIOCore RecvByteBufferAllocator.swift
[1322/1613] Compiling NIOCore EventLoopFuture+Deprecated.swift
[1323/1613] Compiling NIOCore EventLoopFuture+WithEventLoop.swift
[1324/1613] Compiling NIOCore EventLoopFuture.swift
[1325/1613] Compiling NIOCore FileDescriptor.swift
[1326/1613] Compiling NIOCore FileHandle.swift
[1327/1613] Compiling NIOCore FileRegion.swift
[1328/1613] Compiling NIOCore GlobalSingletons.swift
[1329/1613] Compiling NIOCore IO.swift
[1330/1613] Compiling NIOCore IOData.swift
[1331/1613] Compiling NIOCore IPProtocol.swift
[1332/1613] Compiling NIOCore IntegerBitPacking.swift
[1333/1613] Compiling NIOCore IntegerTypes.swift
[1334/1613] Compiling NIOCore Interfaces.swift
[1335/1613] Compiling NIOCore Linux.swift
[1336/1613] Compiling NIOCore MarkedCircularBuffer.swift
[1337/1613] Compiling NIOCore MulticastChannel.swift
[1338/1613] Compiling NIOCore NIOAny.swift
[1339/1613] Compiling NIOCore NIOCloseOnErrorHandler.swift
[1340/1613] Compiling NIOCore DeadChannel.swift
[1341/1613] Compiling NIOCore DispatchQueue+WithFuture.swift
[1342/1613] Compiling NIOCore EventLoop+Deprecated.swift
[1343/1613] Compiling NIOCore EventLoop+SerialExecutor.swift
[1344/1613] Compiling NIOCore EventLoop.swift
[1345/1613] Compiling NIOCore EventLoopFuture+AssumeIsolated.swift
[1361/1613] Compiling NIOCore CircularBuffer.swift
[1362/1613] Compiling NIOCore Codec.swift
[1363/1613] Compiling NIOCore ConvenienceOptionSupport.swift
[1364/1613] Compiling NIOCore ByteBuffer-hex.swift
[1365/1613] Compiling NIOCore ByteBuffer-int.swift
[1366/1613] Compiling NIOCore ByteBuffer-lengthPrefix.swift
[1376/1613] Compiling Crypto HKDF.swift
[1377/1613] Compiling Crypto AESWrap.swift
[1378/1613] Compiling Crypto AESWrap_boring.swift
[1379/1613] Compiling Crypto Ed25519_boring.swift
[1380/1613] Compiling Crypto NISTCurvesKeys_boring.swift
[1381/1613] Compiling Crypto X25519Keys_boring.swift
[1382/1613] Compiling Crypto Curve25519.swift
[1383/1613] Compiling Crypto Ed25519Keys.swift
[1384/1613] Compiling Crypto NISTCurvesKeys.swift
[1385/1613] Compiling Crypto X25519Keys.swift
[1386/1613] Compiling Crypto SymmetricKeys.swift
[1387/1613] Compiling Crypto HMAC.swift
[1400/1624] Compiling NIOCore SingleStepByteToMessageDecoder.swift
[1401/1624] Compiling NIOCore SocketAddresses.swift
[1402/1624] Compiling NIOCore SocketOptionProvider.swift
[1403/1624] Compiling NIOCore SystemCallHelpers.swift
[1404/1624] Compiling NIOCore TimeAmount+Duration.swift
[1405/1624] Compiling NIOCore TypeAssistedChannelHandler.swift
[1406/1624] Compiling NIOCore UniversalBootstrapSupport.swift
[1407/1624] Compiling NIOCore Utilities.swift
[1408/1624] Compiling NIOCore Channel.swift
[1409/1624] Compiling NIOCore ChannelHandler.swift
[1410/1624] Compiling NIOCore ChannelHandlers.swift
[1411/1624] Compiling NIOCore ChannelInvoker.swift
[1412/1624] Compiling NIOCore ChannelOption.swift
[1413/1624] Compiling NIOCore ChannelPipeline.swift
[1414/1624] Compiling NIOCore NIOThrowingAsyncSequenceProducer.swift
[1415/1624] Compiling NIOCore BSDSocketAPI.swift
[1416/1624] Compiling NIOCore ByteBuffer-aux.swift
[1417/1624] Compiling NIOCore ByteBuffer-binaryEncodedLengthPrefix.swift
[1418/1624] Compiling NIOCore ByteBuffer-conversions.swift
[1419/1624] Compiling NIOCore ByteBuffer-core.swift
[1420/1624] Compiling NIOCore AddressedEnvelope.swift
[1421/1624] Compiling NIOCore AsyncAwaitSupport.swift
[1422/1624] Compiling NIOCore AsyncChannel.swift
[1423/1624] Compiling NIOCore AsyncChannelHandler.swift
[1424/1624] Compiling NIOCore AsyncChannelInboundStream.swift
[1425/1624] Compiling NIOCore AsyncChannelOutboundWriter.swift
[1426/1624] Compiling NIOCore NIOAsyncSequenceProducer.swift
[1427/1624] Compiling NIOCore NIOAsyncSequenceProducerStrategies.swift
[1428/1624] Compiling NIOCore NIOAsyncWriter.swift
[1429/1624] Compiling NIOCore ByteBuffer-multi-int.swift
[1430/1624] Compiling NIOCore ByteBuffer-quicBinaryEncodingStrategy.swift
[1431/1624] Compiling NIOCore ByteBuffer-views.swift
[1432/1624] Emitting module Crypto
[1442/1624] Compiling Crypto Signature.swift
[1443/1624] Compiling Crypto CryptoKitErrors_boring.swift
[1444/1624] Compiling Crypto Optional+withUnsafeBytes_boring.swift
[1445/1624] Compiling Crypto RNG_boring.swift
[1446/1624] Compiling Crypto SafeCompare_boring.swift
[1447/1624] Compiling Crypto Zeroization_boring.swift
[1448/1624] Compiling Crypto _CryptoModuleAnchor.swift
[1449/1624] Compiling Crypto PrettyBytes.swift
[1450/1624] Compiling Crypto SafeCompare.swift
[1451/1624] Compiling Crypto SecureBytes.swift
[1452/1624] Compiling Crypto Zeroization.swift
[1461/1625] Wrapping AST for Crypto for debugging
[1463/1687] Emitting module CryptoExtras
[1464/1695] Compiling CryptoExtras ARCServer.swift
[1465/1695] Compiling CryptoExtras ChaCha20CTR_boring.swift
[1466/1695] Compiling CryptoExtras ChaCha20CTR.swift
[1467/1695] Compiling CryptoExtras BoringSSLSHA512256Context.swift
[1468/1695] Compiling CryptoExtras BoringSSLSHA512256HashFunction.swift
[1469/1695] Compiling CryptoExtras SHA512256.swift
[1470/1695] Compiling CryptoExtras SHA512256Digest.swift
[1471/1695] Compiling CryptoExtras Curve25519+PEM.swift
[1472/1695] Compiling CryptoExtras ObjectIdentifier.swift
[1473/1695] Compiling CryptoExtras ThreadOps.swift
[1474/1695] Compiling CryptoExtras ThreadPosix.swift
[1475/1695] Compiling CryptoExtras ThreadSpecific.swift
[1476/1695] Compiling CryptoExtras ThreadWindows.swift
[1477/1695] Compiling CryptoExtras DLEQ.swift
[1478/1695] Compiling CryptoExtras Prover.swift
[1479/1695] Compiling CryptoExtras Verifier.swift
[1480/1695] Compiling CryptoExtras ZKPToolbox.swift
[1481/1695] Emitting module NIOCore
[1482/1695] Compiling CryptoExtras AES_CBC.swift
[1483/1695] Compiling CryptoExtras AES_CFB.swift
[1484/1695] Compiling CryptoExtras AES_CTR.swift
[1485/1695] Compiling CryptoExtras AES_GCM_SIV.swift
[1486/1695] Compiling CryptoExtras Block Function.swift
[1487/1695] Compiling CryptoExtras AES_CBC_boring.swift
[1488/1695] Compiling CryptoExtras AES_CFB_boring.swift
[1489/1695] Compiling CryptoExtras AES_CTR_boring.swift
[1490/1695] Compiling CryptoExtras AES_GCM_SIV_boring.swift
[1491/1695] Compiling CryptoExtras CMAC.swift
[1492/1695] Compiling CryptoExtras ARC+API.swift
[1493/1695] Compiling CryptoExtras ARC.swift
[1494/1695] Compiling CryptoExtras ARCCredential.swift
[1495/1695] Compiling CryptoExtras ARCEncoding.swift
[1496/1695] Compiling CryptoExtras ARCPrecredential.swift
[1497/1695] Compiling CryptoExtras ARCPresentation.swift
[1498/1695] Compiling CryptoExtras ARCRequest.swift
[1499/1695] Compiling CryptoExtras ARCResponse.swift
[1500/1695] Compiling CryptoExtras BoringSSLPassphraseCallbackManager.swift
[1501/1695] Compiling CryptoExtras RSA+BlindSigning.swift
[1502/1695] Compiling CryptoExtras RSA.swift
[1503/1695] Compiling CryptoExtras RSA_boring.swift
[1504/1695] Compiling CryptoExtras Reexport.swift
[1505/1695] Compiling CryptoExtras Zeroization_boring.swift
[1506/1695] Compiling CryptoExtras BoringSSLHelpers.swift
[1507/1695] Compiling CryptoExtras CryptoKitErrors_boring.swift
[1508/1695] Compiling CryptoExtras Data+Extensions.swift
[1509/1695] Compiling CryptoExtras DigestType.swift
[1510/1695] Compiling CryptoExtras Error.swift
[1511/1695] Compiling CryptoExtras I2OSP.swift
[1512/1695] Compiling CryptoExtras IntegerEncoding.swift
[1513/1695] Compiling CryptoExtras PEMDocument.swift
[1514/1695] Compiling CryptoExtras PrettyBytes.swift
[1515/1695] Compiling CryptoExtras SubjectPublicKeyInfo.swift
[1516/1695] Compiling CryptoExtras PKCS8DERRepresentation.swift
[1517/1695] Compiling CryptoExtras PKCS8PrivateKey.swift
[1518/1695] Compiling CryptoExtras RFC8410AlgorithmIdentifier.swift
[1519/1695] Compiling CryptoExtras ECToolbox_boring.swift
[1520/1695] Compiling CryptoExtras ECToolbox.swift
[1521/1695] Compiling CryptoExtras HashToField.swift
[1522/1695] Compiling CryptoExtras KDF.swift
[1523/1695] Compiling CryptoExtras PBKDF2_boring.swift
[1524/1695] Compiling CryptoExtras PBKDF2_commoncrypto.swift
[1525/1695] Compiling CryptoExtras PBKDF2.swift
[1526/1695] Compiling CryptoExtras Scrypt_boring.swift
[1527/1695] Compiling CryptoExtras Scrypt.swift
[1528/1695] Compiling CryptoExtras OPRF.swift
[1529/1695] Compiling CryptoExtras OPRFClient.swift
[1530/1695] Compiling CryptoExtras OPRFServer.swift
[1531/1695] Compiling CryptoExtras VOPRF+API.swift
[1532/1695] Compiling CryptoExtras VOPRFClient.swift
[1533/1695] Compiling CryptoExtras VOPRFServer.swift
[1553/1699] Wrapping AST for CryptoExtras for debugging
[1555/1699] Compiling _CryptoExtras Exports.swift
[1556/1699] Emitting module _CryptoExtras
[1556/1719] Wrapping AST for NIOCore for debugging
[1559/1757] Emitting module NIOFoundationEssentialsCompat
[1559/1757] Wrapping AST for _CryptoExtras for debugging
[1561/1852] Compiling NIOFoundationEssentialsCompat Codable+ByteBuffer.swift
[1562/1852] Compiling NIOEmbedded AsyncTestingEventLoop.swift
[1563/1852] Compiling NIOFoundationEssentialsCompat ByteBuffer-foundation.swift
[1564/1853] Wrapping AST for NIOFoundationEssentialsCompat for debugging
[1566/1853] Compiling X509 Curve25519+DER.swift
[1567/1853] Compiling X509 CustomPrivateKey.swift
[1568/1853] Compiling X509 Digests.swift
[1569/1853] Compiling X509 DistinguishedName.swift
[1570/1853] Compiling X509 CommonName.swift
[1571/1853] Compiling X509 CountryName.swift
[1572/1853] Compiling X509 DNBuilder.swift
[1573/1860] Compiling NIOEmbedded Embedded.swift
[1574/1860] Compiling NIOEmbedded AsyncTestingChannel.swift
[1575/1860] Emitting module NIOEmbedded
[1576/1861] Wrapping AST for NIOEmbedded for debugging
[1578/1861] Compiling X509 NameConstraints.swift
[1579/1861] Compiling X509 SubjectAlternativeName.swift
[1580/1861] Compiling X509 SubjectKeyIdentifier.swift
[1581/1861] Compiling X509 Extension.swift
[1582/1861] Compiling X509 Extensions.swift
[1583/1861] Compiling X509 ExtensionsBuilder.swift
[1584/1861] Compiling X509 GeneralName.swift
[1585/1861] Compiling X509 DomainComponent.swift
[1586/1861] Compiling X509 EmailAddress.swift
[1587/1861] Compiling X509 LocalityName.swift
[1588/1861] Compiling X509 OrganizationName.swift
[1589/1861] Compiling X509 OrganizationalUnitName.swift
[1590/1861] Compiling X509 StateOrProvinceName.swift
[1591/1861] Compiling X509 StreetAddress.swift
[1592/1861] Compiling X509 Error.swift
[1593/1861] Compiling X509 AuthorityInformationAccess.swift
[1594/1861] Compiling X509 AuthorityKeyIdentifier.swift
[1595/1861] Compiling X509 BasicConstraints.swift
[1596/1861] Compiling X509 ExtendedKeyUsage.swift
[1597/1861] Compiling X509 ExtensionIdentifiers.swift
[1598/1861] Compiling X509 KeyUsage.swift
[1599/1867] Compiling X509 CMSIssuerAndSerialNumber.swift
[1600/1867] Compiling X509 CMSOperations.swift
[1601/1867] Compiling X509 CMSSignature.swift
[1602/1867] Compiling X509 CMSSignedData.swift
[1603/1867] Compiling X509 CMSSignerIdentifier.swift
[1604/1867] Compiling X509 CMSSignerInfo.swift
[1605/1867] Compiling X509 CMSVersion.swift
[1606/1874] Compiling X509 CertificatePrivateKey.swift
[1607/1874] Compiling X509 CertificatePublicKey.swift
[1608/1874] Compiling X509 CertificateSerialNumber.swift
[1609/1874] Compiling X509 CertificateVersion.swift
[1610/1874] Compiling X509 CMSAttribute.swift
[1611/1874] Compiling X509 CMSContentInfo.swift
[1612/1874] Compiling X509 CMSEncapsulatedContentInfo.swift
[1613/1874] Emitting module NIOPosix
[1628/1874] Compiling X509 OneOfPolicies.swift
[1629/1874] Compiling X509 PolicyBuilder.swift
[1630/1874] Compiling X509 BasicConstraintsPolicy.swift
[1631/1874] Compiling X509 DNSNames.swift
[1632/1874] Compiling X509 ExpiryPolicy.swift
[1633/1874] Compiling X509 IPConstraints.swift
[1634/1874] Compiling X509 NameConstraintsPolicy.swift
[1635/1874] Compiling X509 RFC5280Policy.swift
[1636/1874] Compiling X509 URIConstraints.swift
[1637/1874] Compiling X509 VersionPolicy.swift
[1638/1874] Compiling X509 ServerIdentityPolicy.swift
[1639/1874] Compiling X509 TrustRootLoading.swift
[1640/1874] Compiling X509 UnverifiedChain.swift
[1641/1874] Compiling X509 PKCS8PrivateKey.swift
[1642/1874] Compiling X509 PromiseAndFuture.swift
[1643/1874] Compiling X509 RDNAttribute.swift
[1644/1874] Compiling X509 RandomNumberGenerator+bytes.swift
[1645/1874] Compiling X509 RelativeDistinguishedName.swift
[1646/1874] Compiling X509 SEC1PrivateKey.swift
[1647/1874] Compiling X509 SecKeyWrapper.swift
[1648/1874] Compiling X509 Signature.swift
[1649/1874] Compiling X509 SignatureAlgorithm.swift
[1650/1874] Compiling X509 AllOfPolicies.swift
[1651/1874] Compiling X509 AnyPolicy.swift
[1652/1874] Compiling X509 CertificateStore.swift
[1653/1874] Compiling X509 CustomCertificateStore.swift
[1654/1874] Compiling NIOPosix Thread.swift
[1655/1874] Compiling NIOPosix ThreadPosix.swift
[1656/1874] Compiling NIOPosix ThreadWindows.swift
[1657/1874] Compiling NIOPosix Utilities.swift
[1658/1874] Compiling NIOPosix VsockAddress.swift
[1659/1874] Compiling NIOPosix VsockChannelEvents.swift
[1660/1874] Compiling NIOPosix Windows.swift
[1661/1874] Compiling X509 CSRAttribute.swift
[1662/1874] Compiling X509 CSRAttributes.swift
[1663/1874] Compiling X509 CSRVersion.swift
[1664/1874] Compiling X509 CertificateSigningRequest.swift
[1665/1874] Compiling X509 CertificationRequestInfo.swift
[1666/1874] Compiling X509 ExtensionRequest.swift
[1667/1874] Compiling X509 Certificate.swift
[1683/1874] Compiling X509 OCSPNonce.swift
[1684/1874] Compiling X509 OCSPPolicy.swift
[1685/1874] Compiling X509 OCSPRequest.swift
[1686/1874] Compiling X509 OCSPResponse.swift
[1687/1874] Compiling X509 OCSPResponseBytes.swift
[1688/1874] Compiling X509 OCSPResponseData.swift
[1689/1874] Compiling X509 OCSPResponseStatus.swift
[1690/1874] Compiling X509 OCSPSignature.swift
[1691/1874] Compiling X509 OCSPSingleRequest.swift
[1692/1874] Compiling X509 OCSPSingleResponse.swift
[1693/1874] Compiling X509 OCSPTBSRequest.swift
[1694/1874] Compiling X509 OCSPVersion.swift
[1722/1877] Wrapping AST for NIOPosix for debugging
[1724/1877] Emitting module NIO
[1725/1877] Compiling NIO Exports.swift
[1726/1882] Wrapping AST for NIO for debugging
[1728/1917] Compiling NIOFoundationCompat Exports.swift
[1729/1917] Emitting module NIOTLS
[1730/1917] Compiling NIOTLS ApplicationProtocolNegotiationHandler.swift
[1731/1917] Emitting module NIOFoundationCompat
[1732/1917] Compiling NIOFoundationCompat JSONSerialization+ByteBuffer.swift
[1733/1917] Compiling NIOFoundationCompat WaitSpinningRunLoop.swift
[1734/1918] Compiling NIOSOCKS ClientStateMachine.swift
[1736/1919] Compiling NIOSOCKS SelectedAuthenticationMethod.swift
[1737/1919] Compiling NIOSOCKS AuthenticationMethod.swift
[1738/1919] Compiling NIOSOCKS ClientGreeting.swift
[1738/1919] Wrapping AST for NIOFoundationCompat for debugging
[1740/1919] Compiling NIOSOCKS ServerStateMachine.swift
[1741/1919] Compiling NIOSOCKS SOCKSResponse.swift
[1742/1919] Emitting module NIOSOCKS
[1743/1919] Compiling NIOSOCKS SOCKSClientHandler.swift
[1744/1919] Compiling NIOSOCKS SOCKSServerHandshakeHandler.swift
[1745/1919] Compiling NIOSOCKS Messages.swift
[1746/1919] Compiling NIOSOCKS SOCKSRequest.swift
[1747/1919] Compiling NIOSOCKS Errors.swift
[1748/1919] Compiling NIOSOCKS Helpers.swift
[1749/1920] Wrapping AST for NIOSOCKS for debugging
[1751/1920] Compiling NIOHTTP1 NIOTypedHTTPClientUpgradeHandler.swift
[1752/1920] Compiling NIOHTTP1 NIOTypedHTTPClientUpgraderStateMachine.swift
[1753/1922] Compiling NIOTLS TLSEvents.swift
[1754/1922] Compiling NIOTLS SNIHandler.swift
[1755/1922] Compiling NIOTLS NIOTypedApplicationProtocolNegotiationHandler.swift
[1756/1922] Compiling NIOTLS ProtocolNegotiationHandlerStateMachine.swift
[1761/1923] Emitting module NIOHTTP1
[1762/1923] Emitting module X509
[1765/1923] Compiling X509 ValidatedCertificateChain.swift
[1766/1923] Compiling X509 VerificationDiagnostic.swift
[1767/1923] Compiling X509 Verifier.swift
[1768/1923] Compiling X509 VerifierPolicy.swift
[1769/1923] Compiling X509 AlgorithmIdentifier.swift
[1770/1923] Compiling X509 ECDSASignature.swift
[1771/1923] Compiling X509 RSAPKCS1PublicKey.swift
[1772/1923] Compiling X509 SubjectPublicKeyInfo.swift
[1773/1923] Compiling X509 TBSCertificate.swift
[1774/1923] Compiling X509 Time.swift
[1775/1923] Compiling X509 TimeCalculations.swift
[1776/1923] Compiling X509 Validity.swift
[1777/1923] Compiling X509 X509SendableMetatype.swift
[1777/1924] Wrapping AST for NIOTLS for debugging
[1780/1954] Compiling NIOSSL SecurityFrameworkCertificateVerification.swift
[1781/1954] Compiling NIOSSL String+unsafeUninitializedCapacity.swift
[1781/1954] Wrapping AST for X509 for debugging
[1783/2021] Compiling JWTKit ECDSACurveType.swift
[1784/2021] Compiling JWTKit ECDSAError.swift
[1785/2021] Compiling JWTKit JWTMultiValueClaim.swift
[1786/2021] Compiling JWTKit JWTUnixEpochClaim.swift
[1787/2021] Compiling JWTKit ECDSA.swift
[1788/2021] Compiling JWTKit ECDSACurve.swift
[1789/2021] Emitting module JWTKit
[1790/2030] Compiling JWTKit ECDSASigningAlgorithm.swift
[1791/2030] Compiling JWTKit JWTKeyCollection+ECDSA.swift
[1792/2030] Compiling JWTKit P256+CurveType.swift
[1793/2030] Compiling JWTKit P384+CurveType.swift
[1794/2030] Compiling JWTKit P521+CurveType.swift
[1795/2030] Compiling JWTKit EdDSA.swift
[1796/2030] Compiling JWTKit EdDSACurve.swift
[1797/2030] Compiling JWTKit EdDSAError.swift
[1798/2030] Compiling JWTKit EdDSASigner.swift
[1799/2030] Compiling JWTKit JWTKeyCollection+EdDSA.swift
[1800/2030] Compiling JWTKit LocaleClaim.swift
[1801/2030] Compiling JWTKit NotBeforeClaim.swift
[1802/2030] Compiling JWTKit SubjectClaim.swift
[1803/2030] Compiling JWTKit TenantIDClaim.swift
[1808/2030] Compiling JWTKit ECDSAKeyTypes.swift
[1809/2030] Compiling JWTKit ECDSASigner.swift
[1810/2030] Compiling JWTKit AudienceClaim.swift
[1811/2030] Compiling JWTKit BoolClaim.swift
[1812/2030] Compiling JWTKit ExpirationClaim.swift
[1813/2030] Compiling JWTKit GoogleHostedDomainClaim.swift
[1814/2030] Compiling JWTKit IDClaim.swift
[1815/2030] Compiling JWTKit IssuedAtClaim.swift
[1816/2030] Compiling JWTKit IssuerClaim.swift
[1817/2030] Compiling JWTKit JWTClaim.swift
[1820/2030] Compiling JWTKit MLDSAType.swift
[1821/2030] Compiling JWTKit JWTKeyCollection+UnsecuredNone.swift
[1822/2030] Compiling JWTKit UnsecuredNoneSigner.swift
[1823/2030] Compiling JWTKit JWTKeyCollection+RSA.swift
[1824/2030] Compiling JWTKit RSA.swift
[1825/2030] Compiling JWTKit RSAError.swift
[1826/2030] Compiling JWTKit RSASigner.swift
[1827/2030] Compiling JWTKit Base64URL.swift
[1828/2030] Compiling JWTKit CryptoSigner.swift
[1829/2030] Compiling JWTKit JWTSerializer.swift
[1830/2030] Compiling JWTKit JWTSigner.swift
[1831/2030] Compiling JWTKit JWTKeyCollection+MLDSA.swift
[1832/2030] Compiling JWTKit MLDSA.swift
[1833/2030] Compiling JWTKit MLDSA65+MLDSAKey.swift
[1834/2030] Compiling JWTKit MLDSA87+MLDSAKey.swift
[1835/2030] Compiling JWTKit MLDSAError.swift
[1836/2030] Compiling JWTKit MLDSAKey.swift
[1837/2030] Compiling JWTKit MLDSASigner.swift
[1841/2031] Wrapping AST for NIOHTTP1 for debugging
[1847/2052] Compiling NIOHPACK IntegerCoding.swift
[1848/2053] Compiling NIOHTTPCompression HTTPDecompressor.swift
[1849/2053] Emitting module NIOSSL
[1850/2053] Compiling NIOHTTPCompression HTTPResponseCompressor.swift
[1851/2053] Compiling NIOHTTPCompression HTTPRequestCompressor.swift
[1852/2053] Compiling NIOHPACK StaticHeaderTable.swift
[1853/2053] Emitting module NIOHPACK
[1862/2053] Compiling NIOHPACK DynamicHeaderTable.swift
[1863/2053] Compiling NIOHPACK HPACKDecoder.swift
[1864/2053] Compiling NIOHPACK HPACKEncoder.swift
[1865/2053] Compiling NIOHPACK HPACKErrors.swift
[1866/2053] Compiling JWTKit JWTKeyCollection.swift
[1867/2053] Compiling JWTKit JWTParser+MandatoryVerificationFields.swift
[1868/2053] Compiling JWTKit JWTParser.swift
[1869/2053] Compiling JWTKit JWTPayload.swift
[1870/2053] Compiling JWTKit CustomizedJSONCoders.swift
[1871/2053] Compiling JWTKit Utilities.swift
[1872/2053] Compiling JWTKit AppleIdentityToken.swift
[1873/2053] Compiling JWTKit FirebaseAuthIdentityToken.swift
[1874/2053] Compiling JWTKit GoogleIdentityToken.swift
[1875/2053] Compiling JWTKit MicrosoftIdentityToken.swift
[1876/2053] Compiling JWTKit EmptyPolicy.swift
[1877/2053] Compiling JWTKit ValidationTimePayload.swift
[1878/2053] Compiling JWTKit X5CVerifier.swift
[1879/2053] Emitting module NIOHTTPCompression
[1880/2053] Compiling NIOHTTPCompression HTTPDecompression.swift
[1881/2053] Compiling NIOHTTPCompression HTTPCompression.swift
[1882/2053] Compiling NIOHPACK HPACKHeader.swift
[1883/2053] Compiling NIOHPACK HeaderTables.swift
[1886/2053] Compiling JWTKit JWTAlgorithm.swift
[1887/2053] Compiling JWTKit JWTError.swift
[1888/2053] Compiling NIOHPACK HuffmanTables.swift
[1889/2053] Compiling JWTKit JWTHeader+CommonFields.swift
[1890/2053] Compiling JWTKit JWTHeader.swift
[1891/2053] Compiling JWTKit JWTHeaderField.swift
[1892/2053] Compiling NIOHPACK IndexedHeaderTable.swift
[1896/2054] Compiling NIOHPACK HuffmanCoding.swift
[1897/2054] Compiling JWTKit HMAC.swift
[1898/2054] Compiling JWTKit HMACError.swift
[1899/2054] Compiling JWTKit HMACSigner.swift
[1900/2054] Compiling JWTKit JWTKeyCollection+HMAC.swift
[1901/2054] Compiling JWTKit Insecure.swift
[1902/2054] Compiling JWTKit JWK.swift
[1903/2054] Compiling JWTKit JWKIdentifier.swift
[1904/2054] Compiling JWTKit JWKS.swift
[1905/2054] Compiling JWTKit JWKSigner.swift
[1915/2055] Wrapping AST for NIOHTTPCompression for debugging
[1916/2055] Wrapping AST for JWTKit for debugging
[1922/2055] Compiling NIOSSL Zeroization.swift
[1923/2055] Compiling NIOSSL TLSConfiguration.swift
[1924/2055] Compiling NIOSSL UniversalBootstrapSupport.swift
[1925/2055] Compiling NIOSSL UnsafeKeyAndChainTarget.swift
[1927/2057] Wrapping AST for NIOHPACK for debugging
[1928/2057] Wrapping AST for NIOSSL for debugging
[1930/2120] Emitting module NIOHTTP2
[1931/2128] Compiling NIOHTTP2 HTTP2StreamMultiplexer.swift
[1932/2128] Compiling NIOHTTP2 HTTP2ToHTTP1Codec.swift
[1933/2128] Compiling NIOHTTP2 HTTP2UserEvents.swift
[1934/2128] Compiling NIOHTTP2 InboundEventBuffer.swift
[1935/2128] Compiling NIOHTTP2 InboundWindowManager.swift
[1936/2128] Compiling NIOHTTP2 MultiplexerAbstractChannel.swift
[1937/2128] Compiling NIOHTTP2 NIOHTTP2FrameDelegate.swift
[1938/2128] Compiling NIOHTTP2 NIOHTTP2ServerConnectionManagementHandler+StateMachine.swift
[1939/2128] Compiling NIOHTTP2 DOSHeuristics.swift
[1940/2128] Compiling NIOHTTP2 Error+Any.swift
[1941/2128] Compiling NIOHTTP2 ConcurrentStreamBuffer.swift
[1942/2128] Compiling NIOHTTP2 ControlFrameBuffer.swift
[1943/2128] Compiling NIOHTTP2 OutboundFlowControlBuffer.swift
[1944/2128] Compiling NIOHTTP2 OutboundFrameBuffer.swift
[1945/2128] Compiling NIOHTTP2 GlitchesMonitor.swift
[1946/2128] Compiling NIOHTTP2 HPACKHeaders+Validation.swift
[1947/2128] Compiling NIOHTTP2 HTTP2ChannelHandler+InboundStreamMultiplexer.swift
[1948/2128] Compiling NIOHTTP2 HasFlowControlWindows.swift
[1949/2128] Compiling NIOHTTP2 HasLocalSettings.swift
[1950/2128] Compiling NIOHTTP2 HasRemoteSettings.swift
[1951/2128] Compiling NIOHTTP2 LocallyQuiescingState.swift
[1952/2128] Compiling NIOHTTP2 QuiescingState.swift
[1953/2128] Compiling NIOHTTP2 RemotelyQuiescingState.swift
[1954/2128] Compiling NIOHTTP2 SendAndReceiveGoawayState.swift
[1955/2128] Compiling NIOHTTP2 StateMachineResult.swift
[1956/2128] Compiling NIOHTTP2 ContentLengthVerifier.swift
[1957/2128] Compiling NIOHTTP2 MaySendFrames.swift
[1958/2128] Compiling NIOHTTP2 SendingDataState.swift
[1959/2128] Compiling NIOHTTP2 SendingGoawayState.swift
[1960/2128] Compiling NIOHTTP2 SendingHeadersState.swift
[1961/2128] Compiling NIOHTTP2 SendingPushPromiseState.swift
[1962/2128] Compiling NIOHTTP2 SendingRstStreamState.swift
[1963/2128] Compiling NIOHTTP2 SendingWindowUpdateState.swift
[1964/2128] Compiling NIOHTTP2 HTTP2SettingsState.swift
[1965/2128] Compiling NIOHTTP2 HasExtendedConnectSettings.swift
[1966/2128] Compiling NIOHTTP2 ConnectionStateMachine.swift
[1967/2128] Compiling NIOHTTP2 ConnectionStreamsState.swift
[1968/2128] Compiling NIOHTTP2 MayReceiveFrames.swift
[1969/2128] Compiling NIOHTTP2 ReceivingDataState.swift
[1970/2128] Compiling NIOHTTP2 ReceivingGoAwayState.swift
[1971/2128] Compiling NIOHTTP2 ReceivingHeadersState.swift
[1972/2128] Compiling NIOHTTP2 ReceivingPushPromiseState.swift
[1973/2128] Compiling NIOHTTP2 ReceivingRstStreamState.swift
[1974/2128] Compiling NIOHTTP2 ReceivingWindowUpdateState.swift
[1975/2128] Compiling NIOHTTP2 NIOHTTP2ServerConnectionManagementHandler.swift
[1976/2128] Compiling NIOHTTP2 StreamChannelFlowController.swift
[1977/2128] Compiling NIOHTTP2 StreamChannelList.swift
[1978/2128] Compiling NIOHTTP2 StreamMap.swift
[1979/2128] Compiling NIOHTTP2 StreamStateMachine.swift
[1980/2128] Compiling NIOHTTP2 Timer.swift
[1981/2128] Compiling NIOHTTP2 UnsafeTransfer.swift
[1982/2128] Compiling NIOHTTP2 WatermarkedFlowController.swift
[1983/2128] Compiling NIOHTTP2 HTTP2FrameParser.swift
[1984/2128] Compiling NIOHTTP2 HTTP2PingData.swift
[1985/2128] Compiling NIOHTTP2 HTTP2PipelineHelpers.swift
[1986/2128] Compiling NIOHTTP2 HTTP2Settings.swift
[1987/2128] Compiling NIOHTTP2 HTTP2Stream.swift
[1988/2128] Compiling NIOHTTP2 HTTP2StreamChannel+OutboundStreamMultiplexer.swift
[1989/2128] Compiling NIOHTTP2 HTTP2StreamChannel.swift
[1990/2128] Compiling NIOHTTP2 HTTP2StreamDelegate.swift
[1991/2128] Compiling NIOHTTP2 HTTP2StreamID.swift
[1992/2128] Compiling NIOHTTP2 HTTP2ChannelHandler+InlineStreamMultiplexer.swift
[1993/2128] Compiling NIOHTTP2 HTTP2ChannelHandler.swift
[1994/2128] Compiling NIOHTTP2 HTTP2CommonInboundStreamMultiplexer.swift
[1995/2128] Compiling NIOHTTP2 HTTP2ConnectionStateChange.swift
[1996/2128] Compiling NIOHTTP2 HTTP2Error.swift
[1997/2128] Compiling NIOHTTP2 HTTP2ErrorCode.swift
[1998/2128] Compiling NIOHTTP2 HTTP2FlowControlWindow.swift
[1999/2128] Compiling NIOHTTP2 HTTP2Frame.swift
[2000/2128] Compiling NIOHTTP2 HTTP2FrameEncoder.swift
[2001/2129] Wrapping AST for NIOHTTP2 for debugging
[2003/2193] Emitting module AsyncHTTPClient
[2004/2201] Compiling AsyncHTTPClient HTTPClientResponse.swift
[2005/2201] Compiling AsyncHTTPClient SingleIteratorPrecondition.swift
[2006/2201] Compiling AsyncHTTPClient Transaction+StateMachine.swift
[2007/2201] Compiling AsyncHTTPClient Transaction.swift
[2008/2201] Compiling AsyncHTTPClient Base64.swift
[2009/2201] Compiling AsyncHTTPClient BasicAuth.swift
[2010/2201] Compiling AsyncHTTPClient BestEffortHashableTLSConfiguration.swift
[2011/2201] Compiling AsyncHTTPClient Configuration+BrowserLike.swift
[2012/2201] Compiling AsyncHTTPClient ConnectionPool.swift
[2013/2201] Compiling AsyncHTTPClient LRUCache.swift
[2014/2201] Compiling AsyncHTTPClient NIOLoopBound+Execute.swift
[2015/2201] Compiling AsyncHTTPClient NWErrorHandler.swift
[2016/2201] Compiling AsyncHTTPClient NWWaitingHandler.swift
[2017/2201] Compiling AsyncHTTPClient TLSConfiguration.swift
[2018/2201] Compiling AsyncHTTPClient RedirectState.swift
[2019/2201] Compiling AsyncHTTPClient RequestBag+StateMachine.swift
[2020/2201] Compiling AsyncHTTPClient RequestBag+Tracing.swift
[2021/2201] Compiling AsyncHTTPClient RequestBag.swift
[2022/2201] Compiling AsyncHTTPClient RequestValidation.swift
[2023/2201] Compiling AsyncHTTPClient SSLContextCache.swift
[2024/2201] Compiling AsyncHTTPClient Scheme.swift
[2025/2201] Compiling AsyncHTTPClient Singleton.swift
[2026/2201] Compiling AsyncHTTPClient StringConvertibleInstances.swift
[2027/2201] Compiling AsyncHTTPClient StructuredConcurrencyHelpers.swift
[2028/2201] Compiling AsyncHTTPClient TracingSupport.swift
[2029/2201] Compiling AsyncHTTPClient Utils.swift
[2030/2201] Compiling AsyncHTTPClient HTTP1ProxyConnectHandler.swift
[2031/2201] Compiling AsyncHTTPClient SOCKSEventsHandler.swift
[2032/2201] Compiling AsyncHTTPClient TLSEventsHandler.swift
[2033/2201] Compiling AsyncHTTPClient HTTP1ClientChannelHandler.swift
[2034/2201] Compiling AsyncHTTPClient HTTP1Connection.swift
[2035/2201] Compiling AsyncHTTPClient HTTP1ConnectionStateMachine.swift
[2036/2201] Compiling AsyncHTTPClient HTTP2ClientRequestHandler.swift
[2037/2201] Compiling AsyncHTTPClient HTTP2Connection.swift
[2038/2201] Compiling AsyncHTTPClient HTTP2IdleHandler.swift
[2039/2201] Compiling AsyncHTTPClient RequestOptions.swift
[2040/2201] Compiling AsyncHTTPClient HTTPConnectionPool+Backoff.swift
[2041/2201] Compiling AsyncHTTPClient HTTPConnectionPool+HTTP1Connections.swift
[2042/2201] Compiling AsyncHTTPClient HTTPConnectionPool+HTTP1StateMachine.swift
[2043/2201] Compiling AsyncHTTPClient HTTPConnectionPool+HTTP2Connections.swift
[2044/2201] Compiling AsyncHTTPClient HTTPConnectionPool+HTTP2StateMachine.swift
[2045/2201] Compiling AsyncHTTPClient HTTPConnectionPool+RequestQueue.swift
[2046/2201] Compiling AsyncHTTPClient HTTPConnectionPool+StateMachine.swift
[2047/2201] Compiling AsyncHTTPClient ConnectionTarget.swift
[2048/2201] Compiling AsyncHTTPClient AnyAsyncSequence.swift
[2049/2201] Compiling AsyncHTTPClient AnyAsyncSequenceProucerDelete.swift
[2050/2201] Compiling AsyncHTTPClient AsyncLazySequence.swift
[2051/2201] Compiling AsyncHTTPClient HTTPClient+execute.swift
[2052/2201] Compiling AsyncHTTPClient HTTPClient+shutdown.swift
[2053/2201] Compiling AsyncHTTPClient HTTPClient+tracing.swift
[2054/2201] Compiling AsyncHTTPClient HTTPClientRequest+Prepared.swift
[2055/2201] Compiling AsyncHTTPClient HTTPClientRequest+auth.swift
[2056/2201] Compiling AsyncHTTPClient HTTPClientRequest.swift
[2057/2201] Compiling AsyncHTTPClient HTTPConnectionEvent.swift
[2058/2201] Compiling AsyncHTTPClient HTTPConnectionPool+Factory.swift
[2059/2201] Compiling AsyncHTTPClient HTTPConnectionPool+Manager.swift
[2060/2201] Compiling AsyncHTTPClient HTTPConnectionPool.swift
[2061/2201] Compiling AsyncHTTPClient HTTPExecutableRequest.swift
[2062/2201] Compiling AsyncHTTPClient HTTPRequestStateMachine+Demand.swift
[2063/2201] Compiling AsyncHTTPClient HTTPRequestStateMachine.swift
[2064/2201] Compiling AsyncHTTPClient RequestBodyLength.swift
[2065/2201] Compiling AsyncHTTPClient RequestFramingMetadata.swift
[2066/2201] Compiling AsyncHTTPClient DeconstructedURL.swift
[2067/2201] Compiling AsyncHTTPClient FileDownloadDelegate.swift
[2068/2201] Compiling AsyncHTTPClient FoundationExtensions.swift
[2069/2201] Compiling AsyncHTTPClient HTTPClient+HTTPCookie.swift
[2070/2201] Compiling AsyncHTTPClient HTTPClient+Proxy.swift
[2071/2201] Compiling AsyncHTTPClient HTTPClient+StructuredConcurrency.swift
[2072/2201] Compiling AsyncHTTPClient HTTPClient.swift
[2073/2201] Compiling AsyncHTTPClient HTTPClientConfiguration+SwiftConfiguration.swift
[2074/2201] Compiling AsyncHTTPClient HTTPHandler.swift
[2075/2202] Wrapping AST for AsyncHTTPClient for debugging
[2077/2225] Compiling GoogleAuth UserAccountData.swift
[2078/2225] Compiling GoogleAuth UserAccountTokenProvider.swift
[2079/2225] Compiling GoogleAuth UserCredentials.swift
[2080/2228] Compiling GoogleAuth SubjectTokenProvider.swift
[2081/2228] Compiling GoogleAuth MDSAccessTokenProvider.swift
[2082/2228] Compiling GoogleAuth MDSCredentials.swift
[2083/2228] Compiling GoogleAuth AnonymousCredentials.swift
[2084/2228] Compiling GoogleAuth ApiKeyCredentials.swift
[2085/2228] Compiling GoogleAuth ExternalAccountCredentials.swift
[2086/2228] Compiling GoogleAuth ServiceAccountCredentials.swift
[2087/2228] Compiling GoogleAuth ServiceAccountData.swift
[2088/2228] Compiling GoogleAuth ServiceAccountTokenProvider.swift
[2089/2228] Compiling GoogleAuth AuthHTTPClient.swift
[2090/2228] Compiling GoogleAuth AuthHTTPError.swift
[2091/2228] Compiling GoogleAuth RetryEngine.swift
[2092/2228] Compiling GoogleAuth CredentialParserRegistry.swift
[2093/2228] Compiling GoogleAuth Credentials.swift
[2094/2228] Compiling GoogleAuth CredentialsError.swift
[2095/2228] Compiling GoogleAuth ADC.swift
[2096/2228] Compiling GoogleAuth ADCPath.swift
[2097/2228] Compiling GoogleAuth ADCResolver.swift
[2098/2228] Compiling GoogleAuth AuthHeaders.swift
[2099/2228] Emitting module GoogleAuth
[2100/2228] Compiling GoogleAuth STSHandler.swift
[2101/2228] Compiling GoogleAuth TokenCache.swift
[2102/2228] Compiling GoogleAuth PackageVersion.swift
[2103/2229] Wrapping AST for GoogleAuth for debugging
[2105/2287] Compiling GoogleGax AIP194+PollingErrorPolicy.swift
[2106/2287] Compiling GoogleGax AIP194+RetryPolicy.swift
[2107/2287] Compiling GoogleGax AIP194.swift
[2108/2287] Compiling GoogleGax AdaptiveThrottler.swift
[2109/2287] Compiling GoogleGax AlwaysPoll.swift
[2110/2287] Compiling GoogleGax AlwaysRetry.swift
[2111/2287] Compiling GoogleGax ApiClientHeader.swift
[2112/2287] Compiling GoogleGax BackoffPolicy.swift
[2113/2287] Compiling GoogleGax BasePollingErrorPolicy.swift
[2114/2287] Emitting module GoogleGax
[2115/2295] Compiling GoogleGax RequestOptions.swift
[2116/2295] Compiling GoogleGax RetryLoop.swift
[2117/2295] Compiling GoogleGax RetryPolicy.swift
[2118/2295] Compiling GoogleGax RetryResult.swift
[2119/2295] Compiling GoogleGax RetryState.swift
[2120/2295] Compiling GoogleGax RetryThrottler.swift
[2121/2295] Compiling GoogleGax RetryThrottlerError.swift
[2122/2295] Compiling GoogleGax RoutingMatcher.swift
[2123/2295] Compiling GoogleGax ServiceError.swift
[2124/2295] Compiling GoogleGax StatusDetail.swift
[2125/2295] Compiling GoogleGax StrictIdempotency.swift
[2126/2295] Compiling GoogleGax ThrottleResult.swift
[2127/2295] Compiling GoogleGax TooManyRequests+PollingErrorPolicy.swift
[2128/2295] Compiling GoogleGax TooManyRequests+RetryPolicy.swift
[2129/2295] Compiling GoogleGax TooManyRequests.swift
[2130/2295] Compiling GoogleGax PackageVersion.swift
[2131/2295] Compiling GoogleGax LimitedAttemptCount+PollingErrorPolicy.swift
[2132/2295] Compiling GoogleGax LimitedAttemptCount+RetryPolicy.swift
[2133/2295] Compiling GoogleGax LimitedAttemptCount.swift
[2134/2295] Compiling GoogleGax LimitedElapsedTime+PollingErrorPolicy.swift
[2135/2295] Compiling GoogleGax LimitedElapsedTime+RetryPolicy.swift
[2136/2295] Compiling GoogleGax LimitedElapsedTime.swift
[2137/2295] Compiling GoogleGax LongRunningOperations.swift
[2138/2295] Compiling GoogleGax NeverRetry.swift
[2139/2295] Compiling GoogleGax BaseRetryPolicy.swift
[2140/2295] Compiling GoogleGax BindingError.swift
[2141/2295] Compiling GoogleGax CRC32C.swift
[2142/2295] Compiling GoogleGax CircuitBreaker.swift
[2143/2295] Compiling GoogleGax ClientError.swift
[2144/2295] Compiling GoogleGax ClientOptions.swift
[2145/2295] Compiling GoogleGax ContinueOnIO+PollingErrorPolicy.swift
[2146/2295] Compiling GoogleGax ContinueOnIO+RetryPolicy.swift
[2147/2295] Compiling GoogleGax Pagination.swift
/host/spi-builder-workspace/.build/checkouts/swift-google-gax/Sources/GoogleGax/Pagination.swift:44:22: error: cannot convert '@Sendable (String) async throws -> (response: ResponseType, items: [Item], nextToken: String)' to 'nonisolated(nonsending) @Sendable (String) async throws -> (response: ResponseType, items: [Item], nextToken: String)' because crossing of an isolation boundary requires parameter and result types to conform to 'Sendable' protocol
 42 |   ) where ResponseType: _PaginatedResponse<Item> {
 43 |     self.initialPageToken = initialPageToken ?? ""
 44 |     self.fetchPage = { token in
    |                      |- error: cannot convert '@Sendable (String) async throws -> (response: ResponseType, items: [Item], nextToken: String)' to 'nonisolated(nonsending) @Sendable (String) async throws -> (response: ResponseType, items: [Item], nextToken: String)' because crossing of an isolation boundary requires parameter and result types to conform to 'Sendable' protocol
    |                      `- note: type 'Item' does not conform to 'Sendable' protocol
 45 |       let response = try await listRpc(token)
 46 |       return (response, response._getPaginatedItems(), response._nextPageToken())
[2148/2295] Compiling GoogleGax PollingBackoffPolicy.swift
/host/spi-builder-workspace/.build/checkouts/swift-google-gax/Sources/GoogleGax/Pagination.swift:44:22: error: cannot convert '@Sendable (String) async throws -> (response: ResponseType, items: [Item], nextToken: String)' to 'nonisolated(nonsending) @Sendable (String) async throws -> (response: ResponseType, items: [Item], nextToken: String)' because crossing of an isolation boundary requires parameter and result types to conform to 'Sendable' protocol
 42 |   ) where ResponseType: _PaginatedResponse<Item> {
 43 |     self.initialPageToken = initialPageToken ?? ""
 44 |     self.fetchPage = { token in
    |                      |- error: cannot convert '@Sendable (String) async throws -> (response: ResponseType, items: [Item], nextToken: String)' to 'nonisolated(nonsending) @Sendable (String) async throws -> (response: ResponseType, items: [Item], nextToken: String)' because crossing of an isolation boundary requires parameter and result types to conform to 'Sendable' protocol
    |                      `- note: type 'Item' does not conform to 'Sendable' protocol
 45 |       let response = try await listRpc(token)
 46 |       return (response, response._getPaginatedItems(), response._nextPageToken())
[2149/2295] Compiling GoogleGax PollingErrorPolicy.swift
/host/spi-builder-workspace/.build/checkouts/swift-google-gax/Sources/GoogleGax/Pagination.swift:44:22: error: cannot convert '@Sendable (String) async throws -> (response: ResponseType, items: [Item], nextToken: String)' to 'nonisolated(nonsending) @Sendable (String) async throws -> (response: ResponseType, items: [Item], nextToken: String)' because crossing of an isolation boundary requires parameter and result types to conform to 'Sendable' protocol
 42 |   ) where ResponseType: _PaginatedResponse<Item> {
 43 |     self.initialPageToken = initialPageToken ?? ""
 44 |     self.fetchPage = { token in
    |                      |- error: cannot convert '@Sendable (String) async throws -> (response: ResponseType, items: [Item], nextToken: String)' to 'nonisolated(nonsending) @Sendable (String) async throws -> (response: ResponseType, items: [Item], nextToken: String)' because crossing of an isolation boundary requires parameter and result types to conform to 'Sendable' protocol
    |                      `- note: type 'Item' does not conform to 'Sendable' protocol
 45 |       let response = try await listRpc(token)
 46 |       return (response, response._getPaginatedItems(), response._nextPageToken())
[2150/2295] Compiling GoogleGax PollingResult.swift
/host/spi-builder-workspace/.build/checkouts/swift-google-gax/Sources/GoogleGax/Pagination.swift:44:22: error: cannot convert '@Sendable (String) async throws -> (response: ResponseType, items: [Item], nextToken: String)' to 'nonisolated(nonsending) @Sendable (String) async throws -> (response: ResponseType, items: [Item], nextToken: String)' because crossing of an isolation boundary requires parameter and result types to conform to 'Sendable' protocol
 42 |   ) where ResponseType: _PaginatedResponse<Item> {
 43 |     self.initialPageToken = initialPageToken ?? ""
 44 |     self.fetchPage = { token in
    |                      |- error: cannot convert '@Sendable (String) async throws -> (response: ResponseType, items: [Item], nextToken: String)' to 'nonisolated(nonsending) @Sendable (String) async throws -> (response: ResponseType, items: [Item], nextToken: String)' because crossing of an isolation boundary requires parameter and result types to conform to 'Sendable' protocol
    |                      `- note: type 'Item' does not conform to 'Sendable' protocol
 45 |       let response = try await listRpc(token)
 46 |       return (response, response._getPaginatedItems(), response._nextPageToken())
[2151/2295] Compiling GoogleGax PollingState.swift
/host/spi-builder-workspace/.build/checkouts/swift-google-gax/Sources/GoogleGax/Pagination.swift:44:22: error: cannot convert '@Sendable (String) async throws -> (response: ResponseType, items: [Item], nextToken: String)' to 'nonisolated(nonsending) @Sendable (String) async throws -> (response: ResponseType, items: [Item], nextToken: String)' because crossing of an isolation boundary requires parameter and result types to conform to 'Sendable' protocol
 42 |   ) where ResponseType: _PaginatedResponse<Item> {
 43 |     self.initialPageToken = initialPageToken ?? ""
 44 |     self.fetchPage = { token in
    |                      |- error: cannot convert '@Sendable (String) async throws -> (response: ResponseType, items: [Item], nextToken: String)' to 'nonisolated(nonsending) @Sendable (String) async throws -> (response: ResponseType, items: [Item], nextToken: String)' because crossing of an isolation boundary requires parameter and result types to conform to 'Sendable' protocol
    |                      `- note: type 'Item' does not conform to 'Sendable' protocol
 45 |       let response = try await listRpc(token)
 46 |       return (response, response._getPaginatedItems(), response._nextPageToken())
[2152/2295] Compiling GoogleGax ProtobufConversionError.swift
/host/spi-builder-workspace/.build/checkouts/swift-google-gax/Sources/GoogleGax/Pagination.swift:44:22: error: cannot convert '@Sendable (String) async throws -> (response: ResponseType, items: [Item], nextToken: String)' to 'nonisolated(nonsending) @Sendable (String) async throws -> (response: ResponseType, items: [Item], nextToken: String)' because crossing of an isolation boundary requires parameter and result types to conform to 'Sendable' protocol
 42 |   ) where ResponseType: _PaginatedResponse<Item> {
 43 |     self.initialPageToken = initialPageToken ?? ""
 44 |     self.fetchPage = { token in
    |                      |- error: cannot convert '@Sendable (String) async throws -> (response: ResponseType, items: [Item], nextToken: String)' to 'nonisolated(nonsending) @Sendable (String) async throws -> (response: ResponseType, items: [Item], nextToken: String)' because crossing of an isolation boundary requires parameter and result types to conform to 'Sendable' protocol
    |                      `- note: type 'Item' does not conform to 'Sendable' protocol
 45 |       let response = try await listRpc(token)
 46 |       return (response, response._getPaginatedItems(), response._nextPageToken())
[2153/2295] Compiling GoogleGax QueryParameter.swift
/host/spi-builder-workspace/.build/checkouts/swift-google-gax/Sources/GoogleGax/Pagination.swift:44:22: error: cannot convert '@Sendable (String) async throws -> (response: ResponseType, items: [Item], nextToken: String)' to 'nonisolated(nonsending) @Sendable (String) async throws -> (response: ResponseType, items: [Item], nextToken: String)' because crossing of an isolation boundary requires parameter and result types to conform to 'Sendable' protocol
 42 |   ) where ResponseType: _PaginatedResponse<Item> {
 43 |     self.initialPageToken = initialPageToken ?? ""
 44 |     self.fetchPage = { token in
    |                      |- error: cannot convert '@Sendable (String) async throws -> (response: ResponseType, items: [Item], nextToken: String)' to 'nonisolated(nonsending) @Sendable (String) async throws -> (response: ResponseType, items: [Item], nextToken: String)' because crossing of an isolation boundary requires parameter and result types to conform to 'Sendable' protocol
    |                      `- note: type 'Item' does not conform to 'Sendable' protocol
 45 |       let response = try await listRpc(token)
 46 |       return (response, response._getPaginatedItems(), response._nextPageToken())
[2154/2295] Compiling GoogleGax RequestError.swift
/host/spi-builder-workspace/.build/checkouts/swift-google-gax/Sources/GoogleGax/Pagination.swift:44:22: error: cannot convert '@Sendable (String) async throws -> (response: ResponseType, items: [Item], nextToken: String)' to 'nonisolated(nonsending) @Sendable (String) async throws -> (response: ResponseType, items: [Item], nextToken: String)' because crossing of an isolation boundary requires parameter and result types to conform to 'Sendable' protocol
 42 |   ) where ResponseType: _PaginatedResponse<Item> {
 43 |     self.initialPageToken = initialPageToken ?? ""
 44 |     self.fetchPage = { token in
    |                      |- error: cannot convert '@Sendable (String) async throws -> (response: ResponseType, items: [Item], nextToken: String)' to 'nonisolated(nonsending) @Sendable (String) async throws -> (response: ResponseType, items: [Item], nextToken: String)' because crossing of an isolation boundary requires parameter and result types to conform to 'Sendable' protocol
    |                      `- note: type 'Item' does not conform to 'Sendable' protocol
 45 |       let response = try await listRpc(token)
 46 |       return (response, response._getPaginatedItems(), response._nextPageToken())
[2155/2295] Compiling GoogleGax ContinueOnIO.swift
[2156/2295] Compiling GoogleGax CredentialsProtocol.swift
[2157/2295] Compiling GoogleGax ErrorWrapper.swift
[2158/2295] Compiling GoogleGax ExponentialBackoff+BackoffPolicy.swift
[2159/2295] Compiling GoogleGax ExponentialBackoff+PollingBackoffPolicy.swift
[2160/2295] Compiling GoogleGax ExponentialBackoff.swift
[2161/2295] Compiling GoogleGax HTTPClient.swift
[2162/2295] Compiling GoogleGax HTTPClientHolder.swift
[2163/2295] Compiling GoogleGax HTTPClientProtocol.swift
[2164/2295] Compiling GoogleGax HTTPClientRequest.swift
[2165/2295] Compiling GoogleGax HTTPClientResponse.swift
[2166/2295] Compiling GoogleGax HTTPHeaders.swift
[2167/2295] Compiling GoogleGax HTTPResponseBody.swift
[2168/2295] Compiling GoogleGax HeaderNames.swift
[2169/2295] Compiling GoogleGax Host.swift
[2170/2295] Compiling GoogleGax InProgressResult.swift
BUILD FAILURE 6.2 android