Build Information
Failed to build RedECS, reference develop (ffa314), with Swift 6.3 for watchOS using Xcode 26.4 on 1 Sep 2026 04:45:44 UTC.
Build Command
env DEVELOPER_DIR=/Applications/Xcode-26.5.0.app xcrun xcodebuild -IDEClonedSourcePackagesDirPathOverride=$PWD/.dependencies -skipMacroValidation -skipPackagePluginValidation -derivedDataPath $PWD/.derivedData build -scheme RedECS-Package -destination generic/platform=watchOSBuild Log
"url" : "https://github.com/RedECSEngine/Graphs.git"
},
{
"identity" : "swift-snapshot-testing",
"requirement" : {
"range" : [
{
"lower_bound" : "1.18.0",
"upper_bound" : "2.0.0"
}
]
},
"type" : "sourceControl",
"url" : "https://github.com/pointfreeco/swift-snapshot-testing.git"
},
{
"identity" : "swift-syntax",
"requirement" : {
"range" : [
{
"lower_bound" : "600.0.0",
"upper_bound" : "700.0.0"
}
]
},
"type" : "sourceControl",
"url" : "https://github.com/swiftlang/swift-syntax.git"
}
],
"manifest_display_name" : "RedECS",
"name" : "RedECS",
"path" : "/Users/admin/builder/spi-builder-workspace",
"platforms" : [
{
"name" : "macos",
"version" : "14.0"
},
{
"name" : "ios",
"version" : "17.0"
},
{
"name" : "tvos",
"version" : "17.0"
}
],
"products" : [
{
"name" : "RedECSKit",
"targets" : [
"RedECSKit"
],
"type" : {
"library" : [
"automatic"
]
}
},
{
"name" : "RedECS",
"targets" : [
"RedECS"
],
"type" : {
"library" : [
"automatic"
]
}
},
{
"name" : "RedECSBasicComponents",
"targets" : [
"RedECSBasicComponents"
],
"type" : {
"library" : [
"automatic"
]
}
},
{
"name" : "RedHUD",
"targets" : [
"RedHUD"
],
"type" : {
"library" : [
"automatic"
]
}
},
{
"name" : "RedECSAppleSupport",
"targets" : [
"RedECSAppleSupport"
],
"type" : {
"library" : [
"automatic"
]
}
},
{
"name" : "RedECSWebSupport",
"targets" : [
"RedECSWebSupport"
],
"type" : {
"library" : [
"automatic"
]
}
},
{
"name" : "TiledInterpreter",
"targets" : [
"TiledInterpreter"
],
"type" : {
"library" : [
"automatic"
]
}
},
{
"name" : "RedECSMacros",
"targets" : [
"RedECSMacros"
],
"type" : {
"macro" : null
}
}
],
"targets" : [
{
"c99name" : "TiledInterpreterTests",
"module_type" : "SwiftTarget",
"name" : "TiledInterpreterTests",
"path" : "Tests/TiledInterpreterTests",
"product_dependencies" : [
"SnapshotTesting"
],
"sources" : [
"TiledInterpreterTests.swift"
],
"target_dependencies" : [
"TiledInterpreter"
],
"type" : "test"
},
{
"c99name" : "TiledInterpreter",
"module_type" : "SwiftTarget",
"name" : "TiledInterpreter",
"path" : "Sources/TiledInterpreter",
"product_memberships" : [
"RedECSKit",
"RedECS",
"RedECSBasicComponents",
"RedHUD",
"RedECSAppleSupport",
"RedECSWebSupport",
"TiledInterpreter"
],
"sources" : [
"Base64.swift",
"TiledError.swift",
"TiledMap/TiledGID.swift",
"TiledMap/TiledLayer.swift",
"TiledMap/TiledLayerType.swift",
"TiledMap/TiledMapJSON.swift",
"TiledMap/TiledObject.swift",
"TiledMap/TiledText.swift",
"TiledTileSet/TiledTile.swift",
"TiledTileSet/TiledTilesetJSON.swift",
"TiledTileSet/TiledTilesetXML.swift",
"TiledTileSet/TiledWangSet.swift"
],
"type" : "library"
},
{
"c99name" : "RenderingTests",
"module_type" : "SwiftTarget",
"name" : "RenderingTests",
"path" : "Tests/RenderingTests",
"product_dependencies" : [
"SnapshotTesting"
],
"resources" : [
{
"path" : "/Users/admin/builder/spi-builder-workspace/Tests/RenderingTests/Resources/Media.xcassets",
"rule" : {
"process" : {
}
}
},
{
"path" : "/Users/admin/builder/spi-builder-workspace/Tests/RenderingTests/Resources/hud-sprite.json",
"rule" : {
"process" : {
}
}
},
{
"path" : "/Users/admin/builder/spi-builder-workspace/Tests/RenderingTests/Resources/hud-sprite.png",
"rule" : {
"process" : {
}
}
},
{
"path" : "/Users/admin/builder/spi-builder-workspace/Tests/RenderingTests/Resources/pt-mono.fnt",
"rule" : {
"process" : {
}
}
},
{
"path" : "/Users/admin/builder/spi-builder-workspace/Tests/RenderingTests/Resources/pt-mono.png",
"rule" : {
"process" : {
}
}
}
],
"sources" : [
"BitmapFontTests.swift",
"CameraRenderingTests.swift",
"HUDAlignmentTests.swift",
"HUDAnimationTests.swift",
"HUDButtonTests.swift",
"HUDForEachTests.swift",
"HUDOverWorldTests.swift",
"HUDScrollTests.swift",
"HUDShapeTests.swift",
"HUDSpriteTests.swift",
"HUDStackTests.swift",
"HUDTextTests.swift",
"HUDWorldStackTests.swift",
"HUDZStackOverlayTests.swift",
"HierarchyRenderingTests.swift",
"HitTestingTests.swift",
"MetalRenderingTests.swift",
"Utilities/EnqueueGrid.swift",
"Utilities/HUDSnapshotTestCase.swift",
"Utilities/MTKView+Snapshotting.swift",
"Utilities/Point+Rounded.swift",
"Utilities/RenderingTestSystem.swift"
],
"target_dependencies" : [
"RedECS",
"RedECSAppleSupport",
"RedHUD"
],
"type" : "test"
},
{
"c99name" : "RedHUDTests",
"module_type" : "SwiftTarget",
"name" : "RedHUDTests",
"path" : "Tests/RedHUDTests",
"sources" : [
"AlignmentTests.swift",
"AnimationSlotTests.swift",
"ButtonTests.swift",
"FixedFrameTests.swift",
"ForEachTests.swift",
"HUDHitTestTests.swift",
"HUDRenderingReducerTests.swift",
"HUDViewBuilderTests.swift",
"LazyVStackTests.swift",
"PaddingTests.swift",
"ScreenSpaceTests.swift",
"ScrollDragTests.swift",
"ScrollViewTests.swift",
"SizeInvariantTests.swift",
"SpriteTests.swift",
"StackTests.swift",
"TestSupport.swift",
"TextTests.swift",
"ZStackOverlayTests.swift"
],
"target_dependencies" : [
"RedHUD"
],
"type" : "test"
},
{
"c99name" : "RedHUD",
"module_type" : "SwiftTarget",
"name" : "RedHUD",
"path" : "Sources/RedHUD",
"product_memberships" : [
"RedECSKit",
"RedHUD",
"RedECSAppleSupport",
"RedECSWebSupport"
],
"sources" : [
"Alignment.swift",
"Animation/AnimationSlots.swift",
"Animation/HUDAnimation.swift",
"AnyHUDView.swift",
"Clamped.swift",
"DefaultHUDFont.swift",
"HUDAction.swift",
"HUDCache.swift",
"HUDNode.swift",
"HUDRenderContext.swift",
"HUDRenderingReducer.swift",
"HUDView.swift",
"HUDViewBuilder.swift",
"HitTesting.swift",
"IdentityToken.swift",
"Matrix3+HUDFlip.swift",
"ProposedSize.swift",
"RenderGroup+Reparent.swift",
"Views/Button.swift",
"Views/FixedFrame.swift",
"Views/ForEach.swift",
"Views/HStack.swift",
"Views/LazyVStack.swift",
"Views/Modifiers/FontModifier.swift",
"Views/Modifiers/ForegroundColor.swift",
"Views/OffsetModifier.swift",
"Views/OpacityModifier.swift",
"Views/Overlay.swift",
"Views/Padding.swift",
"Views/Rectangle.swift",
"Views/ScaleEffect.swift",
"Views/ScreenSpace.swift",
"Views/ScrollView.swift",
"Views/Sprite.swift",
"Views/Text.swift",
"Views/TileMap.swift",
"Views/VStack.swift",
"Views/Viewport.swift",
"Views/WorldSpace.swift",
"Views/ZStack.swift"
],
"target_dependencies" : [
"RedECS",
"TiledInterpreter"
],
"type" : "library"
},
{
"c99name" : "RedECSWebSupport",
"module_type" : "SwiftTarget",
"name" : "RedECSWebSupport",
"path" : "Sources/RedECSWebSupport",
"product_dependencies" : [
"JavaScriptKit"
],
"product_memberships" : [
"RedECSWebSupport"
],
"sources" : [
"WebBrowserKeyboardInput.swift",
"WebBrowserWindow.swift",
"WebEnvironment.swift",
"WebGL/Draw2DProgram.swift",
"WebGL/WebGLProgram.swift",
"WebRenderer.swift",
"WebResourceManager.swift"
],
"target_dependencies" : [
"RedECSKit"
],
"type" : "library"
},
{
"c99name" : "RedECSTests",
"module_type" : "SwiftTarget",
"name" : "RedECSTests",
"path" : "Tests/RedECSTests",
"sources" : [
"ColorHSVTests.swift",
"EntityHierarchyTests.swift",
"FollowPathOperationTests.swift",
"JumpOperationTests.swift",
"OperationEffectStoreTests.swift",
"OperationTypeMapTests.swift",
"RedECSTests.swift",
"ShaderEffectTests.swift",
"SoundSpriteMapTests.swift",
"SpriteAnimationDictionaryTests.swift",
"TestSystem/OperationTestContext.swift",
"TestSystem/TestSystem.swift",
"TextureAnchorTests.swift",
"TileMapRenderingTests.swift"
],
"target_dependencies" : [
"RedECS",
"RedECSBasicComponents",
"RedECSAppleSupport"
],
"type" : "test"
},
{
"c99name" : "RedECSMacrosTests",
"module_type" : "SwiftTarget",
"name" : "RedECSMacrosTests",
"path" : "Tests/RedECSMacrosTests",
"product_dependencies" : [
"SwiftSyntaxMacrosTestSupport"
],
"sources" : [
"CasePathableMacroTests.swift"
],
"target_dependencies" : [
"RedECSMacros"
],
"type" : "test"
},
{
"c99name" : "RedECSMacros",
"module_type" : "SwiftTarget",
"name" : "RedECSMacros",
"path" : "Sources/RedECSMacros",
"product_dependencies" : [
"SwiftSyntaxMacros",
"SwiftCompilerPlugin"
],
"product_memberships" : [
"RedECSKit",
"RedECS",
"RedECSBasicComponents",
"RedHUD",
"RedECSAppleSupport",
"RedECSWebSupport",
"RedECSMacros"
],
"sources" : [
"CasePathableMacro.swift",
"Plugin.swift"
],
"type" : "macro"
},
{
"c99name" : "RedECSKit",
"module_type" : "SwiftTarget",
"name" : "RedECSKit",
"path" : "Sources/RedECSKit",
"product_memberships" : [
"RedECSKit",
"RedECSAppleSupport",
"RedECSWebSupport"
],
"sources" : [
"RedECSKit.swift"
],
"target_dependencies" : [
"RedECS",
"RedECSBasicComponents",
"RedHUD"
],
"type" : "library"
},
{
"c99name" : "RedECSBasicComponents",
"module_type" : "SwiftTarget",
"name" : "RedECSBasicComponents",
"path" : "Sources/RedECSBasicComponents",
"product_memberships" : [
"RedECSKit",
"RedECSBasicComponents",
"RedECSAppleSupport",
"RedECSWebSupport"
],
"sources" : [
"Input/KeyboardInputComponent.swift",
"Input/KeyboardInputReducer.swift",
"InteractionComponent.swift",
"Momentum/MomentumComponent.swift",
"Momentum/MomentumReducer.swift",
"Movement/MovementComponent.swift",
"Movement/MovementReducer.swift",
"ResourceLoading/ResourceLoadingAction.swift",
"ResourceLoading/ResourceLoadingReducer.swift"
],
"target_dependencies" : [
"RedECS"
],
"type" : "library"
},
{
"c99name" : "RedECSAppleSupport",
"module_type" : "SwiftTarget",
"name" : "RedECSAppleSupport",
"path" : "Sources/RedECSAppleSupport",
"product_memberships" : [
"RedECSAppleSupport"
],
"sources" : [
"AppleEnvironment.swift",
"AppleSoundEngine.swift",
"AppleViewController.swift",
"BaseMetalSource.swift",
"GameStore+JSONCoding.swift",
"MetalRenderer.swift",
"MetalResourceManager.swift"
],
"target_dependencies" : [
"RedECSKit"
],
"type" : "library"
},
{
"c99name" : "RedECS",
"module_type" : "SwiftTarget",
"name" : "RedECS",
"path" : "Sources/RedECS",
"product_dependencies" : [
"Geometry",
"GeometryAlgorithms",
"Randomization",
"OrderedCollections",
"Graphs"
],
"product_memberships" : [
"RedECSKit",
"RedECS",
"RedECSBasicComponents",
"RedHUD",
"RedECSAppleSupport",
"RedECSWebSupport"
],
"sources" : [
"Component/AnyComponent.swift",
"Component/GameComponent.swift",
"Entity/EntityEvent.swift",
"Entity/EntityRepository.swift",
"Entity/GameEntity.swift",
"GameState.swift",
"Operation/BasicOperationCapableState.swift",
"Operation/Operation.swift",
"Operation/OperationComponent.swift",
"Operation/OperationType+Map.swift",
"Operation/OperationType.swift",
"Operation/OperationTypes/AnimateOperation.swift",
"Operation/OperationTypes/CallOperation.swift",
"Operation/OperationTypes/FollowPathOperation.swift",
"Operation/OperationTypes/GroupOperation.swift",
"Operation/OperationTypes/JumpOperation.swift",
"Operation/OperationTypes/MoveOperation.swift",
"Operation/OperationTypes/OpacityOperation.swift",
"Operation/OperationTypes/RemoveEntityOperation.swift",
"Operation/OperationTypes/RepeatOperation.swift",
"Operation/OperationTypes/RotateOperation.swift",
"Operation/OperationTypes/ScaleOperation.swift",
"Operation/OperationTypes/SequenceOperation.swift",
"Operation/OperationTypes/ShaderEffectOperation.swift",
"Operation/OperationTypes/SoundOperation.swift",
"Operation/OperationTypes/SpeedOperation.swift",
"Operation/OperationTypes/TimingOperation.swift",
"Operation/OperationTypes/VisibilityOperation.swift",
"Operation/OperationTypes/WaitOperation.swift",
"Operation/OperationsReducer.swift",
"Reducer/CasePath.swift",
"Reducer/Reducer.swift",
"Reducer/Reducers/AnyReducer.swift",
"Reducer/Reducers/Filter.swift",
"Reducer/Reducers/Pullback.swift",
"Reducer/Reducers/Throttle.swift",
"Reducer/Reducers/Zip.swift",
"Rendering/Camera/CameraComponent.swift",
"Rendering/Color.swift",
"Rendering/Label/BitmapFont+GlyphLayout.swift",
"Rendering/Label/BitmapFont.swift",
"Rendering/PointerEvent.swift",
"Rendering/RenderTriangle.swift",
"Rendering/RenderableComponent.swift",
"Rendering/Renderer.swift",
"Rendering/RenderingEnvironment.swift",
"Rendering/Shader/ShaderEffect.swift",
"Rendering/Shader/TimeShaders/LiquidShader.swift",
"Rendering/Shader/TimeShaders/RippleShader.swift",
"Rendering/Shader/TimeShaders/ShakyShader.swift",
"Rendering/Shader/TimeShaders/ShakyTilesShader.swift",
"Rendering/Shader/TimeShaders/ShuffleShader.swift",
"Rendering/Shader/TimeShaders/SplitColsShader.swift",
"Rendering/Shader/TimeShaders/SplitRowsShader.swift",
"Rendering/Shader/TimeShaders/TimeShaderSupport.swift",
"Rendering/Shader/TimeShaders/TurnOffShader.swift",
"Rendering/Shader/TimeShaders/WavesShader.swift",
"Rendering/Shape/Shape+Rect.swift",
"Rendering/Sprite/AnimationReference.swift",
"Rendering/Sprite/SpriteAnimatingReducer.swift",
"Rendering/Sprite/SpriteAnimationDictionary.swift",
"Rendering/Sprite/SpriteComponent+TileMap.swift",
"Rendering/Sprite/SpriteComponent.swift",
"Rendering/Sprite/SpriteContext.swift",
"Rendering/Sprite/TileMapGeometry.swift",
"Rendering/Texture/TextureId.swift",
"Rendering/Texture/TextureMap.swift",
"Rendering/Texture/TextureReference.swift",
"Rendering/Transform/TransformComponent.swift",
"ResourceManager.swift",
"Sound/NoOpSoundEngine.swift",
"Sound/SoundEngine.swift",
"Sound/SoundEnvironment.swift",
"Sound/SoundId.swift",
"Sound/SoundSpriteMap.swift",
"Store/GameEffect.swift",
"Store/GameStore.swift",
"Store/PendingGameEffect.swift",
"Store/SystemAction.swift",
"Utilities/Extensions/Matrix3+Projection.swift",
"Utilities/Future.swift",
"Utilities/TimingFunction.swift"
],
"target_dependencies" : [
"TiledInterpreter",
"RedECSMacros"
],
"type" : "library"
}
],
"tools_version" : "6.2"
}
{
"workspace" : {
"name" : "spi-builder-workspace",
"schemes" : [
"Geometry",
"Geometry-Package",
"GeometryAlgorithms",
"GeometrySpriteKitExtensions",
"RedECS",
"RedECS-Package",
"RedECSAppleSupport",
"RedECSBasicComponents",
"RedECSKit",
"RedECSUIComponents",
"RedECSWebSupport",
"RedHUD",
"TiledInterpreter"
]
}
}
2026-09-01 00:45:33.973 xcodebuild[1934:9787] [MT] IDERunDestination: Supported platforms for the buildables in the current scheme is empty.
2026-09-01 00:45:34.073 xcodebuild[1934:9787] [MT] IDERunDestination: Supported platforms for the buildables in the current scheme is empty.
Running build ...
env DEVELOPER_DIR=/Applications/Xcode-26.5.0.app xcrun xcodebuild -IDEClonedSourcePackagesDirPathOverride=$PWD/.dependencies -skipMacroValidation -skipPackagePluginValidation -derivedDataPath $PWD/.derivedData build -scheme RedECS-Package -destination generic/platform=watchOS
Command line invocation:
/Applications/Xcode-26.5.0.app/Contents/Developer/usr/bin/xcodebuild -IDEClonedSourcePackagesDirPathOverride=/Users/admin/builder/spi-builder-workspace/.dependencies -skipMacroValidation -skipPackagePluginValidation -derivedDataPath /Users/admin/builder/spi-builder-workspace/.derivedData build -scheme RedECS-Package -destination generic/platform=watchOS
Resolve Package Graph
Resolved source packages:
JavaScriptKit: https://github.com/swiftwasm/JavaScriptKit @ 0.58.0
xctest-dynamic-overlay: https://github.com/pointfreeco/xctest-dynamic-overlay @ 1.13.1
swift-syntax: https://github.com/swiftlang/swift-syntax.git @ 603.0.2
Randomization: https://github.com/RedECSEngine/Randomization.git @ 0.0.1
Graphs: https://github.com/RedECSEngine/Graphs.git @ 0.1.0
Geometry: https://github.com/RedECSEngine/Geometry.git @ 0.0.7
swift-numerics: https://github.com/apple/swift-numerics.git @ 1.1.1
RedECS: /Users/admin/builder/spi-builder-workspace
swift-custom-dump: https://github.com/pointfreeco/swift-custom-dump @ 1.7.3
swift-collections: https://github.com/apple/swift-collections.git @ 1.6.0
swift-snapshot-testing: https://github.com/pointfreeco/swift-snapshot-testing.git @ 1.19.4
ComputePackagePrebuildTargetDependencyGraph
Prepare packages
CreateBuildRequest
SendProjectDescription
CreateBuildOperation
ComputeTargetDependencyGraph
note: Building targets in dependency order
note: Target dependency graph (82 targets)
Target 'RedHUD' in project 'RedECS'
➜ Explicit dependency on target 'RedHUD' in project 'RedECS'
➜ Explicit dependency on target 'TiledInterpreter' in project 'RedECS'
➜ Explicit dependency on target 'RedECSMacros' in project 'RedECS'
➜ Explicit dependency on target 'RedECS' in project 'RedECS'
➜ Explicit dependency on target 'Geometry' in project 'Geometry'
➜ Explicit dependency on target 'GeometryAlgorithms' in project 'Geometry'
➜ Explicit dependency on target 'Randomization' in project 'Randomization'
➜ Explicit dependency on target 'OrderedCollections' in project 'swift-collections'
➜ Explicit dependency on target 'Graphs' in project 'Graphs'
Target 'TiledInterpreterTests' in project 'RedECS'
➜ Explicit dependency on target 'TiledInterpreter' in project 'RedECS'
➜ Explicit dependency on target 'SnapshotTesting' in project 'swift-snapshot-testing'
Target 'RenderingTests' in project 'RedECS'
➜ Explicit dependency on target 'RedECS_RenderingTests' in project 'RedECS'
➜ Explicit dependency on target 'TiledInterpreter' in project 'RedECS'
➜ Explicit dependency on target 'RedECSMacros' in project 'RedECS'
➜ Explicit dependency on target 'RedECSMacros' in project 'RedECS'
➜ Explicit dependency on target 'RedECS' in project 'RedECS'
➜ Explicit dependency on target 'RedECSBasicComponents' in project 'RedECS'
➜ Explicit dependency on target 'RedHUD' in project 'RedECS'
➜ Explicit dependency on target 'RedECSKit' in project 'RedECS'
➜ Explicit dependency on target 'RedECSAppleSupport' in project 'RedECS'
➜ Explicit dependency on target 'SwiftSyntaxMacros' in project 'swift-syntax'
➜ Explicit dependency on target 'SwiftCompilerPlugin' in project 'swift-syntax'
➜ Explicit dependency on target 'Geometry' in project 'Geometry'
➜ Explicit dependency on target 'GeometryAlgorithms' in project 'Geometry'
➜ Explicit dependency on target 'Randomization' in project 'Randomization'
➜ Explicit dependency on target 'OrderedCollections' in project 'swift-collections'
➜ Explicit dependency on target 'Graphs' in project 'Graphs'
➜ Explicit dependency on target 'SnapshotTesting' in project 'swift-snapshot-testing'
Target 'SnapshotTesting' in project 'swift-snapshot-testing'
➜ Explicit dependency on target 'SnapshotTesting' in project 'swift-snapshot-testing'
Target 'SnapshotTesting' in project 'swift-snapshot-testing' (no dependencies)
Target 'RedECS_RenderingTests' in project 'RedECS' (no dependencies)
Target 'RedECSTests' in project 'RedECS'
➜ Explicit dependency on target 'TiledInterpreter' in project 'RedECS'
➜ Explicit dependency on target 'RedECSMacros' in project 'RedECS'
➜ Explicit dependency on target 'RedECSMacros' in project 'RedECS'
➜ Explicit dependency on target 'RedECS' in project 'RedECS'
➜ Explicit dependency on target 'RedECSBasicComponents' in project 'RedECS'
➜ Explicit dependency on target 'RedHUD' in project 'RedECS'
➜ Explicit dependency on target 'RedECSKit' in project 'RedECS'
➜ Explicit dependency on target 'RedECSAppleSupport' in project 'RedECS'
➜ Explicit dependency on target 'SwiftSyntaxMacros' in project 'swift-syntax'
➜ Explicit dependency on target 'SwiftCompilerPlugin' in project 'swift-syntax'
➜ Explicit dependency on target 'Geometry' in project 'Geometry'
➜ Explicit dependency on target 'GeometryAlgorithms' in project 'Geometry'
➜ Explicit dependency on target 'Randomization' in project 'Randomization'
➜ Explicit dependency on target 'OrderedCollections' in project 'swift-collections'
➜ Explicit dependency on target 'Graphs' in project 'Graphs'
Target 'RedECSMacros' in project 'RedECS'
➜ Explicit dependency on target 'SwiftSyntaxMacros' in project 'swift-syntax'
➜ Explicit dependency on target 'SwiftCompilerPlugin' in project 'swift-syntax'
Target 'SwiftCompilerPlugin' in project 'swift-syntax'
➜ Explicit dependency on target 'SwiftCompilerPlugin' in project 'swift-syntax'
➜ Explicit dependency on target '_SwiftSyntaxCShims' in project 'swift-syntax'
➜ Explicit dependency on target 'SwiftSyntax509' in project 'swift-syntax'
➜ Explicit dependency on target 'SwiftSyntax510' in project 'swift-syntax'
➜ Explicit dependency on target 'SwiftSyntax600' in project 'swift-syntax'
➜ Explicit dependency on target 'SwiftSyntax601' in project 'swift-syntax'
➜ Explicit dependency on target 'SwiftSyntax602' in project 'swift-syntax'
➜ Explicit dependency on target 'SwiftSyntax603' in project 'swift-syntax'
➜ Explicit dependency on target 'SwiftSyntax' in project 'swift-syntax'
➜ Explicit dependency on target 'SwiftDiagnostics' in project 'swift-syntax'
➜ Explicit dependency on target 'SwiftParser' in project 'swift-syntax'
➜ Explicit dependency on target 'SwiftOperators' in project 'swift-syntax'
➜ Explicit dependency on target 'SwiftBasicFormat' in project 'swift-syntax'
➜ Explicit dependency on target 'SwiftParserDiagnostics' in project 'swift-syntax'
➜ Explicit dependency on target 'SwiftSyntaxBuilder' in project 'swift-syntax'
➜ Explicit dependency on target 'SwiftIfConfig' in project 'swift-syntax'
➜ Explicit dependency on target 'SwiftSyntaxMacros' in project 'swift-syntax'
➜ Explicit dependency on target 'SwiftSyntaxMacroExpansion' in project 'swift-syntax'
➜ Explicit dependency on target 'SwiftCompilerPluginMessageHandling' in project 'swift-syntax'
Target 'SwiftCompilerPlugin' in project 'swift-syntax'
➜ Explicit dependency on target '_SwiftSyntaxCShims' in project 'swift-syntax'
➜ Explicit dependency on target 'SwiftSyntax509' in project 'swift-syntax'
➜ Explicit dependency on target 'SwiftSyntax510' in project 'swift-syntax'
➜ Explicit dependency on target 'SwiftSyntax600' in project 'swift-syntax'
➜ Explicit dependency on target 'SwiftSyntax601' in project 'swift-syntax'
➜ Explicit dependency on target 'SwiftSyntax602' in project 'swift-syntax'
➜ Explicit dependency on target 'SwiftSyntax603' in project 'swift-syntax'
➜ Explicit dependency on target 'SwiftSyntax' in project 'swift-syntax'
➜ Explicit dependency on target 'SwiftDiagnostics' in project 'swift-syntax'
➜ Explicit dependency on target 'SwiftParser' in project 'swift-syntax'
➜ Explicit dependency on target 'SwiftOperators' in project 'swift-syntax'
➜ Explicit dependency on target 'SwiftBasicFormat' in project 'swift-syntax'
➜ Explicit dependency on target 'SwiftParserDiagnostics' in project 'swift-syntax'
➜ Explicit dependency on target 'SwiftSyntaxBuilder' in project 'swift-syntax'
➜ Explicit dependency on target 'SwiftIfConfig' in project 'swift-syntax'
➜ Explicit dependency on target 'SwiftSyntaxMacros' in project 'swift-syntax'
➜ Explicit dependency on target 'SwiftSyntaxMacroExpansion' in project 'swift-syntax'
➜ Explicit dependency on target 'SwiftCompilerPluginMessageHandling' in project 'swift-syntax'
Target 'SwiftCompilerPluginMessageHandling' in project 'swift-syntax'
➜ Explicit dependency on target '_SwiftSyntaxCShims' in project 'swift-syntax'
➜ Explicit dependency on target 'SwiftSyntax509' in project 'swift-syntax'
➜ Explicit dependency on target 'SwiftSyntax510' in project 'swift-syntax'
➜ Explicit dependency on target 'SwiftSyntax600' in project 'swift-syntax'
➜ Explicit dependency on target 'SwiftSyntax601' in project 'swift-syntax'
➜ Explicit dependency on target 'SwiftSyntax602' in project 'swift-syntax'
➜ Explicit dependency on target 'SwiftSyntax603' in project 'swift-syntax'
➜ Explicit dependency on target 'SwiftSyntax' in project 'swift-syntax'
➜ Explicit dependency on target 'SwiftDiagnostics' in project 'swift-syntax'
➜ Explicit dependency on target 'SwiftParser' in project 'swift-syntax'
➜ Explicit dependency on target 'SwiftOperators' in project 'swift-syntax'
➜ Explicit dependency on target 'SwiftBasicFormat' in project 'swift-syntax'
➜ Explicit dependency on target 'SwiftParserDiagnostics' in project 'swift-syntax'
➜ Explicit dependency on target 'SwiftSyntaxBuilder' in project 'swift-syntax'
➜ Explicit dependency on target 'SwiftIfConfig' in project 'swift-syntax'
➜ Explicit dependency on target 'SwiftSyntaxMacros' in project 'swift-syntax'
➜ Explicit dependency on target 'SwiftSyntaxMacroExpansion' in project 'swift-syntax'
Target 'SwiftSyntaxMacroExpansion' in project 'swift-syntax'
➜ Explicit dependency on target '_SwiftSyntaxCShims' in project 'swift-syntax'
➜ Explicit dependency on target 'SwiftSyntax509' in project 'swift-syntax'
➜ Explicit dependency on target 'SwiftSyntax510' in project 'swift-syntax'
➜ Explicit dependency on target 'SwiftSyntax600' in project 'swift-syntax'
➜ Explicit dependency on target 'SwiftSyntax601' in project 'swift-syntax'
➜ Explicit dependency on target 'SwiftSyntax602' in project 'swift-syntax'
➜ Explicit dependency on target 'SwiftSyntax603' in project 'swift-syntax'
➜ Explicit dependency on target 'SwiftSyntax' in project 'swift-syntax'
➜ Explicit dependency on target 'SwiftBasicFormat' in project 'swift-syntax'
➜ Explicit dependency on target 'SwiftParser' in project 'swift-syntax'
➜ Explicit dependency on target 'SwiftDiagnostics' in project 'swift-syntax'
➜ Explicit dependency on target 'SwiftParserDiagnostics' in project 'swift-syntax'
➜ Explicit dependency on target 'SwiftSyntaxBuilder' in project 'swift-syntax'
➜ Explicit dependency on target 'SwiftOperators' in project 'swift-syntax'
➜ Explicit dependency on target 'SwiftIfConfig' in project 'swift-syntax'
➜ Explicit dependency on target 'SwiftSyntaxMacros' in project 'swift-syntax'
Target 'SwiftSyntaxMacros' in project 'swift-syntax'
➜ Explicit dependency on target 'SwiftSyntaxMacros' in project 'swift-syntax'
➜ Explicit dependency on target '_SwiftSyntaxCShims' in project 'swift-syntax'
➜ Explicit dependency on target 'SwiftSyntax509' in project 'swift-syntax'
➜ Explicit dependency on target 'SwiftSyntax510' in project 'swift-syntax'
➜ Explicit dependency on target 'SwiftSyntax600' in project 'swift-syntax'
➜ Explicit dependency on target 'SwiftSyntax601' in project 'swift-syntax'
➜ Explicit dependency on target 'SwiftSyntax602' in project 'swift-syntax'
➜ Explicit dependency on target 'SwiftSyntax603' in project 'swift-syntax'
➜ Explicit dependency on target 'SwiftSyntax' in project 'swift-syntax'
➜ Explicit dependency on target 'SwiftDiagnostics' in project 'swift-syntax'
➜ Explicit dependency on target 'SwiftBasicFormat' in project 'swift-syntax'
➜ Explicit dependency on target 'SwiftParser' in project 'swift-syntax'
➜ Explicit dependency on target 'SwiftParserDiagnostics' in project 'swift-syntax'
➜ Explicit dependency on target 'SwiftSyntaxBuilder' in project 'swift-syntax'
➜ Explicit dependency on target 'SwiftOperators' in project 'swift-syntax'
➜ Explicit dependency on target 'SwiftIfConfig' in project 'swift-syntax'
Target 'SwiftSyntaxMacros' in project 'swift-syntax'
➜ Explicit dependency on target '_SwiftSyntaxCShims' in project 'swift-syntax'
➜ Explicit dependency on target 'SwiftSyntax509' in project 'swift-syntax'
➜ Explicit dependency on target 'SwiftSyntax510' in project 'swift-syntax'
➜ Explicit dependency on target 'SwiftSyntax600' in project 'swift-syntax'
➜ Explicit dependency on target 'SwiftSyntax601' in project 'swift-syntax'
➜ Explicit dependency on target 'SwiftSyntax602' in project 'swift-syntax'
➜ Explicit dependency on target 'SwiftSyntax603' in project 'swift-syntax'
➜ Explicit dependency on target 'SwiftSyntax' in project 'swift-syntax'
➜ Explicit dependency on target 'SwiftDiagnostics' in project 'swift-syntax'
➜ Explicit dependency on target 'SwiftBasicFormat' in project 'swift-syntax'
➜ Explicit dependency on target 'SwiftParser' in project 'swift-syntax'
➜ Explicit dependency on target 'SwiftParserDiagnostics' in project 'swift-syntax'
➜ Explicit dependency on target 'SwiftSyntaxBuilder' in project 'swift-syntax'
➜ Explicit dependency on target 'SwiftOperators' in project 'swift-syntax'
➜ Explicit dependency on target 'SwiftIfConfig' in project 'swift-syntax'
Target 'SwiftIfConfig' in project 'swift-syntax'
➜ Explicit dependency on target '_SwiftSyntaxCShims' in project 'swift-syntax'
➜ Explicit dependency on target 'SwiftSyntax509' in project 'swift-syntax'
➜ Explicit dependency on target 'SwiftSyntax510' in project 'swift-syntax'
➜ Explicit dependency on target 'SwiftSyntax600' in project 'swift-syntax'
➜ Explicit dependency on target 'SwiftSyntax601' in project 'swift-syntax'
➜ Explicit dependency on target 'SwiftSyntax602' in project 'swift-syntax'
➜ Explicit dependency on target 'SwiftSyntax603' in project 'swift-syntax'
➜ Explicit dependency on target 'SwiftSyntax' in project 'swift-syntax'
➜ Explicit dependency on target 'SwiftBasicFormat' in project 'swift-syntax'
➜ Explicit dependency on target 'SwiftParser' in project 'swift-syntax'
➜ Explicit dependency on target 'SwiftDiagnostics' in project 'swift-syntax'
➜ Explicit dependency on target 'SwiftParserDiagnostics' in project 'swift-syntax'
➜ Explicit dependency on target 'SwiftSyntaxBuilder' in project 'swift-syntax'
➜ Explicit dependency on target 'SwiftOperators' in project 'swift-syntax'
Target 'SwiftOperators' in project 'swift-syntax'
➜ Explicit dependency on target '_SwiftSyntaxCShims' in project 'swift-syntax'
➜ Explicit dependency on target 'SwiftSyntax509' in project 'swift-syntax'
➜ Explicit dependency on target 'SwiftSyntax510' in project 'swift-syntax'
➜ Explicit dependency on target 'SwiftSyntax600' in project 'swift-syntax'
➜ Explicit dependency on target 'SwiftSyntax601' in project 'swift-syntax'
➜ Explicit dependency on target 'SwiftSyntax602' in project 'swift-syntax'
➜ Explicit dependency on target 'SwiftSyntax603' in project 'swift-syntax'
➜ Explicit dependency on target 'SwiftSyntax' in project 'swift-syntax'
➜ Explicit dependency on target 'SwiftDiagnostics' in project 'swift-syntax'
➜ Explicit dependency on target 'SwiftParser' in project 'swift-syntax'
Target 'SwiftSyntaxBuilder' in project 'swift-syntax'
➜ Explicit dependency on target '_SwiftSyntaxCShims' in project 'swift-syntax'
➜ Explicit dependency on target 'SwiftSyntax509' in project 'swift-syntax'
➜ Explicit dependency on target 'SwiftSyntax510' in project 'swift-syntax'
➜ Explicit dependency on target 'SwiftSyntax600' in project 'swift-syntax'
➜ Explicit dependency on target 'SwiftSyntax601' in project 'swift-syntax'
➜ Explicit dependency on target 'SwiftSyntax602' in project 'swift-syntax'
➜ Explicit dependency on target 'SwiftSyntax603' in project 'swift-syntax'
➜ Explicit dependency on target 'SwiftSyntax' in project 'swift-syntax'
➜ Explicit dependency on target 'SwiftBasicFormat' in project 'swift-syntax'
➜ Explicit dependency on target 'SwiftParser' in project 'swift-syntax'
➜ Explicit dependency on target 'SwiftDiagnostics' in project 'swift-syntax'
➜ Explicit dependency on target 'SwiftParserDiagnostics' in project 'swift-syntax'
Target 'SwiftParserDiagnostics' in project 'swift-syntax'
➜ Explicit dependency on target '_SwiftSyntaxCShims' in project 'swift-syntax'
➜ Explicit dependency on target 'SwiftSyntax509' in project 'swift-syntax'
➜ Explicit dependency on target 'SwiftSyntax510' in project 'swift-syntax'
➜ Explicit dependency on target 'SwiftSyntax600' in project 'swift-syntax'
➜ Explicit dependency on target 'SwiftSyntax601' in project 'swift-syntax'
➜ Explicit dependency on target 'SwiftSyntax602' in project 'swift-syntax'
➜ Explicit dependency on target 'SwiftSyntax603' in project 'swift-syntax'
➜ Explicit dependency on target 'SwiftSyntax' in project 'swift-syntax'
➜ Explicit dependency on target 'SwiftBasicFormat' in project 'swift-syntax'
➜ Explicit dependency on target 'SwiftDiagnostics' in project 'swift-syntax'
➜ Explicit dependency on target 'SwiftParser' in project 'swift-syntax'
Target 'SwiftParser' in project 'swift-syntax'
➜ Explicit dependency on target '_SwiftSyntaxCShims' in project 'swift-syntax'
➜ Explicit dependency on target 'SwiftSyntax509' in project 'swift-syntax'
➜ Explicit dependency on target 'SwiftSyntax510' in project 'swift-syntax'
➜ Explicit dependency on target 'SwiftSyntax600' in project 'swift-syntax'
➜ Explicit dependency on target 'SwiftSyntax601' in project 'swift-syntax'
➜ Explicit dependency on target 'SwiftSyntax602' in project 'swift-syntax'
➜ Explicit dependency on target 'SwiftSyntax603' in project 'swift-syntax'
➜ Explicit dependency on target 'SwiftSyntax' in project 'swift-syntax'
Target 'SwiftBasicFormat' in project 'swift-syntax'
➜ Explicit dependency on target '_SwiftSyntaxCShims' in project 'swift-syntax'
➜ Explicit dependency on target 'SwiftSyntax509' in project 'swift-syntax'
➜ Explicit dependency on target 'SwiftSyntax510' in project 'swift-syntax'
➜ Explicit dependency on target 'SwiftSyntax600' in project 'swift-syntax'
➜ Explicit dependency on target 'SwiftSyntax601' in project 'swift-syntax'
➜ Explicit dependency on target 'SwiftSyntax602' in project 'swift-syntax'
➜ Explicit dependency on target 'SwiftSyntax603' in project 'swift-syntax'
➜ Explicit dependency on target 'SwiftSyntax' in project 'swift-syntax'
Target 'SwiftDiagnostics' in project 'swift-syntax'
➜ Explicit dependency on target '_SwiftSyntaxCShims' in project 'swift-syntax'
➜ Explicit dependency on target 'SwiftSyntax509' in project 'swift-syntax'
➜ Explicit dependency on target 'SwiftSyntax510' in project 'swift-syntax'
➜ Explicit dependency on target 'SwiftSyntax600' in project 'swift-syntax'
➜ Explicit dependency on target 'SwiftSyntax601' in project 'swift-syntax'
➜ Explicit dependency on target 'SwiftSyntax602' in project 'swift-syntax'
➜ Explicit dependency on target 'SwiftSyntax603' in project 'swift-syntax'
➜ Explicit dependency on target 'SwiftSyntax' in project 'swift-syntax'
Target 'SwiftSyntax' in project 'swift-syntax'
➜ Explicit dependency on target '_SwiftSyntaxCShims' in project 'swift-syntax'
➜ Explicit dependency on target 'SwiftSyntax509' in project 'swift-syntax'
➜ Explicit dependency on target 'SwiftSyntax510' in project 'swift-syntax'
➜ Explicit dependency on target 'SwiftSyntax600' in project 'swift-syntax'
➜ Explicit dependency on target 'SwiftSyntax601' in project 'swift-syntax'
➜ Explicit dependency on target 'SwiftSyntax602' in project 'swift-syntax'
➜ Explicit dependency on target 'SwiftSyntax603' in project 'swift-syntax'
Target 'SwiftSyntax603' in project 'swift-syntax' (no dependencies)
Target 'SwiftSyntax602' in project 'swift-syntax' (no dependencies)
Target 'SwiftSyntax601' in project 'swift-syntax' (no dependencies)
Target 'SwiftSyntax600' in project 'swift-syntax' (no dependencies)
Target 'SwiftSyntax510' in project 'swift-syntax' (no dependencies)
Target 'SwiftSyntax509' in project 'swift-syntax' (no dependencies)
Target '_SwiftSyntaxCShims' in project 'swift-syntax' (no dependencies)
Target 'TiledInterpreter' in project 'RedECS'
➜ Explicit dependency on target 'TiledInterpreter' in project 'RedECS'
Target 'RedECSWebSupport' in project 'RedECS'
➜ Explicit dependency on target 'RedECSWebSupport' in project 'RedECS'
➜ Explicit dependency on target 'TiledInterpreter' in project 'RedECS'
➜ Explicit dependency on target 'RedECSMacros' in project 'RedECS'
➜ Explicit dependency on target 'RedECS' in project 'RedECS'
➜ Explicit dependency on target 'RedECSBasicComponents' in project 'RedECS'
➜ Explicit dependency on target 'RedHUD' in project 'RedECS'
➜ Explicit dependency on target 'RedECSKit' in project 'RedECS'
➜ Explicit dependency on target 'Geometry' in project 'Geometry'
➜ Explicit dependency on target 'GeometryAlgorithms' in project 'Geometry'
➜ Explicit dependency on target 'Randomization' in project 'Randomization'
➜ Explicit dependency on target 'OrderedCollections' in project 'swift-collections'
➜ Explicit dependency on target 'Graphs' in project 'Graphs'
➜ Explicit dependency on target 'JavaScriptKit' in project 'JavaScriptKit'
Target 'RedECSWebSupport' in project 'RedECS'
➜ Explicit dependency on target 'TiledInterpreter' in project 'RedECS'
➜ Explicit dependency on target 'RedECSMacros' in project 'RedECS'
➜ Explicit dependency on target 'RedECS' in project 'RedECS'
➜ Explicit dependency on target 'RedECSBasicComponents' in project 'RedECS'
➜ Explicit dependency on target 'RedHUD' in project 'RedECS'
➜ Explicit dependency on target 'RedECSKit' in project 'RedECS'
➜ Explicit dependency on target 'Geometry' in project 'Geometry'
➜ Explicit dependency on target 'GeometryAlgorithms' in project 'Geometry'
➜ Explicit dependency on target 'Randomization' in project 'Randomization'
➜ Explicit dependency on target 'OrderedCollections' in project 'swift-collections'
➜ Explicit dependency on target 'Graphs' in project 'Graphs'
➜ Explicit dependency on target 'JavaScriptKit' in project 'JavaScriptKit'
Target 'JavaScriptKit' in project 'JavaScriptKit'
➜ Explicit dependency on target 'JavaScriptKit' in project 'JavaScriptKit'
➜ Explicit dependency on target '_CJavaScriptKit' in project 'JavaScriptKit'
➜ Explicit dependency on target 'BridgeJSMacros' in project 'JavaScriptKit'
Target 'JavaScriptKit' in project 'JavaScriptKit'
➜ Explicit dependency on target '_CJavaScriptKit' in project 'JavaScriptKit'
➜ Explicit dependency on target 'BridgeJSMacros' in project 'JavaScriptKit'
Target 'BridgeJSMacros' in project 'JavaScriptKit'
➜ Explicit dependency on target 'SwiftSyntaxMacros' in project 'swift-syntax'
➜ Explicit dependency on target 'SwiftCompilerPlugin' in project 'swift-syntax'
Target '_CJavaScriptKit' in project 'JavaScriptKit' (no dependencies)
Target 'RedECSKit' in project 'RedECS'
➜ Explicit dependency on target 'RedECSKit' in project 'RedECS'
➜ Explicit dependency on target 'TiledInterpreter' in project 'RedECS'
➜ Explicit dependency on target 'RedECSMacros' in project 'RedECS'
➜ Explicit dependency on target 'RedECS' in project 'RedECS'
➜ Explicit dependency on target 'RedECSBasicComponents' in project 'RedECS'
➜ Explicit dependency on target 'RedHUD' in project 'RedECS'
➜ Explicit dependency on target 'Geometry' in project 'Geometry'
➜ Explicit dependency on target 'GeometryAlgorithms' in project 'Geometry'
➜ Explicit dependency on target 'Randomization' in project 'Randomization'
➜ Explicit dependency on target 'OrderedCollections' in project 'swift-collections'
➜ Explicit dependency on target 'Graphs' in project 'Graphs'
Target 'RedECSBasicComponents' in project 'RedECS'
➜ Explicit dependency on target 'RedECSBasicComponents' in project 'RedECS'
➜ Explicit dependency on target 'TiledInterpreter' in project 'RedECS'
➜ Explicit dependency on target 'RedECSMacros' in project 'RedECS'
➜ Explicit dependency on target 'RedECS' in project 'RedECS'
➜ Explicit dependency on target 'Geometry' in project 'Geometry'
➜ Explicit dependency on target 'GeometryAlgorithms' in project 'Geometry'
➜ Explicit dependency on target 'Randomization' in project 'Randomization'
➜ Explicit dependency on target 'OrderedCollections' in project 'swift-collections'
➜ Explicit dependency on target 'Graphs' in project 'Graphs'
Target 'RedECSAppleSupport' in project 'RedECS'
➜ Explicit dependency on target 'RedECSAppleSupport' in project 'RedECS'
➜ Explicit dependency on target 'TiledInterpreter' in project 'RedECS'
➜ Explicit dependency on target 'RedECSMacros' in project 'RedECS'
➜ Explicit dependency on target 'RedECS' in project 'RedECS'
➜ Explicit dependency on target 'RedECSBasicComponents' in project 'RedECS'
➜ Explicit dependency on target 'RedHUD' in project 'RedECS'
➜ Explicit dependency on target 'RedECSKit' in project 'RedECS'
➜ Explicit dependency on target 'Geometry' in project 'Geometry'
➜ Explicit dependency on target 'GeometryAlgorithms' in project 'Geometry'
➜ Explicit dependency on target 'Randomization' in project 'Randomization'
➜ Explicit dependency on target 'OrderedCollections' in project 'swift-collections'
➜ Explicit dependency on target 'Graphs' in project 'Graphs'
Target 'RedECSAppleSupport' in project 'RedECS'
➜ Explicit dependency on target 'TiledInterpreter' in project 'RedECS'
➜ Explicit dependency on target 'RedECSMacros' in project 'RedECS'
➜ Explicit dependency on target 'RedECS' in project 'RedECS'
➜ Explicit dependency on target 'RedECSBasicComponents' in project 'RedECS'
➜ Explicit dependency on target 'RedHUD' in project 'RedECS'
➜ Explicit dependency on target 'RedECSKit' in project 'RedECS'
➜ Explicit dependency on target 'Geometry' in project 'Geometry'
➜ Explicit dependency on target 'GeometryAlgorithms' in project 'Geometry'
➜ Explicit dependency on target 'Randomization' in project 'Randomization'
➜ Explicit dependency on target 'OrderedCollections' in project 'swift-collections'
➜ Explicit dependency on target 'Graphs' in project 'Graphs'
Target 'RedECSKit' in project 'RedECS'
➜ Explicit dependency on target 'TiledInterpreter' in project 'RedECS'
➜ Explicit dependency on target 'RedECSMacros' in project 'RedECS'
➜ Explicit dependency on target 'RedECS' in project 'RedECS'
➜ Explicit dependency on target 'RedECSBasicComponents' in project 'RedECS'
➜ Explicit dependency on target 'RedHUD' in project 'RedECS'
➜ Explicit dependency on target 'Geometry' in project 'Geometry'
➜ Explicit dependency on target 'GeometryAlgorithms' in project 'Geometry'
➜ Explicit dependency on target 'Randomization' in project 'Randomization'
➜ Explicit dependency on target 'OrderedCollections' in project 'swift-collections'
➜ Explicit dependency on target 'Graphs' in project 'Graphs'
Target 'RedHUD' in project 'RedECS'
➜ Explicit dependency on target 'TiledInterpreter' in project 'RedECS'
➜ Explicit dependency on target 'RedECSMacros' in project 'RedECS'
➜ Explicit dependency on target 'RedECS' in project 'RedECS'
➜ Explicit dependency on target 'Geometry' in project 'Geometry'
➜ Explicit dependency on target 'GeometryAlgorithms' in project 'Geometry'
➜ Explicit dependency on target 'Randomization' in project 'Randomization'
➜ Explicit dependency on target 'OrderedCollections' in project 'swift-collections'
➜ Explicit dependency on target 'Graphs' in project 'Graphs'
Target 'RedECSBasicComponents' in project 'RedECS'
➜ Explicit dependency on target 'TiledInterpreter' in project 'RedECS'
➜ Explicit dependency on target 'RedECSMacros' in project 'RedECS'
➜ Explicit dependency on target 'RedECS' in project 'RedECS'
➜ Explicit dependency on target 'Geometry' in project 'Geometry'
➜ Explicit dependency on target 'GeometryAlgorithms' in project 'Geometry'
➜ Explicit dependency on target 'Randomization' in project 'Randomization'
➜ Explicit dependency on target 'OrderedCollections' in project 'swift-collections'
➜ Explicit dependency on target 'Graphs' in project 'Graphs'
Target 'RedECS' in project 'RedECS'
➜ Explicit dependency on target 'RedECS' in project 'RedECS'
➜ Explicit dependency on target 'TiledInterpreter' in project 'RedECS'
➜ Explicit dependency on target 'RedECSMacros' in project 'RedECS'
➜ Explicit dependency on target 'Geometry' in project 'Geometry'
➜ Explicit dependency on target 'GeometryAlgorithms' in project 'Geometry'
➜ Explicit dependency on target 'Randomization' in project 'Randomization'
➜ Explicit dependency on target 'OrderedCollections' in project 'swift-collections'
➜ Explicit dependency on target 'Graphs' in project 'Graphs'
Target 'RedECS' in project 'RedECS'
➜ Explicit dependency on target 'TiledInterpreter' in project 'RedECS'
➜ Explicit dependency on target 'RedECSMacros' in project 'RedECS'
➜ Explicit dependency on target 'Geometry' in project 'Geometry'
➜ Explicit dependency on target 'GeometryAlgorithms' in project 'Geometry'
➜ Explicit dependency on target 'Randomization' in project 'Randomization'
➜ Explicit dependency on target 'OrderedCollections' in project 'swift-collections'
➜ Explicit dependency on target 'Graphs' in project 'Graphs'
Target 'Graphs' in project 'Graphs'
➜ Explicit dependency on target 'Graphs' in project 'Graphs'
➜ Explicit dependency on target 'OrderedCollections' in project 'swift-collections'
Target 'Graphs' in project 'Graphs'
➜ Explicit dependency on target 'OrderedCollections' in project 'swift-collections'
Target 'OrderedCollections' in project 'swift-collections'
➜ Explicit dependency on target 'OrderedCollections' in project 'swift-collections'
➜ Explicit dependency on target 'InternalCollectionsUtilities' in project 'swift-collections'
Target 'OrderedCollections' in project 'swift-collections'
➜ Explicit dependency on target 'InternalCollectionsUtilities' in project 'swift-collections'
Target 'InternalCollectionsUtilities' in project 'swift-collections' (no dependencies)
Target 'Randomization' in project 'Randomization'
➜ Explicit dependency on target 'Randomization' in project 'Randomization'
Target 'Randomization' in project 'Randomization' (no dependencies)
Target 'GeometryAlgorithms' in project 'Geometry'
➜ Explicit dependency on target 'GeometryAlgorithms' in project 'Geometry'
➜ Explicit dependency on target 'Geometry' in project 'Geometry'
➜ Explicit dependency on target 'RealModule' in project 'swift-numerics'
Target 'GeometryAlgorithms' in project 'Geometry'
➜ Explicit dependency on target 'Geometry' in project 'Geometry'
➜ Explicit dependency on target 'RealModule' in project 'swift-numerics'
Target 'RealModule' in project 'swift-numerics'
➜ Explicit dependency on target 'RealModule' in project 'swift-numerics'
➜ Explicit dependency on target '_NumericsShims' in project 'swift-numerics'
Target 'RealModule' in project 'swift-numerics'
➜ Explicit dependency on target '_NumericsShims' in project 'swift-numerics'
Target '_NumericsShims' in project 'swift-numerics' (no dependencies)
Target 'Geometry' in project 'Geometry'
➜ Explicit dependency on target 'Geometry' in project 'Geometry'
Target 'Geometry' in project 'Geometry' (no dependencies)
Target 'RedECSMacros' in project 'RedECS'
➜ Explicit dependency on target 'SwiftSyntaxMacros' in project 'swift-syntax'
➜ Explicit dependency on target 'SwiftCompilerPlugin' in project 'swift-syntax'
Target 'SwiftCompilerPlugin' in project 'swift-syntax'
➜ Explicit dependency on target 'SwiftCompilerPlugin' in project 'swift-syntax'
➜ Explicit dependency on target '_SwiftSyntaxCShims' in project 'swift-syntax'
➜ Explicit dependency on target 'SwiftSyntax509' in project 'swift-syntax'
➜ Explicit dependency on target 'SwiftSyntax510' in project 'swift-syntax'
➜ Explicit dependency on target 'SwiftSyntax600' in project 'swift-syntax'
➜ Explicit dependency on target 'SwiftSyntax601' in project 'swift-syntax'
➜ Explicit dependency on target 'SwiftSyntax602' in project 'swift-syntax'
➜ Explicit dependency on target 'SwiftSyntax603' in project 'swift-syntax'
➜ Explicit dependency on target 'SwiftSyntax' in project 'swift-syntax'
➜ Explicit dependency on target 'SwiftDiagnostics' in project 'swift-syntax'
➜ Explicit dependency on target 'SwiftParser' in project 'swift-syntax'
➜ Explicit dependency on target 'SwiftOperators' in project 'swift-syntax'
➜ Explicit dependency on target 'SwiftBasicFormat' in project 'swift-syntax'
➜ Explicit dependency on target 'SwiftParserDiagnostics' in project 'swift-syntax'
➜ Explicit dependency on target 'SwiftSyntaxBuilder' in project 'swift-syntax'
➜ Explicit dependency on target 'SwiftIfConfig' in project 'swift-syntax'
➜ Explicit dependency on target 'SwiftSyntaxMacros' in project 'swift-syntax'
➜ Explicit dependency on target 'SwiftSyntaxMacroExpansion' in project 'swift-syntax'
➜ Explicit dependency on target 'SwiftCompilerPluginMessageHandling' in project 'swift-syntax'
Target 'SwiftCompilerPlugin' in project 'swift-syntax'
➜ Explicit dependency on target '_SwiftSyntaxCShims' in project 'swift-syntax'
➜ Explicit dependency on target 'SwiftSyntax509' in project 'swift-syntax'
➜ Explicit dependency on target 'SwiftSyntax510' in project 'swift-syntax'
➜ Explicit dependency on target 'SwiftSyntax600' in project 'swift-syntax'
➜ Explicit dependency on target 'SwiftSyntax601' in project 'swift-syntax'
➜ Explicit dependency on target 'SwiftSyntax602' in project 'swift-syntax'
➜ Explicit dependency on target 'SwiftSyntax603' in project 'swift-syntax'
➜ Explicit dependency on target 'SwiftSyntax' in project 'swift-syntax'
➜ Explicit dependency on target 'SwiftDiagnostics' in project 'swift-syntax'
➜ Explicit dependency on target 'SwiftParser' in project 'swift-syntax'
➜ Explicit dependency on target 'SwiftOperators' in project 'swift-syntax'
➜ Explicit dependency on target 'SwiftBasicFormat' in project 'swift-syntax'
➜ Explicit dependency on target 'SwiftParserDiagnostics' in project 'swift-syntax'
➜ Explicit dependency on target 'SwiftSyntaxBuilder' in project 'swift-syntax'
➜ Explicit dependency on target 'SwiftIfConfig' in project 'swift-syntax'
➜ Explicit dependency on target 'SwiftSyntaxMacros' in project 'swift-syntax'
➜ Explicit dependency on target 'SwiftSyntaxMacroExpansion' in project 'swift-syntax'
➜ Explicit dependency on target 'SwiftCompilerPluginMessageHandling' in project 'swift-syntax'
Target 'SwiftCompilerPluginMessageHandling' in project 'swift-syntax'
➜ Explicit dependency on target '_SwiftSyntaxCShims' in project 'swift-syntax'
➜ Explicit dependency on target 'SwiftSyntax509' in project 'swift-syntax'
➜ Explicit dependency on target 'SwiftSyntax510' in project 'swift-syntax'
➜ Explicit dependency on target 'SwiftSyntax600' in project 'swift-syntax'
➜ Explicit dependency on target 'SwiftSyntax601' in project 'swift-syntax'
➜ Explicit dependency on target 'SwiftSyntax602' in project 'swift-syntax'
➜ Explicit dependency on target 'SwiftSyntax603' in project 'swift-syntax'
➜ Explicit dependency on target 'SwiftSyntax' in project 'swift-syntax'
➜ Explicit dependency on target 'SwiftDiagnostics' in project 'swift-syntax'
➜ Explicit dependency on target 'SwiftParser' in project 'swift-syntax'
➜ Explicit dependency on target 'SwiftOperators' in project 'swift-syntax'
➜ Explicit dependency on target 'SwiftBasicFormat' in project 'swift-syntax'
➜ Explicit dependency on target 'SwiftParserDiagnostics' in project 'swift-syntax'
➜ Explicit dependency on target 'SwiftSyntaxBuilder' in project 'swift-syntax'
➜ Explicit dependency on target 'SwiftIfConfig' in project 'swift-syntax'
➜ Explicit dependency on target 'SwiftSyntaxMacros' in project 'swift-syntax'
➜ Explicit dependency on target 'SwiftSyntaxMacroExpansion' in project 'swift-syntax'
Target 'SwiftSyntaxMacroExpansion' in project 'swift-syntax'
➜ Explicit dependency on target '_SwiftSyntaxCShims' in project 'swift-syntax'
➜ Explicit dependency on target 'SwiftSyntax509' in project 'swift-syntax'
➜ Explicit dependency on target 'SwiftSyntax510' in project 'swift-syntax'
➜ Explicit dependency on target 'SwiftSyntax600' in project 'swift-syntax'
➜ Explicit dependency on target 'SwiftSyntax601' in project 'swift-syntax'
➜ Explicit dependency on target 'SwiftSyntax602' in project 'swift-syntax'
➜ Explicit dependency on target 'SwiftSyntax603' in project 'swift-syntax'
➜ Explicit dependency on target 'SwiftSyntax' in project 'swift-syntax'
➜ Explicit dependency on target 'SwiftBasicFormat' in project 'swift-syntax'
➜ Explicit dependency on target 'SwiftParser' in project 'swift-syntax'
➜ Explicit dependency on target 'SwiftDiagnostics' in project 'swift-syntax'
➜ Explicit dependency on target 'SwiftParserDiagnostics' in project 'swift-syntax'
➜ Explicit dependency on target 'SwiftSyntaxBuilder' in project 'swift-syntax'
➜ Explicit dependency on target 'SwiftOperators' in project 'swift-syntax'
➜ Explicit dependency on target 'SwiftIfConfig' in project 'swift-syntax'
➜ Explicit dependency on target 'SwiftSyntaxMacros' in project 'swift-syntax'
Target 'SwiftSyntaxMacros' in project 'swift-syntax'
➜ Explicit dependency on target 'SwiftSyntaxMacros' in project 'swift-syntax'
➜ Explicit dependency on target '_SwiftSyntaxCShims' in project 'swift-syntax'
➜ Explicit dependency on target 'SwiftSyntax509' in project 'swift-syntax'
➜ Explicit dependency on target 'SwiftSyntax510' in project 'swift-syntax'
➜ Explicit dependency on target 'SwiftSyntax600' in project 'swift-syntax'
➜ Explicit dependency on target 'SwiftSyntax601' in project 'swift-syntax'
➜ Explicit dependency on target 'SwiftSyntax602' in project 'swift-syntax'
➜ Explicit dependency on target 'SwiftSyntax603' in project 'swift-syntax'
➜ Explicit dependency on target 'SwiftSyntax' in project 'swift-syntax'
➜ Explicit dependency on target 'SwiftDiagnostics' in project 'swift-syntax'
➜ Explicit dependency on target 'SwiftBasicFormat' in project 'swift-syntax'
➜ Explicit dependency on target 'SwiftParser' in project 'swift-syntax'
➜ Explicit dependency on target 'SwiftParserDiagnostics' in project 'swift-syntax'
➜ Explicit dependency on target 'SwiftSyntaxBuilder' in project 'swift-syntax'
➜ Explicit dependency on target 'SwiftOperators' in project 'swift-syntax'
➜ Explicit dependency on target 'SwiftIfConfig' in project 'swift-syntax'
Target 'SwiftSyntaxMacros' in project 'swift-syntax'
➜ Explicit dependency on target '_SwiftSyntaxCShims' in project 'swift-syntax'
➜ Explicit dependency on target 'SwiftSyntax509' in project 'swift-syntax'
➜ Explicit dependency on target 'SwiftSyntax510' in project 'swift-syntax'
➜ Explicit dependency on target 'SwiftSyntax600' in project 'swift-syntax'
➜ Explicit dependency on target 'SwiftSyntax601' in project 'swift-syntax'
➜ Explicit dependency on target 'SwiftSyntax602' in project 'swift-syntax'
➜ Explicit dependency on target 'SwiftSyntax603' in project 'swift-syntax'
➜ Explicit dependency on target 'SwiftSyntax' in project 'swift-syntax'
➜ Explicit dependency on target 'SwiftDiagnostics' in project 'swift-syntax'
➜ Explicit dependency on target 'SwiftBasicFormat' in project 'swift-syntax'
➜ Explicit dependency on target 'SwiftParser' in project 'swift-syntax'
➜ Explicit dependency on target 'SwiftParserDiagnostics' in project 'swift-syntax'
➜ Explicit dependency on target 'SwiftSyntaxBuilder' in project 'swift-syntax'
➜ Explicit dependency on target 'SwiftOperators' in project 'swift-syntax'
➜ Explicit dependency on target 'SwiftIfConfig' in project 'swift-syntax'
Target 'SwiftIfConfig' in project 'swift-syntax'
➜ Explicit dependency on target '_SwiftSyntaxCShims' in project 'swift-syntax'
➜ Explicit dependency on target 'SwiftSyntax509' in project 'swift-syntax'
➜ Explicit dependency on target 'SwiftSyntax510' in project 'swift-syntax'
➜ Explicit dependency on target 'SwiftSyntax600' in project 'swift-syntax'
➜ Explicit dependency on target 'SwiftSyntax601' in project 'swift-syntax'
➜ Explicit dependency on target 'SwiftSyntax602' in project 'swift-syntax'
➜ Explicit dependency on target 'SwiftSyntax603' in project 'swift-syntax'
➜ Explicit dependency on target 'SwiftSyntax' in project 'swift-syntax'
➜ Explicit dependency on target 'SwiftBasicFormat' in project 'swift-syntax'
➜ Explicit dependency on target 'SwiftParser' in project 'swift-syntax'
➜ Explicit dependency on target 'SwiftDiagnostics' in project 'swift-syntax'
➜ Explicit dependency on target 'SwiftParserDiagnostics' in project 'swift-syntax'
➜ Explicit dependency on target 'SwiftSyntaxBuilder' in project 'swift-syntax'
➜ Explicit dependency on target 'SwiftOperators' in project 'swift-syntax'
Target 'SwiftOperators' in project 'swift-syntax'
➜ Explicit dependency on target '_SwiftSyntaxCShims' in project 'swift-syntax'
➜ Explicit dependency on target 'SwiftSyntax509' in project 'swift-syntax'
➜ Explicit dependency on target 'SwiftSyntax510' in project 'swift-syntax'
➜ Explicit dependency on target 'SwiftSyntax600' in project 'swift-syntax'
➜ Explicit dependency on target 'SwiftSyntax601' in project 'swift-syntax'
➜ Explicit dependency on target 'SwiftSyntax602' in project 'swift-syntax'
➜ Explicit dependency on target 'SwiftSyntax603' in project 'swift-syntax'
➜ Explicit dependency on target 'SwiftSyntax' in project 'swift-syntax'
➜ Explicit dependency on target 'SwiftDiagnostics' in project 'swift-syntax'
➜ Explicit dependency on target 'SwiftParser' in project 'swift-syntax'
Target 'SwiftSyntaxBuilder' in project 'swift-syntax'
➜ Explicit dependency on target '_SwiftSyntaxCShims' in project 'swift-syntax'
➜ Explicit dependency on target 'SwiftSyntax509' in project 'swift-syntax'
➜ Explicit dependency on target 'SwiftSyntax510' in project 'swift-syntax'
➜ Explicit dependency on target 'SwiftSyntax600' in project 'swift-syntax'
➜ Explicit dependency on target 'SwiftSyntax601' in project 'swift-syntax'
➜ Explicit dependency on target 'SwiftSyntax602' in project 'swift-syntax'
➜ Explicit dependency on target 'SwiftSyntax603' in project 'swift-syntax'
➜ Explicit dependency on target 'SwiftSyntax' in project 'swift-syntax'
➜ Explicit dependency on target 'SwiftBasicFormat' in project 'swift-syntax'
➜ Explicit dependency on target 'SwiftParser' in project 'swift-syntax'
➜ Explicit dependency on target 'SwiftDiagnostics' in project 'swift-syntax'
➜ Explicit dependency on target 'SwiftParserDiagnostics' in project 'swift-syntax'
Target 'SwiftParserDiagnostics' in project 'swift-syntax'
➜ Explicit dependency on target '_SwiftSyntaxCShims' in project 'swift-syntax'
➜ Explicit dependency on target 'SwiftSyntax509' in project 'swift-syntax'
➜ Explicit dependency on target 'SwiftSyntax510' in project 'swift-syntax'
➜ Explicit dependency on target 'SwiftSyntax600' in project 'swift-syntax'
➜ Explicit dependency on target 'SwiftSyntax601' in project 'swift-syntax'
➜ Explicit dependency on target 'SwiftSyntax602' in project 'swift-syntax'
➜ Explicit dependency on target 'SwiftSyntax603' in project 'swift-syntax'
➜ Explicit dependency on target 'SwiftSyntax' in project 'swift-syntax'
➜ Explicit dependency on target 'SwiftBasicFormat' in project 'swift-syntax'
➜ Explicit dependency on target 'SwiftDiagnostics' in project 'swift-syntax'
➜ Explicit dependency on target 'SwiftParser' in project 'swift-syntax'
Target 'SwiftParser' in project 'swift-syntax'
➜ Explicit dependency on target '_SwiftSyntaxCShims' in project 'swift-syntax'
➜ Explicit dependency on target 'SwiftSyntax509' in project 'swift-syntax'
➜ Explicit dependency on target 'SwiftSyntax510' in project 'swift-syntax'
➜ Explicit dependency on target 'SwiftSyntax600' in project 'swift-syntax'
➜ Explicit dependency on target 'SwiftSyntax601' in project 'swift-syntax'
➜ Explicit dependency on target 'SwiftSyntax602' in project 'swift-syntax'
➜ Explicit dependency on target 'SwiftSyntax603' in project 'swift-syntax'
➜ Explicit dependency on target 'SwiftSyntax' in project 'swift-syntax'
Target 'SwiftBasicFormat' in project 'swift-syntax'
➜ Explicit dependency on target '_SwiftSyntaxCShims' in project 'swift-syntax'
➜ Explicit dependency on target 'SwiftSyntax509' in project 'swift-syntax'
➜ Explicit dependency on target 'SwiftSyntax510' in project 'swift-syntax'
➜ Explicit dependency on target 'SwiftSyntax600' in project 'swift-syntax'
➜ Explicit dependency on target 'SwiftSyntax601' in project 'swift-syntax'
➜ Explicit dependency on target 'SwiftSyntax602' in project 'swift-syntax'
➜ Explicit dependency on target 'SwiftSyntax603' in project 'swift-syntax'
➜ Explicit dependency on target 'SwiftSyntax' in project 'swift-syntax'
Target 'SwiftDiagnostics' in project 'swift-syntax'
➜ Explicit dependency on target '_SwiftSyntaxCShims' in project 'swift-syntax'
➜ Explicit dependency on target 'SwiftSyntax509' in project 'swift-syntax'
➜ Explicit dependency on target 'SwiftSyntax510' in project 'swift-syntax'
➜ Explicit dependency on target 'SwiftSyntax600' in project 'swift-syntax'
➜ Explicit dependency on target 'SwiftSyntax601' in project 'swift-syntax'
➜ Explicit dependency on target 'SwiftSyntax602' in project 'swift-syntax'
➜ Explicit dependency on target 'SwiftSyntax603' in project 'swift-syntax'
➜ Explicit dependency on target 'SwiftSyntax' in project 'swift-syntax'
Target 'SwiftSyntax' in project 'swift-syntax'
➜ Explicit dependency on target '_SwiftSyntaxCShims' in project 'swift-syntax'
➜ Explicit dependency on target 'SwiftSyntax509' in project 'swift-syntax'
➜ Explicit dependency on target 'SwiftSyntax510' in project 'swift-syntax'
➜ Explicit dependency on target 'SwiftSyntax600' in project 'swift-syntax'
➜ Explicit dependency on target 'SwiftSyntax601' in project 'swift-syntax'
➜ Explicit dependency on target 'SwiftSyntax602' in project 'swift-syntax'
➜ Explicit dependency on target 'SwiftSyntax603' in project 'swift-syntax'
Target 'SwiftSyntax603' in project 'swift-syntax' (no dependencies)
Target 'SwiftSyntax602' in project 'swift-syntax' (no dependencies)
Target 'SwiftSyntax601' in project 'swift-syntax' (no dependencies)
Target 'SwiftSyntax600' in project 'swift-syntax' (no dependencies)
Target 'SwiftSyntax510' in project 'swift-syntax' (no dependencies)
Target 'SwiftSyntax509' in project 'swift-syntax' (no dependencies)
Target '_SwiftSyntaxCShims' in project 'swift-syntax' (no dependencies)
Target 'TiledInterpreter' in project 'RedECS' (no dependencies)
GatherProvisioningInputs
CreateBuildDescription
ClangStatCache /Applications/Xcode-26.5.0.app/Contents/Developer/Toolchains/XcodeDefault.xctoolchain/usr/bin/clang-stat-cache /Applications/Xcode-26.5.0.app/Contents/Developer/Platforms/MacOSX.platform/Developer/SDKs/MacOSX26.5.sdk /Users/admin/builder/spi-builder-workspace/.derivedData/SDKStatCaches.noindex/macosx26.5-25F70-688ef53f1462e2c8f657fdc38a81448fb3380a6d0eb485eff9a999e8f65be04d.sdkstatcache
cd /Users/admin/builder/spi-builder-workspace/.swiftpm/xcode
/Applications/Xcode-26.5.0.app/Contents/Developer/Toolchains/XcodeDefault.xctoolchain/usr/bin/clang-stat-cache /Applications/Xcode-26.5.0.app/Contents/Developer/Platforms/MacOSX.platform/Developer/SDKs/MacOSX26.5.sdk -o /Users/admin/builder/spi-builder-workspace/.derivedData/SDKStatCaches.noindex/macosx26.5-25F70-688ef53f1462e2c8f657fdc38a81448fb3380a6d0eb485eff9a999e8f65be04d.sdkstatcache
ClangStatCache /Applications/Xcode-26.5.0.app/Contents/Developer/Toolchains/XcodeDefault.xctoolchain/usr/bin/clang-stat-cache /Applications/Xcode-26.5.0.app/Contents/Developer/Platforms/WatchOS.platform/Developer/SDKs/WatchOS26.5.sdk /Users/admin/builder/spi-builder-workspace/.derivedData/SDKStatCaches.noindex/watchos26.5-23T570-688ef53f1462e2c8f657fdc38a81448f7931b973dfc65d9472806dbbc3af9379.sdkstatcache
cd /Users/admin/builder/spi-builder-workspace/.swiftpm/xcode
/Applications/Xcode-26.5.0.app/Contents/Developer/Toolchains/XcodeDefault.xctoolchain/usr/bin/clang-stat-cache /Applications/Xcode-26.5.0.app/Contents/Developer/Platforms/WatchOS.platform/Developer/SDKs/WatchOS26.5.sdk -o /Users/admin/builder/spi-builder-workspace/.derivedData/SDKStatCaches.noindex/watchos26.5-23T570-688ef53f1462e2c8f657fdc38a81448f7931b973dfc65d9472806dbbc3af9379.sdkstatcache
CompileAssetCatalogVariant thinned /Users/admin/builder/spi-builder-workspace/.derivedData/Build/Products/Debug-watchos/RedECS_RenderingTests.bundle /Users/admin/builder/spi-builder-workspace/Tests/RenderingTests/Resources/Media.xcassets (in target 'RedECS_RenderingTests' from project 'RedECS')
cd /Users/admin/builder/spi-builder-workspace
/Applications/Xcode-26.5.0.app/Contents/Developer/usr/bin/actool /Users/admin/builder/spi-builder-workspace/Tests/RenderingTests/Resources/Media.xcassets --compile /Users/admin/builder/spi-builder-workspace/.derivedData/Build/Intermediates.noindex/RedECS.build/Debug-watchos/RedECS_RenderingTests.build/assetcatalog_output/thinned --output-format human-readable-text --notices --warnings --export-dependency-info /Users/admin/builder/spi-builder-workspace/.derivedData/Build/Intermediates.noindex/RedECS.build/Debug-watchos/RedECS_RenderingTests.build/assetcatalog_dependencies_thinned --output-partial-info-plist /Users/admin/builder/spi-builder-workspace/.derivedData/Build/Intermediates.noindex/RedECS.build/Debug-watchos/RedECS_RenderingTests.build/assetcatalog_generated_info.plist_thinned --compress-pngs --enable-on-demand-resources NO --development-region en --target-device watch --minimum-deployment-target 10.0 --platform watchos
/* com.apple.actool.compilation-results */
/Users/admin/builder/spi-builder-workspace/.derivedData/Build/Intermediates.noindex/RedECS.build/Debug-watchos/RedECS_RenderingTests.build/assetcatalog_generated_info.plist_thinned
/Users/admin/builder/spi-builder-workspace/.derivedData/Build/Intermediates.noindex/RedECS.build/Debug-watchos/RedECS_RenderingTests.build/assetcatalog_output/thinned/Assets.car
SwiftDriver SnapshotTesting normal arm64_32 com.apple.xcode.tools.swift.compiler (in target 'SnapshotTesting' from project 'swift-snapshot-testing')
cd /Users/admin/builder/spi-builder-workspace/.swiftpm/xcode
builtin-SwiftDriver -- /Applications/Xcode-26.5.0.app/Contents/Developer/Toolchains/XcodeDefault.xctoolchain/usr/bin/swiftc -module-name SnapshotTesting -Onone @/Users/admin/builder/spi-builder-workspace/.derivedData/Build/Intermediates.noindex/swift-snapshot-testing.build/Debug-watchos/SnapshotTesting.build/Objects-normal/arm64_32/SnapshotTesting.SwiftFileList -DSWIFT_PACKAGE -DDEBUG -DSWIFT_MODULE_RESOURCE_BUNDLE_UNAVAILABLE -DXcode -plugin-path /Applications/Xcode-26.5.0.app/Contents/Developer/Toolchains/XcodeDefault.xctoolchain/usr/lib/swift/host/plugins/testing -enable-experimental-feature DebugDescriptionMacro -sdk /Applications/Xcode-26.5.0.app/Contents/Developer/Platforms/WatchOS.platform/Developer/SDKs/WatchOS26.5.sdk -target arm64_32-apple-watchos6.0 -g -module-cache-path /Users/admin/builder/spi-builder-workspace/.derivedData/ModuleCache.noindex -Xfrontend -serialize-debugging-options -enable-testing -suppress-warnings -index-store-path /Users/admin/builder/spi-builder-workspace/.derivedData/Index.noindex/DataStore -Xcc -D_LIBCPP_HARDENING_MODE\=_LIBCPP_HARDENING_MODE_DEBUG -swift-version 5 -I /Users/admin/builder/spi-builder-workspace/.derivedData/Build/Products/Debug-watchos -Isystem /Applications/Xcode-26.5.0.app/Contents/Developer/Platforms/WatchOS.platform/Developer/usr/lib -F /Users/admin/builder/spi-builder-workspace/.derivedData/Build/Products/Debug-watchos -F /Applications/Xcode-26.5.0.app/Contents/Developer/Platforms/WatchOS.platform/Developer/Library/Frameworks -F /Applications/Xcode-26.5.0.app/Contents/Developer/Platforms/WatchOS.platform/Developer/SDKs/WatchOS26.5.sdk/Developer/Library/Frameworks -c -j10 -enable-batch-mode -incremental -Xcc -ivfsstatcache -Xcc /Users/admin/builder/spi-builder-workspace/.derivedData/SDKStatCaches.noindex/watchos26.5-23T570-688ef53f1462e2c8f657fdc38a81448f7931b973dfc65d9472806dbbc3af9379.sdkstatcache -output-file-map /Users/admin/builder/spi-builder-workspace/.derivedData/Build/Intermediates.noindex/swift-snapshot-testing.build/Debug-watchos/SnapshotTesting.build/Objects-normal/arm64_32/SnapshotTesting-OutputFileMap.json -use-frontend-parseable-output -save-temps -no-color-diagnostics -explicit-module-build -module-cache-path /Users/admin/builder/spi-builder-workspace/.derivedData/Build/Intermediates.noindex/SwiftExplicitPrecompiledModules -clang-scanner-module-cache-path /Users/admin/builder/spi-builder-workspace/.derivedData/ModuleCache.noindex -sdk-module-cache-path /Users/admin/builder/spi-builder-workspace/.derivedData/ModuleCache.noindex -serialize-diagnostics -emit-dependencies -emit-module -emit-module-path /Users/admin/builder/spi-builder-workspace/.derivedData/Build/Intermediates.noindex/swift-snapshot-testing.build/Debug-watchos/SnapshotTesting.build/Objects-normal/arm64_32/SnapshotTesting.swiftmodule -user-module-version 1.19.4 -validate-clang-modules-once -clang-build-session-file /Users/admin/builder/spi-builder-workspace/.derivedData/ModuleCache.noindex/Session.modulevalidation -package-name swift_snapshot_testing -Xcc -I/Users/admin/builder/spi-builder-workspace/.derivedData/Build/Intermediates.noindex/swift-snapshot-testing.build/Debug-watchos/SnapshotTesting.build/swift-overrides.hmap -emit-const-values -Xfrontend -const-gather-protocols-file -Xfrontend /Users/admin/builder/spi-builder-workspace/.derivedData/Build/Intermediates.noindex/swift-snapshot-testing.build/Debug-watchos/SnapshotTesting.build/Objects-normal/arm64_32/SnapshotTesting_const_extract_protocols.json -Xcc -I/Users/admin/builder/spi-builder-workspace/.derivedData/Build/Products/Debug-watchos/include -Xcc -I/Users/admin/builder/spi-builder-workspace/.derivedData/Build/Intermediates.noindex/swift-snapshot-testing.build/Debug-watchos/SnapshotTesting.build/DerivedSources-normal/arm64_32 -Xcc -I/Users/admin/builder/spi-builder-workspace/.derivedData/Build/Intermediates.noindex/swift-snapshot-testing.build/Debug-watchos/SnapshotTesting.build/DerivedSources/arm64_32 -Xcc -I/Users/admin/builder/spi-builder-workspace/.derivedData/Build/Intermediates.noindex/swift-snapshot-testing.build/Debug-watchos/SnapshotTesting.build/DerivedSources -Xcc -DSWIFT_PACKAGE -Xcc -DDEBUG\=1 -emit-objc-header -emit-objc-header-path /Users/admin/builder/spi-builder-workspace/.derivedData/Build/Intermediates.noindex/swift-snapshot-testing.build/Debug-watchos/SnapshotTesting.build/Objects-normal/arm64_32/SnapshotTesting-Swift.h -working-directory /Users/admin/builder/spi-builder-workspace/.swiftpm/xcode -experimental-emit-module-separately -disable-cmo
SwiftDriver SnapshotTesting normal arm64 com.apple.xcode.tools.swift.compiler (in target 'SnapshotTesting' from project 'swift-snapshot-testing')
cd /Users/admin/builder/spi-builder-workspace/.swiftpm/xcode
builtin-SwiftDriver -- /Applications/Xcode-26.5.0.app/Contents/Developer/Toolchains/XcodeDefault.xctoolchain/usr/bin/swiftc -module-name SnapshotTesting -Onone @/Users/admin/builder/spi-builder-workspace/.derivedData/Build/Intermediates.noindex/swift-snapshot-testing.build/Debug-watchos/SnapshotTesting.build/Objects-normal/arm64/SnapshotTesting.SwiftFileList -DSWIFT_PACKAGE -DDEBUG -DSWIFT_MODULE_RESOURCE_BUNDLE_UNAVAILABLE -DXcode -plugin-path /Applications/Xcode-26.5.0.app/Contents/Developer/Toolchains/XcodeDefault.xctoolchain/usr/lib/swift/host/plugins/testing -enable-experimental-feature DebugDescriptionMacro -sdk /Applications/Xcode-26.5.0.app/Contents/Developer/Platforms/WatchOS.platform/Developer/SDKs/WatchOS26.5.sdk -target arm64-apple-watchos6.0 -g -module-cache-path /Users/admin/builder/spi-builder-workspace/.derivedData/ModuleCache.noindex -Xfrontend -serialize-debugging-options -enable-testing -suppress-warnings -index-store-path /Users/admin/builder/spi-builder-workspace/.derivedData/Index.noindex/DataStore -Xcc -D_LIBCPP_HARDENING_MODE\=_LIBCPP_HARDENING_MODE_DEBUG -swift-version 5 -I /Users/admin/builder/spi-builder-workspace/.derivedData/Build/Products/Debug-watchos -Isystem /Applications/Xcode-26.5.0.app/Contents/Developer/Platforms/WatchOS.platform/Developer/usr/lib -F /Users/admin/builder/spi-builder-workspace/.derivedData/Build/Products/Debug-watchos -F /Applications/Xcode-26.5.0.app/Contents/Developer/Platforms/WatchOS.platform/Developer/Library/Frameworks -F /Applications/Xcode-26.5.0.app/Contents/Developer/Platforms/WatchOS.platform/Developer/SDKs/WatchOS26.5.sdk/Developer/Library/Frameworks -c -j10 -enable-batch-mode -incremental -Xcc -ivfsstatcache -Xcc /Users/admin/builder/spi-builder-workspace/.derivedData/SDKStatCaches.noindex/watchos26.5-23T570-688ef53f1462e2c8f657fdc38a81448f7931b973dfc65d9472806dbbc3af9379.sdkstatcache -output-file-map /Users/admin/builder/spi-builder-workspace/.derivedData/Build/Intermediates.noindex/swift-snapshot-testing.build/Debug-watchos/SnapshotTesting.build/Objects-normal/arm64/SnapshotTesting-OutputFileMap.json -use-frontend-parseable-output -save-temps -no-color-diagnostics -explicit-module-build -module-cache-path /Users/admin/builder/spi-builder-workspace/.derivedData/Build/Intermediates.noindex/SwiftExplicitPrecompiledModules -clang-scanner-module-cache-path /Users/admin/builder/spi-builder-workspace/.derivedData/ModuleCache.noindex -sdk-module-cache-path /Users/admin/builder/spi-builder-workspace/.derivedData/ModuleCache.noindex -serialize-diagnostics -emit-dependencies -emit-module -emit-module-path /Users/admin/builder/spi-builder-workspace/.derivedData/Build/Intermediates.noindex/swift-snapshot-testing.build/Debug-watchos/SnapshotTesting.build/Objects-normal/arm64/SnapshotTesting.swiftmodule -user-module-version 1.19.4 -validate-clang-modules-once -clang-build-session-file /Users/admin/builder/spi-builder-workspace/.derivedData/ModuleCache.noindex/Session.modulevalidation -package-name swift_snapshot_testing -Xcc -I/Users/admin/builder/spi-builder-workspace/.derivedData/Build/Intermediates.noindex/swift-snapshot-testing.build/Debug-watchos/SnapshotTesting.build/swift-overrides.hmap -emit-const-values -Xfrontend -const-gather-protocols-file -Xfrontend /Users/admin/builder/spi-builder-workspace/.derivedData/Build/Intermediates.noindex/swift-snapshot-testing.build/Debug-watchos/SnapshotTesting.build/Objects-normal/arm64/SnapshotTesting_const_extract_protocols.json -Xcc -I/Users/admin/builder/spi-builder-workspace/.derivedData/Build/Products/Debug-watchos/include -Xcc -I/Users/admin/builder/spi-builder-workspace/.derivedData/Build/Intermediates.noindex/swift-snapshot-testing.build/Debug-watchos/SnapshotTesting.build/DerivedSources-normal/arm64 -Xcc -I/Users/admin/builder/spi-builder-workspace/.derivedData/Build/Intermediates.noindex/swift-snapshot-testing.build/Debug-watchos/SnapshotTesting.build/DerivedSources/arm64 -Xcc -I/Users/admin/builder/spi-builder-workspace/.derivedData/Build/Intermediates.noindex/swift-snapshot-testing.build/Debug-watchos/SnapshotTesting.build/DerivedSources -Xcc -DSWIFT_PACKAGE -Xcc -DDEBUG\=1 -emit-objc-header -emit-objc-header-path /Users/admin/builder/spi-builder-workspace/.derivedData/Build/Intermediates.noindex/swift-snapshot-testing.build/Debug-watchos/SnapshotTesting.build/Objects-normal/arm64/SnapshotTesting-Swift.h -working-directory /Users/admin/builder/spi-builder-workspace/.swiftpm/xcode -experimental-emit-module-separately -disable-cmo
SwiftDriver SnapshotTesting normal armv7k com.apple.xcode.tools.swift.compiler (in target 'SnapshotTesting' from project 'swift-snapshot-testing')
cd /Users/admin/builder/spi-builder-workspace/.swiftpm/xcode
builtin-SwiftDriver -- /Applications/Xcode-26.5.0.app/Contents/Developer/Toolchains/XcodeDefault.xctoolchain/usr/bin/swiftc -module-name SnapshotTesting -Onone @/Users/admin/builder/spi-builder-workspace/.derivedData/Build/Intermediates.noindex/swift-snapshot-testing.build/Debug-watchos/SnapshotTesting.build/Objects-normal/armv7k/SnapshotTesting.SwiftFileList -DSWIFT_PACKAGE -DDEBUG -DSWIFT_MODULE_RESOURCE_BUNDLE_UNAVAILABLE -DXcode -plugin-path /Applications/Xcode-26.5.0.app/Contents/Developer/Toolchains/XcodeDefault.xctoolchain/usr/lib/swift/host/plugins/testing -enable-experimental-feature DebugDescriptionMacro -sdk /Applications/Xcode-26.5.0.app/Contents/Developer/Platforms/WatchOS.platform/Developer/SDKs/WatchOS26.5.sdk -target armv7k-apple-watchos6.0 -g -module-cache-path /Users/admin/builder/spi-builder-workspace/.derivedData/ModuleCache.noindex -Xfrontend -serialize-debugging-options -enable-testing -suppress-warnings -index-store-path /Users/admin/builder/spi-builder-workspace/.derivedData/Index.noindex/DataStore -Xcc -D_LIBCPP_HARDENING_MODE\=_LIBCPP_HARDENING_MODE_DEBUG -swift-version 5 -I /Users/admin/builder/spi-builder-workspace/.derivedData/Build/Products/Debug-watchos -Isystem /Applications/Xcode-26.5.0.app/Contents/Developer/Platforms/WatchOS.platform/Developer/usr/lib -F /Users/admin/builder/spi-builder-workspace/.derivedData/Build/Products/Debug-watchos -F /Applications/Xcode-26.5.0.app/Contents/Developer/Platforms/WatchOS.platform/Developer/Library/Frameworks -F /Applications/Xcode-26.5.0.app/Contents/Developer/Platforms/WatchOS.platform/Developer/SDKs/WatchOS26.5.sdk/Developer/Library/Frameworks -c -j10 -enable-batch-mode -incremental -Xcc -ivfsstatcache -Xcc /Users/admin/builder/spi-builder-workspace/.derivedData/SDKStatCaches.noindex/watchos26.5-23T570-688ef53f1462e2c8f657fdc38a81448f7931b973dfc65d9472806dbbc3af9379.sdkstatcache -output-file-map /Users/admin/builder/spi-builder-workspace/.derivedData/Build/Intermediates.noindex/swift-snapshot-testing.build/Debug-watchos/SnapshotTesting.build/Objects-normal/armv7k/SnapshotTesting-OutputFileMap.json -use-frontend-parseable-output -save-temps -no-color-diagnostics -explicit-module-build -module-cache-path /Users/admin/builder/spi-builder-workspace/.derivedData/Build/Intermediates.noindex/SwiftExplicitPrecompiledModules -clang-scanner-module-cache-path /Users/admin/builder/spi-builder-workspace/.derivedData/ModuleCache.noindex -sdk-module-cache-path /Users/admin/builder/spi-builder-workspace/.derivedData/ModuleCache.noindex -serialize-diagnostics -emit-dependencies -emit-module -emit-module-path /Users/admin/builder/spi-builder-workspace/.derivedData/Build/Intermediates.noindex/swift-snapshot-testing.build/Debug-watchos/SnapshotTesting.build/Objects-normal/armv7k/SnapshotTesting.swiftmodule -user-module-version 1.19.4 -validate-clang-modules-once -clang-build-session-file /Users/admin/builder/spi-builder-workspace/.derivedData/ModuleCache.noindex/Session.modulevalidation -package-name swift_snapshot_testing -Xcc -I/Users/admin/builder/spi-builder-workspace/.derivedData/Build/Intermediates.noindex/swift-snapshot-testing.build/Debug-watchos/SnapshotTesting.build/swift-overrides.hmap -emit-const-values -Xfrontend -const-gather-protocols-file -Xfrontend /Users/admin/builder/spi-builder-workspace/.derivedData/Build/Intermediates.noindex/swift-snapshot-testing.build/Debug-watchos/SnapshotTesting.build/Objects-normal/armv7k/SnapshotTesting_const_extract_protocols.json -Xcc -I/Users/admin/builder/spi-builder-workspace/.derivedData/Build/Products/Debug-watchos/include -Xcc -I/Users/admin/builder/spi-builder-workspace/.derivedData/Build/Intermediates.noindex/swift-snapshot-testing.build/Debug-watchos/SnapshotTesting.build/DerivedSources-normal/armv7k -Xcc -I/Users/admin/builder/spi-builder-workspace/.derivedData/Build/Intermediates.noindex/swift-snapshot-testing.build/Debug-watchos/SnapshotTesting.build/DerivedSources/armv7k -Xcc -I/Users/admin/builder/spi-builder-workspace/.derivedData/Build/Intermediates.noindex/swift-snapshot-testing.build/Debug-watchos/SnapshotTesting.build/DerivedSources -Xcc -DSWIFT_PACKAGE -Xcc -DDEBUG\=1 -emit-objc-header -emit-objc-header-path /Users/admin/builder/spi-builder-workspace/.derivedData/Build/Intermediates.noindex/swift-snapshot-testing.build/Debug-watchos/SnapshotTesting.build/Objects-normal/armv7k/SnapshotTesting-Swift.h -working-directory /Users/admin/builder/spi-builder-workspace/.swiftpm/xcode -experimental-emit-module-separately -disable-cmo
SwiftDriver RealModule normal arm64 com.apple.xcode.tools.swift.compiler (in target 'RealModule' from project 'swift-numerics')
cd /Users/admin/builder/spi-builder-workspace/.swiftpm/xcode
builtin-SwiftDriver -- /Applications/Xcode-26.5.0.app/Contents/Developer/Toolchains/XcodeDefault.xctoolchain/usr/bin/swiftc -module-name RealModule -Onone @/Users/admin/builder/spi-builder-workspace/.derivedData/Build/Intermediates.noindex/swift-numerics.build/Debug-watchos/RealModule.build/Objects-normal/arm64/RealModule.SwiftFileList -DSWIFT_PACKAGE -DDEBUG -DSWIFT_MODULE_RESOURCE_BUNDLE_UNAVAILABLE -DXcode -plugin-path /Applications/Xcode-26.5.0.app/Contents/Developer/Toolchains/XcodeDefault.xctoolchain/usr/lib/swift/host/plugins/testing -enable-experimental-feature DebugDescriptionMacro -sdk /Applications/Xcode-26.5.0.app/Contents/Developer/Platforms/WatchOS.platform/Developer/SDKs/WatchOS26.5.sdk -target arm64-apple-watchos5.0 -g -module-cache-path /Users/admin/builder/spi-builder-workspace/.derivedData/ModuleCache.noindex -Xfrontend -serialize-debugging-options -enable-testing -suppress-warnings -index-store-path /Users/admin/builder/spi-builder-workspace/.derivedData/Index.noindex/DataStore -Xcc -D_LIBCPP_HARDENING_MODE\=_LIBCPP_HARDENING_MODE_DEBUG -swift-version 5 -I /Users/admin/builder/spi-builder-workspace/.derivedData/Build/Products/Debug-watchos -Isystem /Applications/Xcode-26.5.0.app/Contents/Developer/Platforms/WatchOS.platform/Developer/usr/lib -F /Users/admin/builder/spi-builder-workspace/.derivedData/Build/Products/Debug-watchos/PackageFrameworks -F /Users/admin/builder/spi-builder-workspace/.derivedData/Build/Products/Debug-watchos -F /Applications/Xcode-26.5.0.app/Contents/Developer/Platforms/WatchOS.platform/Developer/Library/Frameworks -F /Applications/Xcode-26.5.0.app/Contents/Developer/Platforms/WatchOS.platform/Developer/SDKs/WatchOS26.5.sdk/Developer/Library/Frameworks -c -j10 -enable-batch-mode -incremental -Xcc -ivfsstatcache -Xcc /Users/admin/builder/spi-builder-workspace/.derivedData/SDKStatCaches.noindex/watchos26.5-23T570-688ef53f1462e2c8f657fdc38a81448f7931b973dfc65d9472806dbbc3af9379.sdkstatcache -output-file-map /Users/admin/builder/spi-builder-workspace/.derivedData/Build/Intermediates.noindex/swift-numerics.build/Debug-watchos/RealModule.build/Objects-normal/arm64/RealModule-OutputFileMap.json -use-frontend-parseable-output -save-temps -no-color-diagnostics -explicit-module-build -module-cache-path /Users/admin/builder/spi-builder-workspace/.derivedData/Build/Intermediates.noindex/SwiftExplicitPrecompiledModules -clang-scanner-module-cache-path /Users/admin/builder/spi-builder-workspace/.derivedData/ModuleCache.noindex -sdk-module-cache-path /Users/admin/builder/spi-builder-workspace/.derivedData/ModuleCache.noindex -serialize-diagnostics -emit-dependencies -emit-module -emit-module-path /Users/admin/builder/spi-builder-workspace/.derivedData/Build/Intermediates.noindex/swift-numerics.build/Debug-watchos/RealModule.build/Objects-normal/arm64/RealModule.swiftmodule -validate-clang-modules-once -clang-build-session-file /Users/admin/builder/spi-builder-workspace/.derivedData/ModuleCache.noindex/Session.modulevalidation -package-name swift_numerics -Xcc -I/Users/admin/builder/spi-builder-workspace/.derivedData/Build/Intermediates.noindex/swift-numerics.build/Debug-watchos/RealModule.build/swift-overrides.hmap -emit-const-values -Xfrontend -const-gather-protocols-file -Xfrontend /Users/admin/builder/spi-builder-workspace/.derivedData/Build/Intermediates.noindex/swift-numerics.build/Debug-watchos/RealModule.build/Objects-normal/arm64/RealModule_const_extract_protocols.json -Xcc -I/Users/admin/builder/spi-builder-workspace/.dependencies/checkouts/swift-numerics/Sources/_NumericsShims/include -Xcc -I/Users/admin/builder/spi-builder-workspace/.derivedData/Build/Products/Debug-watchos/include -Xcc -I/Users/admin/builder/spi-builder-workspace/.derivedData/Build/Intermediates.noindex/swift-numerics.build/Debug-watchos/RealModule.build/DerivedSources-normal/arm64 -Xcc -I/Users/admin/builder/spi-builder-workspace/.derivedData/Build/Intermediates.noindex/swift-numerics.build/Debug-watchos/RealModule.build/DerivedSources/arm64 -Xcc -I/Users/admin/builder/spi-builder-workspace/.derivedData/Build/Intermediates.noindex/swift-numerics.build/Debug-watchos/RealModule.build/DerivedSources -Xcc -DSWIFT_PACKAGE -Xcc -DDEBUG\=1 -emit-objc-header -emit-objc-header-path /Users/admin/builder/spi-builder-workspace/.derivedData/Build/Intermediates.noindex/swift-numerics.build/Debug-watchos/RealModule.build/Objects-normal/arm64/RealModule-Swift.h -working-directory /Users/admin/builder/spi-builder-workspace/.swiftpm/xcode -experimental-emit-module-separately -disable-cmo
SwiftDriver RealModule normal arm64_32 com.apple.xcode.tools.swift.compiler (in target 'RealModule' from project 'swift-numerics')
cd /Users/admin/builder/spi-builder-workspace/.swiftpm/xcode
builtin-SwiftDriver -- /Applications/Xcode-26.5.0.app/Contents/Developer/Toolchains/XcodeDefault.xctoolchain/usr/bin/swiftc -module-name RealModule -Onone @/Users/admin/builder/spi-builder-workspace/.derivedData/Build/Intermediates.noindex/swift-numerics.build/Debug-watchos/RealModule.build/Objects-normal/arm64_32/RealModule.SwiftFileList -DSWIFT_PACKAGE -DDEBUG -DSWIFT_MODULE_RESOURCE_BUNDLE_UNAVAILABLE -DXcode -plugin-path /Applications/Xcode-26.5.0.app/Contents/Developer/Toolchains/XcodeDefault.xctoolchain/usr/lib/swift/host/plugins/testing -enable-experimental-feature DebugDescriptionMacro -sdk /Applications/Xcode-26.5.0.app/Contents/Developer/Platforms/WatchOS.platform/Developer/SDKs/WatchOS26.5.sdk -target arm64_32-apple-watchos5.0 -g -module-cache-path /Users/admin/builder/spi-builder-workspace/.derivedData/ModuleCache.noindex -Xfrontend -serialize-debugging-options -enable-testing -suppress-warnings -index-store-path /Users/admin/builder/spi-builder-workspace/.derivedData/Index.noindex/DataStore -Xcc -D_LIBCPP_HARDENING_MODE\=_LIBCPP_HARDENING_MODE_DEBUG -swift-version 5 -I /Users/admin/builder/spi-builder-workspace/.derivedData/Build/Products/Debug-watchos -Isystem /Applications/Xcode-26.5.0.app/Contents/Developer/Platforms/WatchOS.platform/Developer/usr/lib -F /Users/admin/builder/spi-builder-workspace/.derivedData/Build/Products/Debug-watchos/PackageFrameworks -F /Users/admin/builder/spi-builder-workspace/.derivedData/Build/Products/Debug-watchos -F /Applications/Xcode-26.5.0.app/Contents/Developer/Platforms/WatchOS.platform/Developer/Library/Frameworks -F /Applications/Xcode-26.5.0.app/Contents/Developer/Platforms/WatchOS.platform/Developer/SDKs/WatchOS26.5.sdk/Developer/Library/Frameworks -c -j10 -enable-batch-mode -incremental -Xcc -ivfsstatcache -Xcc /Users/admin/builder/spi-builder-workspace/.derivedData/SDKStatCaches.noindex/watchos26.5-23T570-688ef53f1462e2c8f657fdc38a81448f7931b973dfc65d9472806dbbc3af9379.sdkstatcache -output-file-map /Users/admin/builder/spi-builder-workspace/.derivedData/Build/Intermediates.noindex/swift-numerics.build/Debug-watchos/RealModule.build/Objects-normal/arm64_32/RealModule-OutputFileMap.json -use-frontend-parseable-output -save-temps -no-color-diagnostics -explicit-module-build -module-cache-path /Users/admin/builder/spi-builder-workspace/.derivedData/Build/Intermediates.noindex/SwiftExplicitPrecompiledModules -clang-scanner-module-cache-path /Users/admin/builder/spi-builder-workspace/.derivedData/ModuleCache.noindex -sdk-module-cache-path /Users/admin/builder/spi-builder-workspace/.derivedData/ModuleCache.noindex -serialize-diagnostics -emit-dependencies -emit-module -emit-module-path /Users/admin/builder/spi-builder-workspace/.derivedData/Build/Intermediates.noindex/swift-numerics.build/Debug-watchos/RealModule.build/Objects-normal/arm64_32/RealModule.swiftmodule -validate-clang-modules-once -clang-build-session-file /Users/admin/builder/spi-builder-workspace/.derivedData/ModuleCache.noindex/Session.modulevalidation -package-name swift_numerics -Xcc -I/Users/admin/builder/spi-builder-workspace/.derivedData/Build/Intermediates.noindex/swift-numerics.build/Debug-watchos/RealModule.build/swift-overrides.hmap -emit-const-values -Xfrontend -const-gather-protocols-file -Xfrontend /Users/admin/builder/spi-builder-workspace/.derivedData/Build/Intermediates.noindex/swift-numerics.build/Debug-watchos/RealModule.build/Objects-normal/arm64_32/RealModule_const_extract_protocols.json -Xcc -I/Users/admin/builder/spi-builder-workspace/.dependencies/checkouts/swift-numerics/Sources/_NumericsShims/include -Xcc -I/Users/admin/builder/spi-builder-workspace/.derivedData/Build/Products/Debug-watchos/include -Xcc -I/Users/admin/builder/spi-builder-workspace/.derivedData/Build/Intermediates.noindex/swift-numerics.build/Debug-watchos/RealModule.build/DerivedSources-normal/arm64_32 -Xcc -I/Users/admin/builder/spi-builder-workspace/.derivedData/Build/Intermediates.noindex/swift-numerics.build/Debug-watchos/RealModule.build/DerivedSources/arm64_32 -Xcc -I/Users/admin/builder/spi-builder-workspace/.derivedData/Build/Intermediates.noindex/swift-numerics.build/Debug-watchos/RealModule.build/DerivedSources -Xcc -DSWIFT_PACKAGE -Xcc -DDEBUG\=1 -emit-objc-header -emit-objc-header-path /Users/admin/builder/spi-builder-workspace/.derivedData/Build/Intermediates.noindex/swift-numerics.build/Debug-watchos/RealModule.build/Objects-normal/arm64_32/RealModule-Swift.h -working-directory /Users/admin/builder/spi-builder-workspace/.swiftpm/xcode -experimental-emit-module-separately -disable-cmo
SwiftDriver RealModule normal armv7k com.apple.xcode.tools.swift.compiler (in target 'RealModule' from project 'swift-numerics')
cd /Users/admin/builder/spi-builder-workspace/.swiftpm/xcode
builtin-SwiftDriver -- /Applications/Xcode-26.5.0.app/Contents/Developer/Toolchains/XcodeDefault.xctoolchain/usr/bin/swiftc -module-name RealModule -Onone @/Users/admin/builder/spi-builder-workspace/.derivedData/Build/Intermediates.noindex/swift-numerics.build/Debug-watchos/RealModule.build/Objects-normal/armv7k/RealModule.SwiftFileList -DSWIFT_PACKAGE -DDEBUG -DSWIFT_MODULE_RESOURCE_BUNDLE_UNAVAILABLE -DXcode -plugin-path /Applications/Xcode-26.5.0.app/Contents/Developer/Toolchains/XcodeDefault.xctoolchain/usr/lib/swift/host/plugins/testing -enable-experimental-feature DebugDescriptionMacro -sdk /Applications/Xcode-26.5.0.app/Contents/Developer/Platforms/WatchOS.platform/Developer/SDKs/WatchOS26.5.sdk -target armv7k-apple-watchos5.0 -g -module-cache-path /Users/admin/builder/spi-builder-workspace/.derivedData/ModuleCache.noindex -Xfrontend -serialize-debugging-options -enable-testing -suppress-warnings -index-store-path /Users/admin/builder/spi-builder-workspace/.derivedData/Index.noindex/DataStore -Xcc -D_LIBCPP_HARDENING_MODE\=_LIBCPP_HARDENING_MODE_DEBUG -swift-version 5 -I /Users/admin/builder/spi-builder-workspace/.derivedData/Build/Products/Debug-watchos -Isystem /Applications/Xcode-26.5.0.app/Contents/Developer/Platforms/WatchOS.platform/Developer/usr/lib -F /Users/admin/builder/spi-builder-workspace/.derivedData/Build/Products/Debug-watchos/PackageFrameworks -F /Users/admin/builder/spi-builder-workspace/.derivedData/Build/Products/Debug-watchos -F /Applications/Xcode-26.5.0.app/Contents/Developer/Platforms/WatchOS.platform/Developer/Library/Frameworks -F /Applications/Xcode-26.5.0.app/Contents/Developer/Platforms/WatchOS.platform/Developer/SDKs/WatchOS26.5.sdk/Developer/Library/Frameworks -c -j10 -enable-batch-mode -incremental -Xcc -ivfsstatcache -Xcc /Users/admin/builder/spi-builder-workspace/.derivedData/SDKStatCaches.noindex/watchos26.5-23T570-688ef53f1462e2c8f657fdc38a81448f7931b973dfc65d9472806dbbc3af9379.sdkstatcache -output-file-map /Users/admin/builder/spi-builder-workspace/.derivedData/Build/Intermediates.noindex/swift-numerics.build/Debug-watchos/RealModule.build/Objects-normal/armv7k/RealModule-OutputFileMap.json -use-frontend-parseable-output -save-temps -no-color-diagnostics -explicit-module-build -module-cache-path /Users/admin/builder/spi-builder-workspace/.derivedData/Build/Intermediates.noindex/SwiftExplicitPrecompiledModules -clang-scanner-module-cache-path /Users/admin/builder/spi-builder-workspace/.derivedData/ModuleCache.noindex -sdk-module-cache-path /Users/admin/builder/spi-builder-workspace/.derivedData/ModuleCache.noindex -serialize-diagnostics -emit-dependencies -emit-module -emit-module-path /Users/admin/builder/spi-builder-workspace/.derivedData/Build/Intermediates.noindex/swift-numerics.build/Debug-watchos/RealModule.build/Objects-normal/armv7k/RealModule.swiftmodule -validate-clang-modules-once -clang-build-session-file /Users/admin/builder/spi-builder-workspace/.derivedData/ModuleCache.noindex/Session.modulevalidation -package-name swift_numerics -Xcc -I/Users/admin/builder/spi-builder-workspace/.derivedData/Build/Intermediates.noindex/swift-numerics.build/Debug-watchos/RealModule.build/swift-overrides.hmap -emit-const-values -Xfrontend -const-gather-protocols-file -Xfrontend /Users/admin/builder/spi-builder-workspace/.derivedData/Build/Intermediates.noindex/swift-numerics.build/Debug-watchos/RealModule.build/Objects-normal/armv7k/RealModule_const_extract_protocols.json -Xcc -I/Users/admin/builder/spi-builder-workspace/.dependencies/checkouts/swift-numerics/Sources/_NumericsShims/include -Xcc -I/Users/admin/builder/spi-builder-workspace/.derivedData/Build/Products/Debug-watchos/include -Xcc -I/Users/admin/builder/spi-builder-workspace/.derivedData/Build/Intermediates.noindex/swift-numerics.build/Debug-watchos/RealModule.build/DerivedSources-normal/armv7k -Xcc -I/Users/admin/builder/spi-builder-workspace/.derivedData/Build/Intermediates.noindex/swift-numerics.build/Debug-watchos/RealModule.build/DerivedSources/armv7k -Xcc -I/Users/admin/builder/spi-builder-workspace/.derivedData/Build/Intermediates.noindex/swift-numerics.build/Debug-watchos/RealModule.build/DerivedSources -Xcc -DSWIFT_PACKAGE -Xcc -DDEBUG\=1 -emit-objc-header -emit-objc-header-path /Users/admin/builder/spi-builder-workspace/.derivedData/Build/Intermediates.noindex/swift-numerics.build/Debug-watchos/RealModule.build/Objects-normal/armv7k/RealModule-Swift.h -working-directory /Users/admin/builder/spi-builder-workspace/.swiftpm/xcode -experimental-emit-module-separately -disable-cmo
SwiftDriver Randomization normal arm64 com.apple.xcode.tools.swift.compiler (in target 'Randomization' from project 'Randomization')
cd /Users/admin/builder/spi-builder-workspace/.swiftpm/xcode
builtin-SwiftDriver -- /Applications/Xcode-26.5.0.app/Contents/Developer/Toolchains/XcodeDefault.xctoolchain/usr/bin/swiftc -module-name Randomization -Onone @/Users/admin/builder/spi-builder-workspace/.derivedData/Build/Intermediates.noindex/Randomization.build/Debug-watchos/Randomization.build/Objects-normal/arm64/Randomization.SwiftFileList -DSWIFT_PACKAGE -DDEBUG -DSWIFT_MODULE_RESOURCE_BUNDLE_UNAVAILABLE -DXcode -plugin-path /Applications/Xcode-26.5.0.app/Contents/Developer/Toolchains/XcodeDefault.xctoolchain/usr/lib/swift/host/plugins/testing -enable-experimental-feature DebugDescriptionMacro -sdk /Applications/Xcode-26.5.0.app/Contents/Developer/Platforms/WatchOS.platform/Developer/SDKs/WatchOS26.5.sdk -target arm64-apple-watchos7.0 -g -module-cache-path /Users/admin/builder/spi-builder-workspace/.derivedData/ModuleCache.noindex -Xfrontend -serialize-debugging-options -enable-testing -suppress-warnings -index-store-path /Users/admin/builder/spi-builder-workspace/.derivedData/Index.noindex/DataStore -Xcc -D_LIBCPP_HARDENING_MODE\=_LIBCPP_HARDENING_MODE_DEBUG -swift-version 6 -I /Users/admin/builder/spi-builder-workspace/.derivedData/Build/Products/Debug-watchos -Isystem /Applications/Xcode-26.5.0.app/Contents/Developer/Platforms/WatchOS.platform/Developer/usr/lib -F /Users/admin/builder/spi-builder-workspace/.derivedData/Build/Products/Debug-watchos -F /Applications/Xcode-26.5.0.app/Contents/Developer/Platforms/WatchOS.platform/Developer/Library/Frameworks -F /Applications/Xcode-26.5.0.app/Contents/Developer/Platforms/WatchOS.platform/Developer/SDKs/WatchOS26.5.sdk/Developer/Library/Frameworks -parse-as-library -c -j10 -enable-batch-mode -incremental -Xcc -ivfsstatcache -Xcc /Users/admin/builder/spi-builder-workspace/.derivedData/SDKStatCaches.noindex/watchos26.5-23T570-688ef53f1462e2c8f657fdc38a81448f7931b973dfc65d9472806dbbc3af9379.sdkstatcache -output-file-map /Users/admin/builder/spi-builder-workspace/.derivedData/Build/Intermediates.noindex/Randomization.build/Debug-watchos/Randomization.build/Objects-normal/arm64/Randomization-OutputFileMap.json -use-frontend-parseable-output -save-temps -no-color-diagnostics -explicit-module-build -module-cache-path /Users/admin/builder/spi-builder-workspace/.derivedData/Build/Intermediates.noindex/SwiftExplicitPrecompiledModules -clang-scanner-module-cache-path /Users/admin/builder/spi-builder-workspace/.derivedData/ModuleCache.noindex -sdk-module-cache-path /Users/admin/builder/spi-builder-workspace/.derivedData/ModuleCache.noindex -serialize-diagnostics -emit-dependencies -emit-module -emit-module-path /Users/admin/builder/spi-builder-workspace/.derivedData/Build/Intermediates.noindex/Randomization.build/Debug-watchos/Randomization.build/Objects-normal/arm64/Randomization.swiftmodule -user-module-version 0.0.1 -validate-clang-modules-once -clang-build-session-file /Users/admin/builder/spi-builder-workspace/.derivedData/ModuleCache.noindex/Session.modulevalidation -package-name randomization -Xcc -I/Users/admin/builder/spi-builder-workspace/.derivedData/Build/Intermediates.noindex/Randomization.build/Debug-watchos/Randomization.build/swift-overrides.hmap -emit-const-values -Xfrontend -const-gather-protocols-file -Xfrontend /Users/admin/builder/spi-builder-workspace/.derivedData/Build/Intermediates.noindex/Randomization.build/Debug-watchos/Randomization.build/Objects-normal/arm64/Randomization_const_extract_protocols.json -Xcc -I/Users/admin/builder/spi-builder-workspace/.derivedData/Build/Products/Debug-watchos/include -Xcc -I/Users/admin/builder/spi-builder-workspace/.derivedData/Build/Intermediates.noindex/Randomization.build/Debug-watchos/Randomization.build/DerivedSources-normal/arm64 -Xcc -I/Users/admin/builder/spi-builder-workspace/.derivedData/Build/Intermediates.noindex/Randomization.build/Debug-watchos/Randomization.build/DerivedSources/arm64 -Xcc -I/Users/admin/builder/spi-builder-workspace/.derivedData/Build/Intermediates.noindex/Randomization.build/Debug-watchos/Randomization.build/DerivedSources -Xcc -DSWIFT_PACKAGE -Xcc -DDEBUG\=1 -emit-objc-header -emit-objc-header-path /Users/admin/builder/spi-builder-workspace/.derivedData/Build/Intermediates.noindex/Randomization.build/Debug-watchos/Randomization.build/Objects-normal/arm64/Randomization-Swift.h -working-directory /Users/admin/builder/spi-builder-workspace/.swiftpm/xcode -experimental-emit-module-separately -disable-cmo
SwiftDriver Randomization normal arm64_32 com.apple.xcode.tools.swift.compiler (in target 'Randomization' from project 'Randomization')
cd /Users/admin/builder/spi-builder-workspace/.swiftpm/xcode
builtin-SwiftDriver -- /Applications/Xcode-26.5.0.app/Contents/Developer/Toolchains/XcodeDefault.xctoolchain/usr/bin/swiftc -module-name Randomization -Onone @/Users/admin/builder/spi-builder-workspace/.derivedData/Build/Intermediates.noindex/Randomization.build/Debug-watchos/Randomization.build/Objects-normal/arm64_32/Randomization.SwiftFileList -DSWIFT_PACKAGE -DDEBUG -DSWIFT_MODULE_RESOURCE_BUNDLE_UNAVAILABLE -DXcode -plugin-path /Applications/Xcode-26.5.0.app/Contents/Developer/Toolchains/XcodeDefault.xctoolchain/usr/lib/swift/host/plugins/testing -enable-experimental-feature DebugDescriptionMacro -sdk /Applications/Xcode-26.5.0.app/Contents/Developer/Platforms/WatchOS.platform/Developer/SDKs/WatchOS26.5.sdk -target arm64_32-apple-watchos7.0 -g -module-cache-path /Users/admin/builder/spi-builder-workspace/.derivedData/ModuleCache.noindex -Xfrontend -serialize-debugging-options -enable-testing -suppress-warnings -index-store-path /Users/admin/builder/spi-builder-workspace/.derivedData/Index.noindex/DataStore -Xcc -D_LIBCPP_HARDENING_MODE\=_LIBCPP_HARDENING_MODE_DEBUG -swift-version 6 -I /Users/admin/builder/spi-builder-workspace/.derivedData/Build/Products/Debug-watchos -Isystem /Applications/Xcode-26.5.0.app/Contents/Developer/Platforms/WatchOS.platform/Developer/usr/lib -F /Users/admin/builder/spi-builder-workspace/.derivedData/Build/Products/Debug-watchos -F /Applications/Xcode-26.5.0.app/Contents/Developer/Platforms/WatchOS.platform/Developer/Library/Frameworks -F /Applications/Xcode-26.5.0.app/Contents/Developer/Platforms/WatchOS.platform/Developer/SDKs/WatchOS26.5.sdk/Developer/Library/Frameworks -parse-as-library -c -j10 -enable-batch-mode -incremental -Xcc -ivfsstatcache -Xcc /Users/admin/builder/spi-builder-workspace/.derivedData/SDKStatCaches.noindex/watchos26.5-23T570-688ef53f1462e2c8f657fdc38a81448f7931b973dfc65d9472806dbbc3af9379.sdkstatcache -output-file-map /Users/admin/builder/spi-builder-workspace/.derivedData/Build/Intermediates.noindex/Randomization.build/Debug-watchos/Randomization.build/Objects-normal/arm64_32/Randomization-OutputFileMap.json -use-frontend-parseable-output -save-temps -no-color-diagnostics -explicit-module-build -module-cache-path /Users/admin/builder/spi-builder-workspace/.derivedData/Build/Intermediates.noindex/SwiftExplicitPrecompiledModules -clang-scanner-module-cache-path /Users/admin/builder/spi-builder-workspace/.derivedData/ModuleCache.noindex -sdk-module-cache-path /Users/admin/builder/spi-builder-workspace/.derivedData/ModuleCache.noindex -serialize-diagnostics -emit-dependencies -emit-module -emit-module-path /Users/admin/builder/spi-builder-workspace/.derivedData/Build/Intermediates.noindex/Randomization.build/Debug-watchos/Randomization.build/Objects-normal/arm64_32/Randomization.swiftmodule -user-module-version 0.0.1 -validate-clang-modules-once -clang-build-session-file /Users/admin/builder/spi-builder-workspace/.derivedData/ModuleCache.noindex/Session.modulevalidation -package-name randomization -Xcc -I/Users/admin/builder/spi-builder-workspace/.derivedData/Build/Intermediates.noindex/Randomization.build/Debug-watchos/Randomization.build/swift-overrides.hmap -emit-const-values -Xfrontend -const-gather-protocols-file -Xfrontend /Users/admin/builder/spi-builder-workspace/.derivedData/Build/Intermediates.noindex/Randomization.build/Debug-watchos/Randomization.build/Objects-normal/arm64_32/Randomization_const_extract_protocols.json -Xcc -I/Users/admin/builder/spi-builder-workspace/.derivedData/Build/Products/Debug-watchos/include -Xcc -I/Users/admin/builder/spi-builder-workspace/.derivedData/Build/Intermediates.noindex/Randomization.build/Debug-watchos/Randomization.build/DerivedSources-normal/arm64_32 -Xcc -I/Users/admin/builder/spi-builder-workspace/.derivedData/Build/Intermediates.noindex/Randomization.build/Debug-watchos/Randomization.build/DerivedSources/arm64_32 -Xcc -I/Users/admin/builder/spi-builder-workspace/.derivedData/Build/Intermediates.noindex/Randomization.build/Debug-watchos/Randomization.build/DerivedSources -Xcc -DSWIFT_PACKAGE -Xcc -DDEBUG\=1 -emit-objc-header -emit-objc-header-path /Users/admin/builder/spi-builder-workspace/.derivedData/Build/Intermediates.noindex/Randomization.build/Debug-watchos/Randomization.build/Objects-normal/arm64_32/Randomization-Swift.h -working-directory /Users/admin/builder/spi-builder-workspace/.swiftpm/xcode -experimental-emit-module-separately -disable-cmo
SwiftDriver Randomization normal armv7k com.apple.xcode.tools.swift.compiler (in target 'Randomization' from project 'Randomization')
cd /Users/admin/builder/spi-builder-workspace/.swiftpm/xcode
builtin-SwiftDriver -- /Applications/Xcode-26.5.0.app/Contents/Developer/Toolchains/XcodeDefault.xctoolchain/usr/bin/swiftc -module-name Randomization -Onone @/Users/admin/builder/spi-builder-workspace/.derivedData/Build/Intermediates.noindex/Randomization.build/Debug-watchos/Randomization.build/Objects-normal/armv7k/Randomization.SwiftFileList -DSWIFT_PACKAGE -DDEBUG -DSWIFT_MODULE_RESOURCE_BUNDLE_UNAVAILABLE -DXcode -plugin-path /Applications/Xcode-26.5.0.app/Contents/Developer/Toolchains/XcodeDefault.xctoolchain/usr/lib/swift/host/plugins/testing -enable-experimental-feature DebugDescriptionMacro -sdk /Applications/Xcode-26.5.0.app/Contents/Developer/Platforms/WatchOS.platform/Developer/SDKs/WatchOS26.5.sdk -target armv7k-apple-watchos7.0 -g -module-cache-path /Users/admin/builder/spi-builder-workspace/.derivedData/ModuleCache.noindex -Xfrontend -serialize-debugging-options -enable-testing -suppress-warnings -index-store-path /Users/admin/builder/spi-builder-workspace/.derivedData/Index.noindex/DataStore -Xcc -D_LIBCPP_HARDENING_MODE\=_LIBCPP_HARDENING_MODE_DEBUG -swift-version 6 -I /Users/admin/builder/spi-builder-workspace/.derivedData/Build/Products/Debug-watchos -Isystem /Applications/Xcode-26.5.0.app/Contents/Developer/Platforms/WatchOS.platform/Developer/usr/lib -F /Users/admin/builder/spi-builder-workspace/.derivedData/Build/Products/Debug-watchos -F /Applications/Xcode-26.5.0.app/Contents/Developer/Platforms/WatchOS.platform/Developer/Library/Frameworks -F /Applications/Xcode-26.5.0.app/Contents/Developer/Platforms/WatchOS.platform/Developer/SDKs/WatchOS26.5.sdk/Developer/Library/Frameworks -parse-as-library -c -j10 -enable-batch-mode -incremental -Xcc -ivfsstatcache -Xcc /Users/admin/builder/spi-builder-workspace/.derivedData/SDKStatCaches.noindex/watchos26.5-23T570-688ef53f1462e2c8f657fdc38a81448f7931b973dfc65d9472806dbbc3af9379.sdkstatcache -output-file-map /Users/admin/builder/spi-builder-workspace/.derivedData/Build/Intermediates.noindex/Randomization.build/Debug-watchos/Randomization.build/Objects-normal/armv7k/Randomization-OutputFileMap.json -use-frontend-parseable-output -save-temps -no-color-diagnostics -explicit-module-build -module-cache-path /Users/admin/builder/spi-builder-workspace/.derivedData/Build/Intermediates.noindex/SwiftExplicitPrecompiledModules -clang-scanner-module-cache-path /Users/admin/builder/spi-builder-workspace/.derivedData/ModuleCache.noindex -sdk-module-cache-path /Users/admin/builder/spi-builder-workspace/.derivedData/ModuleCache.noindex -serialize-diagnostics -emit-dependencies -emit-module -emit-module-path /Users/admin/builder/spi-builder-workspace/.derivedData/Build/Intermediates.noindex/Randomization.build/Debug-watchos/Randomization.build/Objects-normal/armv7k/Randomization.swiftmodule -user-module-version 0.0.1 -validate-clang-modules-once -clang-build-session-file /Users/admin/builder/spi-builder-workspace/.derivedData/ModuleCache.noindex/Session.modulevalidation -package-name randomization -Xcc -I/Users/admin/builder/spi-builder-workspace/.derivedData/Build/Intermediates.noindex/Randomization.build/Debug-watchos/Randomization.build/swift-overrides.hmap -emit-const-values -Xfrontend -const-gather-protocols-file -Xfrontend /Users/admin/builder/spi-builder-workspace/.derivedData/Build/Intermediates.noindex/Randomization.build/Debug-watchos/Randomization.build/Objects-normal/armv7k/Randomization_const_extract_protocols.json -Xcc -I/Users/admin/builder/spi-builder-workspace/.derivedData/Build/Products/Debug-watchos/include -Xcc -I/Users/admin/builder/spi-builder-workspace/.derivedData/Build/Intermediates.noindex/Randomization.build/Debug-watchos/Randomization.build/DerivedSources-normal/armv7k -Xcc -I/Users/admin/builder/spi-builder-workspace/.derivedData/Build/Intermediates.noindex/Randomization.build/Debug-watchos/Randomization.build/DerivedSources/armv7k -Xcc -I/Users/admin/builder/spi-builder-workspace/.derivedData/Build/Intermediates.noindex/Randomization.build/Debug-watchos/Randomization.build/DerivedSources -Xcc -DSWIFT_PACKAGE -Xcc -DDEBUG\=1 -emit-objc-header -emit-objc-header-path /Users/admin/builder/spi-builder-workspace/.derivedData/Build/Intermediates.noindex/Randomization.build/Debug-watchos/Randomization.build/Objects-normal/armv7k/Randomization-Swift.h -working-directory /Users/admin/builder/spi-builder-workspace/.swiftpm/xcode -experimental-emit-module-separately -disable-cmo
Ld /Users/admin/builder/spi-builder-workspace/.derivedData/Build/Intermediates.noindex/RedECS.build/Debug-watchos/TiledInterpreter.build/Objects-normal/arm64_32/Binary/TiledInterpreter.o normal arm64_32 (in target 'TiledInterpreter' from project 'RedECS')
cd /Users/admin/builder/spi-builder-workspace
/Applications/Xcode-26.5.0.app/Contents/Developer/Toolchains/XcodeDefault.xctoolchain/usr/bin/clang -Xlinker -reproducible -target arm64_32-apple-watchos10.0 -r -isysroot /Applications/Xcode-26.5.0.app/Contents/Developer/Platforms/WatchOS.platform/Developer/SDKs/WatchOS26.5.sdk -O0 -F/Users/admin/builder/spi-builder-workspace/.derivedData/Build/Intermediates.noindex/EagerLinkingTBDs/Debug-watchos -F/Users/admin/builder/spi-builder-workspace/.derivedData/Build/Products/Debug-watchos -iframework /Applications/Xcode-26.5.0.app/Contents/Developer/Platforms/WatchOS.platform/Developer/Library/Frameworks -iframework /Applications/Xcode-26.5.0.app/Contents/Developer/Platforms/WatchOS.platform/Developer/SDKs/WatchOS26.5.sdk/Developer/Library/Frameworks -filelist /Users/admin/builder/spi-builder-workspace/.derivedData/Build/Intermediates.noindex/RedECS.build/Debug-watchos/TiledInterpreter.build/Objects-normal/arm64_32/TiledInterpreter.LinkFileList -nostdlib -Xlinker -object_path_lto -Xlinker /Users/admin/builder/spi-builder-workspace/.derivedData/Build/Intermediates.noindex/RedECS.build/Debug-watchos/TiledInterpreter.build/Objects-normal/arm64_32/TiledInterpreter_lto.o -Xlinker -no_deduplicate -Xlinker -dependency_info -Xlinker /Users/admin/builder/spi-builder-workspace/.derivedData/Build/Intermediates.noindex/RedECS.build/Debug-watchos/TiledInterpreter.build/Objects-normal/arm64_32/TiledInterpreter_dependency_info.dat -fobjc-link-runtime -L/Applications/Xcode-26.5.0.app/Contents/Developer/Toolchains/XcodeDefault.xctoolchain/usr/lib/swift/watchos -L/usr/lib/swift -Xlinker -add_ast_path -Xlinker /Users/admin/builder/spi-builder-workspace/.derivedData/Build/Intermediates.noindex/RedECS.build/Debug-watchos/TiledInterpreter.build/Objects-normal/arm64_32/TiledInterpreter.swiftmodule @/Users/admin/builder/spi-builder-workspace/.derivedData/Build/Intermediates.noindex/RedECS.build/Debug-watchos/TiledInterpreter.build/Objects-normal/arm64_32/TiledInterpreter-linker-args.resp -o /Users/admin/builder/spi-builder-workspace/.derivedData/Build/Intermediates.noindex/RedECS.build/Debug-watchos/TiledInterpreter.build/Objects-normal/arm64_32/Binary/TiledInterpreter.o
Ld /Users/admin/builder/spi-builder-workspace/.derivedData/Build/Intermediates.noindex/RedECS.build/Debug-watchos/TiledInterpreter.build/Objects-normal/arm64/Binary/TiledInterpreter.o normal arm64 (in target 'TiledInterpreter' from project 'RedECS')
cd /Users/admin/builder/spi-builder-workspace
/Applications/Xcode-26.5.0.app/Contents/Developer/Toolchains/XcodeDefault.xctoolchain/usr/bin/clang -Xlinker -reproducible -target arm64-apple-watchos10.0 -r -isysroot /Applications/Xcode-26.5.0.app/Contents/Developer/Platforms/WatchOS.platform/Developer/SDKs/WatchOS26.5.sdk -O0 -F/Users/admin/builder/spi-builder-workspace/.derivedData/Build/Intermediates.noindex/EagerLinkingTBDs/Debug-watchos -F/Users/admin/builder/spi-builder-workspace/.derivedData/Build/Products/Debug-watchos -iframework /Applications/Xcode-26.5.0.app/Contents/Developer/Platforms/WatchOS.platform/Developer/Library/Frameworks -iframework /Applications/Xcode-26.5.0.app/Contents/Developer/Platforms/WatchOS.platform/Developer/SDKs/WatchOS26.5.sdk/Developer/Library/Frameworks -filelist /Users/admin/builder/spi-builder-workspace/.derivedData/Build/Intermediates.noindex/RedECS.build/Debug-watchos/TiledInterpreter.build/Objects-normal/arm64/TiledInterpreter.LinkFileList -nostdlib -Xlinker -object_path_lto -Xlinker /Users/admin/builder/spi-builder-workspace/.derivedData/Build/Intermediates.noindex/RedECS.build/Debug-watchos/TiledInterpreter.build/Objects-normal/arm64/TiledInterpreter_lto.o -Xlinker -no_deduplicate -Xlinker -dependency_info -Xlinker /Users/admin/builder/spi-builder-workspace/.derivedData/Build/Intermediates.noindex/RedECS.build/Debug-watchos/TiledInterpreter.build/Objects-normal/arm64/TiledInterpreter_dependency_info.dat -fobjc-link-runtime -L/Applications/Xcode-26.5.0.app/Contents/Developer/Toolchains/XcodeDefault.xctoolchain/usr/lib/swift/watchos -L/usr/lib/swift -Xlinker -add_ast_path -Xlinker /Users/admin/builder/spi-builder-workspace/.derivedData/Build/Intermediates.noindex/RedECS.build/Debug-watchos/TiledInterpreter.build/Objects-normal/arm64/TiledInterpreter.swiftmodule @/Users/admin/builder/spi-builder-workspace/.derivedData/Build/Intermediates.noindex/RedECS.build/Debug-watchos/TiledInterpreter.build/Objects-normal/arm64/TiledInterpreter-linker-args.resp -o /Users/admin/builder/spi-builder-workspace/.derivedData/Build/Intermediates.noindex/RedECS.build/Debug-watchos/TiledInterpreter.build/Objects-normal/arm64/Binary/TiledInterpreter.o
SwiftEmitModule normal armv7k Emitting\ module\ for\ Randomization (in target 'Randomization' from project 'Randomization')
SwiftCompile normal armv7k /Users/admin/builder/spi-builder-workspace/.dependencies/checkouts/Randomization/Sources/Randomization/GameRandom.swift (in target 'Randomization' from project 'Randomization')
cd /Users/admin/builder/spi-builder-workspace/.swiftpm/xcode
SwiftEmitModule normal arm64_32 Emitting\ module\ for\ Randomization (in target 'Randomization' from project 'Randomization')
SwiftCompile normal arm64_32 /Users/admin/builder/spi-builder-workspace/.dependencies/checkouts/Randomization/Sources/Randomization/GameRandom.swift (in target 'Randomization' from project 'Randomization')
cd /Users/admin/builder/spi-builder-workspace/.swiftpm/xcode
SwiftEmitModule normal arm64 Emitting\ module\ for\ Randomization (in target 'Randomization' from project 'Randomization')
SwiftCompile normal arm64 /Users/admin/builder/spi-builder-workspace/.dependencies/checkouts/Randomization/Sources/Randomization/GameRandom.swift (in target 'Randomization' from project 'Randomization')
cd /Users/admin/builder/spi-builder-workspace/.swiftpm/xcode
SwiftDriver InternalCollectionsUtilities normal arm64 com.apple.xcode.tools.swift.compiler (in target 'InternalCollectionsUtilities' from project 'swift-collections')
cd /Users/admin/builder/spi-builder-workspace/.swiftpm/xcode
builtin-SwiftDriver -- /Applications/Xcode-26.5.0.app/Contents/Developer/Toolchains/XcodeDefault.xctoolchain/usr/bin/swiftc -module-name InternalCollectionsUtilities -Onone @/Users/admin/builder/spi-builder-workspace/.derivedData/Build/Intermediates.noindex/swift-collections.build/Debug-watchos/InternalCollectionsUtilities.build/Objects-normal/arm64/InternalCollectionsUtilities.SwiftFileList -DSWIFT_PACKAGE -DDEBUG -DSWIFT_MODULE_RESOURCE_BUNDLE_UNAVAILABLE -DCOLLECTIONS_RANDOMIZED_TESTING -DXcode -enable-experimental-feature AvailabilityMacro\=SwiftStdlib\ 5.0:\ macOS\ 10.14.4,\ iOS\ 12.2,\ watchOS\ 5.2,\ tvOS\ 12.2 -enable-experimental-feature AvailabilityMacro\=SwiftStdlib\ 5.1:\ macOS\ 10.15,\ iOS\ 13.0,\ watchOS\ 6.0,\ tvOS\ 13.0 -enable-experimental-feature AvailabilityMacro\=SwiftStdlib\ 5.6:\ macOS\ 12.3,\ iOS\ 15.4,\ watchOS\ 8.5,\ tvOS\ 15.4 -enable-experimental-feature AvailabilityMacro\=SwiftStdlib\ 5.7:\ macOS\ 13.0,\ iOS\ 16.0,\ watchOS\ 9.0,\ tvOS\ 16.0 -enable-experimental-feature AvailabilityMacro\=SwiftStdlib\ 5.8:\ macOS\ 13.3,\ iOS\ 16.4,\ watchOS\ 9.4,\ tvOS\ 16.4 -enable-experimental-feature AvailabilityMacro\=SwiftStdlib\ 5.9:\ macOS\ 14.0,\ iOS\ 17.0,\ watchOS\ 10.0,\ tvOS\ 17.0 -enable-experimental-feature AvailabilityMacro\=SwiftStdlib\ 5.10:\ macOS\ 14.4,\ iOS\ 17.4,\ watchOS\ 10.4,\ tvOS\ 17.4,\ visionOS\ 1.1 -enable-experimental-feature AvailabilityMacro\=SwiftStdlib\ 6.0:\ macOS\ 15.0,\ iOS\ 18.0,\ watchOS\ 11.0,\ tvOS\ 18.0,\ visionOS\ 2.0 -enable-experimental-feature AvailabilityMacro\=SwiftStdlib\ 6.1:\ macOS\ 15.4,\ iOS\ 18.4,\ watchOS\ 11.4,\ tvOS\ 18.4,\ visionOS\ 2.4 -enable-experimental-feature AvailabilityMacro\=SwiftStdlib\ 6.2:\ macOS\ 26.0,\ iOS\ 26.0,\ watchOS\ 26.0,\ tvOS\ 26.0,\ visionOS\ 26.0 -enable-experimental-feature AvailabilityMacro\=SwiftStdlib\ 6.3:\ macOS\ 26.4,\ iOS\ 26.4,\ watchOS\ 26.4,\ tvOS\ 26.4,\ visionOS\ 26.4 -enable-experimental-feature AvailabilityMacro\=SwiftStdlib\ 6.4:\ macOS\ 9999,\ iOS\ 9999,\ watchOS\ 9999,\ tvOS\ 9999,\ visionOS\ 9999 -enable-experimental-feature AvailabilityMacro\=SwiftStdlib\ 6.5:\ macOS\ 9999,\ iOS\ 9999,\ watchOS\ 9999,\ tvOS\ 9999,\ visionOS\ 9999 -enable-upcoming-feature MemberImportVisibility -enable-experimental-feature BuiltinModule -enable-experimental-feature Lifetimes -enable-experimental-feature InoutLifetimeDependence -enable-experimental-feature AddressableParameters -enable-experimental-feature AddressableTypes -enable-experimental-feature SuppressedAssociatedTypesWithDefaults -plugin-path /Applications/Xcode-26.5.0.app/Contents/Developer/Toolchains/XcodeDefault.xctoolchain/usr/lib/swift/host/plugins/testing -enable-experimental-feature DebugDescriptionMacro -sdk /Applications/Xcode-26.5.0.app/Contents/Developer/Platforms/WatchOS.platform/Developer/SDKs/WatchOS26.5.sdk -target arm64-apple-watchos5.0 -g -module-cache-path /Users/admin/builder/spi-builder-workspace/.derivedData/ModuleCache.noindex -Xfrontend -serialize-debugging-options -enable-testing -suppress-warnings -index-store-path /Users/admin/builder/spi-builder-workspace/.derivedData/Index.noindex/DataStore -Xcc -D_LIBCPP_HARDENING_MODE\=_LIBCPP_HARDENING_MODE_DEBUG -swift-version 6 -I /Users/admin/builder/spi-builder-workspace/.derivedData/Build/Products/Debug-watchos -Isystem /Applications/Xcode-26.5.0.app/Contents/Developer/Platforms/WatchOS.platform/Developer/usr/lib -F /Users/admin/builder/spi-builder-workspace/.derivedData/Build/Products/Debug-watchos -F /Applications/Xcode-26.5.0.app/Contents/Developer/Platforms/WatchOS.platform/Developer/Library/Frameworks -F /Applications/Xcode-26.5.0.app/Contents/Developer/Platforms/WatchOS.platform/Developer/SDKs/WatchOS26.5.sdk/Developer/Library/Frameworks -c -j10 -enable-batch-mode -incremental -Xcc -ivfsstatcache -Xcc /Users/admin/builder/spi-builder-workspace/.derivedData/SDKStatCaches.noindex/watchos26.5-23T570-688ef53f1462e2c8f657fdc38a81448f7931b973dfc65d9472806dbbc3af9379.sdkstatcache -output-file-map /Users/admin/builder/spi-builder-workspace/.derivedData/Build/Intermediates.noindex/swift-collections.build/Debug-watchos/InternalCollectionsUtilities.build/Objects-normal/arm64/InternalCollectionsUtilities-OutputFileMap.json -use-frontend-parseable-output -save-temps -no-color-diagnostics -explicit-module-build -module-cache-path /Users/admin/builder/spi-builder-workspace/.derivedData/Build/Intermediates.noindex/SwiftExplicitPrecompiledModules -clang-scanner-module-cache-path /Users/admin/builder/spi-builder-workspace/.derivedData/ModuleCache.noindex -sdk-module-cache-path /Users/admin/builder/spi-builder-workspace/.derivedData/ModuleCache.noindex -serialize-diagnostics -emit-dependencies -emit-module -emit-module-path /Users/admin/builder/spi-builder-workspace/.derivedData/Build/Intermediates.noindex/swift-collections.build/Debug-watchos/InternalCollectionsUtilities.build/Objects-normal/arm64/InternalCollectionsUtilities.swiftmodule -user-module-version 1.6.0 -validate-clang-modules-once -clang-build-session-file /Users/admin/builder/spi-builder-workspace/.derivedData/ModuleCache.noindex/Session.modulevalidation -package-name swift_collections -Xcc -I/Users/admin/builder/spi-builder-workspace/.derivedData/Build/Intermediates.noindex/swift-collections.build/Debug-watchos/InternalCollectionsUtilities.build/swift-overrides.hmap -emit-const-values -Xfrontend -const-gather-protocols-file -Xfrontend /Users/admin/builder/spi-builder-workspace/.derivedData/Build/Intermediates.noindex/swift-collections.build/Debug-watchos/InternalCollectionsUtilities.build/Objects-normal/arm64/InternalCollectionsUtilities_const_extract_protocols.json -Xcc -I/Users/admin/builder/spi-builder-workspace/.derivedData/Build/Products/Debug-watchos/include -Xcc -I/Users/admin/builder/spi-builder-workspace/.derivedData/Build/Intermediates.noindex/swift-collections.build/Debug-watchos/InternalCollectionsUtilities.build/DerivedSources-normal/arm64 -Xcc -I/Users/admin/builder/spi-builder-workspace/.derivedData/Build/Intermediates.noindex/swift-collections.build/Debug-watchos/InternalCollectionsUtilities.build/DerivedSources/arm64 -Xcc -I/Users/admin/builder/spi-builder-workspace/.derivedData/Build/Intermediates.noindex/swift-collections.build/Debug-watchos/InternalCollectionsUtilities.build/DerivedSources -Xcc -DSWIFT_PACKAGE -Xcc -DDEBUG\=1 -emit-objc-header -emit-objc-header-path /Users/admin/builder/spi-builder-workspace/.derivedData/Build/Intermediates.noindex/swift-collections.build/Debug-watchos/InternalCollectionsUtilities.build/Objects-normal/arm64/InternalCollectionsUtilities-Swift.h -working-directory /Users/admin/builder/spi-builder-workspace/.swiftpm/xcode -experimental-emit-module-separately -disable-cmo
CreateUniversalBinary /Users/admin/builder/spi-builder-workspace/.derivedData/Build/Products/Debug-watchos/TiledInterpreter.o normal arm64\ arm64_32 (in target 'TiledInterpreter' from project 'RedECS')
cd /Users/admin/builder/spi-builder-workspace
/Applications/Xcode-26.5.0.app/Contents/Developer/Toolchains/XcodeDefault.xctoolchain/usr/bin/lipo -create /Users/admin/builder/spi-builder-workspace/.derivedData/Build/Intermediates.noindex/RedECS.build/Debug-watchos/TiledInterpreter.build/Objects-normal/arm64/Binary/TiledInterpreter.o /Users/admin/builder/spi-builder-workspace/.derivedData/Build/Intermediates.noindex/RedECS.build/Debug-watchos/TiledInterpreter.build/Objects-normal/arm64_32/Binary/TiledInterpreter.o -output /Users/admin/builder/spi-builder-workspace/.derivedData/Build/Products/Debug-watchos/TiledInterpreter.o
SwiftDriver InternalCollectionsUtilities normal arm64_32 com.apple.xcode.tools.swift.compiler (in target 'InternalCollectionsUtilities' from project 'swift-collections')
cd /Users/admin/builder/spi-builder-workspace/.swiftpm/xcode
builtin-SwiftDriver -- /Applications/Xcode-26.5.0.app/Contents/Developer/Toolchains/XcodeDefault.xctoolchain/usr/bin/swiftc -module-name InternalCollectionsUtilities -Onone @/Users/admin/builder/spi-builder-workspace/.derivedData/Build/Intermediates.noindex/swift-collections.build/Debug-watchos/InternalCollectionsUtilities.build/Objects-normal/arm64_32/InternalCollectionsUtilities.SwiftFileList -DSWIFT_PACKAGE -DDEBUG -DSWIFT_MODULE_RESOURCE_BUNDLE_UNAVAILABLE -DCOLLECTIONS_RANDOMIZED_TESTING -DXcode -enable-experimental-feature AvailabilityMacro\=SwiftStdlib\ 5.0:\ macOS\ 10.14.4,\ iOS\ 12.2,\ watchOS\ 5.2,\ tvOS\ 12.2 -enable-experimental-feature AvailabilityMacro\=SwiftStdlib\ 5.1:\ macOS\ 10.15,\ iOS\ 13.0,\ watchOS\ 6.0,\ tvOS\ 13.0 -enable-experimental-feature AvailabilityMacro\=SwiftStdlib\ 5.6:\ macOS\ 12.3,\ iOS\ 15.4,\ watchOS\ 8.5,\ tvOS\ 15.4 -enable-experimental-feature AvailabilityMacro\=SwiftStdlib\ 5.7:\ macOS\ 13.0,\ iOS\ 16.0,\ watchOS\ 9.0,\ tvOS\ 16.0 -enable-experimental-feature AvailabilityMacro\=SwiftStdlib\ 5.8:\ macOS\ 13.3,\ iOS\ 16.4,\ watchOS\ 9.4,\ tvOS\ 16.4 -enable-experimental-feature AvailabilityMacro\=SwiftStdlib\ 5.9:\ macOS\ 14.0,\ iOS\ 17.0,\ watchOS\ 10.0,\ tvOS\ 17.0 -enable-experimental-feature AvailabilityMacro\=SwiftStdlib\ 5.10:\ macOS\ 14.4,\ iOS\ 17.4,\ watchOS\ 10.4,\ tvOS\ 17.4,\ visionOS\ 1.1 -enable-experimental-feature AvailabilityMacro\=SwiftStdlib\ 6.0:\ macOS\ 15.0,\ iOS\ 18.0,\ watchOS\ 11.0,\ tvOS\ 18.0,\ visionOS\ 2.0 -enable-experimental-feature AvailabilityMacro\=SwiftStdlib\ 6.1:\ macOS\ 15.4,\ iOS\ 18.4,\ watchOS\ 11.4,\ tvOS\ 18.4,\ visionOS\ 2.4 -enable-experimental-feature AvailabilityMacro\=SwiftStdlib\ 6.2:\ macOS\ 26.0,\ iOS\ 26.0,\ watchOS\ 26.0,\ tvOS\ 26.0,\ visionOS\ 26.0 -enable-experimental-feature AvailabilityMacro\=SwiftStdlib\ 6.3:\ macOS\ 26.4,\ iOS\ 26.4,\ watchOS\ 26.4,\ tvOS\ 26.4,\ visionOS\ 26.4 -enable-experimental-feature AvailabilityMacro\=SwiftStdlib\ 6.4:\ macOS\ 9999,\ iOS\ 9999,\ watchOS\ 9999,\ tvOS\ 9999,\ visionOS\ 9999 -enable-experimental-feature AvailabilityMacro\=SwiftStdlib\ 6.5:\ macOS\ 9999,\ iOS\ 9999,\ watchOS\ 9999,\ tvOS\ 9999,\ visionOS\ 9999 -enable-upcoming-feature MemberImportVisibility -enable-experimental-feature BuiltinModule -enable-experimental-feature Lifetimes -enable-experimental-feature InoutLifetimeDependence -enable-experimental-feature AddressableParameters -enable-experimental-feature AddressableTypes -enable-experimental-feature SuppressedAssociatedTypesWithDefaults -plugin-path /Applications/Xcode-26.5.0.app/Contents/Developer/Toolchains/XcodeDefault.xctoolchain/usr/lib/swift/host/plugins/testing -enable-experimental-feature DebugDescriptionMacro -sdk /Applications/Xcode-26.5.0.app/Contents/Developer/Platforms/WatchOS.platform/Developer/SDKs/WatchOS26.5.sdk -target arm64_32-apple-watchos5.0 -g -module-cache-path /Users/admin/builder/spi-builder-workspace/.derivedData/ModuleCache.noindex -Xfrontend -serialize-debugging-options -enable-testing -suppress-warnings -index-store-path /Users/admin/builder/spi-builder-workspace/.derivedData/Index.noindex/DataStore -Xcc -D_LIBCPP_HARDENING_MODE\=_LIBCPP_HARDENING_MODE_DEBUG -swift-version 6 -I /Users/admin/builder/spi-builder-workspace/.derivedData/Build/Products/Debug-watchos -Isystem /Applications/Xcode-26.5.0.app/Contents/Developer/Platforms/WatchOS.platform/Developer/usr/lib -F /Users/admin/builder/spi-builder-workspace/.derivedData/Build/Products/Debug-watchos -F /Applications/Xcode-26.5.0.app/Contents/Developer/Platforms/WatchOS.platform/Developer/Library/Frameworks -F /Applications/Xcode-26.5.0.app/Contents/Developer/Platforms/WatchOS.platform/Developer/SDKs/WatchOS26.5.sdk/Developer/Library/Frameworks -c -j10 -enable-batch-mode -incremental -Xcc -ivfsstatcache -Xcc /Users/admin/builder/spi-builder-workspace/.derivedData/SDKStatCaches.noindex/watchos26.5-23T570-688ef53f1462e2c8f657fdc38a81448f7931b973dfc65d9472806dbbc3af9379.sdkstatcache -output-file-map /Users/admin/builder/spi-builder-workspace/.derivedData/Build/Intermediates.noindex/swift-collections.build/Debug-watchos/InternalCollectionsUtilities.build/Objects-normal/arm64_32/InternalCollectionsUtilities-OutputFileMap.json -use-frontend-parseable-output -save-temps -no-color-diagnostics -explicit-module-build -module-cache-path /Users/admin/builder/spi-builder-workspace/.derivedData/Build/Intermediates.noindex/SwiftExplicitPrecompiledModules -clang-scanner-module-cache-path /Users/admin/builder/spi-builder-workspace/.derivedData/ModuleCache.noindex -sdk-module-cache-path /Users/admin/builder/spi-builder-workspace/.derivedData/ModuleCache.noindex -serialize-diagnostics -emit-dependencies -emit-module -emit-module-path /Users/admin/builder/spi-builder-workspace/.derivedData/Build/Intermediates.noindex/swift-collections.build/Debug-watchos/InternalCollectionsUtilities.build/Objects-normal/arm64_32/InternalCollectionsUtilities.swiftmodule -user-module-version 1.6.0 -validate-clang-modules-once -clang-build-session-file /Users/admin/builder/spi-builder-workspace/.derivedData/ModuleCache.noindex/Session.modulevalidation -package-name swift_collections -Xcc -I/Users/admin/builder/spi-builder-workspace/.derivedData/Build/Intermediates.noindex/swift-collections.build/Debug-watchos/InternalCollectionsUtilities.build/swift-overrides.hmap -emit-const-values -Xfrontend -const-gather-protocols-file -Xfrontend /Users/admin/builder/spi-builder-workspace/.derivedData/Build/Intermediates.noindex/swift-collections.build/Debug-watchos/InternalCollectionsUtilities.build/Objects-normal/arm64_32/InternalCollectionsUtilities_const_extract_protocols.json -Xcc -I/Users/admin/builder/spi-builder-workspace/.derivedData/Build/Products/Debug-watchos/include -Xcc -I/Users/admin/builder/spi-builder-workspace/.derivedData/Build/Intermediates.noindex/swift-collections.build/Debug-watchos/InternalCollectionsUtilities.build/DerivedSources-normal/arm64_32 -Xcc -I/Users/admin/builder/spi-builder-workspace/.derivedData/Build/Intermediates.noindex/swift-collections.build/Debug-watchos/InternalCollectionsUtilities.build/DerivedSources/arm64_32 -Xcc -I/Users/admin/builder/spi-builder-workspace/.derivedData/Build/Intermediates.noindex/swift-collections.build/Debug-watchos/InternalCollectionsUtilities.build/DerivedSources -Xcc -DSWIFT_PACKAGE -Xcc -DDEBUG\=1 -emit-objc-header -emit-objc-header-path /Users/admin/builder/spi-builder-workspace/.derivedData/Build/Intermediates.noindex/swift-collections.build/Debug-watchos/InternalCollectionsUtilities.build/Objects-normal/arm64_32/InternalCollectionsUtilities-Swift.h -working-directory /Users/admin/builder/spi-builder-workspace/.swiftpm/xcode -experimental-emit-module-separately -disable-cmo
SwiftDriver InternalCollectionsUtilities normal armv7k com.apple.xcode.tools.swift.compiler (in target 'InternalCollectionsUtilities' from project 'swift-collections')
cd /Users/admin/builder/spi-builder-workspace/.swiftpm/xcode
builtin-SwiftDriver -- /Applications/Xcode-26.5.0.app/Contents/Developer/Toolchains/XcodeDefault.xctoolchain/usr/bin/swiftc -module-name InternalCollectionsUtilities -Onone @/Users/admin/builder/spi-builder-workspace/.derivedData/Build/Intermediates.noindex/swift-collections.build/Debug-watchos/InternalCollectionsUtilities.build/Objects-normal/armv7k/InternalCollectionsUtilities.SwiftFileList -DSWIFT_PACKAGE -DDEBUG -DSWIFT_MODULE_RESOURCE_BUNDLE_UNAVAILABLE -DCOLLECTIONS_RANDOMIZED_TESTING -DXcode -enable-experimental-feature AvailabilityMacro\=SwiftStdlib\ 5.0:\ macOS\ 10.14.4,\ iOS\ 12.2,\ watchOS\ 5.2,\ tvOS\ 12.2 -enable-experimental-feature AvailabilityMacro\=SwiftStdlib\ 5.1:\ macOS\ 10.15,\ iOS\ 13.0,\ watchOS\ 6.0,\ tvOS\ 13.0 -enable-experimental-feature AvailabilityMacro\=SwiftStdlib\ 5.6:\ macOS\ 12.3,\ iOS\ 15.4,\ watchOS\ 8.5,\ tvOS\ 15.4 -enable-experimental-feature AvailabilityMacro\=SwiftStdlib\ 5.7:\ macOS\ 13.0,\ iOS\ 16.0,\ watchOS\ 9.0,\ tvOS\ 16.0 -enable-experimental-feature AvailabilityMacro\=SwiftStdlib\ 5.8:\ macOS\ 13.3,\ iOS\ 16.4,\ watchOS\ 9.4,\ tvOS\ 16.4 -enable-experimental-feature AvailabilityMacro\=SwiftStdlib\ 5.9:\ macOS\ 14.0,\ iOS\ 17.0,\ watchOS\ 10.0,\ tvOS\ 17.0 -enable-experimental-feature AvailabilityMacro\=SwiftStdlib\ 5.10:\ macOS\ 14.4,\ iOS\ 17.4,\ watchOS\ 10.4,\ tvOS\ 17.4,\ visionOS\ 1.1 -enable-experimental-feature AvailabilityMacro\=SwiftStdlib\ 6.0:\ macOS\ 15.0,\ iOS\ 18.0,\ watchOS\ 11.0,\ tvOS\ 18.0,\ visionOS\ 2.0 -enable-experimental-feature AvailabilityMacro\=SwiftStdlib\ 6.1:\ macOS\ 15.4,\ iOS\ 18.4,\ watchOS\ 11.4,\ tvOS\ 18.4,\ visionOS\ 2.4 -enable-experimental-feature AvailabilityMacro\=SwiftStdlib\ 6.2:\ macOS\ 26.0,\ iOS\ 26.0,\ watchOS\ 26.0,\ tvOS\ 26.0,\ visionOS\ 26.0 -enable-experimental-feature AvailabilityMacro\=SwiftStdlib\ 6.3:\ macOS\ 26.4,\ iOS\ 26.4,\ watchOS\ 26.4,\ tvOS\ 26.4,\ visionOS\ 26.4 -enable-experimental-feature AvailabilityMacro\=SwiftStdlib\ 6.4:\ macOS\ 9999,\ iOS\ 9999,\ watchOS\ 9999,\ tvOS\ 9999,\ visionOS\ 9999 -enable-experimental-feature AvailabilityMacro\=SwiftStdlib\ 6.5:\ macOS\ 9999,\ iOS\ 9999,\ watchOS\ 9999,\ tvOS\ 9999,\ visionOS\ 9999 -enable-upcoming-feature MemberImportVisibility -enable-experimental-feature BuiltinModule -enable-experimental-feature Lifetimes -enable-experimental-feature InoutLifetimeDependence -enable-experimental-feature AddressableParameters -enable-experimental-feature AddressableTypes -enable-experimental-feature SuppressedAssociatedTypesWithDefaults -plugin-path /Applications/Xcode-26.5.0.app/Contents/Developer/Toolchains/XcodeDefault.xctoolchain/usr/lib/swift/host/plugins/testing -enable-experimental-feature DebugDescriptionMacro -sdk /Applications/Xcode-26.5.0.app/Contents/Developer/Platforms/WatchOS.platform/Developer/SDKs/WatchOS26.5.sdk -target armv7k-apple-watchos5.0 -g -module-cache-path /Users/admin/builder/spi-builder-workspace/.derivedData/ModuleCache.noindex -Xfrontend -serialize-debugging-options -enable-testing -suppress-warnings -index-store-path /Users/admin/builder/spi-builder-workspace/.derivedData/Index.noindex/DataStore -Xcc -D_LIBCPP_HARDENING_MODE\=_LIBCPP_HARDENING_MODE_DEBUG -swift-version 6 -I /Users/admin/builder/spi-builder-workspace/.derivedData/Build/Products/Debug-watchos -Isystem /Applications/Xcode-26.5.0.app/Contents/Developer/Platforms/WatchOS.platform/Developer/usr/lib -F /Users/admin/builder/spi-builder-workspace/.derivedData/Build/Products/Debug-watchos -F /Applications/Xcode-26.5.0.app/Contents/Developer/Platforms/WatchOS.platform/Developer/Library/Frameworks -F /Applications/Xcode-26.5.0.app/Contents/Developer/Platforms/WatchOS.platform/Developer/SDKs/WatchOS26.5.sdk/Developer/Library/Frameworks -c -j10 -enable-batch-mode -incremental -Xcc -ivfsstatcache -Xcc /Users/admin/builder/spi-builder-workspace/.derivedData/SDKStatCaches.noindex/watchos26.5-23T570-688ef53f1462e2c8f657fdc38a81448f7931b973dfc65d9472806dbbc3af9379.sdkstatcache -output-file-map /Users/admin/builder/spi-builder-workspace/.derivedData/Build/Intermediates.noindex/swift-collections.build/Debug-watchos/InternalCollectionsUtilities.build/Objects-normal/armv7k/InternalCollectionsUtilities-OutputFileMap.json -use-frontend-parseable-output -save-temps -no-color-diagnostics -explicit-module-build -module-cache-path /Users/admin/builder/spi-builder-workspace/.derivedData/Build/Intermediates.noindex/SwiftExplicitPrecompiledModules -clang-scanner-module-cache-path /Users/admin/builder/spi-builder-workspace/.derivedData/ModuleCache.noindex -sdk-module-cache-path /Users/admin/builder/spi-builder-workspace/.derivedData/ModuleCache.noindex -serialize-diagnostics -emit-dependencies -emit-module -emit-module-path /Users/admin/builder/spi-builder-workspace/.derivedData/Build/Intermediates.noindex/swift-collections.build/Debug-watchos/InternalCollectionsUtilities.build/Objects-normal/armv7k/InternalCollectionsUtilities.swiftmodule -user-module-version 1.6.0 -validate-clang-modules-once -clang-build-session-file /Users/admin/builder/spi-builder-workspace/.derivedData/ModuleCache.noindex/Session.modulevalidation -package-name swift_collections -Xcc -I/Users/admin/builder/spi-builder-workspace/.derivedData/Build/Intermediates.noindex/swift-collections.build/Debug-watchos/InternalCollectionsUtilities.build/swift-overrides.hmap -emit-const-values -Xfrontend -const-gather-protocols-file -Xfrontend /Users/admin/builder/spi-builder-workspace/.derivedData/Build/Intermediates.noindex/swift-collections.build/Debug-watchos/InternalCollectionsUtilities.build/Objects-normal/armv7k/InternalCollectionsUtilities_const_extract_protocols.json -Xcc -I/Users/admin/builder/spi-builder-workspace/.derivedData/Build/Products/Debug-watchos/include -Xcc -I/Users/admin/builder/spi-builder-workspace/.derivedData/Build/Intermediates.noindex/swift-collections.build/Debug-watchos/InternalCollectionsUtilities.build/DerivedSources-normal/armv7k -Xcc -I/Users/admin/builder/spi-builder-workspace/.derivedData/Build/Intermediates.noindex/swift-collections.build/Debug-watchos/InternalCollectionsUtilities.build/DerivedSources/armv7k -Xcc -I/Users/admin/builder/spi-builder-workspace/.derivedData/Build/Intermediates.noindex/swift-collections.build/Debug-watchos/InternalCollectionsUtilities.build/DerivedSources -Xcc -DSWIFT_PACKAGE -Xcc -DDEBUG\=1 -emit-objc-header -emit-objc-header-path /Users/admin/builder/spi-builder-workspace/.derivedData/Build/Intermediates.noindex/swift-collections.build/Debug-watchos/InternalCollectionsUtilities.build/Objects-normal/armv7k/InternalCollectionsUtilities-Swift.h -working-directory /Users/admin/builder/spi-builder-workspace/.swiftpm/xcode -experimental-emit-module-separately -disable-cmo
SwiftEmitModule normal arm64_32 Emitting\ module\ for\ RealModule (in target 'RealModule' from project 'swift-numerics')
EmitSwiftModule normal arm64_32 (in target 'RealModule' from project 'swift-numerics')
cd /Users/admin/builder/spi-builder-workspace/.swiftpm/xcode
SwiftEmitModule normal arm64 Emitting\ module\ for\ RealModule (in target 'RealModule' from project 'swift-numerics')
EmitSwiftModule normal arm64 (in target 'RealModule' from project 'swift-numerics')
cd /Users/admin/builder/spi-builder-workspace/.swiftpm/xcode
SwiftEmitModule normal armv7k Emitting\ module\ for\ RealModule (in target 'RealModule' from project 'swift-numerics')
EmitSwiftModule normal armv7k (in target 'RealModule' from project 'swift-numerics')
cd /Users/admin/builder/spi-builder-workspace/.swiftpm/xcode
SwiftDriver Geometry normal armv7k com.apple.xcode.tools.swift.compiler (in target 'Geometry' from project 'Geometry')
cd /Users/admin/builder/spi-builder-workspace/.swiftpm/xcode
builtin-SwiftDriver -- /Applications/Xcode-26.5.0.app/Contents/Developer/Toolchains/XcodeDefault.xctoolchain/usr/bin/swiftc -module-name Geometry -Onone @/Users/admin/builder/spi-builder-workspace/.derivedData/Build/Intermediates.noindex/Geometry.build/Debug-watchos/Geometry.build/Objects-normal/armv7k/Geometry.SwiftFileList -DSWIFT_PACKAGE -DDEBUG -DSWIFT_MODULE_RESOURCE_BUNDLE_UNAVAILABLE -DXcode -plugin-path /Applications/Xcode-26.5.0.app/Contents/Developer/Toolchains/XcodeDefault.xctoolchain/usr/lib/swift/host/plugins/testing -enable-experimental-feature DebugDescriptionMacro -sdk /Applications/Xcode-26.5.0.app/Contents/Developer/Platforms/WatchOS.platform/Developer/SDKs/WatchOS26.5.sdk -target armv7k-apple-watchos7.0 -g -module-cache-path /Users/admin/builder/spi-builder-workspace/.derivedData/ModuleCache.noindex -Xfrontend -serialize-debugging-options -enable-testing -suppress-warnings -index-store-path /Users/admin/builder/spi-builder-workspace/.derivedData/Index.noindex/DataStore -Xcc -D_LIBCPP_HARDENING_MODE\=_LIBCPP_HARDENING_MODE_DEBUG -swift-version 6 -I /Users/admin/builder/spi-builder-workspace/.derivedData/Build/Products/Debug-watchos -Isystem /Applications/Xcode-26.5.0.app/Contents/Developer/Platforms/WatchOS.platform/Developer/usr/lib -F /Users/admin/builder/spi-builder-workspace/.derivedData/Build/Products/Debug-watchos -F /Applications/Xcode-26.5.0.app/Contents/Developer/Platforms/WatchOS.platform/Developer/Library/Frameworks -F /Applications/Xcode-26.5.0.app/Contents/Developer/Platforms/WatchOS.platform/Developer/SDKs/WatchOS26.5.sdk/Developer/Library/Frameworks -c -j10 -enable-batch-mode -incremental -Xcc -ivfsstatcache -Xcc /Users/admin/builder/spi-builder-workspace/.derivedData/SDKStatCaches.noindex/watchos26.5-23T570-688ef53f1462e2c8f657fdc38a81448f7931b973dfc65d9472806dbbc3af9379.sdkstatcache -output-file-map /Users/admin/builder/spi-builder-workspace/.derivedData/Build/Intermediates.noindex/Geometry.build/Debug-watchos/Geometry.build/Objects-normal/armv7k/Geometry-OutputFileMap.json -use-frontend-parseable-output -save-temps -no-color-diagnostics -explicit-module-build -module-cache-path /Users/admin/builder/spi-builder-workspace/.derivedData/Build/Intermediates.noindex/SwiftExplicitPrecompiledModules -clang-scanner-module-cache-path /Users/admin/builder/spi-builder-workspace/.derivedData/ModuleCache.noindex -sdk-module-cache-path /Users/admin/builder/spi-builder-workspace/.derivedData/ModuleCache.noindex -serialize-diagnostics -emit-dependencies -emit-module -emit-module-path /Users/admin/builder/spi-builder-workspace/.derivedData/Build/Intermediates.noindex/Geometry.build/Debug-watchos/Geometry.build/Objects-normal/armv7k/Geometry.swiftmodule -user-module-version 0.0.7 -validate-clang-modules-once -clang-build-session-file /Users/admin/builder/spi-builder-workspace/.derivedData/ModuleCache.noindex/Session.modulevalidation -package-name geometry -Xcc -I/Users/admin/builder/spi-builder-workspace/.derivedData/Build/Intermediates.noindex/Geometry.build/Debug-watchos/Geometry.build/swift-overrides.hmap -emit-const-values -Xfrontend -const-gather-protocols-file -Xfrontend /Users/admin/builder/spi-builder-workspace/.derivedData/Build/Intermediates.noindex/Geometry.build/Debug-watchos/Geometry.build/Objects-normal/armv7k/Geometry_const_extract_protocols.json -Xcc -I/Users/admin/builder/spi-builder-workspace/.derivedData/Build/Products/Debug-watchos/include -Xcc -I/Users/admin/builder/spi-builder-workspace/.derivedData/Build/Intermediates.noindex/Geometry.build/Debug-watchos/Geometry.build/DerivedSources-normal/armv7k -Xcc -I/Users/admin/builder/spi-builder-workspace/.derivedData/Build/Intermediates.noindex/Geometry.build/Debug-watchos/Geometry.build/DerivedSources/armv7k -Xcc -I/Users/admin/builder/spi-builder-workspace/.derivedData/Build/Intermediates.noindex/Geometry.build/Debug-watchos/Geometry.build/DerivedSources -Xcc -DSWIFT_PACKAGE -Xcc -DDEBUG\=1 -emit-objc-header -emit-objc-header-path /Users/admin/builder/spi-builder-workspace/.derivedData/Build/Intermediates.noindex/Geometry.build/Debug-watchos/Geometry.build/Objects-normal/armv7k/Geometry-Swift.h -working-directory /Users/admin/builder/spi-builder-workspace/.swiftpm/xcode -experimental-emit-module-separately -disable-cmo
SwiftDriver Geometry normal arm64 com.apple.xcode.tools.swift.compiler (in target 'Geometry' from project 'Geometry')
cd /Users/admin/builder/spi-builder-workspace/.swiftpm/xcode
builtin-SwiftDriver -- /Applications/Xcode-26.5.0.app/Contents/Developer/Toolchains/XcodeDefault.xctoolchain/usr/bin/swiftc -module-name Geometry -Onone @/Users/admin/builder/spi-builder-workspace/.derivedData/Build/Intermediates.noindex/Geometry.build/Debug-watchos/Geometry.build/Objects-normal/arm64/Geometry.SwiftFileList -DSWIFT_PACKAGE -DDEBUG -DSWIFT_MODULE_RESOURCE_BUNDLE_UNAVAILABLE -DXcode -plugin-path /Applications/Xcode-26.5.0.app/Contents/Developer/Toolchains/XcodeDefault.xctoolchain/usr/lib/swift/host/plugins/testing -enable-experimental-feature DebugDescriptionMacro -sdk /Applications/Xcode-26.5.0.app/Contents/Developer/Platforms/WatchOS.platform/Developer/SDKs/WatchOS26.5.sdk -target arm64-apple-watchos7.0 -g -module-cache-path /Users/admin/builder/spi-builder-workspace/.derivedData/ModuleCache.noindex -Xfrontend -serialize-debugging-options -enable-testing -suppress-warnings -index-store-path /Users/admin/builder/spi-builder-workspace/.derivedData/Index.noindex/DataStore -Xcc -D_LIBCPP_HARDENING_MODE\=_LIBCPP_HARDENING_MODE_DEBUG -swift-version 6 -I /Users/admin/builder/spi-builder-workspace/.derivedData/Build/Products/Debug-watchos -Isystem /Applications/Xcode-26.5.0.app/Contents/Developer/Platforms/WatchOS.platform/Developer/usr/lib -F /Users/admin/builder/spi-builder-workspace/.derivedData/Build/Products/Debug-watchos -F /Applications/Xcode-26.5.0.app/Contents/Developer/Platforms/WatchOS.platform/Developer/Library/Frameworks -F /Applications/Xcode-26.5.0.app/Contents/Developer/Platforms/WatchOS.platform/Developer/SDKs/WatchOS26.5.sdk/Developer/Library/Frameworks -c -j10 -enable-batch-mode -incremental -Xcc -ivfsstatcache -Xcc /Users/admin/builder/spi-builder-workspace/.derivedData/SDKStatCaches.noindex/watchos26.5-23T570-688ef53f1462e2c8f657fdc38a81448f7931b973dfc65d9472806dbbc3af9379.sdkstatcache -output-file-map /Users/admin/builder/spi-builder-workspace/.derivedData/Build/Intermediates.noindex/Geometry.build/Debug-watchos/Geometry.build/Objects-normal/arm64/Geometry-OutputFileMap.json -use-frontend-parseable-output -save-temps -no-color-diagnostics -explicit-module-build -module-cache-path /Users/admin/builder/spi-builder-workspace/.derivedData/Build/Intermediates.noindex/SwiftExplicitPrecompiledModules -clang-scanner-module-cache-path /Users/admin/builder/spi-builder-workspace/.derivedData/ModuleCache.noindex -sdk-module-cache-path /Users/admin/builder/spi-builder-workspace/.derivedData/ModuleCache.noindex -serialize-diagnostics -emit-dependencies -emit-module -emit-module-path /Users/admin/builder/spi-builder-workspace/.derivedData/Build/Intermediates.noindex/Geometry.build/Debug-watchos/Geometry.build/Objects-normal/arm64/Geometry.swiftmodule -user-module-version 0.0.7 -validate-clang-modules-once -clang-build-session-file /Users/admin/builder/spi-builder-workspace/.derivedData/ModuleCache.noindex/Session.modulevalidation -package-name geometry -Xcc -I/Users/admin/builder/spi-builder-workspace/.derivedData/Build/Intermediates.noindex/Geometry.build/Debug-watchos/Geometry.build/swift-overrides.hmap -emit-const-values -Xfrontend -const-gather-protocols-file -Xfrontend /Users/admin/builder/spi-builder-workspace/.derivedData/Build/Intermediates.noindex/Geometry.build/Debug-watchos/Geometry.build/Objects-normal/arm64/Geometry_const_extract_protocols.json -Xcc -I/Users/admin/builder/spi-builder-workspace/.derivedData/Build/Products/Debug-watchos/include -Xcc -I/Users/admin/builder/spi-builder-workspace/.derivedData/Build/Intermediates.noindex/Geometry.build/Debug-watchos/Geometry.build/DerivedSources-normal/arm64 -Xcc -I/Users/admin/builder/spi-builder-workspace/.derivedData/Build/Intermediates.noindex/Geometry.build/Debug-watchos/Geometry.build/DerivedSources/arm64 -Xcc -I/Users/admin/builder/spi-builder-workspace/.derivedData/Build/Intermediates.noindex/Geometry.build/Debug-watchos/Geometry.build/DerivedSources -Xcc -DSWIFT_PACKAGE -Xcc -DDEBUG\=1 -emit-objc-header -emit-objc-header-path /Users/admin/builder/spi-builder-workspace/.derivedData/Build/Intermediates.noindex/Geometry.build/Debug-watchos/Geometry.build/Objects-normal/arm64/Geometry-Swift.h -working-directory /Users/admin/builder/spi-builder-workspace/.swiftpm/xcode -experimental-emit-module-separately -disable-cmo
SwiftDriver Geometry normal arm64_32 com.apple.xcode.tools.swift.compiler (in target 'Geometry' from project 'Geometry')
cd /Users/admin/builder/spi-builder-workspace/.swiftpm/xcode
builtin-SwiftDriver -- /Applications/Xcode-26.5.0.app/Contents/Developer/Toolchains/XcodeDefault.xctoolchain/usr/bin/swiftc -module-name Geometry -Onone @/Users/admin/builder/spi-builder-workspace/.derivedData/Build/Intermediates.noindex/Geometry.build/Debug-watchos/Geometry.build/Objects-normal/arm64_32/Geometry.SwiftFileList -DSWIFT_PACKAGE -DDEBUG -DSWIFT_MODULE_RESOURCE_BUNDLE_UNAVAILABLE -DXcode -plugin-path /Applications/Xcode-26.5.0.app/Contents/Developer/Toolchains/XcodeDefault.xctoolchain/usr/lib/swift/host/plugins/testing -enable-experimental-feature DebugDescriptionMacro -sdk /Applications/Xcode-26.5.0.app/Contents/Developer/Platforms/WatchOS.platform/Developer/SDKs/WatchOS26.5.sdk -target arm64_32-apple-watchos7.0 -g -module-cache-path /Users/admin/builder/spi-builder-workspace/.derivedData/ModuleCache.noindex -Xfrontend -serialize-debugging-options -enable-testing -suppress-warnings -index-store-path /Users/admin/builder/spi-builder-workspace/.derivedData/Index.noindex/DataStore -Xcc -D_LIBCPP_HARDENING_MODE\=_LIBCPP_HARDENING_MODE_DEBUG -swift-version 6 -I /Users/admin/builder/spi-builder-workspace/.derivedData/Build/Products/Debug-watchos -Isystem /Applications/Xcode-26.5.0.app/Contents/Developer/Platforms/WatchOS.platform/Developer/usr/lib -F /Users/admin/builder/spi-builder-workspace/.derivedData/Build/Products/Debug-watchos -F /Applications/Xcode-26.5.0.app/Contents/Developer/Platforms/WatchOS.platform/Developer/Library/Frameworks -F /Applications/Xcode-26.5.0.app/Contents/Developer/Platforms/WatchOS.platform/Developer/SDKs/WatchOS26.5.sdk/Developer/Library/Frameworks -c -j10 -enable-batch-mode -incremental -Xcc -ivfsstatcache -Xcc /Users/admin/builder/spi-builder-workspace/.derivedData/SDKStatCaches.noindex/watchos26.5-23T570-688ef53f1462e2c8f657fdc38a81448f7931b973dfc65d9472806dbbc3af9379.sdkstatcache -output-file-map /Users/admin/builder/spi-builder-workspace/.derivedData/Build/Intermediates.noindex/Geometry.build/Debug-watchos/Geometry.build/Objects-normal/arm64_32/Geometry-OutputFileMap.json -use-frontend-parseable-output -save-temps -no-color-diagnostics -explicit-module-build -module-cache-path /Users/admin/builder/spi-builder-workspace/.derivedData/Build/Intermediates.noindex/SwiftExplicitPrecompiledModules -clang-scanner-module-cache-path /Users/admin/builder/spi-builder-workspace/.derivedData/ModuleCache.noindex -sdk-module-cache-path /Users/admin/builder/spi-builder-workspace/.derivedData/ModuleCache.noindex -serialize-diagnostics -emit-dependencies -emit-module -emit-module-path /Users/admin/builder/spi-builder-workspace/.derivedData/Build/Intermediates.noindex/Geometry.build/Debug-watchos/Geometry.build/Objects-normal/arm64_32/Geometry.swiftmodule -user-module-version 0.0.7 -validate-clang-modules-once -clang-build-session-file /Users/admin/builder/spi-builder-workspace/.derivedData/ModuleCache.noindex/Session.modulevalidation -package-name geometry -Xcc -I/Users/admin/builder/spi-builder-workspace/.derivedData/Build/Intermediates.noindex/Geometry.build/Debug-watchos/Geometry.build/swift-overrides.hmap -emit-const-values -Xfrontend -const-gather-protocols-file -Xfrontend /Users/admin/builder/spi-builder-workspace/.derivedData/Build/Intermediates.noindex/Geometry.build/Debug-watchos/Geometry.build/Objects-normal/arm64_32/Geometry_const_extract_protocols.json -Xcc -I/Users/admin/builder/spi-builder-workspace/.derivedData/Build/Products/Debug-watchos/include -Xcc -I/Users/admin/builder/spi-builder-workspace/.derivedData/Build/Intermediates.noindex/Geometry.build/Debug-watchos/Geometry.build/DerivedSources-normal/arm64_32 -Xcc -I/Users/admin/builder/spi-builder-workspace/.derivedData/Build/Intermediates.noindex/Geometry.build/Debug-watchos/Geometry.build/DerivedSources/arm64_32 -Xcc -I/Users/admin/builder/spi-builder-workspace/.derivedData/Build/Intermediates.noindex/Geometry.build/Debug-watchos/Geometry.build/DerivedSources -Xcc -DSWIFT_PACKAGE -Xcc -DDEBUG\=1 -emit-objc-header -emit-objc-header-path /Users/admin/builder/spi-builder-workspace/.derivedData/Build/Intermediates.noindex/Geometry.build/Debug-watchos/Geometry.build/Objects-normal/arm64_32/Geometry-Swift.h -working-directory /Users/admin/builder/spi-builder-workspace/.swiftpm/xcode -experimental-emit-module-separately -disable-cmo
SwiftEmitModule normal armv7k Emitting\ module\ for\ InternalCollectionsUtilities (in target 'InternalCollectionsUtilities' from project 'swift-collections')
EmitSwiftModule normal armv7k (in target 'InternalCollectionsUtilities' from project 'swift-collections')
cd /Users/admin/builder/spi-builder-workspace/.swiftpm/xcode
SwiftEmitModule normal arm64_32 Emitting\ module\ for\ InternalCollectionsUtilities (in target 'InternalCollectionsUtilities' from project 'swift-collections')
EmitSwiftModule normal arm64_32 (in target 'InternalCollectionsUtilities' from project 'swift-collections')
cd /Users/admin/builder/spi-builder-workspace/.swiftpm/xcode
SwiftEmitModule normal arm64 Emitting\ module\ for\ InternalCollectionsUtilities (in target 'InternalCollectionsUtilities' from project 'swift-collections')
EmitSwiftModule normal arm64 (in target 'InternalCollectionsUtilities' from project 'swift-collections')
cd /Users/admin/builder/spi-builder-workspace/.swiftpm/xcode
SwiftCompile normal arm64 Compiling\ ElementaryFunctions.swift /Users/admin/builder/spi-builder-workspace/.dependencies/checkouts/swift-numerics/Sources/RealModule/ElementaryFunctions.swift (in target 'RealModule' from project 'swift-numerics')
SwiftCompile normal arm64 /Users/admin/builder/spi-builder-workspace/.dependencies/checkouts/swift-numerics/Sources/RealModule/ElementaryFunctions.swift (in target 'RealModule' from project 'swift-numerics')
cd /Users/admin/builder/spi-builder-workspace/.swiftpm/xcode
SwiftCompile normal arm64 Compiling\ RelaxedArithmetic.swift /Users/admin/builder/spi-builder-workspace/.dependencies/checkouts/swift-numerics/Sources/RealModule/RelaxedArithmetic.swift (in target 'RealModule' from project 'swift-numerics')
SwiftCompile normal arm64 /Users/admin/builder/spi-builder-workspace/.dependencies/checkouts/swift-numerics/Sources/RealModule/RelaxedArithmetic.swift (in target 'RealModule' from project 'swift-numerics')
cd /Users/admin/builder/spi-builder-workspace/.swiftpm/xcode
SwiftEmitModule normal arm64 Emitting\ module\ for\ Geometry (in target 'Geometry' from project 'Geometry')
EmitSwiftModule normal arm64 (in target 'Geometry' from project 'Geometry')
cd /Users/admin/builder/spi-builder-workspace/.swiftpm/xcode
SwiftEmitModule normal arm64_32 Emitting\ module\ for\ Geometry (in target 'Geometry' from project 'Geometry')
EmitSwiftModule normal arm64_32 (in target 'Geometry' from project 'Geometry')
cd /Users/admin/builder/spi-builder-workspace/.swiftpm/xcode
SwiftDriverJobDiscovery normal arm64 Compiling ElementaryFunctions.swift (in target 'RealModule' from project 'swift-numerics')
SwiftEmitModule normal armv7k Emitting\ module\ for\ Geometry (in target 'Geometry' from project 'Geometry')
EmitSwiftModule normal armv7k (in target 'Geometry' from project 'Geometry')
cd /Users/admin/builder/spi-builder-workspace/.swiftpm/xcode
SwiftDriverJobDiscovery normal arm64 Compiling RelaxedArithmetic.swift (in target 'RealModule' from project 'swift-numerics')
SwiftCompile normal arm64_32 Compiling\ Float80+Real.swift /Users/admin/builder/spi-builder-workspace/.dependencies/checkouts/swift-numerics/Sources/RealModule/Float80+Real.swift (in target 'RealModule' from project 'swift-numerics')
SwiftCompile normal arm64_32 /Users/admin/builder/spi-builder-workspace/.dependencies/checkouts/swift-numerics/Sources/RealModule/Float80+Real.swift (in target 'RealModule' from project 'swift-numerics')
cd /Users/admin/builder/spi-builder-workspace/.swiftpm/xcode
SwiftDriverJobDiscovery normal arm64_32 Compiling Float80+Real.swift (in target 'RealModule' from project 'swift-numerics')
SwiftCompile normal armv7k Compiling\ RelaxedArithmetic.swift /Users/admin/builder/spi-builder-workspace/.dependencies/checkouts/swift-numerics/Sources/RealModule/RelaxedArithmetic.swift (in target 'RealModule' from project 'swift-numerics')
SwiftCompile normal armv7k /Users/admin/builder/spi-builder-workspace/.dependencies/checkouts/swift-numerics/Sources/RealModule/RelaxedArithmetic.swift (in target 'RealModule' from project 'swift-numerics')
cd /Users/admin/builder/spi-builder-workspace/.swiftpm/xcode
SwiftCompile normal armv7k Compiling\ Double+Real.swift /Users/admin/builder/spi-builder-workspace/.dependencies/checkouts/swift-numerics/Sources/RealModule/Double+Real.swift (in target 'RealModule' from project 'swift-numerics')
SwiftCompile normal armv7k /Users/admin/builder/spi-builder-workspace/.dependencies/checkouts/swift-numerics/Sources/RealModule/Double+Real.swift (in target 'RealModule' from project 'swift-numerics')
cd /Users/admin/builder/spi-builder-workspace/.swiftpm/xcode
SwiftCompile normal arm64 Compiling\ Float+Real.swift /Users/admin/builder/spi-builder-workspace/.dependencies/checkouts/swift-numerics/Sources/RealModule/Float+Real.swift (in target 'RealModule' from project 'swift-numerics')
SwiftCompile normal arm64 /Users/admin/builder/spi-builder-workspace/.dependencies/checkouts/swift-numerics/Sources/RealModule/Float+Real.swift (in target 'RealModule' from project 'swift-numerics')
cd /Users/admin/builder/spi-builder-workspace/.swiftpm/xcode
SwiftCompile normal arm64_32 Compiling\ Float+Real.swift /Users/admin/builder/spi-builder-workspace/.dependencies/checkouts/swift-numerics/Sources/RealModule/Float+Real.swift (in target 'RealModule' from project 'swift-numerics')
SwiftCompile normal arm64_32 /Users/admin/builder/spi-builder-workspace/.dependencies/checkouts/swift-numerics/Sources/RealModule/Float+Real.swift (in target 'RealModule' from project 'swift-numerics')
cd /Users/admin/builder/spi-builder-workspace/.swiftpm/xcode
SwiftCompile normal arm64 Compiling\ RealFunctions.swift /Users/admin/builder/spi-builder-workspace/.dependencies/checkouts/swift-numerics/Sources/RealModule/RealFunctions.swift (in target 'RealModule' from project 'swift-numerics')
SwiftCompile normal arm64 /Users/admin/builder/spi-builder-workspace/.dependencies/checkouts/swift-numerics/Sources/RealModule/RealFunctions.swift (in target 'RealModule' from project 'swift-numerics')
cd /Users/admin/builder/spi-builder-workspace/.swiftpm/xcode
SwiftCompile normal arm64 Compiling\ Float80+Real.swift /Users/admin/builder/spi-builder-workspace/.dependencies/checkouts/swift-numerics/Sources/RealModule/Float80+Real.swift (in target 'RealModule' from project 'swift-numerics')
SwiftCompile normal arm64 /Users/admin/builder/spi-builder-workspace/.dependencies/checkouts/swift-numerics/Sources/RealModule/Float80+Real.swift (in target 'RealModule' from project 'swift-numerics')
cd /Users/admin/builder/spi-builder-workspace/.swiftpm/xcode
SwiftCompile normal armv7k Compiling\ Float80+Real.swift /Users/admin/builder/spi-builder-workspace/.dependencies/checkouts/swift-numerics/Sources/RealModule/Float80+Real.swift (in target 'RealModule' from project 'swift-numerics')
SwiftCompile normal armv7k /Users/admin/builder/spi-builder-workspace/.dependencies/checkouts/swift-numerics/Sources/RealModule/Float80+Real.swift (in target 'RealModule' from project 'swift-numerics')
cd /Users/admin/builder/spi-builder-workspace/.swiftpm/xcode
SwiftEmitModule normal armv7k Emitting\ module\ for\ SnapshotTesting (in target 'SnapshotTesting' from project 'swift-snapshot-testing')
EmitSwiftModule normal armv7k (in target 'SnapshotTesting' from project 'swift-snapshot-testing')
cd /Users/admin/builder/spi-builder-workspace/.swiftpm/xcode
SwiftEmitModule normal arm64 Emitting\ module\ for\ SnapshotTesting (in target 'SnapshotTesting' from project 'swift-snapshot-testing')
EmitSwiftModule normal arm64 (in target 'SnapshotTesting' from project 'swift-snapshot-testing')
cd /Users/admin/builder/spi-builder-workspace/.swiftpm/xcode
SwiftEmitModule normal arm64_32 Emitting\ module\ for\ SnapshotTesting (in target 'SnapshotTesting' from project 'swift-snapshot-testing')
EmitSwiftModule normal arm64_32 (in target 'SnapshotTesting' from project 'swift-snapshot-testing')
cd /Users/admin/builder/spi-builder-workspace/.swiftpm/xcode
SwiftCompile normal armv7k Compiling\ Internal.swift,\ PlistEncoder.swift /Users/admin/builder/spi-builder-workspace/.dependencies/checkouts/swift-snapshot-testing/Sources/SnapshotTesting/Common/Internal.swift /Users/admin/builder/spi-builder-workspace/.dependencies/checkouts/swift-snapshot-testing/Sources/SnapshotTesting/Common/PlistEncoder.swift (in target 'SnapshotTesting' from project 'swift-snapshot-testing')
SwiftCompile normal armv7k /Users/admin/builder/spi-builder-workspace/.dependencies/checkouts/swift-snapshot-testing/Sources/SnapshotTesting/Common/Internal.swift (in target 'SnapshotTesting' from project 'swift-snapshot-testing')
cd /Users/admin/builder/spi-builder-workspace/.swiftpm/xcode
SwiftCompile normal armv7k /Users/admin/builder/spi-builder-workspace/.dependencies/checkouts/swift-snapshot-testing/Sources/SnapshotTesting/Common/PlistEncoder.swift (in target 'SnapshotTesting' from project 'swift-snapshot-testing')
cd /Users/admin/builder/spi-builder-workspace/.swiftpm/xcode
SwiftDriverJobDiscovery normal arm64 Compiling Float80+Real.swift (in target 'RealModule' from project 'swift-numerics')
SwiftCompile normal armv7k Compiling\ Diffing.swift,\ Wait.swift /Users/admin/builder/spi-builder-workspace/.dependencies/checkouts/swift-snapshot-testing/Sources/SnapshotTesting/Diffing.swift /Users/admin/builder/spi-builder-workspace/.dependencies/checkouts/swift-snapshot-testing/Sources/SnapshotTesting/Extensions/Wait.swift (in target 'SnapshotTesting' from project 'swift-snapshot-testing')
SwiftCompile normal armv7k /Users/admin/builder/spi-builder-workspace/.dependencies/checkouts/swift-snapshot-testing/Sources/SnapshotTesting/Diffing.swift (in target 'SnapshotTesting' from project 'swift-snapshot-testing')
cd /Users/admin/builder/spi-builder-workspace/.swiftpm/xcode
SwiftCompile normal armv7k /Users/admin/builder/spi-builder-workspace/.dependencies/checkouts/swift-snapshot-testing/Sources/SnapshotTesting/Extensions/Wait.swift (in target 'SnapshotTesting' from project 'swift-snapshot-testing')
cd /Users/admin/builder/spi-builder-workspace/.swiftpm/xcode
SwiftDriverJobDiscovery normal arm64 Compiling RealFunctions.swift (in target 'RealModule' from project 'swift-numerics')
SwiftCompile normal arm64 Compiling\ AssertSnapshot.swift /Users/admin/builder/spi-builder-workspace/.dependencies/checkouts/swift-snapshot-testing/Sources/SnapshotTesting/AssertSnapshot.swift (in target 'SnapshotTesting' from project 'swift-snapshot-testing')
Failed frontend command:
/Applications/Xcode-26.5.0.app/Contents/Developer/Toolchains/XcodeDefault.xctoolchain/usr/bin/swift-frontend -frontend -c -primary-file /Users/admin/builder/spi-builder-workspace/.dependencies/checkouts/swift-snapshot-testing/Sources/SnapshotTesting/AssertSnapshot.swift /Users/admin/builder/spi-builder-workspace/.dependencies/checkouts/swift-snapshot-testing/Sources/SnapshotTesting/Async.swift /Users/admin/builder/spi-builder-workspace/.dependencies/checkouts/swift-snapshot-testing/Sources/SnapshotTesting/Common/Internal.swift /Users/admin/builder/spi-builder-workspace/.dependencies/checkouts/swift-snapshot-testing/Sources/SnapshotTesting/Common/PlistEncoder.swift /Users/admin/builder/spi-builder-workspace/.dependencies/checkouts/swift-snapshot-testing/Sources/SnapshotTesting/Common/String+SpecialCharacters.swift /Users/admin/builder/spi-builder-workspace/.dependencies/checkouts/swift-snapshot-testing/Sources/SnapshotTesting/Common/View.swift /Users/admin/builder/spi-builder-workspace/.dependencies/checkouts/swift-snapshot-testing/Sources/SnapshotTesting/Common/XCTAttachment.swift /Users/admin/builder/spi-builder-workspace/.dependencies/checkouts/swift-snapshot-testing/Sources/SnapshotTesting/Diff.swift /Users/admin/builder/spi-builder-workspace/.dependencies/checkouts/swift-snapshot-testing/Sources/SnapshotTesting/Diffing.swift /Users/admin/builder/spi-builder-workspace/.dependencies/checkouts/swift-snapshot-testing/Sources/SnapshotTesting/Extensions/Wait.swift /Users/admin/builder/spi-builder-workspace/.dependencies/checkouts/swift-snapshot-testing/Sources/SnapshotTesting/Internal/Deprecations.swift /Users/admin/builder/spi-builder-workspace/.dependencies/checkouts/swift-snapshot-testing/Sources/SnapshotTesting/Internal/RecordIssue.swift /Users/admin/builder/spi-builder-workspace/.dependencies/checkouts/swift-snapshot-testing/Sources/SnapshotTesting/SnapshotTestingConfiguration.swift /Users/admin/builder/spi-builder-workspace/.dependencies/checkouts/swift-snapshot-testing/Sources/SnapshotTesting/SnapshotsTestTrait.swift /Users/admin/builder/spi-builder-workspace/.dependencies/checkouts/swift-snapshot-testing/Sources/SnapshotTesting/Snapshotting.swift /Users/admin/builder/spi-builder-workspace/.dependencies/checkouts/swift-snapshot-testing/Sources/SnapshotTesting/Snapshotting/Any.swift /Users/admin/builder/spi-builder-workspace/.dependencies/checkouts/swift-snapshot-testing/Sources/SnapshotTesting/Snapshotting/CALayer.swift /Users/admin/builder/spi-builder-workspace/.dependencies/checkouts/swift-snapshot-testing/Sources/SnapshotTesting/Snapshotting/CGPath.swift /Users/admin/builder/spi-builder-workspace/.dependencies/checkouts/swift-snapshot-testing/Sources/SnapshotTesting/Snapshotting/CaseIterable.swift /Users/admin/builder/spi-builder-workspace/.dependencies/checkouts/swift-snapshot-testing/Sources/SnapshotTesting/Snapshotting/Data.swift /Users/admin/builder/spi-builder-workspace/.dependencies/checkouts/swift-snapshot-testing/Sources/SnapshotTesting/Snapshotting/Encodable.swift /Users/admin/builder/spi-builder-workspace/.dependencies/checkouts/swift-snapshot-testing/Sources/SnapshotTesting/Snapshotting/NSBezierPath.swift /Users/admin/builder/spi-builder-workspace/.dependencies/checkouts/swift-snapshot-testing/Sources/SnapshotTesting/Snapshotting/NSImage.swift /Users/admin/builder/spi-builder-workspace/.dependencies/checkouts/swift-snapshot-testing/Sources/SnapshotTesting/Snapshotting/NSView.swift /Users/admin/builder/spi-builder-workspace/.dependencies/checkouts/swift-snapshot-testing/Sources/SnapshotTesting/Snapshotting/NSViewController.swift /Users/admin/builder/spi-builder-workspace/.dependencies/checkouts/swift-snapshot-testing/Sources/SnapshotTesting/Snapshotting/SceneKit.swift /Users/admin/builder/spi-builder-workspace/.dependencies/checkouts/swift-snapshot-testing/Sources/SnapshotTesting/Snapshotting/SpriteKit.swift /Users/admin/builder/spi-builder-workspace/.dependencies/checkouts/swift-snapshot-testing/Sources/SnapshotTesting/Snapshotting/String.swift /Users/admin/builder/spi-builder-workspace/.dependencies/checkouts/swift-snapshot-testing/Sources/SnapshotTesting/Snapshotting/SwiftUIView.swift /Users/admin/builder/spi-builder-workspace/.dependencies/checkouts/swift-snapshot-testing/Sources/SnapshotTesting/Snapshotting/UIBezierPath.swift /Users/admin/builder/spi-builder-workspace/.dependencies/checkouts/swift-snapshot-testing/Sources/SnapshotTesting/Snapshotting/UIImage.swift /Users/admin/builder/spi-builder-workspace/.dependencies/checkouts/swift-snapshot-testing/Sources/SnapshotTesting/Snapshotting/UIView.swift /Users/admin/builder/spi-builder-workspace/.dependencies/checkouts/swift-snapshot-testing/Sources/SnapshotTesting/Snapshotting/UIViewController.swift /Users/admin/builder/spi-builder-workspace/.dependencies/checkouts/swift-snapshot-testing/Sources/SnapshotTesting/Snapshotting/URLRequest.swift -emit-dependencies-path /Users/admin/builder/spi-builder-workspace/.derivedData/Build/Intermediates.noindex/swift-snapshot-testing.build/Debug-watchos/SnapshotTesting.build/Objects-normal/arm64/AssertSnapshot.d -emit-const-values-path /Users/admin/builder/spi-builder-workspace/.derivedData/Build/Intermediates.noindex/swift-snapshot-testing.build/Debug-watchos/SnapshotTesting.build/Objects-normal/arm64/AssertSnapshot.swiftconstvalues -emit-reference-dependencies-path /Users/admin/builder/spi-builder-workspace/.derivedData/Build/Intermediates.noindex/swift-snapshot-testing.build/Debug-watchos/SnapshotTesting.build/Objects-normal/arm64/AssertSnapshot.swiftdeps -serialize-diagnostics-path /Users/admin/builder/spi-builder-workspace/.derivedData/Build/Intermediates.noindex/swift-snapshot-testing.build/Debug-watchos/SnapshotTesting.build/Objects-normal/arm64/AssertSnapshot.dia -target arm64-apple-watchos6.0 -module-can-import-version ObjectiveC 951.7 0 -module-can-import-version SwiftUI 7.5.3 7.5.3 -module-can-import-version Testing 1902 0 -module-can-import-version UIKit 9126.5.5 9126.5.5 -disable-cross-import-overlay-search -swift-module-cross-import Testing /Applications/Xcode-26.5.0.app/Contents/Developer/Platforms/WatchOS.platform/Developer/Library/Frameworks/Testing.framework/Modules/Testing.swiftcrossimport/CoreGraphics.swiftoverlay -swift-module-cross-import Testing /Applications/Xcode-26.5.0.app/Contents/Developer/Platforms/WatchOS.platform/Developer/Library/Frameworks/Testing.framework/Modules/Testing.swiftcrossimport/Foundation.swiftoverlay -swift-module-cross-import Testing /Applications/Xcode-26.5.0.app/Contents/Developer/Platforms/WatchOS.platform/Developer/Library/Frameworks/Testing.framework/Modules/Testing.swiftcrossimport/UIKit.swiftoverlay -load-resolved-plugin /Applications/Xcode-26.5.0.app/Contents/Developer/Platforms/WatchOS.platform/Developer/usr/lib/swift/host/plugins/libFoundationMacros.dylib\#/Applications/Xcode-26.5.0.app/Contents/Developer/Platforms/WatchOS.platform/Developer/usr/bin/swift-plugin-server\#FoundationMacros -load-resolved-plugin /Applications/Xcode-26.5.0.app/Contents/Developer/Platforms/WatchOS.platform/Developer/usr/lib/swift/host/plugins/libObservationMacros.dylib\#/Applications/Xcode-26.5.0.app/Contents/Developer/Platforms/WatchOS.platform/Developer/usr/bin/swift-plugin-server\#ObservationMacros -load-resolved-plugin /Applications/Xcode-26.5.0.app/Contents/Developer/Platforms/WatchOS.platform/Developer/usr/lib/swift/host/plugins/libPreviewsMacros.dylib\#/Applications/Xcode-26.5.0.app/Contents/Developer/Platforms/WatchOS.platform/Developer/usr/bin/swift-plugin-server\#PreviewsMacros -load-resolved-plugin /Applications/Xcode-26.5.0.app/Contents/Developer/Platforms/WatchOS.platform/Developer/usr/lib/swift/host/plugins/libSwiftMacros.dylib\#/Applications/Xcode-26.5.0.app/Contents/Developer/Platforms/WatchOS.platform/Developer/usr/bin/swift-plugin-server\#SwiftMacros -load-resolved-plugin /Applications/Xcode-26.5.0.app/Contents/Developer/Platforms/WatchOS.platform/Developer/usr/lib/swift/host/plugins/libSwiftUIMacros.dylib\#/Applications/Xcode-26.5.0.app/Contents/Developer/Platforms/WatchOS.platform/Developer/usr/bin/swift-plugin-server\#SwiftUIMacros -load-resolved-plugin /Applications/Xcode-26.5.0.app/Contents/Developer/Toolchains/XcodeDefault.xctoolchain/usr/lib/swift/host/plugins/testing/libTestingMacros.dylib\#\#TestingMacros -disable-implicit-swift-modules -Xcc -fno-implicit-modules -Xcc -fno-implicit-module-maps -explicit-swift-module-map-file /Users/admin/builder/spi-builder-workspace/.derivedData/Build/Intermediates.noindex/swift-snapshot-testing.build/Debug-watchos/SnapshotTesting.build/Objects-normal/arm64/SnapshotTesting-dependencies-3.json -debug-module-path /Users/admin/builder/spi-builder-workspace/.derivedData/Build/Intermediates.noindex/swift-snapshot-testing.build/Debug-watchos/SnapshotTesting.build/Objects-normal/arm64/SnapshotTesting.swiftmodule -Xllvm -aarch64-use-tbi -enable-objc-interop -stack-check -sdk /Applications/Xcode-26.5.0.app/Contents/Developer/Platforms/WatchOS.platform/Developer/SDKs/WatchOS26.5.sdk -I /Users/admin/builder/spi-builder-workspace/.derivedData/Build/Products/Debug-watchos -Isystem /Applications/Xcode-26.5.0.app/Contents/Developer/Platforms/WatchOS.platform/Developer/usr/lib -F /Users/admin/builder/spi-builder-workspace/.derivedData/Build/Products/Debug-watchos -F /Applications/Xcode-26.5.0.app/Contents/Developer/Platforms/WatchOS.platform/Developer/Library/Frameworks -F /Applications/Xcode-26.5.0.app/Contents/Developer/Platforms/WatchOS.platform/Developer/SDKs/WatchOS26.5.sdk/Developer/Library/Frameworks -no-color-diagnostics -Xcc -fno-color-diagnostics -enable-testing -g -debug-info-format\=dwarf -dwarf-version\=4 -module-cache-path /Users/admin/builder/spi-builder-workspace/.derivedData/Build/Intermediates.noindex/SwiftExplicitPrecompiledModules -suppress-warnings -swift-version 5 -Onone -D SWIFT_PACKAGE -D DEBUG -D SWIFT_MODULE_RESOURCE_BUNDLE_UNAVAILABLE -D Xcode -serialize-debugging-options -const-gather-protocols-file /Users/admin/builder/spi-builder-workspace/.derivedData/Build/Intermediates.noindex/swift-snapshot-testing.build/Debug-watchos/SnapshotTesting.build/Objects-normal/arm64/SnapshotTesting_const_extract_protocols.json -enable-experimental-feature DebugDescriptionMacro -empty-abi-descriptor -user-module-version 1.19.4 -validate-clang-modules-once -clang-build-session-file /Users/admin/builder/spi-builder-workspace/.derivedData/ModuleCache.noindex/Session.modulevalidation -Xcc -working-directory -Xcc /Users/admin/builder/spi-builder-workspace/.swiftpm/xcode -enable-anonymous-context-mangled-names -file-compilation-dir /Users/admin/builder/spi-builder-workspace/.swiftpm/xcode -Xcc -D_LIBCPP_HARDENING_MODE\=_LIBCPP_HARDENING_MODE_DEBUG -Xcc -ivfsstatcache -Xcc /Users/admin/builder/spi-builder-workspace/.derivedData/SDKStatCaches.noindex/watchos26.5-23T570-688ef53f1462e2c8f657fdc38a81448f7931b973dfc65d9472806dbbc3af9379.sdkstatcache -Xcc -I/Users/admin/builder/spi-builder-workspace/.derivedData/Build/Intermediates.noindex/swift-snapshot-testing.build/Debug-watchos/SnapshotTesting.build/swift-overrides.hmap -Xcc -I/Users/admin/builder/spi-builder-workspace/.derivedData/Build/Products/Debug-watchos/include -Xcc -I/Users/admin/builder/spi-builder-workspace/.derivedData/Build/Intermediates.noindex/swift-snapshot-testing.build/Debug-watchos/SnapshotTesting.build/DerivedSources-normal/arm64 -Xcc -I/Users/admin/builder/spi-builder-workspace/.derivedData/Build/Intermediates.noindex/swift-snapshot-testing.build/Debug-watchos/SnapshotTesting.build/DerivedSources/arm64 -Xcc -I/Users/admin/builder/spi-builder-workspace/.derivedData/Build/Intermediates.noindex/swift-snapshot-testing.build/Debug-watchos/SnapshotTesting.build/DerivedSources -Xcc -DSWIFT_PACKAGE -Xcc -DDEBUG\=1 -no-auto-bridging-header-chaining -module-name SnapshotTesting -package-name swift_snapshot_testing -frontend-parseable-output -disable-clang-spi -clang-target arm64-apple-watchos26.5 -target-sdk-version 26.5 -target-sdk-name watchos26.5 -in-process-plugin-server-path /Applications/Xcode-26.5.0.app/Contents/Developer/Toolchains/XcodeDefault.xctoolchain/usr/lib/swift/host/libSwiftInProcPluginServer.dylib -o /Users/admin/builder/spi-builder-workspace/.derivedData/Build/Intermediates.noindex/swift-snapshot-testing.build/Debug-watchos/SnapshotTesting.build/Objects-normal/arm64/AssertSnapshot.o -index-unit-output-path /swift-snapshot-testing.build/Debug-watchos/SnapshotTesting.build/Objects-normal/arm64/AssertSnapshot.o -index-store-path /Users/admin/builder/spi-builder-workspace/.derivedData/Index.noindex/DataStore -index-system-modules
SwiftCompile normal arm64 /Users/admin/builder/spi-builder-workspace/.dependencies/checkouts/swift-snapshot-testing/Sources/SnapshotTesting/AssertSnapshot.swift (in target 'SnapshotTesting' from project 'swift-snapshot-testing')
cd /Users/admin/builder/spi-builder-workspace/.swiftpm/xcode
/Users/admin/builder/spi-builder-workspace/.dependencies/checkouts/swift-snapshot-testing/Sources/SnapshotTesting/AssertSnapshot.swift:646:23: error: cannot find 'Image' in scope
let image = Image(data: data)
^~~~~
SwiftDriverJobDiscovery normal armv7k Compiling Float80+Real.swift (in target 'RealModule' from project 'swift-numerics')
SwiftCompile normal arm64 Compiling\ NSView.swift /Users/admin/builder/spi-builder-workspace/.dependencies/checkouts/swift-snapshot-testing/Sources/SnapshotTesting/Snapshotting/NSView.swift (in target 'SnapshotTesting' from project 'swift-snapshot-testing')
SwiftCompile normal arm64 /Users/admin/builder/spi-builder-workspace/.dependencies/checkouts/swift-snapshot-testing/Sources/SnapshotTesting/Snapshotting/NSView.swift (in target 'SnapshotTesting' from project 'swift-snapshot-testing')
cd /Users/admin/builder/spi-builder-workspace/.swiftpm/xcode
SwiftDriverJobDiscovery normal armv7k Compiling RelaxedArithmetic.swift (in target 'RealModule' from project 'swift-numerics')
SwiftCompile normal armv7k Compiling\ Any.swift /Users/admin/builder/spi-builder-workspace/.dependencies/checkouts/swift-snapshot-testing/Sources/SnapshotTesting/Snapshotting/Any.swift (in target 'SnapshotTesting' from project 'swift-snapshot-testing')
SwiftCompile normal armv7k /Users/admin/builder/spi-builder-workspace/.dependencies/checkouts/swift-snapshot-testing/Sources/SnapshotTesting/Snapshotting/Any.swift (in target 'SnapshotTesting' from project 'swift-snapshot-testing')
cd /Users/admin/builder/spi-builder-workspace/.swiftpm/xcode
SwiftDriverJobDiscovery normal armv7k Compiling Double+Real.swift (in target 'RealModule' from project 'swift-numerics')
SwiftCompile normal armv7k Compiling\ SwiftUIView.swift /Users/admin/builder/spi-builder-workspace/.dependencies/checkouts/swift-snapshot-testing/Sources/SnapshotTesting/Snapshotting/SwiftUIView.swift (in target 'SnapshotTesting' from project 'swift-snapshot-testing')
SwiftCompile normal armv7k /Users/admin/builder/spi-builder-workspace/.dependencies/checkouts/swift-snapshot-testing/Sources/SnapshotTesting/Snapshotting/SwiftUIView.swift (in target 'SnapshotTesting' from project 'swift-snapshot-testing')
cd /Users/admin/builder/spi-builder-workspace/.swiftpm/xcode
SwiftCompile normal arm64_32 Compiling\ Diffing.swift,\ Wait.swift /Users/admin/builder/spi-builder-workspace/.dependencies/checkouts/swift-snapshot-testing/Sources/SnapshotTesting/Diffing.swift /Users/admin/builder/spi-builder-workspace/.dependencies/checkouts/swift-snapshot-testing/Sources/SnapshotTesting/Extensions/Wait.swift (in target 'SnapshotTesting' from project 'swift-snapshot-testing')
SwiftCompile normal arm64_32 /Users/admin/builder/spi-builder-workspace/.dependencies/checkouts/swift-snapshot-testing/Sources/SnapshotTesting/Diffing.swift (in target 'SnapshotTesting' from project 'swift-snapshot-testing')
cd /Users/admin/builder/spi-builder-workspace/.swiftpm/xcode
SwiftCompile normal arm64_32 /Users/admin/builder/spi-builder-workspace/.dependencies/checkouts/swift-snapshot-testing/Sources/SnapshotTesting/Extensions/Wait.swift (in target 'SnapshotTesting' from project 'swift-snapshot-testing')
cd /Users/admin/builder/spi-builder-workspace/.swiftpm/xcode
SwiftDriverJobDiscovery normal arm64 Compiling Float+Real.swift (in target 'RealModule' from project 'swift-numerics')
SwiftDriverJobDiscovery normal arm64_32 Compiling Float+Real.swift (in target 'RealModule' from project 'swift-numerics')
SwiftCompile normal arm64_32 Compiling\ SwiftUIView.swift /Users/admin/builder/spi-builder-workspace/.dependencies/checkouts/swift-snapshot-testing/Sources/SnapshotTesting/Snapshotting/SwiftUIView.swift (in target 'SnapshotTesting' from project 'swift-snapshot-testing')
SwiftCompile normal arm64_32 /Users/admin/builder/spi-builder-workspace/.dependencies/checkouts/swift-snapshot-testing/Sources/SnapshotTesting/Snapshotting/SwiftUIView.swift (in target 'SnapshotTesting' from project 'swift-snapshot-testing')
cd /Users/admin/builder/spi-builder-workspace/.swiftpm/xcode
SwiftDriverJobDiscovery normal arm64 Compiling NSView.swift (in target 'SnapshotTesting' from project 'swift-snapshot-testing')
SwiftCompile normal arm64 Compiling\ SwiftUIView.swift /Users/admin/builder/spi-builder-workspace/.dependencies/checkouts/swift-snapshot-testing/Sources/SnapshotTesting/Snapshotting/SwiftUIView.swift (in target 'SnapshotTesting' from project 'swift-snapshot-testing')
SwiftCompile normal arm64 /Users/admin/builder/spi-builder-workspace/.dependencies/checkouts/swift-snapshot-testing/Sources/SnapshotTesting/Snapshotting/SwiftUIView.swift (in target 'SnapshotTesting' from project 'swift-snapshot-testing')
cd /Users/admin/builder/spi-builder-workspace/.swiftpm/xcode
SwiftDriverJobDiscovery normal armv7k Compiling Diffing.swift, Wait.swift (in target 'SnapshotTesting' from project 'swift-snapshot-testing')
SwiftCompile normal armv7k Compiling\ SnapshotTestingConfiguration.swift,\ SnapshotsTestTrait.swift /Users/admin/builder/spi-builder-workspace/.dependencies/checkouts/swift-snapshot-testing/Sources/SnapshotTesting/SnapshotTestingConfiguration.swift /Users/admin/builder/spi-builder-workspace/.dependencies/checkouts/swift-snapshot-testing/Sources/SnapshotTesting/SnapshotsTestTrait.swift (in target 'SnapshotTesting' from project 'swift-snapshot-testing')
SwiftCompile normal armv7k /Users/admin/builder/spi-builder-workspace/.dependencies/checkouts/swift-snapshot-testing/Sources/SnapshotTesting/SnapshotTestingConfiguration.swift (in target 'SnapshotTesting' from project 'swift-snapshot-testing')
cd /Users/admin/builder/spi-builder-workspace/.swiftpm/xcode
SwiftCompile normal armv7k /Users/admin/builder/spi-builder-workspace/.dependencies/checkouts/swift-snapshot-testing/Sources/SnapshotTesting/SnapshotsTestTrait.swift (in target 'SnapshotTesting' from project 'swift-snapshot-testing')
cd /Users/admin/builder/spi-builder-workspace/.swiftpm/xcode
SwiftDriverJobDiscovery normal arm64_32 Compiling Diffing.swift, Wait.swift (in target 'SnapshotTesting' from project 'swift-snapshot-testing')
SwiftCompile normal arm64_32 Compiling\ Data.swift /Users/admin/builder/spi-builder-workspace/.dependencies/checkouts/swift-snapshot-testing/Sources/SnapshotTesting/Snapshotting/Data.swift (in target 'SnapshotTesting' from project 'swift-snapshot-testing')
SwiftCompile normal arm64_32 /Users/admin/builder/spi-builder-workspace/.dependencies/checkouts/swift-snapshot-testing/Sources/SnapshotTesting/Snapshotting/Data.swift (in target 'SnapshotTesting' from project 'swift-snapshot-testing')
cd /Users/admin/builder/spi-builder-workspace/.swiftpm/xcode
SwiftCompile normal armv7k Compiling\ UIBezierPath.swift /Users/admin/builder/spi-builder-workspace/.dependencies/checkouts/swift-snapshot-testing/Sources/SnapshotTesting/Snapshotting/UIBezierPath.swift (in target 'SnapshotTesting' from project 'swift-snapshot-testing')
SwiftCompile normal armv7k /Users/admin/builder/spi-builder-workspace/.dependencies/checkouts/swift-snapshot-testing/Sources/SnapshotTesting/Snapshotting/UIBezierPath.swift (in target 'SnapshotTesting' from project 'swift-snapshot-testing')
cd /Users/admin/builder/spi-builder-workspace/.swiftpm/xcode
SwiftCompile normal armv7k Compiling\ CaseIterable.swift /Users/admin/builder/spi-builder-workspace/.dependencies/checkouts/swift-snapshot-testing/Sources/SnapshotTesting/Snapshotting/CaseIterable.swift (in target 'SnapshotTesting' from project 'swift-snapshot-testing')
SwiftCompile normal armv7k /Users/admin/builder/spi-builder-workspace/.dependencies/checkouts/swift-snapshot-testing/Sources/SnapshotTesting/Snapshotting/CaseIterable.swift (in target 'SnapshotTesting' from project 'swift-snapshot-testing')
cd /Users/admin/builder/spi-builder-workspace/.swiftpm/xcode
SwiftDriverJobDiscovery normal armv7k Compiling Any.swift (in target 'SnapshotTesting' from project 'swift-snapshot-testing')
SwiftCompile normal armv7k Compiling\ Diff.swift /Users/admin/builder/spi-builder-workspace/.dependencies/checkouts/swift-snapshot-testing/Sources/SnapshotTesting/Diff.swift (in target 'SnapshotTesting' from project 'swift-snapshot-testing')
SwiftCompile normal armv7k /Users/admin/builder/spi-builder-workspace/.dependencies/checkouts/swift-snapshot-testing/Sources/SnapshotTesting/Diff.swift (in target 'SnapshotTesting' from project 'swift-snapshot-testing')
cd /Users/admin/builder/spi-builder-workspace/.swiftpm/xcode
SwiftCompile normal armv7k Compiling\ String+SpecialCharacters.swift /Users/admin/builder/spi-builder-workspace/.dependencies/checkouts/swift-snapshot-testing/Sources/SnapshotTesting/Common/String+SpecialCharacters.swift (in target 'SnapshotTesting' from project 'swift-snapshot-testing')
SwiftCompile normal armv7k /Users/admin/builder/spi-builder-workspace/.dependencies/checkouts/swift-snapshot-testing/Sources/SnapshotTesting/Common/String+SpecialCharacters.swift (in target 'SnapshotTesting' from project 'swift-snapshot-testing')
cd /Users/admin/builder/spi-builder-workspace/.swiftpm/xcode
SwiftDriverJobDiscovery normal armv7k Compiling UIBezierPath.swift (in target 'SnapshotTesting' from project 'swift-snapshot-testing')
SwiftCompile normal arm64 Compiling\ PlistEncoder.swift /Users/admin/builder/spi-builder-workspace/.dependencies/checkouts/swift-snapshot-testing/Sources/SnapshotTesting/Common/PlistEncoder.swift (in target 'SnapshotTesting' from project 'swift-snapshot-testing')
SwiftCompile normal arm64 /Users/admin/builder/spi-builder-workspace/.dependencies/checkouts/swift-snapshot-testing/Sources/SnapshotTesting/Common/PlistEncoder.swift (in target 'SnapshotTesting' from project 'swift-snapshot-testing')
cd /Users/admin/builder/spi-builder-workspace/.swiftpm/xcode
SwiftDriverJobDiscovery normal armv7k Compiling SnapshotTestingConfiguration.swift, SnapshotsTestTrait.swift (in target 'SnapshotTesting' from project 'swift-snapshot-testing')
SwiftCompile normal armv7k Compiling\ UIImage.swift /Users/admin/builder/spi-builder-workspace/.dependencies/checkouts/swift-snapshot-testing/Sources/SnapshotTesting/Snapshotting/UIImage.swift (in target 'SnapshotTesting' from project 'swift-snapshot-testing')
SwiftCompile normal armv7k /Users/admin/builder/spi-builder-workspace/.dependencies/checkouts/swift-snapshot-testing/Sources/SnapshotTesting/Snapshotting/UIImage.swift (in target 'SnapshotTesting' from project 'swift-snapshot-testing')
cd /Users/admin/builder/spi-builder-workspace/.swiftpm/xcode
SwiftDriverJobDiscovery normal arm64_32 Compiling Data.swift (in target 'SnapshotTesting' from project 'swift-snapshot-testing')
SwiftCompile normal arm64_32 Compiling\ SceneKit.swift /Users/admin/builder/spi-builder-workspace/.dependencies/checkouts/swift-snapshot-testing/Sources/SnapshotTesting/Snapshotting/SceneKit.swift (in target 'SnapshotTesting' from project 'swift-snapshot-testing')
SwiftCompile normal arm64_32 /Users/admin/builder/spi-builder-workspace/.dependencies/checkouts/swift-snapshot-testing/Sources/SnapshotTesting/Snapshotting/SceneKit.swift (in target 'SnapshotTesting' from project 'swift-snapshot-testing')
cd /Users/admin/builder/spi-builder-workspace/.swiftpm/xcode
SwiftDriverJobDiscovery normal armv7k Compiling CaseIterable.swift (in target 'SnapshotTesting' from project 'swift-snapshot-testing')
SwiftCompile normal armv7k Compiling\ URLRequest.swift /Users/admin/builder/spi-builder-workspace/.dependencies/checkouts/swift-snapshot-testing/Sources/SnapshotTesting/Snapshotting/URLRequest.swift (in target 'SnapshotTesting' from project 'swift-snapshot-testing')
SwiftCompile normal armv7k /Users/admin/builder/spi-builder-workspace/.dependencies/checkouts/swift-snapshot-testing/Sources/SnapshotTesting/Snapshotting/URLRequest.swift (in target 'SnapshotTesting' from project 'swift-snapshot-testing')
cd /Users/admin/builder/spi-builder-workspace/.swiftpm/xcode
SwiftDriverJobDiscovery normal armv7k Compiling SwiftUIView.swift (in target 'SnapshotTesting' from project 'swift-snapshot-testing')
SwiftCompile normal armv7k Compiling\ Encodable.swift /Users/admin/builder/spi-builder-workspace/.dependencies/checkouts/swift-snapshot-testing/Sources/SnapshotTesting/Snapshotting/Encodable.swift (in target 'SnapshotTesting' from project 'swift-snapshot-testing')
SwiftCompile normal armv7k /Users/admin/builder/spi-builder-workspace/.dependencies/checkouts/swift-snapshot-testing/Sources/SnapshotTesting/Snapshotting/Encodable.swift (in target 'SnapshotTesting' from project 'swift-snapshot-testing')
cd /Users/admin/builder/spi-builder-workspace/.swiftpm/xcode
SwiftDriverJobDiscovery normal armv7k Compiling Diff.swift (in target 'SnapshotTesting' from project 'swift-snapshot-testing')
SwiftCompile normal arm64_32 Compiling\ UIImage.swift /Users/admin/builder/spi-builder-workspace/.dependencies/checkouts/swift-snapshot-testing/Sources/SnapshotTesting/Snapshotting/UIImage.swift (in target 'SnapshotTesting' from project 'swift-snapshot-testing')
SwiftCompile normal arm64_32 /Users/admin/builder/spi-builder-workspace/.dependencies/checkouts/swift-snapshot-testing/Sources/SnapshotTesting/Snapshotting/UIImage.swift (in target 'SnapshotTesting' from project 'swift-snapshot-testing')
cd /Users/admin/builder/spi-builder-workspace/.swiftpm/xcode
SwiftDriverJobDiscovery normal armv7k Compiling UIImage.swift (in target 'SnapshotTesting' from project 'swift-snapshot-testing')
SwiftCompile normal arm64 Compiling\ Internal.swift /Users/admin/builder/spi-builder-workspace/.dependencies/checkouts/swift-snapshot-testing/Sources/SnapshotTesting/Common/Internal.swift (in target 'SnapshotTesting' from project 'swift-snapshot-testing')
SwiftCompile normal arm64 /Users/admin/builder/spi-builder-workspace/.dependencies/checkouts/swift-snapshot-testing/Sources/SnapshotTesting/Common/Internal.swift (in target 'SnapshotTesting' from project 'swift-snapshot-testing')
cd /Users/admin/builder/spi-builder-workspace/.swiftpm/xcode
SwiftDriverJobDiscovery normal armv7k Compiling String+SpecialCharacters.swift (in target 'SnapshotTesting' from project 'swift-snapshot-testing')
SwiftCompile normal arm64_32 Compiling\ Encodable.swift /Users/admin/builder/spi-builder-workspace/.dependencies/checkouts/swift-snapshot-testing/Sources/SnapshotTesting/Snapshotting/Encodable.swift (in target 'SnapshotTesting' from project 'swift-snapshot-testing')
SwiftCompile normal arm64_32 /Users/admin/builder/spi-builder-workspace/.dependencies/checkouts/swift-snapshot-testing/Sources/SnapshotTesting/Snapshotting/Encodable.swift (in target 'SnapshotTesting' from project 'swift-snapshot-testing')
cd /Users/admin/builder/spi-builder-workspace/.swiftpm/xcode
SwiftDriverJobDiscovery normal arm64_32 Compiling SceneKit.swift (in target 'SnapshotTesting' from project 'swift-snapshot-testing')
SwiftCompile normal arm64_32 Compiling\ Snapshotting.swift /Users/admin/builder/spi-builder-workspace/.dependencies/checkouts/swift-snapshot-testing/Sources/SnapshotTesting/Snapshotting.swift (in target 'SnapshotTesting' from project 'swift-snapshot-testing')
SwiftCompile normal arm64_32 /Users/admin/builder/spi-builder-workspace/.dependencies/checkouts/swift-snapshot-testing/Sources/SnapshotTesting/Snapshotting.swift (in target 'SnapshotTesting' from project 'swift-snapshot-testing')
cd /Users/admin/builder/spi-builder-workspace/.swiftpm/xcode
SwiftDriverJobDiscovery normal arm64_32 Compiling UIImage.swift (in target 'SnapshotTesting' from project 'swift-snapshot-testing')
SwiftCompile normal armv7k Compiling\ AssertSnapshot.swift,\ Async.swift /Users/admin/builder/spi-builder-workspace/.dependencies/checkouts/swift-snapshot-testing/Sources/SnapshotTesting/AssertSnapshot.swift /Users/admin/builder/spi-builder-workspace/.dependencies/checkouts/swift-snapshot-testing/Sources/SnapshotTesting/Async.swift (in target 'SnapshotTesting' from project 'swift-snapshot-testing')
SwiftCompile normal armv7k /Users/admin/builder/spi-builder-workspace/.dependencies/checkouts/swift-snapshot-testing/Sources/SnapshotTesting/AssertSnapshot.swift (in target 'SnapshotTesting' from project 'swift-snapshot-testing')
cd /Users/admin/builder/spi-builder-workspace/.swiftpm/xcode
SwiftCompile normal armv7k /Users/admin/builder/spi-builder-workspace/.dependencies/checkouts/swift-snapshot-testing/Sources/SnapshotTesting/Async.swift (in target 'SnapshotTesting' from project 'swift-snapshot-testing')
cd /Users/admin/builder/spi-builder-workspace/.swiftpm/xcode
SwiftDriverJobDiscovery normal arm64 Compiling Internal.swift (in target 'SnapshotTesting' from project 'swift-snapshot-testing')
SwiftCompile normal arm64_32 Compiling\ AssertSnapshot.swift,\ Async.swift /Users/admin/builder/spi-builder-workspace/.dependencies/checkouts/swift-snapshot-testing/Sources/SnapshotTesting/AssertSnapshot.swift /Users/admin/builder/spi-builder-workspace/.dependencies/checkouts/swift-snapshot-testing/Sources/SnapshotTesting/Async.swift (in target 'SnapshotTesting' from project 'swift-snapshot-testing')
SwiftCompile normal arm64_32 /Users/admin/builder/spi-builder-workspace/.dependencies/checkouts/swift-snapshot-testing/Sources/SnapshotTesting/AssertSnapshot.swift (in target 'SnapshotTesting' from project 'swift-snapshot-testing')
cd /Users/admin/builder/spi-builder-workspace/.swiftpm/xcode
SwiftCompile normal arm64_32 /Users/admin/builder/spi-builder-workspace/.dependencies/checkouts/swift-snapshot-testing/Sources/SnapshotTesting/Async.swift (in target 'SnapshotTesting' from project 'swift-snapshot-testing')
cd /Users/admin/builder/spi-builder-workspace/.swiftpm/xcode
SwiftDriverJobDiscovery normal armv7k Compiling Encodable.swift (in target 'SnapshotTesting' from project 'swift-snapshot-testing')
SwiftCompile normal armv7k Compiling\ Snapshotting.swift /Users/admin/builder/spi-builder-workspace/.dependencies/checkouts/swift-snapshot-testing/Sources/SnapshotTesting/Snapshotting.swift (in target 'SnapshotTesting' from project 'swift-snapshot-testing')
2026-09-01 00:45:37.355 xcodebuild[1985:10022] [MT] IDERunDestination: Supported platforms for the buildables in the current scheme is empty.
2026-09-01 00:45:37.455 xcodebuild[1985:10022] [MT] IDERunDestination: Supported platforms for the buildables in the current scheme is empty.
** BUILD FAILED **
The following build commands failed:
SwiftCompile normal arm64 Compiling\ AssertSnapshot.swift /Users/admin/builder/spi-builder-workspace/.dependencies/checkouts/swift-snapshot-testing/Sources/SnapshotTesting/AssertSnapshot.swift (in target 'SnapshotTesting' from project 'swift-snapshot-testing')
SwiftCompile normal arm64 /Users/admin/builder/spi-builder-workspace/.dependencies/checkouts/swift-snapshot-testing/Sources/SnapshotTesting/AssertSnapshot.swift (in target 'SnapshotTesting' from project 'swift-snapshot-testing')
Building workspace spi-builder-workspace with scheme RedECS-Package
(3 failures)
BUILD FAILURE 6.3 watchOS