Build Information
Failed to build spfk-lame, reference 1.0.2 (4fd055), with Swift 6.3 for tvOS using Xcode 26.4 on 12 Aug 2026 22:26:43 UTC.
Build Command
env DEVELOPER_DIR=/Applications/Xcode-26.4.0.app xcrun xcodebuild -IDEClonedSourcePackagesDirPathOverride=$PWD/.dependencies -skipMacroValidation -skipPackagePluginValidation -derivedDataPath $PWD/.derivedData build -scheme spfk-lame-Package -destination generic/platform=tvOSBuild Log
========================================
RunAll
========================================
Builder version: undefined version: run 'make version' to update
Interrupt handler set up.
========================================
Checkout
========================================
Clone URL: https://github.com/ryanfrancesconi/spfk-lame.git
Reference: 1.0.2
Initialized empty Git repository in /Users/admin/builder/spi-builder-workspace/.git/
From https://github.com/ryanfrancesconi/spfk-lame
* tag 1.0.2 -> FETCH_HEAD
HEAD is now at 4fd055b Ship the LAME and mpg123 license texts
Cloned https://github.com/ryanfrancesconi/spfk-lame.git
Revision (git rev-parse @):
4fd055b0aea881bd8ac4d3fe5ac47d81fe5cd99b
SUCCESS checkout https://github.com/ryanfrancesconi/spfk-lame.git at 1.0.2
========================================
Build
========================================
Selected platform: tvOS
Swift version: 6.3
Building package at path: $PWD
https://github.com/ryanfrancesconi/spfk-lame.git
Command line invocation:
/Applications/Xcode-26.4.0.app/Contents/Developer/usr/bin/xcodebuild -IDEClonedSourcePackagesDirPathOverride=/Users/admin/builder/spi-builder-workspace/.dependencies -resolvePackageDependencies
Resolve Package Graph
Resolve Package Graph
Resolved source packages:
spfk-lame: /Users/admin/builder/spi-builder-workspace
resolved source packages: spfk-lame
2026-08-12 18:26:17.621 xcodebuild[574:3164] [MT] IDERunDestination: Supported platforms for the buildables in the current scheme is empty.
{
"dependencies" : [
],
"manifest_display_name" : "spfk-lame",
"name" : "spfk-lame",
"path" : "/Users/admin/builder/spi-builder-workspace",
"platforms" : [
{
"name" : "macos",
"version" : "13.0"
}
],
"products" : [
{
"name" : "lame",
"targets" : [
"lame"
],
"type" : {
"library" : [
"automatic"
]
}
},
{
"name" : "mpg123",
"targets" : [
"mpg123"
],
"type" : {
"library" : [
"automatic"
]
}
}
],
"targets" : [
{
"c99name" : "mpg123",
"module_type" : "BinaryTarget",
"name" : "mpg123",
"path" : "Frameworks/mpg123.xcframework",
"product_memberships" : [
"mpg123"
],
"sources" : [
],
"type" : "binary"
},
{
"c99name" : "lame",
"module_type" : "BinaryTarget",
"name" : "lame",
"path" : "Frameworks/lame.xcframework",
"product_memberships" : [
"lame"
],
"sources" : [
],
"type" : "binary"
}
],
"tools_version" : "6.2"
}
{
"workspace" : {
"name" : "spi-builder-workspace",
"schemes" : [
"lame",
"mpg123",
"spfk-lame-Package"
]
}
}
2026-08-12 18:26:37.391 xcodebuild[730:4387] [MT] IDERunDestination: Supported platforms for the buildables in the current scheme is empty.
Running build ...
env DEVELOPER_DIR=/Applications/Xcode-26.4.0.app xcrun xcodebuild -IDEClonedSourcePackagesDirPathOverride=$PWD/.dependencies -skipMacroValidation -skipPackagePluginValidation -derivedDataPath $PWD/.derivedData build -scheme spfk-lame-Package -destination generic/platform=tvOS
Command line invocation:
/Applications/Xcode-26.4.0.app/Contents/Developer/usr/bin/xcodebuild -IDEClonedSourcePackagesDirPathOverride=/Users/admin/builder/spi-builder-workspace/.dependencies -skipMacroValidation -skipPackagePluginValidation -derivedDataPath /Users/admin/builder/spi-builder-workspace/.derivedData build -scheme spfk-lame-Package -destination generic/platform=tvOS
Resolve Package Graph
Resolved source packages:
spfk-lame: /Users/admin/builder/spi-builder-workspace
ComputePackagePrebuildTargetDependencyGraph
Prepare packages
CreateBuildRequest
SendProjectDescription
CreateBuildOperation
ComputeTargetDependencyGraph
note: Building targets in dependency order
note: Target dependency graph (2 targets)
Target 'mpg123' in project 'spfk-lame' (no dependencies)
Target 'lame' in project 'spfk-lame' (no dependencies)
GatherProvisioningInputs
CreateBuildDescription
ExecuteExternalTool /Applications/Xcode-26.4.0.app/Contents/Developer/Toolchains/XcodeDefault.xctoolchain/usr/bin/clang -v -E -dM -isysroot /Applications/Xcode-26.4.0.app/Contents/Developer/Platforms/AppleTVOS.platform/Developer/SDKs/AppleTVOS26.4.sdk -x c -c /dev/null
Build description signature: 410f96f756ee8b6c022b73d6e30cf2ef
Build description path: /Users/admin/builder/spi-builder-workspace/.derivedData/Build/Intermediates.noindex/XCBuildData/410f96f756ee8b6c022b73d6e30cf2ef.xcbuilddata
/Users/admin/builder/spi-builder-workspace/Frameworks/mpg123.xcframework:1:1: error: While building for tvOS, no library for this platform was found in '/Users/admin/builder/spi-builder-workspace/Frameworks/mpg123.xcframework'. (in target 'mpg123' from project 'spfk-lame')
/Users/admin/builder/spi-builder-workspace/Frameworks/lame.xcframework:1:1: error: While building for tvOS, no library for this platform was found in '/Users/admin/builder/spi-builder-workspace/Frameworks/lame.xcframework'. (in target 'lame' from project 'spfk-lame')
2026-08-12 18:26:38.871 xcodebuild[738:4474] [MT] IDERunDestination: Supported platforms for the buildables in the current scheme is empty.
** BUILD FAILED **
The following build commands failed:
Building workspace spi-builder-workspace with scheme spfk-lame-Package
(1 failure)
Command line invocation:
/Applications/Xcode-26.4.0.app/Contents/Developer/usr/bin/xcodebuild -IDEClonedSourcePackagesDirPathOverride=/Users/admin/builder/spi-builder-workspace/.dependencies -resolvePackageDependencies
Resolve Package Graph
Resolved source packages:
spfk-lame: /Users/admin/builder/spi-builder-workspace
resolved source packages: spfk-lame
2026-08-12 18:26:41.082 xcodebuild[752:4567] [MT] IDERunDestination: Supported platforms for the buildables in the current scheme is empty.
{
"dependencies" : [
],
"manifest_display_name" : "spfk-lame",
"name" : "spfk-lame",
"path" : "/Users/admin/builder/spi-builder-workspace",
"platforms" : [
{
"name" : "macos",
"version" : "13.0"
}
],
"products" : [
{
"name" : "lame",
"targets" : [
"lame"
],
"type" : {
"library" : [
"automatic"
]
}
},
{
"name" : "mpg123",
"targets" : [
"mpg123"
],
"type" : {
"library" : [
"automatic"
]
}
}
],
"targets" : [
{
"c99name" : "mpg123",
"module_type" : "BinaryTarget",
"name" : "mpg123",
"path" : "Frameworks/mpg123.xcframework",
"product_memberships" : [
"mpg123"
],
"sources" : [
],
"type" : "binary"
},
{
"c99name" : "lame",
"module_type" : "BinaryTarget",
"name" : "lame",
"path" : "Frameworks/lame.xcframework",
"product_memberships" : [
"lame"
],
"sources" : [
],
"type" : "binary"
}
],
"tools_version" : "6.2"
}
{
"workspace" : {
"name" : "spi-builder-workspace",
"schemes" : [
"lame",
"mpg123",
"spfk-lame-Package"
]
}
}
2026-08-12 18:26:42.120 xcodebuild[762:4633] [MT] IDERunDestination: Supported platforms for the buildables in the current scheme is empty.
Running build ...
env DEVELOPER_DIR=/Applications/Xcode-26.4.0.app xcrun xcodebuild -IDEClonedSourcePackagesDirPathOverride=$PWD/.dependencies -skipMacroValidation -skipPackagePluginValidation -derivedDataPath $PWD/.derivedData build -scheme spfk-lame-Package -destination generic/platform=tvOS
Command line invocation:
/Applications/Xcode-26.4.0.app/Contents/Developer/usr/bin/xcodebuild -IDEClonedSourcePackagesDirPathOverride=/Users/admin/builder/spi-builder-workspace/.dependencies -skipMacroValidation -skipPackagePluginValidation -derivedDataPath /Users/admin/builder/spi-builder-workspace/.derivedData build -scheme spfk-lame-Package -destination generic/platform=tvOS
Resolve Package Graph
Resolved source packages:
spfk-lame: /Users/admin/builder/spi-builder-workspace
ComputePackagePrebuildTargetDependencyGraph
Prepare packages
CreateBuildRequest
SendProjectDescription
CreateBuildOperation
ComputeTargetDependencyGraph
note: Building targets in dependency order
note: Target dependency graph (2 targets)
Target 'mpg123' in project 'spfk-lame' (no dependencies)
Target 'lame' in project 'spfk-lame' (no dependencies)
GatherProvisioningInputs
CreateBuildDescription
ExecuteExternalTool /Applications/Xcode-26.4.0.app/Contents/Developer/Toolchains/XcodeDefault.xctoolchain/usr/bin/clang -v -E -dM -isysroot /Applications/Xcode-26.4.0.app/Contents/Developer/Platforms/AppleTVOS.platform/Developer/SDKs/AppleTVOS26.4.sdk -x c -c /dev/null
Build description signature: 410f96f756ee8b6c022b73d6e30cf2ef
Build description path: /Users/admin/builder/spi-builder-workspace/.derivedData/Build/Intermediates.noindex/XCBuildData/410f96f756ee8b6c022b73d6e30cf2ef.xcbuilddata
/Users/admin/builder/spi-builder-workspace/Frameworks/lame.xcframework:1:1: error: While building for tvOS, no library for this platform was found in '/Users/admin/builder/spi-builder-workspace/Frameworks/lame.xcframework'. (in target 'lame' from project 'spfk-lame')
/Users/admin/builder/spi-builder-workspace/Frameworks/mpg123.xcframework:1:1: error: While building for tvOS, no library for this platform was found in '/Users/admin/builder/spi-builder-workspace/Frameworks/mpg123.xcframework'. (in target 'mpg123' from project 'spfk-lame')
2026-08-12 18:26:42.907 xcodebuild[765:4665] [MT] IDERunDestination: Supported platforms for the buildables in the current scheme is empty.
** BUILD FAILED **
The following build commands failed:
Building workspace spi-builder-workspace with scheme spfk-lame-Package
(1 failure)
BUILD FAILURE 6.3 tvOS