The Swift Package Index logo.Swift Package Index

Build Information

Failed to build SwiftStash, reference main (933737), with Swift 6.3 for Wasm on 14 Oct 2026 12:23:28 UTC.

Build Command

bash -c docker run --pull=always --rm -v "checkouts-54344849-3":/host -w "$PWD" -e JAVA_HOME="/root/.sdkman/candidates/java/current" -e SPI_BUILD="1" -e SPI_PROCESSING="1" registry.gitlab.com/saguaro1/spi-images:wasm-6.3-latest swift build --swift-sdk swift-6.3.2-RELEASE_wasm 2>&1

Build Log

========================================
RunAll
========================================
Builder version: 5.1.2
Interrupt handler set up.
========================================
Checkout
========================================
Clone URL: https://github.com/modern-swift-dev/swift-stash.git
Reference: main
Initialized empty Git repository in /host/spi-builder-workspace/.git/
hint: Using 'master' as the name for the initial branch. This default branch name
hint: is subject to change. To configure the initial branch name to use in all
hint: of your new repositories, which will suppress this warning, call:
hint:
hint: 	git config --global init.defaultBranch <name>
hint:
hint: Names commonly chosen instead of 'master' are 'main', 'trunk' and
hint: 'development'. The just-created branch can be renamed via this command:
hint:
hint: 	git branch -m <name>
From https://github.com/modern-swift-dev/swift-stash
 * branch            main       -> FETCH_HEAD
 * [new branch]      main       -> origin/main
HEAD is now at 9337374 docs: record that apps on non-Apple platforms bring their own swift-crypto
Cloned https://github.com/modern-swift-dev/swift-stash.git
Revision (git rev-parse @):
9337374d342a41a0c5b80ceb6d6a998a109fd5a8
SPI manifest file found: $PWD/.spi.yml
SUCCESS checkout https://github.com/modern-swift-dev/swift-stash.git at main
========================================
Build
========================================
Selected platform:         wasm
Swift version:             6.3
Building package at path:  $PWD
https://github.com/modern-swift-dev/swift-stash.git
Running build ...
bash -c docker run --pull=always --rm -v "checkouts-54344849-3":/host -w "$PWD" -e JAVA_HOME="/root/.sdkman/candidates/java/current" -e SPI_BUILD="1" -e SPI_PROCESSING="1" registry.gitlab.com/saguaro1/spi-images:wasm-6.3-latest swift build --swift-sdk swift-6.3.2-RELEASE_wasm 2>&1
wasm-6.3-latest: Pulling from saguaro1/spi-images
Digest: sha256:df2e9038ff906af397ec7b7e13902ccb183f8867606bc33419e44453a9abdb4b
Status: Image is up to date for registry.gitlab.com/saguaro1/spi-images:wasm-6.3-latest
Fetching https://github.com/MobileNativeFoundation/Kronos.git
Fetching https://github.com/swiftlang/swift-docc-plugin
Fetching https://github.com/apple/swift-crypto.git
[1/1192] Fetching kronos
[156/3537] Fetching kronos, swift-docc-plugin
[525/22180] Fetching kronos, swift-docc-plugin, swift-crypto
Fetched https://github.com/swiftlang/swift-docc-plugin from cache (0.64s)
[3989/19835] Fetching kronos, swift-crypto
Fetched https://github.com/MobileNativeFoundation/Kronos.git from cache (1.30s)
Fetched https://github.com/apple/swift-crypto.git from cache (1.32s)
Computing version for https://github.com/swiftlang/swift-docc-plugin
Computed https://github.com/swiftlang/swift-docc-plugin at 1.5.0 (2.23s)
Fetching https://github.com/swiftlang/swift-docc-symbolkit
[1/3838] Fetching swift-docc-symbolkit
Fetched https://github.com/swiftlang/swift-docc-symbolkit from cache (0.57s)
Computing version for https://github.com/MobileNativeFoundation/Kronos.git
Computed https://github.com/MobileNativeFoundation/Kronos.git at 4.3.1 (0.73s)
Computing version for https://github.com/swiftlang/swift-docc-symbolkit
Computed https://github.com/swiftlang/swift-docc-symbolkit at 1.0.0 (0.19s)
Computing version for https://github.com/apple/swift-crypto.git
Computed https://github.com/apple/swift-crypto.git at 5.0.1 (1.02s)
Fetching https://github.com/apple/swift-asn1.git
[1/2051] Fetching swift-asn1
Fetched https://github.com/apple/swift-asn1.git from cache (0.42s)
Computing version for https://github.com/apple/swift-asn1.git
Computed https://github.com/apple/swift-asn1.git at 1.7.3 (0.59s)
Creating working copy for https://github.com/apple/swift-crypto.git
Working copy of https://github.com/apple/swift-crypto.git resolved at 5.0.1
Creating working copy for https://github.com/swiftlang/swift-docc-plugin
Working copy of https://github.com/swiftlang/swift-docc-plugin resolved at 1.5.0
Creating working copy for https://github.com/MobileNativeFoundation/Kronos.git
Working copy of https://github.com/MobileNativeFoundation/Kronos.git resolved at 4.3.1
Creating working copy for https://github.com/swiftlang/swift-docc-symbolkit
Working copy of https://github.com/swiftlang/swift-docc-symbolkit resolved at 1.0.0
Creating working copy for https://github.com/apple/swift-asn1.git
Working copy of https://github.com/apple/swift-asn1.git resolved at 1.7.3
[1/1] Compiling plugin Swift-DocC Preview
[2/2] Compiling plugin Swift-DocC
Building for debugging...
[2/377] Write sources
[5/377] Compiling SimpleFIPS202.c
[6/377] Compiling CXKCPShims shims.c
[7/377] Compiling KeccakSponge.c
[8/377] Compiling KeccakHash.c
[9/377] Compiling fiat_curve25519_adx_square.S
[9/377] Compiling fiat_p256_adx_mul.S
[11/377] Compiling fiat_p256_adx_sqr.S
[12/377] Compiling md5-x86_64-linux.S
[13/377] Compiling md5-x86_64-apple.S
[14/377] Compiling fiat_curve25519_adx_mul.S
[15/377] Compiling md5-586-apple.S
[16/377] Compiling md5-586-linux.S
[17/377] Compiling chacha20_poly1305_x86_64-linux.S
[18/377] Compiling chacha20_poly1305_x86_64-apple.S
[19/377] Compiling chacha20_poly1305_armv8-linux.S
[20/377] Compiling chacha20_poly1305_armv8-win.S
[21/377] Compiling chacha20_poly1305_armv8-apple.S
[22/377] Compiling chacha-x86_64-linux.S
[23/377] Compiling chacha-x86_64-apple.S
[24/377] Compiling chacha-x86-linux.S
[25/377] Compiling chacha-x86-apple.S
[26/377] Compiling chacha-armv8-win.S
[27/377] Compiling chacha-armv8-apple.S
[28/377] Compiling chacha-armv8-linux.S
[29/377] Compiling aes128gcmsiv-x86_64-linux.S
[30/377] Compiling aes.cc
[31/377] Compiling chacha-armv4-linux.S
[32/377] Compiling x86_64-mont5-apple.S
[33/377] Compiling x86_64-mont5-linux.S
[34/377] Compiling aes128gcmsiv-x86_64-apple.S
[35/377] Compiling a_gentm.cc
[36/377] Compiling x86-mont-linux.S
[37/377] Compiling x86_64-mont-linux.S
[38/377] Compiling x86_64-mont-apple.S
[39/377] Compiling x86-mont-apple.S
[40/377] Compiling vpaes-x86_64-linux.S
[41/377] Compiling vpaes-x86_64-apple.S
[42/377] Compiling vpaes-x86-apple.S
[43/377] Compiling vpaes-armv8-win.S
[43/377] Compiling vpaes-x86-linux.S
[45/377] Compiling err_data.cc
[46/377] Compiling vpaes-armv8-linux.S
[47/377] Compiling vpaes-armv8-apple.S
[47/377] Compiling sha512-x86_64-linux.S
[49/377] Compiling vpaes-armv7-linux.S
[50/377] Compiling sha512-x86_64-apple.S
[51/377] Compiling sha512-armv8-apple.S
[52/377] Compiling sha512-armv8-linux.S
[53/377] Compiling sha512-armv8-win.S
[54/377] Compiling sha512-armv4-linux.S
[55/377] Compiling sha256-x86_64-apple.S
[55/377] Compiling sha512-586-linux.S
[57/377] Compiling sha512-586-apple.S
[58/377] Compiling sha256-x86_64-linux.S
[59/377] Compiling a_bitstr.cc
[60/377] Write swift-version-24593BA9C3E375BF.txt
[61/377] Compiling sha256-586-linux.S
[62/377] Compiling sha256-armv8-apple.S
[63/377] Compiling sha256-armv4-linux.S
[64/377] Compiling sha256-armv8-linux.S
[65/377] Compiling sha256-armv8-win.S
[66/377] Compiling sha1-armv8-win.S
[67/377] Compiling sha256-586-apple.S
[68/377] Compiling sha1-x86_64-linux.S
[69/377] Compiling sha1-x86_64-apple.S
[70/377] Compiling sha1-armv4-large-linux.S
[71/377] Compiling sha1-armv8-linux.S
[72/377] Compiling sha1-armv8-apple.S
[73/377] Compiling sha1-586-apple.S
[74/377] Compiling sha1-586-linux.S
[75/377] Compiling rsaz-avx2-apple.S
[76/377] Compiling p256_beeu-x86_64-asm-apple.S
[77/377] Compiling rdrand-x86_64-apple.S
[78/377] Compiling rsaz-avx2-linux.S
[79/377] Compiling rdrand-x86_64-linux.S
[80/377] Compiling p256_beeu-x86_64-asm-linux.S
[81/377] Compiling p256_beeu-armv8-asm-win.S
[82/377] Compiling p256_beeu-armv8-asm-apple.S
[83/377] Compiling p256-x86_64-asm-linux.S
[83/377] Compiling p256-x86_64-asm-apple.S
[85/377] Compiling p256_beeu-armv8-asm-linux.S
[86/377] Compiling ghashv8-armv8-win.S
[87/377] Compiling p256-armv8-asm-win.S
[88/377] Compiling p256-armv8-asm-linux.S
[89/377] Compiling ghashv8-armv7-linux.S
[90/377] Compiling ghashv8-armv8-linux.S
[91/377] Compiling ghashv8-armv8-apple.S
[92/377] Compiling ghash-x86_64-linux.S
[93/377] Compiling p256-armv8-asm-apple.S
[94/377] Compiling ghash-ssse3-x86-linux.S
[95/377] Compiling ghash-ssse3-x86_64-linux.S
[96/377] Compiling ghash-x86_64-apple.S
[97/377] Compiling ghash-ssse3-x86_64-apple.S
[98/377] Compiling ghash-ssse3-x86-apple.S
[99/377] Compiling ghash-x86-linux.S
[100/377] Compiling ghash-x86-apple.S
[101/377] Compiling ghash-neon-armv8-win.S
[102/377] Compiling ghash-armv4-linux.S
[103/377] Compiling ghash-neon-armv8-apple.S
[104/377] Compiling ghash-neon-armv8-linux.S
[105/377] Compiling co-586-linux.S
[106/377] Compiling bn-armv8-apple.S
[107/377] Compiling co-586-apple.S
[108/377] Compiling bn-armv8-win.S
[108/377] Compiling bn-armv8-linux.S
[110/377] Compiling bsaes-armv7-linux.S
[111/377] Compiling bn-586-apple.S
[112/377] Compiling armv8-mont-win.S
[113/377] Compiling armv8-mont-apple.S
[114/377] Compiling armv4-mont-linux.S
[114/377] Compiling aesv8-gcm-armv8-linux.S
[116/377] Compiling bn-586-linux.S
[117/377] Compiling armv8-mont-linux.S
[118/377] Compiling aesv8-gcm-armv8-win.S
[119/377] Compiling aesv8-armv8-apple.S
[120/377] Compiling aesv8-armv8-linux.S
[121/377] Compiling aesv8-armv8-win.S
[122/377] Compiling aesv8-armv7-linux.S
[123/377] Compiling aesni-x86_64-linux.S
[124/377] Compiling aesv8-gcm-armv8-apple.S
[125/377] Compiling aesni-x86_64-apple.S
[126/377] Compiling aesni-x86-linux.S
[127/377] Compiling aes-gcm-avx512-x86_64-linux.S
[128/377] Compiling aes-gcm-avx512-x86_64-apple.S
[129/377] Compiling aes-gcm-avx2-x86_64-linux.S
[130/377] Compiling aesni-gcm-x86_64-linux.S
[131/377] Compiling aesni-gcm-x86_64-apple.S
[132/377] Compiling aesni-x86-apple.S
[133/377] Compiling aes-gcm-avx2-x86_64-apple.S
[134/377] Compiling xwing.cc
[135/377] Compiling x_sig.cc
[136/377] Compiling x_x509.cc
[137/377] Compiling x_spki.cc
[138/377] Compiling x_req.cc
[139/377] Compiling x_x509a.cc
[139/377] Compiling x_pubkey.cc
[141/377] Compiling x_exten.cc
[142/377] Compiling x_name.cc
[143/377] Compiling x_all.cc
[144/377] Compiling x509spki.cc
[145/377] Compiling x_crl.cc
[146/377] Compiling x_algor.cc
[147/377] Compiling x_attrib.cc
[148/377] Compiling x509rset.cc
[149/377] Compiling x509name.cc
[150/377] Compiling x509_vpm.cc
[151/377] Compiling x509_txt.cc
[152/377] Compiling x509cset.cc
[153/377] Compiling x509_v3.cc
[154/377] Compiling x509_vfy.cc
[155/377] Compiling x509_trs.cc
[156/377] Compiling x509_lu.cc
[157/377] Compiling x509_set.cc
[158/377] Compiling x509_ext.cc
[159/377] Compiling x509_req.cc
[160/377] Compiling x509_def.cc
[161/377] Compiling x509_obj.cc
[162/377] Compiling x509_d2.cc
[163/377] Compiling x509_att.cc
[164/377] Compiling x509.cc
[165/377] Compiling v3_purp.cc
[166/377] Compiling x509_cmp.cc
[167/377] Compiling v3_utl.cc
[168/377] Compiling v3_skey.cc
[169/377] Compiling KeccakP-1600-opt64.c
[170/377] Compiling v3_prn.cc
[171/377] Compiling v3_pmaps.cc
[172/377] Compiling v3_pcons.cc
[173/377] Compiling v3_ocsp.cc
[174/377] Compiling v3_ncons.cc
[175/377] Compiling v3_lib.cc
[176/377] Compiling v3_int.cc
[177/377] Compiling v3_info.cc
[178/377] Compiling v3_ia5.cc
[179/377] Compiling v3_genn.cc
[180/377] Compiling v3_extku.cc
[181/377] Compiling v3_enum.cc
[182/377] Compiling v3_cpols.cc
[183/377] Compiling v3_crld.cc
[184/377] Compiling v3_conf.cc
[185/377] Compiling v3_alt.cc
[186/377] Compiling v3_bitst.cc
[187/377] Compiling v3_bcons.cc
[188/377] Compiling v3_akeya.cc
[189/377] Compiling t_x509a.cc
[190/377] Compiling v3_akey.cc
[191/377] Compiling t_x509.cc
[192/377] Compiling t_req.cc
[193/377] Compiling t_crl.cc
[194/377] Compiling i2d_pr.cc
[195/377] Compiling rsa_pss.cc
[196/377] Compiling policy.cc
[197/377] Compiling name_print.cc
[198/377] Compiling by_file.cc
[199/377] Compiling by_dir.cc
[200/377] Compiling asn1_gen.cc
[201/377] Compiling algorithm.cc
[202/377] Compiling a_verify.cc
[203/377] Compiling a_sign.cc
[204/377] Compiling voprf.cc
[205/377] Compiling a_digest.cc
[206/377] Compiling thread_none.cc
[207/377] Compiling thread_win.cc
[208/377] Compiling thread.cc
[209/377] Compiling trust_token.cc
[210/377] Compiling pmbtoken.cc
[211/377] Compiling thread_pthread.cc
[212/377] Compiling spake2plus.cc
[213/377] Compiling stack.cc
[214/377] Compiling siphash.cc
[215/377] Compiling sha512.cc
[216/377] Compiling sha256.cc
[217/377] Compiling sha1.cc
[218/377] Compiling slhdsa.cc
[219/377] Compiling rsa_print.cc
[220/377] Compiling rsa_extra.cc
[221/377] Compiling rsa_crypt.cc
[222/377] Compiling refcount.cc
[223/377] Compiling rc4.cc
[224/377] Compiling windows.cc
[225/377] Compiling urandom.cc
[226/377] Compiling trusty.cc
[227/377] Compiling rand.cc
[228/377] Compiling rsa_asn1.cc
[229/377] Compiling passive.cc
[230/377] Compiling poly1305_arm_asm.S
[231/377] Compiling ios.cc
[232/377] Compiling getentropy.cc
[233/377] Compiling fork_detect.cc
[234/377] Compiling forkunsafe.cc
[235/377] Compiling deterministic.cc
[236/377] Compiling poly1305_vec.cc
[237/377] Compiling pool.cc
[238/377] Compiling poly1305_arm.cc
[239/377] Compiling poly1305.cc
[240/377] Compiling p5_pbev2.cc
[241/377] Compiling pkcs8.cc
[242/377] Compiling pkcs7.cc
[243/377] Compiling pkcs8_x509.cc
[244/377] Compiling pkcs7_x509.cc
[245/377] Compiling pem_xaux.cc
[246/377] Compiling pem_pkey.cc
[247/377] Compiling pem_x509.cc
[248/377] Compiling pem_pk8.cc
[249/377] Compiling pem_oth.cc
[250/377] Compiling pem_lib.cc
[251/377] Compiling pem_info.cc
[252/377] Compiling mlkem.cc
[253/377] Compiling obj_xref.cc
[254/377] Compiling pem_all.cc
[255/377] Compiling obj.cc
[256/377] Compiling poly_rq_mul.S
[257/377] Compiling mldsa.cc
[258/377] Compiling mem.cc
[259/377] Compiling fips_shared_support.cc
[260/377] Compiling lhash.cc
[261/377] Compiling md5.cc
[262/377] Compiling md4.cc
[263/377] Compiling hrss.cc
[264/377] Compiling kyber.cc
[265/377] Compiling fuzzer_mode.cc
[266/377] Compiling ex_data.cc
[267/377] Compiling hpke.cc
[268/377] Compiling scrypt.cc
[269/377] Compiling sign.cc
[270/377] Compiling pbkdf.cc
[271/377] Compiling print.cc
[272/377] Compiling p_x25519_asn1.cc
[273/377] Compiling p_x25519.cc
[274/377] Compiling p_rsa_asn1.cc
[275/377] Compiling p_hkdf.cc
[276/377] Compiling p_rsa.cc
[277/377] Compiling p_ed25519_asn1.cc
[278/377] Compiling p_ed25519.cc
[279/377] Compiling p_ec_asn1.cc
[280/377] Compiling p_ec.cc
[281/377] Compiling p_dsa_asn1.cc
[282/377] Compiling p_dh_asn1.cc
[283/377] Compiling p_dh.cc
[284/377] Compiling evp_ctx.cc
[285/377] Compiling evp_asn1.cc
[286/377] Compiling err.cc
[287/377] Compiling engine.cc
[288/377] Compiling evp.cc
[289/377] Compiling ecdh.cc
[290/377] Compiling ecdsa_p1363.cc
[291/377] Compiling ec_asn1.cc
[292/377] Compiling ecdsa_asn1.cc
[293/377] Compiling hash_to_curve.cc
[294/377] Compiling ec_derive.cc
[295/377] Compiling bcm.cc
[296/377] Compiling dh_asn1.cc
[297/377] Compiling dsa.cc
[298/377] Compiling params.cc
[299/377] Compiling x25519-asm-arm.S
[300/377] Compiling dsa_asn1.cc
[301/377] Compiling digest_extra.cc
[302/377] Compiling curve25519_64_adx.cc
[303/377] Compiling des.cc
[304/377] Compiling curve25519.cc
[305/377] Compiling crypto.cc
[306/377] Compiling spake25519.cc
[307/377] Compiling cpu_intel.cc
[308/377] Compiling cpu_arm_linux.cc
[309/377] Compiling cpu_arm_freebsd.cc
[310/377] Compiling cpu_aarch64_win.cc
[311/377] Compiling cpu_aarch64_sysreg.cc
[312/377] Compiling cpu_aarch64_fuchsia.cc
[313/377] Compiling cpu_aarch64_apple.cc
[314/377] Compiling cpu_aarch64_openbsd.cc
[315/377] Compiling cpu_aarch64_linux.cc
[316/377] Compiling conf.cc
[317/377] Compiling get_cipher.cc
[317/377] Compiling tls_cbc.cc
[319/377] Compiling cms.cc
[320/377] Compiling e_tls.cc
[321/377] Compiling e_rc4.cc
[322/377] Compiling e_null.cc
[323/377] Compiling e_rc2.cc
[324/377] Compiling e_des.cc
[325/377] Compiling e_aeseax.cc
[326/377] Compiling e_aesgcmsiv.cc
[327/377] Compiling e_chacha20poly1305.cc
[328/377] Compiling e_aesctrhmac.cc
[329/377] Compiling derive_key.cc
[330/377] Compiling chacha.cc
[331/377] Compiling cbs.cc
[332/377] Compiling unicode.cc
[333/377] Compiling cbb.cc
[334/377] Compiling sqrt.cc
[335/377] Compiling buf.cc
[336/377] Compiling asn1_compat.cc
[337/377] Compiling ber.cc
[338/377] Compiling exponentiation.cc
[339/377] Compiling div.cc
[340/377] Compiling bn_asn1.cc
[341/377] Compiling blake2.cc
[342/377] Compiling convert.cc
[343/377] Compiling printf.cc
[344/377] Compiling hexdump.cc
[345/377] Compiling pair.cc
[346/377] Compiling fd.cc
[347/377] Compiling file.cc
[348/377] Compiling errno.cc
[349/377] Compiling bio_mem.cc
[350/377] Compiling base64.cc
[351/377] Compiling tasn_typ.cc
[352/377] Compiling bio.cc
[353/377] Compiling tasn_fre.cc
[354/377] Compiling tasn_utl.cc
[355/377] Compiling tasn_new.cc
[356/377] Compiling tasn_enc.cc
[357/377] Compiling f_int.cc
[358/377] Compiling f_string.cc
[359/377] Compiling posix_time.cc
[360/377] Compiling tasn_dec.cc
[361/377] Compiling asn1_par.cc
[362/377] Compiling asn_pack.cc
[363/377] Compiling asn1_lib.cc
[364/377] Compiling a_utctm.cc
[365/377] Compiling a_time.cc
[366/377] Compiling a_type.cc
[367/377] Compiling a_octet.cc
[368/377] Compiling a_strnid.cc
[369/377] Compiling a_strex.cc
[370/377] Compiling a_object.cc
[371/377] Compiling a_mbstr.cc
[372/377] Compiling a_i2d_fp.cc
[373/377] Compiling a_d2i_fp.cc
[374/377] Compiling a_dup.cc
[375/377] Compiling a_int.cc
[376/377] Compiling a_bool.cc
[378/385] Compiling CryptoBoringWrapper EllipticCurve.swift
[379/386] Compiling CryptoBoringWrapper RandomBytes.swift
[380/386] Emitting module CryptoBoringWrapper
[381/386] Compiling CryptoBoringWrapper CryptoKitErrors_boring.swift
[382/386] Compiling CryptoBoringWrapper FiniteFieldArithmeticContext.swift
[383/386] Compiling CryptoBoringWrapper Data+Span.swift
[384/386] Compiling CryptoBoringWrapper ArbitraryPrecisionInteger.swift
[385/386] Compiling CryptoBoringWrapper EllipticCurvePoint.swift
[386/386] Compiling CryptoBoringWrapper BoringSSLAEAD.swift
[388/473] Compiling Crypto HPKE-Utils.swift
[389/473] Compiling Crypto DHKEM.swift
[390/473] Compiling Crypto HPKE-KEM-Curve25519.swift
[391/473] Compiling Crypto HPKE-NIST-EC-KEMs.swift
[392/473] Compiling Crypto HPKE-KEM.swift
[393/473] Compiling Crypto HPKE-Errors.swift
[394/473] Compiling Crypto HPKE.swift
[395/473] Compiling Crypto HPKE-Context.swift
[396/473] Compiling Crypto HPKE-KeySchedule.swift
[397/473] Compiling Crypto HPKE-Modes.swift
[398/473] Compiling Crypto Insecure.swift
[399/473] Compiling Crypto Insecure_HashFunctions.swift
[400/485] Compiling Crypto AESWrap.swift
[401/485] Compiling Crypto AESWrap_boring.swift
[402/485] Compiling Crypto Ed25519_boring.swift
[403/485] Compiling Crypto NISTCurvesKeys_boring.swift
[404/485] Compiling Crypto X25519Keys_boring.swift
[405/485] Compiling Crypto Curve25519.swift
[406/485] Compiling Crypto Ed25519Keys.swift
[407/485] Compiling Crypto NISTCurvesKeys.swift
[408/485] Compiling Crypto X25519Keys.swift
[409/485] Compiling Crypto SymmetricKeys.swift
[410/485] Compiling Crypto HMAC.swift
[411/485] Compiling Crypto MACFunctions.swift
[412/485] Compiling Crypto Digest_boring.swift
[413/485] Compiling Crypto Digest.swift
[414/485] Compiling Crypto Digests.swift
[415/485] Compiling Crypto HashFunctions.swift
[416/485] Compiling Crypto HashFunctions_SHA2.swift
[417/485] Compiling Crypto HashFunctions_SHA3.swift
[418/485] Compiling Crypto Digest_xkcp.swift
[419/485] Compiling Crypto HPKE-AEAD.swift
[420/485] Compiling Crypto HPKE-Ciphersuite.swift
[421/485] Compiling Crypto HPKE-KDF.swift
[422/485] Compiling Crypto HPKE-KexKeyDerivation.swift
[423/485] Compiling Crypto HPKE-LabeledExtract.swift
[424/485] Emitting module Crypto
[425/485] Compiling Crypto ASN1OctetString.swift
[426/485] Compiling Crypto ASN1Strings.swift
[427/485] Compiling Crypto ArraySliceBigint.swift
[428/485] Compiling Crypto GeneralizedTime.swift
[429/485] Compiling Crypto ObjectIdentifier.swift
[430/485] Compiling Crypto ECDSASignature.swift
[431/485] Compiling Crypto PEMDocument.swift
[432/485] Compiling Crypto PKCS8PrivateKey.swift
[433/485] Compiling Crypto SEC1PrivateKey.swift
[434/485] Compiling Crypto SubjectPublicKeyInfo.swift
[435/485] Compiling Crypto CryptoError_boring.swift
[436/485] Compiling Crypto CryptoKitErrors.swift
[437/485] Compiling Crypto AES-GCM.swift
[438/485] Compiling Crypto AES-GCM_boring.swift
[439/485] Compiling Crypto ChaChaPoly_boring.swift
[440/485] Compiling Crypto ChaChaPoly.swift
[441/485] Compiling Crypto Cipher.swift
[442/485] Compiling Crypto Nonces.swift
[443/485] Compiling Crypto ASN1.swift
[444/485] Compiling Crypto ASN1Any.swift
[445/485] Compiling Crypto ASN1BitString.swift
[446/485] Compiling Crypto ASN1Boolean.swift
[447/485] Compiling Crypto ASN1Identifier.swift
[448/485] Compiling Crypto ASN1Integer.swift
[449/485] Compiling Crypto ASN1Null.swift
[450/485] Compiling Crypto CryptoKitErrors_boring.swift
[451/485] Compiling Crypto InlineArray+withBytes_boring.swift
[452/485] Compiling Crypto Optional+withUnsafeBytes_boring.swift
[453/485] Compiling Crypto RNG_boring.swift
[454/485] Compiling Crypto SafeCompare_boring.swift
[455/485] Compiling Crypto Zeroization_boring.swift
[456/485] Compiling Crypto _CryptoModuleAnchor.swift
[457/485] Compiling Crypto Data+ArraySpan.swift
[458/485] Compiling Crypto PrettyBytes.swift
[459/485] Compiling Crypto SafeCompare.swift
[460/485] Compiling Crypto SecureBytes.swift
[461/485] Compiling Crypto Zeroization.swift
[462/485] Compiling Crypto MessageAuthenticationCode.swift
[463/485] Compiling Crypto AES.swift
[464/485] Compiling Crypto ECDSASignature_boring.swift
[465/485] Compiling Crypto ECDSA_boring.swift
[466/485] Compiling Crypto EdDSA_boring.swift
[467/485] Compiling Crypto MLDSA_boring.swift
[468/485] Compiling Crypto MLDSA_wrapper.swift
[469/485] Compiling Crypto ECDSA.swift
[470/485] Compiling Crypto Ed25519.swift
[471/485] Compiling Crypto MLDSA.swift
[472/485] Compiling Crypto Signature.swift
[473/485] Compiling Crypto ArraySpanHelpers.swift
[474/485] Compiling Crypto MLKEM_boring.swift
[475/485] Compiling Crypto MLKEM_wrapper.swift
[476/485] Compiling Crypto XWing_boring.swift
[477/485] Compiling Crypto KEM-Errors.swift
[478/485] Compiling Crypto KEM.swift
[479/485] Compiling Crypto MLKEM.swift
[480/485] Compiling Crypto XWing.swift
[481/485] Compiling Crypto ECDH_boring.swift
[482/485] Compiling Crypto DH.swift
[483/485] Compiling Crypto ECDH.swift
[484/485] Compiling Crypto ANSIx963.swift
[485/485] Compiling Crypto HKDF.swift
[487/501] Compiling SwiftStash StorageEngine+Disk.swift
/host/spi-builder-workspace/Sources/SwiftStash/CacheExecutor.swift:1:8: error: no such module 'Dispatch'
 1 | import Dispatch
   |        `- error: no such module 'Dispatch'
 2 |
 3 | /// Runs a cache's work, including its storage engine's file I/O, on a serial dispatch queue.
[488/501] Compiling SwiftStash StorageEngine+Memory.swift
/host/spi-builder-workspace/Sources/SwiftStash/CacheExecutor.swift:1:8: error: no such module 'Dispatch'
 1 | import Dispatch
   |        `- error: no such module 'Dispatch'
 2 |
 3 | /// Runs a cache's work, including its storage engine's file I/O, on a serial dispatch queue.
[489/502] Compiling SwiftStash CacheKey.swift
/host/spi-builder-workspace/Sources/SwiftStash/CacheExecutor.swift:1:8: error: no such module 'Dispatch'
 1 | import Dispatch
   |        `- error: no such module 'Dispatch'
 2 |
 3 | /// Runs a cache's work, including its storage engine's file I/O, on a serial dispatch queue.
[490/502] Compiling SwiftStash CostLimit.swift
/host/spi-builder-workspace/Sources/SwiftStash/CacheExecutor.swift:1:8: error: no such module 'Dispatch'
 1 | import Dispatch
   |        `- error: no such module 'Dispatch'
 2 |
 3 | /// Runs a cache's work, including its storage engine's file I/O, on a serial dispatch queue.
error: emit-module command failed with exit code 1 (use -v to see invocation)
[491/502] Emitting module SwiftStash
/host/spi-builder-workspace/Sources/SwiftStash/CacheExecutor.swift:1:8: error: no such module 'Dispatch'
 1 | import Dispatch
   |        `- error: no such module 'Dispatch'
 2 |
 3 | /// Runs a cache's work, including its storage engine's file I/O, on a serial dispatch queue.
[492/502] Compiling SwiftStash Cache+Entry.swift
/host/spi-builder-workspace/Sources/SwiftStash/CacheExecutor.swift:1:8: error: no such module 'Dispatch'
 1 | import Dispatch
   |        `- error: no such module 'Dispatch'
 2 |
 3 | /// Runs a cache's work, including its storage engine's file I/O, on a serial dispatch queue.
[493/502] Compiling SwiftStash Cache.swift
/host/spi-builder-workspace/Sources/SwiftStash/CacheExecutor.swift:1:8: error: no such module 'Dispatch'
 1 | import Dispatch
   |        `- error: no such module 'Dispatch'
 2 |
 3 | /// Runs a cache's work, including its storage engine's file I/O, on a serial dispatch queue.
[494/502] Compiling SwiftStash StorageEngine.swift
/host/spi-builder-workspace/Sources/SwiftStash/CacheExecutor.swift:1:8: error: no such module 'Dispatch'
 1 | import Dispatch
   |        `- error: no such module 'Dispatch'
 2 |
 3 | /// Runs a cache's work, including its storage engine's file I/O, on a serial dispatch queue.
[495/502] Compiling SwiftStash DiskStorageSerializer.swift
/host/spi-builder-workspace/Sources/SwiftStash/CacheExecutor.swift:1:8: error: no such module 'Dispatch'
 1 | import Dispatch
   |        `- error: no such module 'Dispatch'
 2 |
 3 | /// Runs a cache's work, including its storage engine's file I/O, on a serial dispatch queue.
[496/502] Compiling SwiftStash EntryFileCipher.swift
/host/spi-builder-workspace/Sources/SwiftStash/CacheExecutor.swift:1:8: error: no such module 'Dispatch'
 1 | import Dispatch
   |        `- error: no such module 'Dispatch'
 2 |
 3 | /// Runs a cache's work, including its storage engine's file I/O, on a serial dispatch queue.
[497/502] Compiling SwiftStash DiskStorageSerializer+JSON.swift
/host/spi-builder-workspace/Sources/SwiftStash/CacheExecutor.swift:1:8: error: no such module 'Dispatch'
 1 | import Dispatch
   |        `- error: no such module 'Dispatch'
 2 |
 3 | /// Runs a cache's work, including its storage engine's file I/O, on a serial dispatch queue.
[498/502] Compiling SwiftStash DiskStorageSerializer+String.swift
/host/spi-builder-workspace/Sources/SwiftStash/CacheExecutor.swift:1:8: error: no such module 'Dispatch'
 1 | import Dispatch
   |        `- error: no such module 'Dispatch'
 2 |
 3 | /// Runs a cache's work, including its storage engine's file I/O, on a serial dispatch queue.
[499/502] Compiling SwiftStash EntryFileFormat.swift
/host/spi-builder-workspace/Sources/SwiftStash/CacheExecutor.swift:1:8: error: no such module 'Dispatch'
 1 | import Dispatch
   |        `- error: no such module 'Dispatch'
 2 |
 3 | /// Runs a cache's work, including its storage engine's file I/O, on a serial dispatch queue.
[500/502] Compiling SwiftStash NetworkTimeClock.swift
/host/spi-builder-workspace/Sources/SwiftStash/CacheExecutor.swift:1:8: error: no such module 'Dispatch'
 1 | import Dispatch
   |        `- error: no such module 'Dispatch'
 2 |
 3 | /// Runs a cache's work, including its storage engine's file I/O, on a serial dispatch queue.
[501/502] Compiling SwiftStash CacheClock.swift
/host/spi-builder-workspace/Sources/SwiftStash/CacheExecutor.swift:1:8: error: no such module 'Dispatch'
 1 | import Dispatch
   |        `- error: no such module 'Dispatch'
 2 |
 3 | /// Runs a cache's work, including its storage engine's file I/O, on a serial dispatch queue.
[502/502] Compiling SwiftStash CacheExecutor.swift
/host/spi-builder-workspace/Sources/SwiftStash/CacheExecutor.swift:1:8: error: no such module 'Dispatch'
 1 | import Dispatch
   |        `- error: no such module 'Dispatch'
 2 |
 3 | /// Runs a cache's work, including its storage engine's file I/O, on a serial dispatch queue.
BUILD FAILURE 6.3 wasm