Build Information
Failed to build package-histogram, reference main (933b25), with Swift 6.1 for Android on 28 Jun 2026 21:31:29 UTC.
Build Command
bash -c docker run --pull=always --rm -v "checkouts-53886768-0":/host -w "$PWD" -e JAVA_HOME="/root/.sdkman/candidates/java/current" -e SPI_BUILD="1" -e SPI_PROCESSING="1" registry.gitlab.com/saguaro1/spi-images:android-6.1-latest swift build --swift-sdk aarch64-unknown-linux-android24 2>&1Build Log
========================================
RunAll
========================================
Builder version: 0e64495ecc1688c3b3e031a5ef1348b5c05091ae
Interrupt handler set up.
========================================
Checkout
========================================
Clone URL: https://github.com/ordo-one/histogram.git
Reference: main
Initialized empty Git repository in /host/spi-builder-workspace/.git/
hint: Using 'master' as the name for the initial branch. This default branch name
hint: is subject to change. To configure the initial branch name to use in all
hint: of your new repositories, which will suppress this warning, call:
hint:
hint: git config --global init.defaultBranch <name>
hint:
hint: Names commonly chosen instead of 'master' are 'main', 'trunk' and
hint: 'development'. The just-created branch can be renamed via this command:
hint:
hint: git branch -m <name>
From https://github.com/ordo-one/histogram
* branch main -> FETCH_HEAD
* [new branch] main -> origin/main
HEAD is now at 933b257 ci: 🔄 synced local '.github/workflows/' with remote 'workflows/swift'
Cloned https://github.com/ordo-one/histogram.git
Revision (git rev-parse @):
933b257356a9e5236cea69d5dbc66d3de10ed5f6
SPI manifest file found: $PWD/.spi.yml
SUCCESS checkout https://github.com/ordo-one/histogram.git at main
========================================
Build
========================================
Selected platform: android
Swift version: 6.1
Building package at path: $PWD
https://github.com/ordo-one/histogram.git
https://github.com/ordo-one/histogram.git
WARNING: environment variable SUPPRESS_SWIFT_6_FLAGS is not set
Running build ...
bash -c docker run --pull=always --rm -v "checkouts-53886768-0":/host -w "$PWD" -e JAVA_HOME="/root/.sdkman/candidates/java/current" -e SPI_BUILD="1" -e SPI_PROCESSING="1" registry.gitlab.com/saguaro1/spi-images:android-6.1-latest swift build --swift-sdk aarch64-unknown-linux-android24 -Xswiftc -Xfrontend -Xswiftc -stats-output-dir -Xswiftc -Xfrontend -Xswiftc .stats -Xswiftc -strict-concurrency=complete -Xswiftc -enable-upcoming-feature -Xswiftc StrictConcurrency -Xswiftc -enable-upcoming-feature -Xswiftc DisableOutwardActorInference -Xswiftc -enable-upcoming-feature -Xswiftc GlobalActorIsolatedTypesUsability -Xswiftc -enable-upcoming-feature -Xswiftc InferSendableFromCaptures 2>&1
android-6.1-latest: Pulling from saguaro1/spi-images
Digest: sha256:365d9b14669f92fea0572234887def10439445c91d7e524c78a6579ad7294f11
Status: Image is up to date for registry.gitlab.com/saguaro1/spi-images:android-6.1-latest
Fetching https://github.com/apple/swift-docc-plugin
Fetching https://github.com/apple/swift-numerics
[1/2325] Fetching swift-docc-plugin
[234/8754] Fetching swift-docc-plugin, swift-numerics
Fetched https://github.com/apple/swift-numerics from cache (0.67s)
Fetched https://github.com/apple/swift-docc-plugin from cache (0.68s)
Computing version for https://github.com/apple/swift-numerics
Computed https://github.com/apple/swift-numerics at 1.1.1 (0.90s)
Computing version for https://github.com/apple/swift-docc-plugin
Computed https://github.com/apple/swift-docc-plugin at 1.5.0 (0.25s)
Fetching https://github.com/swiftlang/swift-docc-symbolkit
[1/3749] Fetching swift-docc-symbolkit
Fetched https://github.com/swiftlang/swift-docc-symbolkit from cache (0.56s)
Computing version for https://github.com/swiftlang/swift-docc-symbolkit
Computed https://github.com/swiftlang/swift-docc-symbolkit at 1.0.0 (0.84s)
Creating working copy for https://github.com/swiftlang/swift-docc-symbolkit
Working copy of https://github.com/swiftlang/swift-docc-symbolkit resolved at 1.0.0
Creating working copy for https://github.com/apple/swift-docc-plugin
Working copy of https://github.com/apple/swift-docc-plugin resolved at 1.5.0
Creating working copy for https://github.com/apple/swift-numerics
Working copy of https://github.com/apple/swift-numerics resolved at 1.1.1
[1/1] Compiling plugin Swift-DocC Preview
[2/2] Compiling plugin Swift-DocC
Building for debugging...
[2/16] Write sources
[7/16] Compiling _NumericsShims _NumericsShims.c
[8/16] Write swift-version-24593BA9C3E375BF.txt
[10/27] Emitting module RealModule
[11/28] Compiling RealModule RealFunctions.swift
[12/28] Compiling RealModule Real.swift
[13/28] Compiling RealModule RelaxedArithmetic.swift
[14/28] Compiling RealModule Float80+Real.swift
[15/28] Compiling RealModule AugmentedArithmetic.swift
[16/28] Compiling RealModule Double+Real.swift
[17/28] Compiling RealModule ElementaryFunctions.swift
[18/28] Compiling RealModule Float+Real.swift
[19/28] Compiling RealModule Float16+Real.swift
[20/28] Compiling RealModule AlgebraicField.swift
[21/28] Compiling RealModule ApproximateEquality.swift
[22/29] Wrapping AST for RealModule for debugging
[24/40] Compiling ComplexModule Complex+Numeric.swift
[25/41] Compiling ComplexModule Complex.swift
[26/41] Compiling ComplexModule Complex+Hashable.swift
[27/41] Compiling ComplexModule Complex+IntegerLiteral.swift
[28/41] Compiling ComplexModule Complex+StringConvertible.swift
[29/41] Compiling ComplexModule Polar.swift
[30/41] Compiling ComplexModule Scale.swift
[31/41] Compiling ComplexModule Complex+AdditiveArithmetic.swift
[32/41] Compiling ComplexModule Complex+AlgebraicField.swift
[33/41] Compiling ComplexModule Complex+Codable.swift
[34/41] Compiling ComplexModule Complex+ElementaryFunctions.swift
[35/41] Emitting module ComplexModule
[36/42] Wrapping AST for ComplexModule for debugging
[38/44] Emitting module Numerics
[39/44] Compiling Numerics Numerics.swift
[40/45] Wrapping AST for Numerics for debugging
[42/47] Emitting module Histogram
[43/47] Compiling Histogram Histogram.swift
/host/spi-builder-workspace/Sources/Histogram/Histogram.swift:1392:25: error: cannot find 'vsnprintf' in scope
1390 | // string.
1391 | 0..<bufferSize ~= format.withCString {
1392 | Int(vsnprintf(ptr.baseAddress, bufferSize, $0, va_list))
| `- error: cannot find 'vsnprintf' in scope
1393 | }
1394 | }
Running build ...
bash -c docker run --pull=always --rm -v "checkouts-53886768-0":/host -w "$PWD" -e JAVA_HOME="/root/.sdkman/candidates/java/current" -e SPI_BUILD="1" -e SPI_PROCESSING="1" registry.gitlab.com/saguaro1/spi-images:android-6.1-latest swift build --swift-sdk aarch64-unknown-linux-android24 2>&1
android-6.1-latest: Pulling from saguaro1/spi-images
Digest: sha256:365d9b14669f92fea0572234887def10439445c91d7e524c78a6579ad7294f11
Status: Image is up to date for registry.gitlab.com/saguaro1/spi-images:android-6.1-latest
[0/1] Planning build
[1/1] Compiling plugin Swift-DocC Preview
[2/2] Compiling plugin Swift-DocC
Building for debugging...
[2/10] Write swift-version-24593BA9C3E375BF.txt
[4/21] Compiling RealModule RealFunctions.swift
[5/21] Compiling RealModule Real.swift
[6/21] Compiling RealModule Float80+Real.swift
[7/22] Compiling RealModule ElementaryFunctions.swift
[8/22] Compiling RealModule Float+Real.swift
[9/22] Compiling RealModule AugmentedArithmetic.swift
[10/22] Compiling RealModule Double+Real.swift
[11/22] Compiling RealModule Float16+Real.swift
[12/22] Compiling RealModule RelaxedArithmetic.swift
[13/22] Compiling RealModule AlgebraicField.swift
[14/22] Compiling RealModule ApproximateEquality.swift
[15/22] Emitting module RealModule
[16/23] Wrapping AST for RealModule for debugging
[18/34] Compiling ComplexModule Complex+StringConvertible.swift
[19/35] Compiling ComplexModule Complex+Numeric.swift
[20/35] Compiling ComplexModule Polar.swift
[21/35] Compiling ComplexModule Complex.swift
[22/35] Compiling ComplexModule Scale.swift
[23/35] Compiling ComplexModule Complex+Hashable.swift
[24/35] Compiling ComplexModule Complex+IntegerLiteral.swift
[25/35] Emitting module ComplexModule
[26/35] Compiling ComplexModule Complex+AdditiveArithmetic.swift
[27/35] Compiling ComplexModule Complex+AlgebraicField.swift
[28/35] Compiling ComplexModule Complex+Codable.swift
[29/35] Compiling ComplexModule Complex+ElementaryFunctions.swift
[30/36] Wrapping AST for ComplexModule for debugging
[32/38] Emitting module Numerics
[33/38] Compiling Numerics Numerics.swift
[35/40] Emitting module Histogram
[36/40] Compiling Histogram Histogram.swift
/host/spi-builder-workspace/Sources/Histogram/Histogram.swift:1392:25: error: cannot find 'vsnprintf' in scope
1390 | // string.
1391 | 0..<bufferSize ~= format.withCString {
1392 | Int(vsnprintf(ptr.baseAddress, bufferSize, $0, va_list))
| `- error: cannot find 'vsnprintf' in scope
1393 | }
1394 | }
BUILD FAILURE 6.1 android